I20260710 13:23:40.188725 23249 consensus_queue.cc:260] T d872cced75f7407aa51a8cc97c84b8cb P 8fe96120c7394e2c809c5c6f96de879a [NON_LEADER]: Queue going to NON_LEADER mode. State: All replicated index: 0, Majority replicated index: 0, Committed index: 0, Last appended: 0.0, Last appended by leader: 0, Current term: 0, Majority size: -1, State: 0, Mode: NON_LEADER, active raft config: opid_index: -1 OBSOLETE_local: false peers { permanent_uuid: "8fe96120c7394e2c809c5c6f96de879a" member_type: VOTER last_known_addr { host: "127.21.114.193" port: 38649 } } peers { permanent_uuid: "934137baf59546a5a21f440e2dc87456" member_type: VOTER last_known_addr { host: "127.21.114.195" port: 41951 } } peers { permanent_uuid: "6aff92563dcb4e2faf7a000483c29fe4" member_type: VOTER last_known_addr { host: "127.21.114.194" port: 41439 } }
I20260710 13:23:40.190028 23123 data_dirs.cc:400] Could only allocate 1 dirs of requested 3 for tablet 1363b1f64b384f6891ed205ba7b4e7b4. 1 dirs total, 0 dirs full, 0 dirs failed
I20260710 13:23:40.152699 23045 tablet_service.cc:1511] Processing CreateTablet for tablet 529d6ef0b78d4a58aaf9d09b9d364dd9 (DEFAULT_TABLE table=test-workload [id=332d076859384e53aecbe1728531c733]), partition=RANGE (key) PARTITION 1431655760 <= VALUES < 1521134245
I20260710 13:23:40.183396 23049 data_dirs.cc:400] Could only allocate 1 dirs of requested 3 for tablet 737ca6cedf7044dda1a83645f9b93e89. 1 dirs total, 0 dirs full, 0 dirs failed
I20260710 13:23:40.193158 23043 data_dirs.cc:400] Could only allocate 1 dirs of requested 3 for tablet 590bff08c5c2456a92119a50b639f229. 1 dirs total, 0 dirs full, 0 dirs failed
I20260710 13:23:40.186949 23046 tablet_service.cc:1511] Processing CreateTablet for tablet 66d51ddd23c64e9ab462800a7b6f0ecb (DEFAULT_TABLE table=test-workload [id=332d076859384e53aecbe1728531c733]), partition=RANGE (key) PARTITION 1968526670 <= VALUES < 2058005155
I20260710 13:23:40.194010 23047 data_dirs.cc:400] Could only allocate 1 dirs of requested 3 for tablet b98aad4944ed4e559448cec53c0010e8. 1 dirs total, 0 dirs full, 0 dirs failed
I20260710 13:23:40.194784 23046 data_dirs.cc:400] Could only allocate 1 dirs of requested 3 for tablet 66d51ddd23c64e9ab462800a7b6f0ecb. 1 dirs total, 0 dirs full, 0 dirs failed
I20260710 13:23:40.195269 23194 data_dirs.cc:400] Could only allocate 1 dirs of requested 3 for tablet 12be81f14c61461f95687cd7bad9ad5f. 1 dirs total, 0 dirs full, 0 dirs failed
I20260710 13:23:40.197281 23040 data_dirs.cc:400] Could only allocate 1 dirs of requested 3 for tablet 2aa3e8e717b444ee8cad81b9fd536498. 1 dirs total, 0 dirs full, 0 dirs failed
I20260710 13:23:40.201546 23045 data_dirs.cc:400] Could only allocate 1 dirs of requested 3 for tablet 529d6ef0b78d4a58aaf9d09b9d364dd9. 1 dirs total, 0 dirs full, 0 dirs failed
I20260710 13:23:40.206395 23189 tablet_service.cc:1511] Processing CreateTablet for tablet 737ca6cedf7044dda1a83645f9b93e89 (DEFAULT_TABLE table=test-workload [id=332d076859384e53aecbe1728531c733]), partition=RANGE (key) PARTITION 1789569700 <= VALUES < 1879048185
I20260710 13:23:40.207693 23189 data_dirs.cc:400] Could only allocate 1 dirs of requested 3 for tablet 737ca6cedf7044dda1a83645f9b93e89. 1 dirs total, 0 dirs full, 0 dirs failed
I20260710 13:23:40.208415 23248 tablet_bootstrap.cc:492] T d872cced75f7407aa51a8cc97c84b8cb P 6aff92563dcb4e2faf7a000483c29fe4: No bootstrap required, opened a new log
I20260710 13:23:40.208916 23248 ts_tablet_manager.cc:1403] T d872cced75f7407aa51a8cc97c84b8cb P 6aff92563dcb4e2faf7a000483c29fe4: Time spent bootstrapping tablet: real 0.147s	user 0.009s	sys 0.004s
I20260710 13:23:40.211853 23248 raft_consensus.cc:359] T d872cced75f7407aa51a8cc97c84b8cb P 6aff92563dcb4e2faf7a000483c29fe4 [term 0 FOLLOWER]: Replica starting. Triggering 0 pending ops. Active config: opid_index: -1 OBSOLETE_local: false peers { permanent_uuid: "8fe96120c7394e2c809c5c6f96de879a" member_type: VOTER last_known_addr { host: "127.21.114.193" port: 38649 } } peers { permanent_uuid: "934137baf59546a5a21f440e2dc87456" member_type: VOTER last_known_addr { host: "127.21.114.195" port: 41951 } } peers { permanent_uuid: "6aff92563dcb4e2faf7a000483c29fe4" member_type: VOTER last_known_addr { host: "127.21.114.194" port: 41439 } }
I20260710 13:23:40.212602 23248 raft_consensus.cc:385] T d872cced75f7407aa51a8cc97c84b8cb P 6aff92563dcb4e2faf7a000483c29fe4 [term 0 FOLLOWER]: Consensus starting up: Expiring failure detector timer to make a prompt election more likely
I20260710 13:23:40.212958 23248 raft_consensus.cc:740] T d872cced75f7407aa51a8cc97c84b8cb P 6aff92563dcb4e2faf7a000483c29fe4 [term 0 FOLLOWER]: Becoming Follower/Learner. State: Replica: 6aff92563dcb4e2faf7a000483c29fe4, State: Initialized, Role: FOLLOWER
I20260710 13:23:40.213901 23248 consensus_queue.cc:260] T d872cced75f7407aa51a8cc97c84b8cb P 6aff92563dcb4e2faf7a000483c29fe4 [NON_LEADER]: Queue going to NON_LEADER mode. State: All replicated index: 0, Majority replicated index: 0, Committed index: 0, Last appended: 0.0, Last appended by leader: 0, Current term: 0, Majority size: -1, State: 0, Mode: NON_LEADER, active raft config: opid_index: -1 OBSOLETE_local: false peers { permanent_uuid: "8fe96120c7394e2c809c5c6f96de879a" member_type: VOTER last_known_addr { host: "127.21.114.193" port: 38649 } } peers { permanent_uuid: "934137baf59546a5a21f440e2dc87456" member_type: VOTER last_known_addr { host: "127.21.114.195" port: 41951 } } peers { permanent_uuid: "6aff92563dcb4e2faf7a000483c29fe4" member_type: VOTER last_known_addr { host: "127.21.114.194" port: 41439 } }
I20260710 13:23:40.191888 23191 tablet_service.cc:1511] Processing CreateTablet for tablet c1c3e6a96da642108b95527b7c732390 (DEFAULT_TABLE table=test-workload [id=332d076859384e53aecbe1728531c733]), partition=RANGE (key) PARTITION 1700091215 <= VALUES < 1789569700
I20260710 13:23:40.154350 23041 tablet_service.cc:1511] Processing CreateTablet for tablet 12be81f14c61461f95687cd7bad9ad5f (DEFAULT_TABLE table=test-workload [id=332d076859384e53aecbe1728531c733]), partition=RANGE (key) PARTITION 1521134245 <= VALUES < 1610612730
I20260710 13:23:40.229082 23041 data_dirs.cc:400] Could only allocate 1 dirs of requested 3 for tablet 12be81f14c61461f95687cd7bad9ad5f. 1 dirs total, 0 dirs full, 0 dirs failed
I20260710 13:23:40.230881 23043 tablet_service.cc:1511] Processing CreateTablet for tablet 1363b1f64b384f6891ed205ba7b4e7b4 (DEFAULT_TABLE table=test-workload [id=332d076859384e53aecbe1728531c733]), partition=RANGE (key) PARTITION 2058005155 <= VALUES
I20260710 13:23:40.232158 23043 data_dirs.cc:400] Could only allocate 1 dirs of requested 3 for tablet 1363b1f64b384f6891ed205ba7b4e7b4. 1 dirs total, 0 dirs full, 0 dirs failed
I20260710 13:23:40.233829 23191 data_dirs.cc:400] Could only allocate 1 dirs of requested 3 for tablet c1c3e6a96da642108b95527b7c732390. 1 dirs total, 0 dirs full, 0 dirs failed
I20260710 13:23:40.240012 23190 tablet_service.cc:1511] Processing CreateTablet for tablet 66d51ddd23c64e9ab462800a7b6f0ecb (DEFAULT_TABLE table=test-workload [id=332d076859384e53aecbe1728531c733]), partition=RANGE (key) PARTITION 1968526670 <= VALUES < 2058005155
I20260710 13:23:40.241940 23190 data_dirs.cc:400] Could only allocate 1 dirs of requested 3 for tablet 66d51ddd23c64e9ab462800a7b6f0ecb. 1 dirs total, 0 dirs full, 0 dirs failed
I20260710 13:23:40.249599 23250 tablet_bootstrap.cc:492] T 9004a9bedc1741c8ad559ece1cf8b600 P 934137baf59546a5a21f440e2dc87456: No bootstrap required, opened a new log
I20260710 13:23:40.250016 23250 ts_tablet_manager.cc:1403] T 9004a9bedc1741c8ad559ece1cf8b600 P 934137baf59546a5a21f440e2dc87456: Time spent bootstrapping tablet: real 0.176s	user 0.010s	sys 0.004s
I20260710 13:23:40.257083 23249 ts_tablet_manager.cc:1434] T d872cced75f7407aa51a8cc97c84b8cb P 8fe96120c7394e2c809c5c6f96de879a: Time spent starting tablet: real 0.073s	user 0.006s	sys 0.012s
W20260710 13:23:40.257771 23005 auto_rebalancer.cc:288] Could not retrieve cluster info: Service unavailable: Tablet not running
I20260710 13:23:40.265933 23248 ts_tablet_manager.cc:1434] T d872cced75f7407aa51a8cc97c84b8cb P 6aff92563dcb4e2faf7a000483c29fe4: Time spent starting tablet: real 0.057s	user 0.006s	sys 0.003s
I20260710 13:23:40.266665 23159 heartbeater.cc:499] Master 127.21.114.254:34083 was elected leader, sending a full tablet report...
I20260710 13:23:40.266669 23084 heartbeater.cc:499] Master 127.21.114.254:34083 was elected leader, sending a full tablet report...
I20260710 13:23:40.266952 23249 tablet_bootstrap.cc:492] T 2eaf30b5d6f24768af269cf92baa7366 P 8fe96120c7394e2c809c5c6f96de879a: Bootstrap starting.
I20260710 13:23:40.273288 23249 tablet_bootstrap.cc:654] T 2eaf30b5d6f24768af269cf92baa7366 P 8fe96120c7394e2c809c5c6f96de879a: Neither blocks nor log segments found. Creating new log.
I20260710 13:23:40.277536 23198 tablet_service.cc:1511] Processing CreateTablet for tablet 2aa3e8e717b444ee8cad81b9fd536498 (DEFAULT_TABLE table=test-workload [id=332d076859384e53aecbe1728531c733]), partition=RANGE (key) PARTITION 1879048185 <= VALUES < 1968526670
I20260710 13:23:40.278854 23198 data_dirs.cc:400] Could only allocate 1 dirs of requested 3 for tablet 2aa3e8e717b444ee8cad81b9fd536498. 1 dirs total, 0 dirs full, 0 dirs failed
I20260710 13:23:40.266094 23193 tablet_service.cc:1511] Processing CreateTablet for tablet 1363b1f64b384f6891ed205ba7b4e7b4 (DEFAULT_TABLE table=test-workload [id=332d076859384e53aecbe1728531c733]), partition=RANGE (key) PARTITION 2058005155 <= VALUES
I20260710 13:23:40.292810 23250 raft_consensus.cc:359] T 9004a9bedc1741c8ad559ece1cf8b600 P 934137baf59546a5a21f440e2dc87456 [term 0 FOLLOWER]: Replica starting. Triggering 0 pending ops. Active config: opid_index: -1 OBSOLETE_local: false peers { permanent_uuid: "8fe96120c7394e2c809c5c6f96de879a" member_type: VOTER last_known_addr { host: "127.21.114.193" port: 38649 } } peers { permanent_uuid: "6aff92563dcb4e2faf7a000483c29fe4" member_type: VOTER last_known_addr { host: "127.21.114.194" port: 41439 } } peers { permanent_uuid: "934137baf59546a5a21f440e2dc87456" member_type: VOTER last_known_addr { host: "127.21.114.195" port: 41951 } }
I20260710 13:23:40.297859 23250 raft_consensus.cc:385] T 9004a9bedc1741c8ad559ece1cf8b600 P 934137baf59546a5a21f440e2dc87456 [term 0 FOLLOWER]: Consensus starting up: Expiring failure detector timer to make a prompt election more likely
I20260710 13:23:40.298274 23193 data_dirs.cc:400] Could only allocate 1 dirs of requested 3 for tablet 1363b1f64b384f6891ed205ba7b4e7b4. 1 dirs total, 0 dirs full, 0 dirs failed
I20260710 13:23:40.298202 23250 raft_consensus.cc:740] T 9004a9bedc1741c8ad559ece1cf8b600 P 934137baf59546a5a21f440e2dc87456 [term 0 FOLLOWER]: Becoming Follower/Learner. State: Replica: 934137baf59546a5a21f440e2dc87456, State: Initialized, Role: FOLLOWER
I20260710 13:23:40.299901 23250 consensus_queue.cc:260] T 9004a9bedc1741c8ad559ece1cf8b600 P 934137baf59546a5a21f440e2dc87456 [NON_LEADER]: Queue going to NON_LEADER mode. State: All replicated index: 0, Majority replicated index: 0, Committed index: 0, Last appended: 0.0, Last appended by leader: 0, Current term: 0, Majority size: -1, State: 0, Mode: NON_LEADER, active raft config: opid_index: -1 OBSOLETE_local: false peers { permanent_uuid: "8fe96120c7394e2c809c5c6f96de879a" member_type: VOTER last_known_addr { host: "127.21.114.193" port: 38649 } } peers { permanent_uuid: "6aff92563dcb4e2faf7a000483c29fe4" member_type: VOTER last_known_addr { host: "127.21.114.194" port: 41439 } } peers { permanent_uuid: "934137baf59546a5a21f440e2dc87456" member_type: VOTER last_known_addr { host: "127.21.114.195" port: 41951 } }
I20260710 13:23:40.301239 23255 raft_consensus.cc:493] T d872cced75f7407aa51a8cc97c84b8cb P 6aff92563dcb4e2faf7a000483c29fe4 [term 0 FOLLOWER]: Starting pre-election (no leader contacted us within the election timeout)
I20260710 13:23:40.301724 23255 raft_consensus.cc:515] T d872cced75f7407aa51a8cc97c84b8cb P 6aff92563dcb4e2faf7a000483c29fe4 [term 0 FOLLOWER]: Starting pre-election with config: opid_index: -1 OBSOLETE_local: false peers { permanent_uuid: "8fe96120c7394e2c809c5c6f96de879a" member_type: VOTER last_known_addr { host: "127.21.114.193" port: 38649 } } peers { permanent_uuid: "934137baf59546a5a21f440e2dc87456" member_type: VOTER last_known_addr { host: "127.21.114.195" port: 41951 } } peers { permanent_uuid: "6aff92563dcb4e2faf7a000483c29fe4" member_type: VOTER last_known_addr { host: "127.21.114.194" port: 41439 } }
I20260710 13:23:40.307960 23248 tablet_bootstrap.cc:492] T a7ddec26bb9348049852fa17f9e80895 P 6aff92563dcb4e2faf7a000483c29fe4: Bootstrap starting.
I20260710 13:23:40.314420 23248 tablet_bootstrap.cc:654] T a7ddec26bb9348049852fa17f9e80895 P 6aff92563dcb4e2faf7a000483c29fe4: Neither blocks nor log segments found. Creating new log.
I20260710 13:23:40.317375 23255 leader_election.cc:290] T d872cced75f7407aa51a8cc97c84b8cb P 6aff92563dcb4e2faf7a000483c29fe4 [CANDIDATE]: Term 1 pre-election: Requested pre-vote from peers 8fe96120c7394e2c809c5c6f96de879a (127.21.114.193:38649), 934137baf59546a5a21f440e2dc87456 (127.21.114.195:41951)
I20260710 13:23:40.325709 23233 heartbeater.cc:499] Master 127.21.114.254:34083 was elected leader, sending a full tablet report...
I20260710 13:23:40.326370 23250 ts_tablet_manager.cc:1434] T 9004a9bedc1741c8ad559ece1cf8b600 P 934137baf59546a5a21f440e2dc87456: Time spent starting tablet: real 0.075s	user 0.005s	sys 0.004s
I20260710 13:23:40.333792 23250 tablet_bootstrap.cc:492] T d872cced75f7407aa51a8cc97c84b8cb P 934137baf59546a5a21f440e2dc87456: Bootstrap starting.
I20260710 13:23:40.349588 23250 tablet_bootstrap.cc:654] T d872cced75f7407aa51a8cc97c84b8cb P 934137baf59546a5a21f440e2dc87456: Neither blocks nor log segments found. Creating new log.
I20260710 13:23:40.371124 23249 tablet_bootstrap.cc:492] T 2eaf30b5d6f24768af269cf92baa7366 P 8fe96120c7394e2c809c5c6f96de879a: No bootstrap required, opened a new log
I20260710 13:23:40.371646 23249 ts_tablet_manager.cc:1403] T 2eaf30b5d6f24768af269cf92baa7366 P 8fe96120c7394e2c809c5c6f96de879a: Time spent bootstrapping tablet: real 0.105s	user 0.021s	sys 0.015s
I20260710 13:23:40.374575 23249 raft_consensus.cc:359] T 2eaf30b5d6f24768af269cf92baa7366 P 8fe96120c7394e2c809c5c6f96de879a [term 0 FOLLOWER]: Replica starting. Triggering 0 pending ops. Active config: opid_index: -1 OBSOLETE_local: false peers { permanent_uuid: "8fe96120c7394e2c809c5c6f96de879a" member_type: VOTER last_known_addr { host: "127.21.114.193" port: 38649 } } peers { permanent_uuid: "6aff92563dcb4e2faf7a000483c29fe4" member_type: VOTER last_known_addr { host: "127.21.114.194" port: 41439 } } peers { permanent_uuid: "934137baf59546a5a21f440e2dc87456" member_type: VOTER last_known_addr { host: "127.21.114.195" port: 41951 } }
I20260710 13:23:40.375283 23249 raft_consensus.cc:385] T 2eaf30b5d6f24768af269cf92baa7366 P 8fe96120c7394e2c809c5c6f96de879a [term 0 FOLLOWER]: Consensus starting up: Expiring failure detector timer to make a prompt election more likely
I20260710 13:23:40.375593 23249 raft_consensus.cc:740] T 2eaf30b5d6f24768af269cf92baa7366 P 8fe96120c7394e2c809c5c6f96de879a [term 0 FOLLOWER]: Becoming Follower/Learner. State: Replica: 8fe96120c7394e2c809c5c6f96de879a, State: Initialized, Role: FOLLOWER
I20260710 13:23:40.376361 23249 consensus_queue.cc:260] T 2eaf30b5d6f24768af269cf92baa7366 P 8fe96120c7394e2c809c5c6f96de879a [NON_LEADER]: Queue going to NON_LEADER mode. State: All replicated index: 0, Majority replicated index: 0, Committed index: 0, Last appended: 0.0, Last appended by leader: 0, Current term: 0, Majority size: -1, State: 0, Mode: NON_LEADER, active raft config: opid_index: -1 OBSOLETE_local: false peers { permanent_uuid: "8fe96120c7394e2c809c5c6f96de879a" member_type: VOTER last_known_addr { host: "127.21.114.193" port: 38649 } } peers { permanent_uuid: "6aff92563dcb4e2faf7a000483c29fe4" member_type: VOTER last_known_addr { host: "127.21.114.194" port: 41439 } } peers { permanent_uuid: "934137baf59546a5a21f440e2dc87456" member_type: VOTER last_known_addr { host: "127.21.114.195" port: 41951 } }
I20260710 13:23:40.378584 23249 ts_tablet_manager.cc:1434] T 2eaf30b5d6f24768af269cf92baa7366 P 8fe96120c7394e2c809c5c6f96de879a: Time spent starting tablet: real 0.007s	user 0.008s	sys 0.000s
I20260710 13:23:40.379506 23249 tablet_bootstrap.cc:492] T 97ace432124b45b8b94460c86bcca247 P 8fe96120c7394e2c809c5c6f96de879a: Bootstrap starting.
I20260710 13:23:40.381922 23059 tablet_service.cc:1917] Received RequestConsensusVote() RPC: tablet_id: "d872cced75f7407aa51a8cc97c84b8cb" candidate_uuid: "6aff92563dcb4e2faf7a000483c29fe4" candidate_term: 1 candidate_status { last_received { term: 0 index: 0 } } ignore_live_leader: false dest_uuid: "8fe96120c7394e2c809c5c6f96de879a" is_pre_election: true
I20260710 13:23:40.382596 23059 raft_consensus.cc:2468] T d872cced75f7407aa51a8cc97c84b8cb P 8fe96120c7394e2c809c5c6f96de879a [term 0 FOLLOWER]: Leader pre-election vote request: Granting yes vote for candidate 6aff92563dcb4e2faf7a000483c29fe4 in term 0.
I20260710 13:23:40.383893 23100 leader_election.cc:304] T d872cced75f7407aa51a8cc97c84b8cb P 6aff92563dcb4e2faf7a000483c29fe4 [CANDIDATE]: Term 1 pre-election: Election decided. Result: candidate won. Election summary: received 2 responses out of 3 voters: 2 yes votes; 0 no votes. yes voters: 6aff92563dcb4e2faf7a000483c29fe4, 8fe96120c7394e2c809c5c6f96de879a; no voters: 
I20260710 13:23:40.385339 23255 raft_consensus.cc:2804] T d872cced75f7407aa51a8cc97c84b8cb P 6aff92563dcb4e2faf7a000483c29fe4 [term 0 FOLLOWER]: Leader pre-election won for term 1
I20260710 13:23:40.385715 23255 raft_consensus.cc:493] T d872cced75f7407aa51a8cc97c84b8cb P 6aff92563dcb4e2faf7a000483c29fe4 [term 0 FOLLOWER]: Starting leader election (no leader contacted us within the election timeout)
I20260710 13:23:40.386035 23255 raft_consensus.cc:3060] T d872cced75f7407aa51a8cc97c84b8cb P 6aff92563dcb4e2faf7a000483c29fe4 [term 0 FOLLOWER]: Advancing to term 1
I20260710 13:23:40.386978 23248 tablet_bootstrap.cc:492] T a7ddec26bb9348049852fa17f9e80895 P 6aff92563dcb4e2faf7a000483c29fe4: No bootstrap required, opened a new log
I20260710 13:23:40.387506 23248 ts_tablet_manager.cc:1403] T a7ddec26bb9348049852fa17f9e80895 P 6aff92563dcb4e2faf7a000483c29fe4: Time spent bootstrapping tablet: real 0.080s	user 0.008s	sys 0.004s
I20260710 13:23:40.389915 23249 tablet_bootstrap.cc:654] T 97ace432124b45b8b94460c86bcca247 P 8fe96120c7394e2c809c5c6f96de879a: Neither blocks nor log segments found. Creating new log.
I20260710 13:23:40.390534 23248 raft_consensus.cc:359] T a7ddec26bb9348049852fa17f9e80895 P 6aff92563dcb4e2faf7a000483c29fe4 [term 0 FOLLOWER]: Replica starting. Triggering 0 pending ops. Active config: opid_index: -1 OBSOLETE_local: false peers { permanent_uuid: "8fe96120c7394e2c809c5c6f96de879a" member_type: VOTER last_known_addr { host: "127.21.114.193" port: 38649 } } peers { permanent_uuid: "6aff92563dcb4e2faf7a000483c29fe4" member_type: VOTER last_known_addr { host: "127.21.114.194" port: 41439 } } peers { permanent_uuid: "934137baf59546a5a21f440e2dc87456" member_type: VOTER last_known_addr { host: "127.21.114.195" port: 41951 } }
I20260710 13:23:40.391304 23248 raft_consensus.cc:385] T a7ddec26bb9348049852fa17f9e80895 P 6aff92563dcb4e2faf7a000483c29fe4 [term 0 FOLLOWER]: Consensus starting up: Expiring failure detector timer to make a prompt election more likely
I20260710 13:23:40.391584 23248 raft_consensus.cc:740] T a7ddec26bb9348049852fa17f9e80895 P 6aff92563dcb4e2faf7a000483c29fe4 [term 0 FOLLOWER]: Becoming Follower/Learner. State: Replica: 6aff92563dcb4e2faf7a000483c29fe4, State: Initialized, Role: FOLLOWER
I20260710 13:23:40.392373 23208 tablet_service.cc:1917] Received RequestConsensusVote() RPC: tablet_id: "d872cced75f7407aa51a8cc97c84b8cb" candidate_uuid: "6aff92563dcb4e2faf7a000483c29fe4" candidate_term: 1 candidate_status { last_received { term: 0 index: 0 } } ignore_live_leader: false dest_uuid: "934137baf59546a5a21f440e2dc87456" is_pre_election: true
I20260710 13:23:40.392913 23255 raft_consensus.cc:515] T d872cced75f7407aa51a8cc97c84b8cb P 6aff92563dcb4e2faf7a000483c29fe4 [term 1 FOLLOWER]: Starting leader election with config: opid_index: -1 OBSOLETE_local: false peers { permanent_uuid: "8fe96120c7394e2c809c5c6f96de879a" member_type: VOTER last_known_addr { host: "127.21.114.193" port: 38649 } } peers { permanent_uuid: "934137baf59546a5a21f440e2dc87456" member_type: VOTER last_known_addr { host: "127.21.114.195" port: 41951 } } peers { permanent_uuid: "6aff92563dcb4e2faf7a000483c29fe4" member_type: VOTER last_known_addr { host: "127.21.114.194" port: 41439 } }
W20260710 13:23:40.394237 23099 leader_election.cc:343] T d872cced75f7407aa51a8cc97c84b8cb P 6aff92563dcb4e2faf7a000483c29fe4 [CANDIDATE]: Term 1 pre-election: Tablet error from VoteRequest() call to peer 934137baf59546a5a21f440e2dc87456 (127.21.114.195:41951): Illegal state: must be running to vote when last-logged opid is not known
I20260710 13:23:40.395009 23255 leader_election.cc:290] T d872cced75f7407aa51a8cc97c84b8cb P 6aff92563dcb4e2faf7a000483c29fe4 [CANDIDATE]: Term 1 election: Requested vote from peers 8fe96120c7394e2c809c5c6f96de879a (127.21.114.193:38649), 934137baf59546a5a21f440e2dc87456 (127.21.114.195:41951)
I20260710 13:23:40.396027 23059 tablet_service.cc:1917] Received RequestConsensusVote() RPC: tablet_id: "d872cced75f7407aa51a8cc97c84b8cb" candidate_uuid: "6aff92563dcb4e2faf7a000483c29fe4" candidate_term: 1 candidate_status { last_received { term: 0 index: 0 } } ignore_live_leader: false dest_uuid: "8fe96120c7394e2c809c5c6f96de879a"
I20260710 13:23:40.396585 23059 raft_consensus.cc:3060] T d872cced75f7407aa51a8cc97c84b8cb P 8fe96120c7394e2c809c5c6f96de879a [term 0 FOLLOWER]: Advancing to term 1
I20260710 13:23:40.396903 23208 tablet_service.cc:1917] Received RequestConsensusVote() RPC: tablet_id: "d872cced75f7407aa51a8cc97c84b8cb" candidate_uuid: "6aff92563dcb4e2faf7a000483c29fe4" candidate_term: 1 candidate_status { last_received { term: 0 index: 0 } } ignore_live_leader: false dest_uuid: "934137baf59546a5a21f440e2dc87456"
W20260710 13:23:40.398481 23099 leader_election.cc:343] T d872cced75f7407aa51a8cc97c84b8cb P 6aff92563dcb4e2faf7a000483c29fe4 [CANDIDATE]: Term 1 election: Tablet error from VoteRequest() call to peer 934137baf59546a5a21f440e2dc87456 (127.21.114.195:41951): Illegal state: must be running to vote when last-logged opid is not known
I20260710 13:23:40.399567 23249 tablet_bootstrap.cc:492] T 97ace432124b45b8b94460c86bcca247 P 8fe96120c7394e2c809c5c6f96de879a: No bootstrap required, opened a new log
I20260710 13:23:40.400121 23249 ts_tablet_manager.cc:1403] T 97ace432124b45b8b94460c86bcca247 P 8fe96120c7394e2c809c5c6f96de879a: Time spent bootstrapping tablet: real 0.021s	user 0.010s	sys 0.001s
I20260710 13:23:40.402100 23248 consensus_queue.cc:260] T a7ddec26bb9348049852fa17f9e80895 P 6aff92563dcb4e2faf7a000483c29fe4 [NON_LEADER]: Queue going to NON_LEADER mode. State: All replicated index: 0, Majority replicated index: 0, Committed index: 0, Last appended: 0.0, Last appended by leader: 0, Current term: 0, Majority size: -1, State: 0, Mode: NON_LEADER, active raft config: opid_index: -1 OBSOLETE_local: false peers { permanent_uuid: "8fe96120c7394e2c809c5c6f96de879a" member_type: VOTER last_known_addr { host: "127.21.114.193" port: 38649 } } peers { permanent_uuid: "6aff92563dcb4e2faf7a000483c29fe4" member_type: VOTER last_known_addr { host: "127.21.114.194" port: 41439 } } peers { permanent_uuid: "934137baf59546a5a21f440e2dc87456" member_type: VOTER last_known_addr { host: "127.21.114.195" port: 41951 } }
I20260710 13:23:40.403062 23249 raft_consensus.cc:359] T 97ace432124b45b8b94460c86bcca247 P 8fe96120c7394e2c809c5c6f96de879a [term 0 FOLLOWER]: Replica starting. Triggering 0 pending ops. Active config: opid_index: -1 OBSOLETE_local: false peers { permanent_uuid: "8fe96120c7394e2c809c5c6f96de879a" member_type: VOTER last_known_addr { host: "127.21.114.193" port: 38649 } } peers { permanent_uuid: "6aff92563dcb4e2faf7a000483c29fe4" member_type: VOTER last_known_addr { host: "127.21.114.194" port: 41439 } } peers { permanent_uuid: "934137baf59546a5a21f440e2dc87456" member_type: VOTER last_known_addr { host: "127.21.114.195" port: 41951 } }
I20260710 13:23:40.403650 23059 raft_consensus.cc:2468] T d872cced75f7407aa51a8cc97c84b8cb P 8fe96120c7394e2c809c5c6f96de879a [term 1 FOLLOWER]: Leader election vote request: Granting yes vote for candidate 6aff92563dcb4e2faf7a000483c29fe4 in term 1.
I20260710 13:23:40.403934 23249 raft_consensus.cc:385] T 97ace432124b45b8b94460c86bcca247 P 8fe96120c7394e2c809c5c6f96de879a [term 0 FOLLOWER]: Consensus starting up: Expiring failure detector timer to make a prompt election more likely
I20260710 13:23:40.404713 23100 leader_election.cc:304] T d872cced75f7407aa51a8cc97c84b8cb P 6aff92563dcb4e2faf7a000483c29fe4 [CANDIDATE]: Term 1 election: Election decided. Result: candidate won. Election summary: received 3 responses out of 3 voters: 2 yes votes; 1 no votes. yes voters: 6aff92563dcb4e2faf7a000483c29fe4, 8fe96120c7394e2c809c5c6f96de879a; no voters: 934137baf59546a5a21f440e2dc87456
I20260710 13:23:40.404947 23248 ts_tablet_manager.cc:1434] T a7ddec26bb9348049852fa17f9e80895 P 6aff92563dcb4e2faf7a000483c29fe4: Time spent starting tablet: real 0.017s	user 0.002s	sys 0.005s
I20260710 13:23:40.405560 23255 raft_consensus.cc:2804] T d872cced75f7407aa51a8cc97c84b8cb P 6aff92563dcb4e2faf7a000483c29fe4 [term 1 FOLLOWER]: Leader election won for term 1
I20260710 13:23:40.404395 23249 raft_consensus.cc:740] T 97ace432124b45b8b94460c86bcca247 P 8fe96120c7394e2c809c5c6f96de879a [term 0 FOLLOWER]: Becoming Follower/Learner. State: Replica: 8fe96120c7394e2c809c5c6f96de879a, State: Initialized, Role: FOLLOWER
I20260710 13:23:40.406203 23248 tablet_bootstrap.cc:492] T 9004a9bedc1741c8ad559ece1cf8b600 P 6aff92563dcb4e2faf7a000483c29fe4: Bootstrap starting.
I20260710 13:23:40.406719 23249 consensus_queue.cc:260] T 97ace432124b45b8b94460c86bcca247 P 8fe96120c7394e2c809c5c6f96de879a [NON_LEADER]: Queue going to NON_LEADER mode. State: All replicated index: 0, Majority replicated index: 0, Committed index: 0, Last appended: 0.0, Last appended by leader: 0, Current term: 0, Majority size: -1, State: 0, Mode: NON_LEADER, active raft config: opid_index: -1 OBSOLETE_local: false peers { permanent_uuid: "8fe96120c7394e2c809c5c6f96de879a" member_type: VOTER last_known_addr { host: "127.21.114.193" port: 38649 } } peers { permanent_uuid: "6aff92563dcb4e2faf7a000483c29fe4" member_type: VOTER last_known_addr { host: "127.21.114.194" port: 41439 } } peers { permanent_uuid: "934137baf59546a5a21f440e2dc87456" member_type: VOTER last_known_addr { host: "127.21.114.195" port: 41951 } }
I20260710 13:23:40.410032 23249 ts_tablet_manager.cc:1434] T 97ace432124b45b8b94460c86bcca247 P 8fe96120c7394e2c809c5c6f96de879a: Time spent starting tablet: real 0.010s	user 0.006s	sys 0.001s
I20260710 13:23:40.411262 23249 tablet_bootstrap.cc:492] T 0b81efc6b3e5420d877ebf657e7dd789 P 8fe96120c7394e2c809c5c6f96de879a: Bootstrap starting.
I20260710 13:23:40.413611 23255 raft_consensus.cc:697] T d872cced75f7407aa51a8cc97c84b8cb P 6aff92563dcb4e2faf7a000483c29fe4 [term 1 LEADER]: Becoming Leader. State: Replica: 6aff92563dcb4e2faf7a000483c29fe4, State: Running, Role: LEADER
I20260710 13:23:40.414590 23255 consensus_queue.cc:237] T d872cced75f7407aa51a8cc97c84b8cb P 6aff92563dcb4e2faf7a000483c29fe4 [LEADER]: Queue going to LEADER mode. State: All replicated index: 0, Majority replicated index: 0, Committed index: 0, Last appended: 0.0, Last appended by leader: 0, Current term: 1, Majority size: 2, State: 0, Mode: LEADER, active raft config: opid_index: -1 OBSOLETE_local: false peers { permanent_uuid: "8fe96120c7394e2c809c5c6f96de879a" member_type: VOTER last_known_addr { host: "127.21.114.193" port: 38649 } } peers { permanent_uuid: "934137baf59546a5a21f440e2dc87456" member_type: VOTER last_known_addr { host: "127.21.114.195" port: 41951 } } peers { permanent_uuid: "6aff92563dcb4e2faf7a000483c29fe4" member_type: VOTER last_known_addr { host: "127.21.114.194" port: 41439 } }
I20260710 13:23:40.417940 23249 tablet_bootstrap.cc:654] T 0b81efc6b3e5420d877ebf657e7dd789 P 8fe96120c7394e2c809c5c6f96de879a: Neither blocks nor log segments found. Creating new log.
I20260710 13:23:40.424180 23250 tablet_bootstrap.cc:492] T d872cced75f7407aa51a8cc97c84b8cb P 934137baf59546a5a21f440e2dc87456: No bootstrap required, opened a new log
I20260710 13:23:40.424713 23250 ts_tablet_manager.cc:1403] T d872cced75f7407aa51a8cc97c84b8cb P 934137baf59546a5a21f440e2dc87456: Time spent bootstrapping tablet: real 0.091s	user 0.027s	sys 0.015s
I20260710 13:23:40.427711 23250 raft_consensus.cc:359] T d872cced75f7407aa51a8cc97c84b8cb P 934137baf59546a5a21f440e2dc87456 [term 0 FOLLOWER]: Replica starting. Triggering 0 pending ops. Active config: opid_index: -1 OBSOLETE_local: false peers { permanent_uuid: "8fe96120c7394e2c809c5c6f96de879a" member_type: VOTER last_known_addr { host: "127.21.114.193" port: 38649 } } peers { permanent_uuid: "934137baf59546a5a21f440e2dc87456" member_type: VOTER last_known_addr { host: "127.21.114.195" port: 41951 } } peers { permanent_uuid: "6aff92563dcb4e2faf7a000483c29fe4" member_type: VOTER last_known_addr { host: "127.21.114.194" port: 41439 } }
I20260710 13:23:40.428452 23250 raft_consensus.cc:385] T d872cced75f7407aa51a8cc97c84b8cb P 934137baf59546a5a21f440e2dc87456 [term 0 FOLLOWER]: Consensus starting up: Expiring failure detector timer to make a prompt election more likely
I20260710 13:23:40.428766 23250 raft_consensus.cc:740] T d872cced75f7407aa51a8cc97c84b8cb P 934137baf59546a5a21f440e2dc87456 [term 0 FOLLOWER]: Becoming Follower/Learner. State: Replica: 934137baf59546a5a21f440e2dc87456, State: Initialized, Role: FOLLOWER
I20260710 13:23:40.429531 23250 consensus_queue.cc:260] T d872cced75f7407aa51a8cc97c84b8cb P 934137baf59546a5a21f440e2dc87456 [NON_LEADER]: Queue going to NON_LEADER mode. State: All replicated index: 0, Majority replicated index: 0, Committed index: 0, Last appended: 0.0, Last appended by leader: 0, Current term: 0, Majority size: -1, State: 0, Mode: NON_LEADER, active raft config: opid_index: -1 OBSOLETE_local: false peers { permanent_uuid: "8fe96120c7394e2c809c5c6f96de879a" member_type: VOTER last_known_addr { host: "127.21.114.193" port: 38649 } } peers { permanent_uuid: "934137baf59546a5a21f440e2dc87456" member_type: VOTER last_known_addr { host: "127.21.114.195" port: 41951 } } peers { permanent_uuid: "6aff92563dcb4e2faf7a000483c29fe4" member_type: VOTER last_known_addr { host: "127.21.114.194" port: 41439 } }
I20260710 13:23:40.431062 23249 tablet_bootstrap.cc:492] T 0b81efc6b3e5420d877ebf657e7dd789 P 8fe96120c7394e2c809c5c6f96de879a: No bootstrap required, opened a new log
I20260710 13:23:40.431669 23249 ts_tablet_manager.cc:1403] T 0b81efc6b3e5420d877ebf657e7dd789 P 8fe96120c7394e2c809c5c6f96de879a: Time spent bootstrapping tablet: real 0.021s	user 0.013s	sys 0.004s
I20260710 13:23:40.431869 23250 ts_tablet_manager.cc:1434] T d872cced75f7407aa51a8cc97c84b8cb P 934137baf59546a5a21f440e2dc87456: Time spent starting tablet: real 0.007s	user 0.000s	sys 0.007s
I20260710 13:23:40.432824 23250 tablet_bootstrap.cc:492] T 2eaf30b5d6f24768af269cf92baa7366 P 934137baf59546a5a21f440e2dc87456: Bootstrap starting.
I20260710 13:23:40.435426 23249 raft_consensus.cc:359] T 0b81efc6b3e5420d877ebf657e7dd789 P 8fe96120c7394e2c809c5c6f96de879a [term 0 FOLLOWER]: Replica starting. Triggering 0 pending ops. Active config: opid_index: -1 OBSOLETE_local: false peers { permanent_uuid: "8fe96120c7394e2c809c5c6f96de879a" member_type: VOTER last_known_addr { host: "127.21.114.193" port: 38649 } } peers { permanent_uuid: "6aff92563dcb4e2faf7a000483c29fe4" member_type: VOTER last_known_addr { host: "127.21.114.194" port: 41439 } } peers { permanent_uuid: "934137baf59546a5a21f440e2dc87456" member_type: VOTER last_known_addr { host: "127.21.114.195" port: 41951 } }
I20260710 13:23:40.436342 23249 raft_consensus.cc:385] T 0b81efc6b3e5420d877ebf657e7dd789 P 8fe96120c7394e2c809c5c6f96de879a [term 0 FOLLOWER]: Consensus starting up: Expiring failure detector timer to make a prompt election more likely
I20260710 13:23:40.436708 23249 raft_consensus.cc:740] T 0b81efc6b3e5420d877ebf657e7dd789 P 8fe96120c7394e2c809c5c6f96de879a [term 0 FOLLOWER]: Becoming Follower/Learner. State: Replica: 8fe96120c7394e2c809c5c6f96de879a, State: Initialized, Role: FOLLOWER
I20260710 13:23:40.437918 23249 consensus_queue.cc:260] T 0b81efc6b3e5420d877ebf657e7dd789 P 8fe96120c7394e2c809c5c6f96de879a [NON_LEADER]: Queue going to NON_LEADER mode. State: All replicated index: 0, Majority replicated index: 0, Committed index: 0, Last appended: 0.0, Last appended by leader: 0, Current term: 0, Majority size: -1, State: 0, Mode: NON_LEADER, active raft config: opid_index: -1 OBSOLETE_local: false peers { permanent_uuid: "8fe96120c7394e2c809c5c6f96de879a" member_type: VOTER last_known_addr { host: "127.21.114.193" port: 38649 } } peers { permanent_uuid: "6aff92563dcb4e2faf7a000483c29fe4" member_type: VOTER last_known_addr { host: "127.21.114.194" port: 41439 } } peers { permanent_uuid: "934137baf59546a5a21f440e2dc87456" member_type: VOTER last_known_addr { host: "127.21.114.195" port: 41951 } }
I20260710 13:23:40.439038 23250 tablet_bootstrap.cc:654] T 2eaf30b5d6f24768af269cf92baa7366 P 934137baf59546a5a21f440e2dc87456: Neither blocks nor log segments found. Creating new log.
I20260710 13:23:40.441110 23249 ts_tablet_manager.cc:1434] T 0b81efc6b3e5420d877ebf657e7dd789 P 8fe96120c7394e2c809c5c6f96de879a: Time spent starting tablet: real 0.009s	user 0.009s	sys 0.000s
I20260710 13:23:40.442376 23249 tablet_bootstrap.cc:492] T 9004a9bedc1741c8ad559ece1cf8b600 P 8fe96120c7394e2c809c5c6f96de879a: Bootstrap starting.
I20260710 13:23:40.450603 23249 tablet_bootstrap.cc:654] T 9004a9bedc1741c8ad559ece1cf8b600 P 8fe96120c7394e2c809c5c6f96de879a: Neither blocks nor log segments found. Creating new log.
I20260710 13:23:40.450894 23248 tablet_bootstrap.cc:654] T 9004a9bedc1741c8ad559ece1cf8b600 P 6aff92563dcb4e2faf7a000483c29fe4: Neither blocks nor log segments found. Creating new log.
I20260710 13:23:40.455008 23249 tablet_bootstrap.cc:492] T 9004a9bedc1741c8ad559ece1cf8b600 P 8fe96120c7394e2c809c5c6f96de879a: No bootstrap required, opened a new log
I20260710 13:23:40.455444 23249 ts_tablet_manager.cc:1403] T 9004a9bedc1741c8ad559ece1cf8b600 P 8fe96120c7394e2c809c5c6f96de879a: Time spent bootstrapping tablet: real 0.013s	user 0.009s	sys 0.001s
I20260710 13:23:40.458555 23249 raft_consensus.cc:359] T 9004a9bedc1741c8ad559ece1cf8b600 P 8fe96120c7394e2c809c5c6f96de879a [term 0 FOLLOWER]: Replica starting. Triggering 0 pending ops. Active config: opid_index: -1 OBSOLETE_local: false peers { permanent_uuid: "8fe96120c7394e2c809c5c6f96de879a" member_type: VOTER last_known_addr { host: "127.21.114.193" port: 38649 } } peers { permanent_uuid: "6aff92563dcb4e2faf7a000483c29fe4" member_type: VOTER last_known_addr { host: "127.21.114.194" port: 41439 } } peers { permanent_uuid: "934137baf59546a5a21f440e2dc87456" member_type: VOTER last_known_addr { host: "127.21.114.195" port: 41951 } }
I20260710 13:23:40.459319 23249 raft_consensus.cc:385] T 9004a9bedc1741c8ad559ece1cf8b600 P 8fe96120c7394e2c809c5c6f96de879a [term 0 FOLLOWER]: Consensus starting up: Expiring failure detector timer to make a prompt election more likely
I20260710 13:23:40.459625 23249 raft_consensus.cc:740] T 9004a9bedc1741c8ad559ece1cf8b600 P 8fe96120c7394e2c809c5c6f96de879a [term 0 FOLLOWER]: Becoming Follower/Learner. State: Replica: 8fe96120c7394e2c809c5c6f96de879a, State: Initialized, Role: FOLLOWER
I20260710 13:23:40.460399 23250 tablet_bootstrap.cc:492] T 2eaf30b5d6f24768af269cf92baa7366 P 934137baf59546a5a21f440e2dc87456: No bootstrap required, opened a new log
I20260710 13:23:40.460476 23249 consensus_queue.cc:260] T 9004a9bedc1741c8ad559ece1cf8b600 P 8fe96120c7394e2c809c5c6f96de879a [NON_LEADER]: Queue going to NON_LEADER mode. State: All replicated index: 0, Majority replicated index: 0, Committed index: 0, Last appended: 0.0, Last appended by leader: 0, Current term: 0, Majority size: -1, State: 0, Mode: NON_LEADER, active raft config: opid_index: -1 OBSOLETE_local: false peers { permanent_uuid: "8fe96120c7394e2c809c5c6f96de879a" member_type: VOTER last_known_addr { host: "127.21.114.193" port: 38649 } } peers { permanent_uuid: "6aff92563dcb4e2faf7a000483c29fe4" member_type: VOTER last_known_addr { host: "127.21.114.194" port: 41439 } } peers { permanent_uuid: "934137baf59546a5a21f440e2dc87456" member_type: VOTER last_known_addr { host: "127.21.114.195" port: 41951 } }
I20260710 13:23:40.461024 23250 ts_tablet_manager.cc:1403] T 2eaf30b5d6f24768af269cf92baa7366 P 934137baf59546a5a21f440e2dc87456: Time spent bootstrapping tablet: real 0.028s	user 0.013s	sys 0.012s
I20260710 13:23:40.462874 23249 ts_tablet_manager.cc:1434] T 9004a9bedc1741c8ad559ece1cf8b600 P 8fe96120c7394e2c809c5c6f96de879a: Time spent starting tablet: real 0.007s	user 0.007s	sys 0.000s
I20260710 13:23:40.463858 23249 tablet_bootstrap.cc:492] T dcb09afae70f49df83d816f4a54ad0c9 P 8fe96120c7394e2c809c5c6f96de879a: Bootstrap starting.
I20260710 13:23:40.464089 23250 raft_consensus.cc:359] T 2eaf30b5d6f24768af269cf92baa7366 P 934137baf59546a5a21f440e2dc87456 [term 0 FOLLOWER]: Replica starting. Triggering 0 pending ops. Active config: opid_index: -1 OBSOLETE_local: false peers { permanent_uuid: "8fe96120c7394e2c809c5c6f96de879a" member_type: VOTER last_known_addr { host: "127.21.114.193" port: 38649 } } peers { permanent_uuid: "6aff92563dcb4e2faf7a000483c29fe4" member_type: VOTER last_known_addr { host: "127.21.114.194" port: 41439 } } peers { permanent_uuid: "934137baf59546a5a21f440e2dc87456" member_type: VOTER last_known_addr { host: "127.21.114.195" port: 41951 } }
I20260710 13:23:40.464764 23250 raft_consensus.cc:385] T 2eaf30b5d6f24768af269cf92baa7366 P 934137baf59546a5a21f440e2dc87456 [term 0 FOLLOWER]: Consensus starting up: Expiring failure detector timer to make a prompt election more likely
I20260710 13:23:40.465034 23250 raft_consensus.cc:740] T 2eaf30b5d6f24768af269cf92baa7366 P 934137baf59546a5a21f440e2dc87456 [term 0 FOLLOWER]: Becoming Follower/Learner. State: Replica: 934137baf59546a5a21f440e2dc87456, State: Initialized, Role: FOLLOWER
I20260710 13:23:40.465890 23250 consensus_queue.cc:260] T 2eaf30b5d6f24768af269cf92baa7366 P 934137baf59546a5a21f440e2dc87456 [NON_LEADER]: Queue going to NON_LEADER mode. State: All replicated index: 0, Majority replicated index: 0, Committed index: 0, Last appended: 0.0, Last appended by leader: 0, Current term: 0, Majority size: -1, State: 0, Mode: NON_LEADER, active raft config: opid_index: -1 OBSOLETE_local: false peers { permanent_uuid: "8fe96120c7394e2c809c5c6f96de879a" member_type: VOTER last_known_addr { host: "127.21.114.193" port: 38649 } } peers { permanent_uuid: "6aff92563dcb4e2faf7a000483c29fe4" member_type: VOTER last_known_addr { host: "127.21.114.194" port: 41439 } } peers { permanent_uuid: "934137baf59546a5a21f440e2dc87456" member_type: VOTER last_known_addr { host: "127.21.114.195" port: 41951 } }
I20260710 13:23:40.465626 22957 catalog_manager.cc:5697] T d872cced75f7407aa51a8cc97c84b8cb P 6aff92563dcb4e2faf7a000483c29fe4 reported cstate change: term changed from 0 to 1, leader changed from <none> to 6aff92563dcb4e2faf7a000483c29fe4 (127.21.114.194). New cstate: current_term: 1 leader_uuid: "6aff92563dcb4e2faf7a000483c29fe4" committed_config { opid_index: -1 OBSOLETE_local: false peers { permanent_uuid: "8fe96120c7394e2c809c5c6f96de879a" member_type: VOTER last_known_addr { host: "127.21.114.193" port: 38649 } health_report { overall_health: UNKNOWN } } peers { permanent_uuid: "934137baf59546a5a21f440e2dc87456" member_type: VOTER last_known_addr { host: "127.21.114.195" port: 41951 } health_report { overall_health: UNKNOWN } } peers { permanent_uuid: "6aff92563dcb4e2faf7a000483c29fe4" member_type: VOTER last_known_addr { host: "127.21.114.194" port: 41439 } health_report { overall_health: HEALTHY } } }
I20260710 13:23:40.468132 23250 ts_tablet_manager.cc:1434] T 2eaf30b5d6f24768af269cf92baa7366 P 934137baf59546a5a21f440e2dc87456: Time spent starting tablet: real 0.007s	user 0.004s	sys 0.000s
I20260710 13:23:40.469105 23250 tablet_bootstrap.cc:492] T 80e8411421264366aa2523d69b992751 P 934137baf59546a5a21f440e2dc87456: Bootstrap starting.
I20260710 13:23:40.470088 23249 tablet_bootstrap.cc:654] T dcb09afae70f49df83d816f4a54ad0c9 P 8fe96120c7394e2c809c5c6f96de879a: Neither blocks nor log segments found. Creating new log.
I20260710 13:23:40.476301 23250 tablet_bootstrap.cc:654] T 80e8411421264366aa2523d69b992751 P 934137baf59546a5a21f440e2dc87456: Neither blocks nor log segments found. Creating new log.
I20260710 13:23:40.484200 23248 tablet_bootstrap.cc:492] T 9004a9bedc1741c8ad559ece1cf8b600 P 6aff92563dcb4e2faf7a000483c29fe4: No bootstrap required, opened a new log
I20260710 13:23:40.484793 23248 ts_tablet_manager.cc:1403] T 9004a9bedc1741c8ad559ece1cf8b600 P 6aff92563dcb4e2faf7a000483c29fe4: Time spent bootstrapping tablet: real 0.079s	user 0.012s	sys 0.003s
I20260710 13:23:40.488448 23248 raft_consensus.cc:359] T 9004a9bedc1741c8ad559ece1cf8b600 P 6aff92563dcb4e2faf7a000483c29fe4 [term 0 FOLLOWER]: Replica starting. Triggering 0 pending ops. Active config: opid_index: -1 OBSOLETE_local: false peers { permanent_uuid: "8fe96120c7394e2c809c5c6f96de879a" member_type: VOTER last_known_addr { host: "127.21.114.193" port: 38649 } } peers { permanent_uuid: "6aff92563dcb4e2faf7a000483c29fe4" member_type: VOTER last_known_addr { host: "127.21.114.194" port: 41439 } } peers { permanent_uuid: "934137baf59546a5a21f440e2dc87456" member_type: VOTER last_known_addr { host: "127.21.114.195" port: 41951 } }
I20260710 13:23:40.489387 23248 raft_consensus.cc:385] T 9004a9bedc1741c8ad559ece1cf8b600 P 6aff92563dcb4e2faf7a000483c29fe4 [term 0 FOLLOWER]: Consensus starting up: Expiring failure detector timer to make a prompt election more likely
I20260710 13:23:40.489748 23248 raft_consensus.cc:740] T 9004a9bedc1741c8ad559ece1cf8b600 P 6aff92563dcb4e2faf7a000483c29fe4 [term 0 FOLLOWER]: Becoming Follower/Learner. State: Replica: 6aff92563dcb4e2faf7a000483c29fe4, State: Initialized, Role: FOLLOWER
I20260710 13:23:40.493099 23249 tablet_bootstrap.cc:492] T dcb09afae70f49df83d816f4a54ad0c9 P 8fe96120c7394e2c809c5c6f96de879a: No bootstrap required, opened a new log
I20260710 13:23:40.493618 23249 ts_tablet_manager.cc:1403] T dcb09afae70f49df83d816f4a54ad0c9 P 8fe96120c7394e2c809c5c6f96de879a: Time spent bootstrapping tablet: real 0.030s	user 0.022s	sys 0.007s
I20260710 13:23:40.493297 23248 consensus_queue.cc:260] T 9004a9bedc1741c8ad559ece1cf8b600 P 6aff92563dcb4e2faf7a000483c29fe4 [NON_LEADER]: Queue going to NON_LEADER mode. State: All replicated index: 0, Majority replicated index: 0, Committed index: 0, Last appended: 0.0, Last appended by leader: 0, Current term: 0, Majority size: -1, State: 0, Mode: NON_LEADER, active raft config: opid_index: -1 OBSOLETE_local: false peers { permanent_uuid: "8fe96120c7394e2c809c5c6f96de879a" member_type: VOTER last_known_addr { host: "127.21.114.193" port: 38649 } } peers { permanent_uuid: "6aff92563dcb4e2faf7a000483c29fe4" member_type: VOTER last_known_addr { host: "127.21.114.194" port: 41439 } } peers { permanent_uuid: "934137baf59546a5a21f440e2dc87456" member_type: VOTER last_known_addr { host: "127.21.114.195" port: 41951 } }
I20260710 13:23:40.494378 23250 tablet_bootstrap.cc:492] T 80e8411421264366aa2523d69b992751 P 934137baf59546a5a21f440e2dc87456: No bootstrap required, opened a new log
I20260710 13:23:40.494836 23250 ts_tablet_manager.cc:1403] T 80e8411421264366aa2523d69b992751 P 934137baf59546a5a21f440e2dc87456: Time spent bootstrapping tablet: real 0.026s	user 0.012s	sys 0.012s
I20260710 13:23:40.496498 23248 ts_tablet_manager.cc:1434] T 9004a9bedc1741c8ad559ece1cf8b600 P 6aff92563dcb4e2faf7a000483c29fe4: Time spent starting tablet: real 0.011s	user 0.009s	sys 0.000s
I20260710 13:23:40.496512 23249 raft_consensus.cc:359] T dcb09afae70f49df83d816f4a54ad0c9 P 8fe96120c7394e2c809c5c6f96de879a [term 0 FOLLOWER]: Replica starting. Triggering 0 pending ops. Active config: opid_index: -1 OBSOLETE_local: false peers { permanent_uuid: "8fe96120c7394e2c809c5c6f96de879a" member_type: VOTER last_known_addr { host: "127.21.114.193" port: 38649 } } peers { permanent_uuid: "6aff92563dcb4e2faf7a000483c29fe4" member_type: VOTER last_known_addr { host: "127.21.114.194" port: 41439 } } peers { permanent_uuid: "934137baf59546a5a21f440e2dc87456" member_type: VOTER last_known_addr { host: "127.21.114.195" port: 41951 } }
I20260710 13:23:40.497496 23249 raft_consensus.cc:385] T dcb09afae70f49df83d816f4a54ad0c9 P 8fe96120c7394e2c809c5c6f96de879a [term 0 FOLLOWER]: Consensus starting up: Expiring failure detector timer to make a prompt election more likely
I20260710 13:23:40.497406 23250 raft_consensus.cc:359] T 80e8411421264366aa2523d69b992751 P 934137baf59546a5a21f440e2dc87456 [term 0 FOLLOWER]: Replica starting. Triggering 0 pending ops. Active config: opid_index: -1 OBSOLETE_local: false peers { permanent_uuid: "8fe96120c7394e2c809c5c6f96de879a" member_type: VOTER last_known_addr { host: "127.21.114.193" port: 38649 } } peers { permanent_uuid: "6aff92563dcb4e2faf7a000483c29fe4" member_type: VOTER last_known_addr { host: "127.21.114.194" port: 41439 } } peers { permanent_uuid: "934137baf59546a5a21f440e2dc87456" member_type: VOTER last_known_addr { host: "127.21.114.195" port: 41951 } }
I20260710 13:23:40.497830 23249 raft_consensus.cc:740] T dcb09afae70f49df83d816f4a54ad0c9 P 8fe96120c7394e2c809c5c6f96de879a [term 0 FOLLOWER]: Becoming Follower/Learner. State: Replica: 8fe96120c7394e2c809c5c6f96de879a, State: Initialized, Role: FOLLOWER
I20260710 13:23:40.497972 23248 tablet_bootstrap.cc:492] T 0b81efc6b3e5420d877ebf657e7dd789 P 6aff92563dcb4e2faf7a000483c29fe4: Bootstrap starting.
I20260710 13:23:40.498153 23250 raft_consensus.cc:385] T 80e8411421264366aa2523d69b992751 P 934137baf59546a5a21f440e2dc87456 [term 0 FOLLOWER]: Consensus starting up: Expiring failure detector timer to make a prompt election more likely
I20260710 13:23:40.498519 23250 raft_consensus.cc:740] T 80e8411421264366aa2523d69b992751 P 934137baf59546a5a21f440e2dc87456 [term 0 FOLLOWER]: Becoming Follower/Learner. State: Replica: 934137baf59546a5a21f440e2dc87456, State: Initialized, Role: FOLLOWER
I20260710 13:23:40.498726 23249 consensus_queue.cc:260] T dcb09afae70f49df83d816f4a54ad0c9 P 8fe96120c7394e2c809c5c6f96de879a [NON_LEADER]: Queue going to NON_LEADER mode. State: All replicated index: 0, Majority replicated index: 0, Committed index: 0, Last appended: 0.0, Last appended by leader: 0, Current term: 0, Majority size: -1, State: 0, Mode: NON_LEADER, active raft config: opid_index: -1 OBSOLETE_local: false peers { permanent_uuid: "8fe96120c7394e2c809c5c6f96de879a" member_type: VOTER last_known_addr { host: "127.21.114.193" port: 38649 } } peers { permanent_uuid: "6aff92563dcb4e2faf7a000483c29fe4" member_type: VOTER last_known_addr { host: "127.21.114.194" port: 41439 } } peers { permanent_uuid: "934137baf59546a5a21f440e2dc87456" member_type: VOTER last_known_addr { host: "127.21.114.195" port: 41951 } }
I20260710 13:23:40.499243 23250 consensus_queue.cc:260] T 80e8411421264366aa2523d69b992751 P 934137baf59546a5a21f440e2dc87456 [NON_LEADER]: Queue going to NON_LEADER mode. State: All replicated index: 0, Majority replicated index: 0, Committed index: 0, Last appended: 0.0, Last appended by leader: 0, Current term: 0, Majority size: -1, State: 0, Mode: NON_LEADER, active raft config: opid_index: -1 OBSOLETE_local: false peers { permanent_uuid: "8fe96120c7394e2c809c5c6f96de879a" member_type: VOTER last_known_addr { host: "127.21.114.193" port: 38649 } } peers { permanent_uuid: "6aff92563dcb4e2faf7a000483c29fe4" member_type: VOTER last_known_addr { host: "127.21.114.194" port: 41439 } } peers { permanent_uuid: "934137baf59546a5a21f440e2dc87456" member_type: VOTER last_known_addr { host: "127.21.114.195" port: 41951 } }
I20260710 13:23:40.501315 23249 ts_tablet_manager.cc:1434] T dcb09afae70f49df83d816f4a54ad0c9 P 8fe96120c7394e2c809c5c6f96de879a: Time spent starting tablet: real 0.007s	user 0.007s	sys 0.000s
I20260710 13:23:40.501371 23250 ts_tablet_manager.cc:1434] T 80e8411421264366aa2523d69b992751 P 934137baf59546a5a21f440e2dc87456: Time spent starting tablet: real 0.006s	user 0.006s	sys 0.002s
I20260710 13:23:40.502343 23249 tablet_bootstrap.cc:492] T a7ddec26bb9348049852fa17f9e80895 P 8fe96120c7394e2c809c5c6f96de879a: Bootstrap starting.
I20260710 13:23:40.502343 23250 tablet_bootstrap.cc:492] T 97ace432124b45b8b94460c86bcca247 P 934137baf59546a5a21f440e2dc87456: Bootstrap starting.
I20260710 13:23:40.506825 23248 tablet_bootstrap.cc:654] T 0b81efc6b3e5420d877ebf657e7dd789 P 6aff92563dcb4e2faf7a000483c29fe4: Neither blocks nor log segments found. Creating new log.
I20260710 13:23:40.509011 23250 tablet_bootstrap.cc:654] T 97ace432124b45b8b94460c86bcca247 P 934137baf59546a5a21f440e2dc87456: Neither blocks nor log segments found. Creating new log.
I20260710 13:23:40.512933 23248 tablet_bootstrap.cc:492] T 0b81efc6b3e5420d877ebf657e7dd789 P 6aff92563dcb4e2faf7a000483c29fe4: No bootstrap required, opened a new log
I20260710 13:23:40.513469 23248 ts_tablet_manager.cc:1403] T 0b81efc6b3e5420d877ebf657e7dd789 P 6aff92563dcb4e2faf7a000483c29fe4: Time spent bootstrapping tablet: real 0.016s	user 0.011s	sys 0.004s
I20260710 13:23:40.514549 23250 tablet_bootstrap.cc:492] T 97ace432124b45b8b94460c86bcca247 P 934137baf59546a5a21f440e2dc87456: No bootstrap required, opened a new log
