I20260710 13:23:40.518085 22940 leader_election.cc:304] T 3b491432ca22422ea5e3b1efc5762b58 P 0abfcf7ddfc84c24a8c00b1ab3ae661f [CANDIDATE]: Term 1 election: Election decided. Result: candidate won. Election summary: received 3 responses out of 3 voters: 2 yes votes; 1 no votes. yes voters: 08ff5a5dc2f4474bb1c0d6be0cca2bc8, 0abfcf7ddfc84c24a8c00b1ab3ae661f; no voters: 306b882437bc4fa49f4294493a76c48b
I20260710 13:23:40.518882 23185 raft_consensus.cc:2804] T 3b491432ca22422ea5e3b1efc5762b58 P 0abfcf7ddfc84c24a8c00b1ab3ae661f [term 1 FOLLOWER]: Leader election won for term 1
I20260710 13:23:40.519361 23185 raft_consensus.cc:697] T 3b491432ca22422ea5e3b1efc5762b58 P 0abfcf7ddfc84c24a8c00b1ab3ae661f [term 1 LEADER]: Becoming Leader. State: Replica: 0abfcf7ddfc84c24a8c00b1ab3ae661f, State: Running, Role: LEADER
I20260710 13:23:40.520150 23185 consensus_queue.cc:237] T 3b491432ca22422ea5e3b1efc5762b58 P 0abfcf7ddfc84c24a8c00b1ab3ae661f [LEADER]: Queue going to LEADER mode. State: All replicated index: 0, Majority replicated index: 0, Committed index: 0, Last appended: 0.0, Last appended by leader: 0, Current term: 1, Majority size: 2, State: 0, Mode: LEADER, active raft config: opid_index: -1 OBSOLETE_local: false peers { permanent_uuid: "08ff5a5dc2f4474bb1c0d6be0cca2bc8" member_type: VOTER last_known_addr { host: "127.21.69.65" port: 38671 } } peers { permanent_uuid: "0abfcf7ddfc84c24a8c00b1ab3ae661f" member_type: VOTER last_known_addr { host: "127.21.69.66" port: 39261 } } peers { permanent_uuid: "306b882437bc4fa49f4294493a76c48b" member_type: VOTER last_known_addr { host: "127.21.69.67" port: 33355 } }
I20260710 13:23:40.522277 23095 raft_consensus.cc:493] T f5efc403efe2489eb2d27e20c50aa42f P 0abfcf7ddfc84c24a8c00b1ab3ae661f [term 0 FOLLOWER]: Starting pre-election (no leader contacted us within the election timeout)
I20260710 13:23:40.522718 23095 raft_consensus.cc:515] T f5efc403efe2489eb2d27e20c50aa42f P 0abfcf7ddfc84c24a8c00b1ab3ae661f [term 0 FOLLOWER]: Starting pre-election with config: opid_index: -1 OBSOLETE_local: false peers { permanent_uuid: "08ff5a5dc2f4474bb1c0d6be0cca2bc8" member_type: VOTER last_known_addr { host: "127.21.69.65" port: 38671 } } peers { permanent_uuid: "0abfcf7ddfc84c24a8c00b1ab3ae661f" member_type: VOTER last_known_addr { host: "127.21.69.66" port: 39261 } } peers { permanent_uuid: "306b882437bc4fa49f4294493a76c48b" member_type: VOTER last_known_addr { host: "127.21.69.67" port: 33355 } }
I20260710 13:23:40.524782 23095 leader_election.cc:290] T f5efc403efe2489eb2d27e20c50aa42f P 0abfcf7ddfc84c24a8c00b1ab3ae661f [CANDIDATE]: Term 1 pre-election: Requested pre-vote from peers 08ff5a5dc2f4474bb1c0d6be0cca2bc8 (127.21.69.65:38671), 306b882437bc4fa49f4294493a76c48b (127.21.69.67:33355)
I20260710 13:23:40.527673 23046 tablet_service.cc:1917] Received RequestConsensusVote() RPC: tablet_id: "f5efc403efe2489eb2d27e20c50aa42f" candidate_uuid: "0abfcf7ddfc84c24a8c00b1ab3ae661f" candidate_term: 1 candidate_status { last_received { term: 0 index: 0 } } ignore_live_leader: false dest_uuid: "306b882437bc4fa49f4294493a76c48b" is_pre_election: true
I20260710 13:23:40.528290 23046 raft_consensus.cc:2468] T f5efc403efe2489eb2d27e20c50aa42f P 306b882437bc4fa49f4294493a76c48b [term 0 FOLLOWER]: Leader pre-election vote request: Granting yes vote for candidate 0abfcf7ddfc84c24a8c00b1ab3ae661f in term 0.
I20260710 13:23:40.529460 22939 leader_election.cc:304] T f5efc403efe2489eb2d27e20c50aa42f P 0abfcf7ddfc84c24a8c00b1ab3ae661f [CANDIDATE]: Term 1 pre-election: Election decided. Result: candidate won. Election summary: received 2 responses out of 3 voters: 2 yes votes; 0 no votes. yes voters: 0abfcf7ddfc84c24a8c00b1ab3ae661f, 306b882437bc4fa49f4294493a76c48b; no voters: 
I20260710 13:23:40.530218 23095 raft_consensus.cc:2804] T f5efc403efe2489eb2d27e20c50aa42f P 0abfcf7ddfc84c24a8c00b1ab3ae661f [term 0 FOLLOWER]: Leader pre-election won for term 1
I20260710 13:23:40.532125 23095 raft_consensus.cc:493] T f5efc403efe2489eb2d27e20c50aa42f P 0abfcf7ddfc84c24a8c00b1ab3ae661f [term 0 FOLLOWER]: Starting leader election (no leader contacted us within the election timeout)
I20260710 13:23:40.532462 23095 raft_consensus.cc:3060] T f5efc403efe2489eb2d27e20c50aa42f P 0abfcf7ddfc84c24a8c00b1ab3ae661f [term 0 FOLLOWER]: Advancing to term 1
I20260710 13:23:40.541332 22896 tablet_service.cc:1917] Received RequestConsensusVote() RPC: tablet_id: "f5efc403efe2489eb2d27e20c50aa42f" candidate_uuid: "0abfcf7ddfc84c24a8c00b1ab3ae661f" candidate_term: 1 candidate_status { last_received { term: 0 index: 0 } } ignore_live_leader: false dest_uuid: "08ff5a5dc2f4474bb1c0d6be0cca2bc8" is_pre_election: true
I20260710 13:23:40.546263 23089 tablet_bootstrap.cc:492] T fbf38489d4114f5cb2fb6cdee9cbd8be P 0abfcf7ddfc84c24a8c00b1ab3ae661f: No bootstrap required, opened a new log
I20260710 13:23:40.546705 23089 ts_tablet_manager.cc:1403] T fbf38489d4114f5cb2fb6cdee9cbd8be P 0abfcf7ddfc84c24a8c00b1ab3ae661f: Time spent bootstrapping tablet: real 0.114s	user 0.006s	sys 0.003s
I20260710 13:23:40.541990 22896 raft_consensus.cc:2468] T f5efc403efe2489eb2d27e20c50aa42f P 08ff5a5dc2f4474bb1c0d6be0cca2bc8 [term 0 FOLLOWER]: Leader pre-election vote request: Granting yes vote for candidate 0abfcf7ddfc84c24a8c00b1ab3ae661f in term 0.
I20260710 13:23:40.550227 23120 raft_consensus.cc:493] T fbf38489d4114f5cb2fb6cdee9cbd8be P 08ff5a5dc2f4474bb1c0d6be0cca2bc8 [term 0 FOLLOWER]: Starting pre-election (no leader contacted us within the election timeout)
I20260710 13:23:40.550694 23120 raft_consensus.cc:515] T fbf38489d4114f5cb2fb6cdee9cbd8be P 08ff5a5dc2f4474bb1c0d6be0cca2bc8 [term 0 FOLLOWER]: Starting pre-election with config: opid_index: -1 OBSOLETE_local: false peers { permanent_uuid: "08ff5a5dc2f4474bb1c0d6be0cca2bc8" member_type: VOTER last_known_addr { host: "127.21.69.65" port: 38671 } } peers { permanent_uuid: "0abfcf7ddfc84c24a8c00b1ab3ae661f" member_type: VOTER last_known_addr { host: "127.21.69.66" port: 39261 } } peers { permanent_uuid: "306b882437bc4fa49f4294493a76c48b" member_type: VOTER last_known_addr { host: "127.21.69.67" port: 33355 } }
I20260710 13:23:40.552820 23120 leader_election.cc:290] T fbf38489d4114f5cb2fb6cdee9cbd8be P 08ff5a5dc2f4474bb1c0d6be0cca2bc8 [CANDIDATE]: Term 1 pre-election: Requested pre-vote from peers 0abfcf7ddfc84c24a8c00b1ab3ae661f (127.21.69.66:39261), 306b882437bc4fa49f4294493a76c48b (127.21.69.67:33355)
I20260710 13:23:40.554100 23046 tablet_service.cc:1917] Received RequestConsensusVote() RPC: tablet_id: "fbf38489d4114f5cb2fb6cdee9cbd8be" candidate_uuid: "08ff5a5dc2f4474bb1c0d6be0cca2bc8" candidate_term: 1 candidate_status { last_received { term: 0 index: 0 } } ignore_live_leader: false dest_uuid: "306b882437bc4fa49f4294493a76c48b" is_pre_election: true
I20260710 13:23:40.554684 23046 raft_consensus.cc:2468] T fbf38489d4114f5cb2fb6cdee9cbd8be P 306b882437bc4fa49f4294493a76c48b [term 0 FOLLOWER]: Leader pre-election vote request: Granting yes vote for candidate 08ff5a5dc2f4474bb1c0d6be0cca2bc8 in term 0.
I20260710 13:23:40.555245 22971 tablet_service.cc:1917] Received RequestConsensusVote() RPC: tablet_id: "fbf38489d4114f5cb2fb6cdee9cbd8be" candidate_uuid: "08ff5a5dc2f4474bb1c0d6be0cca2bc8" candidate_term: 1 candidate_status { last_received { term: 0 index: 0 } } ignore_live_leader: false dest_uuid: "0abfcf7ddfc84c24a8c00b1ab3ae661f" is_pre_election: true
I20260710 13:23:40.556416 22864 leader_election.cc:304] T fbf38489d4114f5cb2fb6cdee9cbd8be P 08ff5a5dc2f4474bb1c0d6be0cca2bc8 [CANDIDATE]: Term 1 pre-election: Election decided. Result: candidate won. Election summary: received 2 responses out of 3 voters: 2 yes votes; 0 no votes. yes voters: 08ff5a5dc2f4474bb1c0d6be0cca2bc8, 306b882437bc4fa49f4294493a76c48b; no voters: 
I20260710 13:23:40.557202 23120 raft_consensus.cc:2804] T fbf38489d4114f5cb2fb6cdee9cbd8be P 08ff5a5dc2f4474bb1c0d6be0cca2bc8 [term 0 FOLLOWER]: Leader pre-election won for term 1
I20260710 13:23:40.557546 23120 raft_consensus.cc:493] T fbf38489d4114f5cb2fb6cdee9cbd8be P 08ff5a5dc2f4474bb1c0d6be0cca2bc8 [term 0 FOLLOWER]: Starting leader election (no leader contacted us within the election timeout)
I20260710 13:23:40.557866 23120 raft_consensus.cc:3060] T fbf38489d4114f5cb2fb6cdee9cbd8be P 08ff5a5dc2f4474bb1c0d6be0cca2bc8 [term 0 FOLLOWER]: Advancing to term 1
I20260710 13:23:40.549360 23089 raft_consensus.cc:359] T fbf38489d4114f5cb2fb6cdee9cbd8be P 0abfcf7ddfc84c24a8c00b1ab3ae661f [term 0 FOLLOWER]: Replica starting. Triggering 0 pending ops. Active config: opid_index: -1 OBSOLETE_local: false peers { permanent_uuid: "08ff5a5dc2f4474bb1c0d6be0cca2bc8" member_type: VOTER last_known_addr { host: "127.21.69.65" port: 38671 } } peers { permanent_uuid: "0abfcf7ddfc84c24a8c00b1ab3ae661f" member_type: VOTER last_known_addr { host: "127.21.69.66" port: 39261 } } peers { permanent_uuid: "306b882437bc4fa49f4294493a76c48b" member_type: VOTER last_known_addr { host: "127.21.69.67" port: 33355 } }
I20260710 13:23:40.563529 23089 raft_consensus.cc:385] T fbf38489d4114f5cb2fb6cdee9cbd8be P 0abfcf7ddfc84c24a8c00b1ab3ae661f [term 0 FOLLOWER]: Consensus starting up: Expiring failure detector timer to make a prompt election more likely
I20260710 13:23:40.563800 23089 raft_consensus.cc:740] T fbf38489d4114f5cb2fb6cdee9cbd8be P 0abfcf7ddfc84c24a8c00b1ab3ae661f [term 0 FOLLOWER]: Becoming Follower/Learner. State: Replica: 0abfcf7ddfc84c24a8c00b1ab3ae661f, State: Initialized, Role: FOLLOWER
I20260710 13:23:40.564545 23089 consensus_queue.cc:260] T fbf38489d4114f5cb2fb6cdee9cbd8be P 0abfcf7ddfc84c24a8c00b1ab3ae661f [NON_LEADER]: Queue going to NON_LEADER mode. State: All replicated index: 0, Majority replicated index: 0, Committed index: 0, Last appended: 0.0, Last appended by leader: 0, Current term: 0, Majority size: -1, State: 0, Mode: NON_LEADER, active raft config: opid_index: -1 OBSOLETE_local: false peers { permanent_uuid: "08ff5a5dc2f4474bb1c0d6be0cca2bc8" member_type: VOTER last_known_addr { host: "127.21.69.65" port: 38671 } } peers { permanent_uuid: "0abfcf7ddfc84c24a8c00b1ab3ae661f" member_type: VOTER last_known_addr { host: "127.21.69.66" port: 39261 } } peers { permanent_uuid: "306b882437bc4fa49f4294493a76c48b" member_type: VOTER last_known_addr { host: "127.21.69.67" port: 33355 } }
I20260710 13:23:40.564904 23120 raft_consensus.cc:515] T fbf38489d4114f5cb2fb6cdee9cbd8be P 08ff5a5dc2f4474bb1c0d6be0cca2bc8 [term 1 FOLLOWER]: Starting leader election with config: opid_index: -1 OBSOLETE_local: false peers { permanent_uuid: "08ff5a5dc2f4474bb1c0d6be0cca2bc8" member_type: VOTER last_known_addr { host: "127.21.69.65" port: 38671 } } peers { permanent_uuid: "0abfcf7ddfc84c24a8c00b1ab3ae661f" member_type: VOTER last_known_addr { host: "127.21.69.66" port: 39261 } } peers { permanent_uuid: "306b882437bc4fa49f4294493a76c48b" member_type: VOTER last_known_addr { host: "127.21.69.67" port: 33355 } }
I20260710 13:23:40.565380 22971 raft_consensus.cc:2468] T fbf38489d4114f5cb2fb6cdee9cbd8be P 0abfcf7ddfc84c24a8c00b1ab3ae661f [term 0 FOLLOWER]: Leader pre-election vote request: Granting yes vote for candidate 08ff5a5dc2f4474bb1c0d6be0cca2bc8 in term 0.
I20260710 13:23:40.567430 22970 tablet_service.cc:1917] Received RequestConsensusVote() RPC: tablet_id: "fbf38489d4114f5cb2fb6cdee9cbd8be" candidate_uuid: "08ff5a5dc2f4474bb1c0d6be0cca2bc8" candidate_term: 1 candidate_status { last_received { term: 0 index: 0 } } ignore_live_leader: false dest_uuid: "0abfcf7ddfc84c24a8c00b1ab3ae661f"
I20260710 13:23:40.567971 22970 raft_consensus.cc:3060] T fbf38489d4114f5cb2fb6cdee9cbd8be P 0abfcf7ddfc84c24a8c00b1ab3ae661f [term 0 FOLLOWER]: Advancing to term 1
I20260710 13:23:40.556428 23095 raft_consensus.cc:515] T f5efc403efe2489eb2d27e20c50aa42f P 0abfcf7ddfc84c24a8c00b1ab3ae661f [term 1 FOLLOWER]: Starting leader election with config: opid_index: -1 OBSOLETE_local: false peers { permanent_uuid: "08ff5a5dc2f4474bb1c0d6be0cca2bc8" member_type: VOTER last_known_addr { host: "127.21.69.65" port: 38671 } } peers { permanent_uuid: "0abfcf7ddfc84c24a8c00b1ab3ae661f" member_type: VOTER last_known_addr { host: "127.21.69.66" port: 39261 } } peers { permanent_uuid: "306b882437bc4fa49f4294493a76c48b" member_type: VOTER last_known_addr { host: "127.21.69.67" port: 33355 } }
I20260710 13:23:40.577713 22896 tablet_service.cc:1917] Received RequestConsensusVote() RPC: tablet_id: "f5efc403efe2489eb2d27e20c50aa42f" candidate_uuid: "0abfcf7ddfc84c24a8c00b1ab3ae661f" candidate_term: 1 candidate_status { last_received { term: 0 index: 0 } } ignore_live_leader: false dest_uuid: "08ff5a5dc2f4474bb1c0d6be0cca2bc8"
I20260710 13:23:40.578450 22896 raft_consensus.cc:3060] T f5efc403efe2489eb2d27e20c50aa42f P 08ff5a5dc2f4474bb1c0d6be0cca2bc8 [term 0 FOLLOWER]: Advancing to term 1
I20260710 13:23:40.580331 22796 catalog_manager.cc:5697] T 3b491432ca22422ea5e3b1efc5762b58 P 0abfcf7ddfc84c24a8c00b1ab3ae661f reported cstate change: term changed from 0 to 1, leader changed from <none> to 0abfcf7ddfc84c24a8c00b1ab3ae661f (127.21.69.66). New cstate: current_term: 1 leader_uuid: "0abfcf7ddfc84c24a8c00b1ab3ae661f" committed_config { opid_index: -1 OBSOLETE_local: false peers { permanent_uuid: "08ff5a5dc2f4474bb1c0d6be0cca2bc8" member_type: VOTER last_known_addr { host: "127.21.69.65" port: 38671 } health_report { overall_health: UNKNOWN } } peers { permanent_uuid: "0abfcf7ddfc84c24a8c00b1ab3ae661f" member_type: VOTER last_known_addr { host: "127.21.69.66" port: 39261 } health_report { overall_health: HEALTHY } } peers { permanent_uuid: "306b882437bc4fa49f4294493a76c48b" member_type: VOTER last_known_addr { host: "127.21.69.67" port: 33355 } health_report { overall_health: UNKNOWN } } }
I20260710 13:23:40.586823 23095 leader_election.cc:290] T f5efc403efe2489eb2d27e20c50aa42f P 0abfcf7ddfc84c24a8c00b1ab3ae661f [CANDIDATE]: Term 1 election: Requested vote from peers 08ff5a5dc2f4474bb1c0d6be0cca2bc8 (127.21.69.65:38671), 306b882437bc4fa49f4294493a76c48b (127.21.69.67:33355)
I20260710 13:23:40.588574 23046 tablet_service.cc:1917] Received RequestConsensusVote() RPC: tablet_id: "f5efc403efe2489eb2d27e20c50aa42f" candidate_uuid: "0abfcf7ddfc84c24a8c00b1ab3ae661f" candidate_term: 1 candidate_status { last_received { term: 0 index: 0 } } ignore_live_leader: false dest_uuid: "306b882437bc4fa49f4294493a76c48b"
I20260710 13:23:40.589138 23046 raft_consensus.cc:3060] T f5efc403efe2489eb2d27e20c50aa42f P 306b882437bc4fa49f4294493a76c48b [term 0 FOLLOWER]: Advancing to term 1
I20260710 13:23:40.586035 22896 raft_consensus.cc:2468] T f5efc403efe2489eb2d27e20c50aa42f P 08ff5a5dc2f4474bb1c0d6be0cca2bc8 [term 1 FOLLOWER]: Leader election vote request: Granting yes vote for candidate 0abfcf7ddfc84c24a8c00b1ab3ae661f in term 1.
I20260710 13:23:40.592422 22940 leader_election.cc:304] T f5efc403efe2489eb2d27e20c50aa42f P 0abfcf7ddfc84c24a8c00b1ab3ae661f [CANDIDATE]: Term 1 election: Election decided. Result: candidate won. Election summary: received 2 responses out of 3 voters: 2 yes votes; 0 no votes. yes voters: 08ff5a5dc2f4474bb1c0d6be0cca2bc8, 0abfcf7ddfc84c24a8c00b1ab3ae661f; no voters: 
I20260710 13:23:40.593295 23095 raft_consensus.cc:2804] T f5efc403efe2489eb2d27e20c50aa42f P 0abfcf7ddfc84c24a8c00b1ab3ae661f [term 1 FOLLOWER]: Leader election won for term 1
I20260710 13:23:40.593966 23095 raft_consensus.cc:697] T f5efc403efe2489eb2d27e20c50aa42f P 0abfcf7ddfc84c24a8c00b1ab3ae661f [term 1 LEADER]: Becoming Leader. State: Replica: 0abfcf7ddfc84c24a8c00b1ab3ae661f, State: Running, Role: LEADER
I20260710 13:23:40.594843 23095 consensus_queue.cc:237] T f5efc403efe2489eb2d27e20c50aa42f P 0abfcf7ddfc84c24a8c00b1ab3ae661f [LEADER]: Queue going to LEADER mode. State: All replicated index: 0, Majority replicated index: 0, Committed index: 0, Last appended: 0.0, Last appended by leader: 0, Current term: 1, Majority size: 2, State: 0, Mode: LEADER, active raft config: opid_index: -1 OBSOLETE_local: false peers { permanent_uuid: "08ff5a5dc2f4474bb1c0d6be0cca2bc8" member_type: VOTER last_known_addr { host: "127.21.69.65" port: 38671 } } peers { permanent_uuid: "0abfcf7ddfc84c24a8c00b1ab3ae661f" member_type: VOTER last_known_addr { host: "127.21.69.66" port: 39261 } } peers { permanent_uuid: "306b882437bc4fa49f4294493a76c48b" member_type: VOTER last_known_addr { host: "127.21.69.67" port: 33355 } }
I20260710 13:23:40.586597 22970 raft_consensus.cc:2468] T fbf38489d4114f5cb2fb6cdee9cbd8be P 0abfcf7ddfc84c24a8c00b1ab3ae661f [term 1 FOLLOWER]: Leader election vote request: Granting yes vote for candidate 08ff5a5dc2f4474bb1c0d6be0cca2bc8 in term 1.
I20260710 13:23:40.597572 22862 leader_election.cc:304] T fbf38489d4114f5cb2fb6cdee9cbd8be P 08ff5a5dc2f4474bb1c0d6be0cca2bc8 [CANDIDATE]: Term 1 election: Election decided. Result: candidate won. Election summary: received 2 responses out of 3 voters: 2 yes votes; 0 no votes. yes voters: 08ff5a5dc2f4474bb1c0d6be0cca2bc8, 0abfcf7ddfc84c24a8c00b1ab3ae661f; no voters: 
I20260710 13:23:40.597913 23120 leader_election.cc:290] T fbf38489d4114f5cb2fb6cdee9cbd8be P 08ff5a5dc2f4474bb1c0d6be0cca2bc8 [CANDIDATE]: Term 1 election: Requested vote from peers 0abfcf7ddfc84c24a8c00b1ab3ae661f (127.21.69.66:39261), 306b882437bc4fa49f4294493a76c48b (127.21.69.67:33355)
I20260710 13:23:40.598111 23048 tablet_service.cc:1917] Received RequestConsensusVote() RPC: tablet_id: "fbf38489d4114f5cb2fb6cdee9cbd8be" candidate_uuid: "08ff5a5dc2f4474bb1c0d6be0cca2bc8" candidate_term: 1 candidate_status { last_received { term: 0 index: 0 } } ignore_live_leader: false dest_uuid: "306b882437bc4fa49f4294493a76c48b"
I20260710 13:23:40.598340 23124 raft_consensus.cc:2804] T fbf38489d4114f5cb2fb6cdee9cbd8be P 08ff5a5dc2f4474bb1c0d6be0cca2bc8 [term 1 FOLLOWER]: Leader election won for term 1
I20260710 13:23:40.598655 23048 raft_consensus.cc:3060] T fbf38489d4114f5cb2fb6cdee9cbd8be P 306b882437bc4fa49f4294493a76c48b [term 0 FOLLOWER]: Advancing to term 1
I20260710 13:23:40.598766 23124 raft_consensus.cc:697] T fbf38489d4114f5cb2fb6cdee9cbd8be P 08ff5a5dc2f4474bb1c0d6be0cca2bc8 [term 1 LEADER]: Becoming Leader. State: Replica: 08ff5a5dc2f4474bb1c0d6be0cca2bc8, State: Running, Role: LEADER
I20260710 13:23:40.599583 23124 consensus_queue.cc:237] T fbf38489d4114f5cb2fb6cdee9cbd8be P 08ff5a5dc2f4474bb1c0d6be0cca2bc8 [LEADER]: Queue going to LEADER mode. State: All replicated index: 0, Majority replicated index: 0, Committed index: 0, Last appended: 0.0, Last appended by leader: 0, Current term: 1, Majority size: 2, State: 0, Mode: LEADER, active raft config: opid_index: -1 OBSOLETE_local: false peers { permanent_uuid: "08ff5a5dc2f4474bb1c0d6be0cca2bc8" member_type: VOTER last_known_addr { host: "127.21.69.65" port: 38671 } } peers { permanent_uuid: "0abfcf7ddfc84c24a8c00b1ab3ae661f" member_type: VOTER last_known_addr { host: "127.21.69.66" port: 39261 } } peers { permanent_uuid: "306b882437bc4fa49f4294493a76c48b" member_type: VOTER last_known_addr { host: "127.21.69.67" port: 33355 } }
I20260710 13:23:40.603680 23089 ts_tablet_manager.cc:1434] T fbf38489d4114f5cb2fb6cdee9cbd8be P 0abfcf7ddfc84c24a8c00b1ab3ae661f: Time spent starting tablet: real 0.057s	user 0.004s	sys 0.004s
I20260710 13:23:40.604602 23048 raft_consensus.cc:2468] T fbf38489d4114f5cb2fb6cdee9cbd8be P 306b882437bc4fa49f4294493a76c48b [term 1 FOLLOWER]: Leader election vote request: Granting yes vote for candidate 08ff5a5dc2f4474bb1c0d6be0cca2bc8 in term 1.
W20260710 13:23:40.609593 22845 auto_rebalancer.cc:288] Could not retrieve cluster info: Service unavailable: Tablet not running
I20260710 13:23:40.609841 23090 tablet_bootstrap.cc:492] T 3b491432ca22422ea5e3b1efc5762b58 P 306b882437bc4fa49f4294493a76c48b: No bootstrap required, opened a new log
I20260710 13:23:40.610249 23090 ts_tablet_manager.cc:1403] T 3b491432ca22422ea5e3b1efc5762b58 P 306b882437bc4fa49f4294493a76c48b: Time spent bootstrapping tablet: real 0.102s	user 0.024s	sys 0.056s
I20260710 13:23:40.611955 22796 catalog_manager.cc:5697] T fbf38489d4114f5cb2fb6cdee9cbd8be P 08ff5a5dc2f4474bb1c0d6be0cca2bc8 reported cstate change: term changed from 0 to 1, leader changed from <none> to 08ff5a5dc2f4474bb1c0d6be0cca2bc8 (127.21.69.65). New cstate: current_term: 1 leader_uuid: "08ff5a5dc2f4474bb1c0d6be0cca2bc8" committed_config { opid_index: -1 OBSOLETE_local: false peers { permanent_uuid: "08ff5a5dc2f4474bb1c0d6be0cca2bc8" member_type: VOTER last_known_addr { host: "127.21.69.65" port: 38671 } health_report { overall_health: HEALTHY } } peers { permanent_uuid: "0abfcf7ddfc84c24a8c00b1ab3ae661f" member_type: VOTER last_known_addr { host: "127.21.69.66" port: 39261 } health_report { overall_health: UNKNOWN } } peers { permanent_uuid: "306b882437bc4fa49f4294493a76c48b" member_type: VOTER last_known_addr { host: "127.21.69.67" port: 33355 } health_report { overall_health: UNKNOWN } } }
I20260710 13:23:40.613185 23046 raft_consensus.cc:2468] T f5efc403efe2489eb2d27e20c50aa42f P 306b882437bc4fa49f4294493a76c48b [term 1 FOLLOWER]: Leader election vote request: Granting yes vote for candidate 0abfcf7ddfc84c24a8c00b1ab3ae661f in term 1.
I20260710 13:23:40.614559 23090 raft_consensus.cc:359] T 3b491432ca22422ea5e3b1efc5762b58 P 306b882437bc4fa49f4294493a76c48b [term 0 FOLLOWER]: Replica starting. Triggering 0 pending ops. Active config: opid_index: -1 OBSOLETE_local: false peers { permanent_uuid: "08ff5a5dc2f4474bb1c0d6be0cca2bc8" member_type: VOTER last_known_addr { host: "127.21.69.65" port: 38671 } } peers { permanent_uuid: "0abfcf7ddfc84c24a8c00b1ab3ae661f" member_type: VOTER last_known_addr { host: "127.21.69.66" port: 39261 } } peers { permanent_uuid: "306b882437bc4fa49f4294493a76c48b" member_type: VOTER last_known_addr { host: "127.21.69.67" port: 33355 } }
I20260710 13:23:40.615206 23090 raft_consensus.cc:385] T 3b491432ca22422ea5e3b1efc5762b58 P 306b882437bc4fa49f4294493a76c48b [term 0 FOLLOWER]: Consensus starting up: Expiring failure detector timer to make a prompt election more likely
I20260710 13:23:40.615453 23090 raft_consensus.cc:740] T 3b491432ca22422ea5e3b1efc5762b58 P 306b882437bc4fa49f4294493a76c48b [term 0 FOLLOWER]: Becoming Follower/Learner. State: Replica: 306b882437bc4fa49f4294493a76c48b, State: Initialized, Role: FOLLOWER
I20260710 13:23:40.616048 23090 consensus_queue.cc:260] T 3b491432ca22422ea5e3b1efc5762b58 P 306b882437bc4fa49f4294493a76c48b [NON_LEADER]: Queue going to NON_LEADER mode. State: All replicated index: 0, Majority replicated index: 0, Committed index: 0, Last appended: 0.0, Last appended by leader: 0, Current term: 0, Majority size: -1, State: 0, Mode: NON_LEADER, active raft config: opid_index: -1 OBSOLETE_local: false peers { permanent_uuid: "08ff5a5dc2f4474bb1c0d6be0cca2bc8" member_type: VOTER last_known_addr { host: "127.21.69.65" port: 38671 } } peers { permanent_uuid: "0abfcf7ddfc84c24a8c00b1ab3ae661f" member_type: VOTER last_known_addr { host: "127.21.69.66" port: 39261 } } peers { permanent_uuid: "306b882437bc4fa49f4294493a76c48b" member_type: VOTER last_known_addr { host: "127.21.69.67" port: 33355 } }
I20260710 13:23:40.617890 23090 ts_tablet_manager.cc:1434] T 3b491432ca22422ea5e3b1efc5762b58 P 306b882437bc4fa49f4294493a76c48b: Time spent starting tablet: real 0.007s	user 0.005s	sys 0.000s
I20260710 13:23:40.619020 23090 tablet_bootstrap.cc:492] T fe02879bd0234d6fbe055ea0891a5023 P 306b882437bc4fa49f4294493a76c48b: Bootstrap starting.
I20260710 13:23:40.619347 23185 raft_consensus.cc:493] T c0bd0384149a47a8b182bb02a45d57a3 P 0abfcf7ddfc84c24a8c00b1ab3ae661f [term 0 FOLLOWER]: Starting pre-election (no leader contacted us within the election timeout)
I20260710 13:23:40.619784 23185 raft_consensus.cc:515] T c0bd0384149a47a8b182bb02a45d57a3 P 0abfcf7ddfc84c24a8c00b1ab3ae661f [term 0 FOLLOWER]: Starting pre-election with config: opid_index: -1 OBSOLETE_local: false peers { permanent_uuid: "08ff5a5dc2f4474bb1c0d6be0cca2bc8" member_type: VOTER last_known_addr { host: "127.21.69.65" port: 38671 } } peers { permanent_uuid: "0abfcf7ddfc84c24a8c00b1ab3ae661f" member_type: VOTER last_known_addr { host: "127.21.69.66" port: 39261 } } peers { permanent_uuid: "306b882437bc4fa49f4294493a76c48b" member_type: VOTER last_known_addr { host: "127.21.69.67" port: 33355 } }
I20260710 13:23:40.621635 23185 leader_election.cc:290] T c0bd0384149a47a8b182bb02a45d57a3 P 0abfcf7ddfc84c24a8c00b1ab3ae661f [CANDIDATE]: Term 1 pre-election: Requested pre-vote from peers 08ff5a5dc2f4474bb1c0d6be0cca2bc8 (127.21.69.65:38671), 306b882437bc4fa49f4294493a76c48b (127.21.69.67:33355)
I20260710 13:23:40.623366 23046 tablet_service.cc:1917] Received RequestConsensusVote() RPC: tablet_id: "c0bd0384149a47a8b182bb02a45d57a3" candidate_uuid: "0abfcf7ddfc84c24a8c00b1ab3ae661f" candidate_term: 1 candidate_status { last_received { term: 0 index: 0 } } ignore_live_leader: false dest_uuid: "306b882437bc4fa49f4294493a76c48b" is_pre_election: true
I20260710 13:23:40.623672 23090 tablet_bootstrap.cc:654] T fe02879bd0234d6fbe055ea0891a5023 P 306b882437bc4fa49f4294493a76c48b: Neither blocks nor log segments found. Creating new log.
I20260710 13:23:40.623813 22896 tablet_service.cc:1917] Received RequestConsensusVote() RPC: tablet_id: "c0bd0384149a47a8b182bb02a45d57a3" candidate_uuid: "0abfcf7ddfc84c24a8c00b1ab3ae661f" candidate_term: 1 candidate_status { last_received { term: 0 index: 0 } } ignore_live_leader: false dest_uuid: "08ff5a5dc2f4474bb1c0d6be0cca2bc8" is_pre_election: true
I20260710 13:23:40.624081 23046 raft_consensus.cc:2393] T c0bd0384149a47a8b182bb02a45d57a3 P 306b882437bc4fa49f4294493a76c48b [term 1 FOLLOWER]: Leader pre-election vote request: Denying vote to candidate 0abfcf7ddfc84c24a8c00b1ab3ae661f in current term 1: Already voted for candidate 08ff5a5dc2f4474bb1c0d6be0cca2bc8 in this term.
I20260710 13:23:40.628019 22940 leader_election.cc:304] T c0bd0384149a47a8b182bb02a45d57a3 P 0abfcf7ddfc84c24a8c00b1ab3ae661f [CANDIDATE]: Term 1 pre-election: Election decided. Result: candidate lost. Election summary: received 3 responses out of 3 voters: 1 yes votes; 2 no votes. yes voters: 0abfcf7ddfc84c24a8c00b1ab3ae661f; no voters: 08ff5a5dc2f4474bb1c0d6be0cca2bc8, 306b882437bc4fa49f4294493a76c48b
I20260710 13:23:40.633038 23185 raft_consensus.cc:3060] T c0bd0384149a47a8b182bb02a45d57a3 P 0abfcf7ddfc84c24a8c00b1ab3ae661f [term 0 FOLLOWER]: Advancing to term 1
I20260710 13:23:40.633885 22797 catalog_manager.cc:5697] T f5efc403efe2489eb2d27e20c50aa42f P 0abfcf7ddfc84c24a8c00b1ab3ae661f reported cstate change: term changed from 0 to 1, leader changed from <none> to 0abfcf7ddfc84c24a8c00b1ab3ae661f (127.21.69.66). New cstate: current_term: 1 leader_uuid: "0abfcf7ddfc84c24a8c00b1ab3ae661f" committed_config { opid_index: -1 OBSOLETE_local: false peers { permanent_uuid: "08ff5a5dc2f4474bb1c0d6be0cca2bc8" member_type: VOTER last_known_addr { host: "127.21.69.65" port: 38671 } health_report { overall_health: UNKNOWN } } peers { permanent_uuid: "0abfcf7ddfc84c24a8c00b1ab3ae661f" member_type: VOTER last_known_addr { host: "127.21.69.66" port: 39261 } health_report { overall_health: HEALTHY } } peers { permanent_uuid: "306b882437bc4fa49f4294493a76c48b" member_type: VOTER last_known_addr { host: "127.21.69.67" port: 33355 } health_report { overall_health: UNKNOWN } } }
I20260710 13:23:40.639731 23185 raft_consensus.cc:2749] T c0bd0384149a47a8b182bb02a45d57a3 P 0abfcf7ddfc84c24a8c00b1ab3ae661f [term 1 FOLLOWER]: Leader pre-election lost for term 1. Reason: could not achieve majority
I20260710 13:23:40.649560 23090 tablet_bootstrap.cc:492] T fe02879bd0234d6fbe055ea0891a5023 P 306b882437bc4fa49f4294493a76c48b: No bootstrap required, opened a new log
I20260710 13:23:40.649983 23090 ts_tablet_manager.cc:1403] T fe02879bd0234d6fbe055ea0891a5023 P 306b882437bc4fa49f4294493a76c48b: Time spent bootstrapping tablet: real 0.031s	user 0.015s	sys 0.007s
I20260710 13:23:40.652390 23090 raft_consensus.cc:359] T fe02879bd0234d6fbe055ea0891a5023 P 306b882437bc4fa49f4294493a76c48b [term 0 FOLLOWER]: Replica starting. Triggering 0 pending ops. Active config: opid_index: -1 OBSOLETE_local: false peers { permanent_uuid: "08ff5a5dc2f4474bb1c0d6be0cca2bc8" member_type: VOTER last_known_addr { host: "127.21.69.65" port: 38671 } } peers { permanent_uuid: "0abfcf7ddfc84c24a8c00b1ab3ae661f" member_type: VOTER last_known_addr { host: "127.21.69.66" port: 39261 } } peers { permanent_uuid: "306b882437bc4fa49f4294493a76c48b" member_type: VOTER last_known_addr { host: "127.21.69.67" port: 33355 } }
I20260710 13:23:40.652977 23090 raft_consensus.cc:385] T fe02879bd0234d6fbe055ea0891a5023 P 306b882437bc4fa49f4294493a76c48b [term 0 FOLLOWER]: Consensus starting up: Expiring failure detector timer to make a prompt election more likely
I20260710 13:23:40.653232 23090 raft_consensus.cc:740] T fe02879bd0234d6fbe055ea0891a5023 P 306b882437bc4fa49f4294493a76c48b [term 0 FOLLOWER]: Becoming Follower/Learner. State: Replica: 306b882437bc4fa49f4294493a76c48b, State: Initialized, Role: FOLLOWER
I20260710 13:23:40.653798 23090 consensus_queue.cc:260] T fe02879bd0234d6fbe055ea0891a5023 P 306b882437bc4fa49f4294493a76c48b [NON_LEADER]: Queue going to NON_LEADER mode. State: All replicated index: 0, Majority replicated index: 0, Committed index: 0, Last appended: 0.0, Last appended by leader: 0, Current term: 0, Majority size: -1, State: 0, Mode: NON_LEADER, active raft config: opid_index: -1 OBSOLETE_local: false peers { permanent_uuid: "08ff5a5dc2f4474bb1c0d6be0cca2bc8" member_type: VOTER last_known_addr { host: "127.21.69.65" port: 38671 } } peers { permanent_uuid: "0abfcf7ddfc84c24a8c00b1ab3ae661f" member_type: VOTER last_known_addr { host: "127.21.69.66" port: 39261 } } peers { permanent_uuid: "306b882437bc4fa49f4294493a76c48b" member_type: VOTER last_known_addr { host: "127.21.69.67" port: 33355 } }
I20260710 13:23:40.655637 23090 ts_tablet_manager.cc:1434] T fe02879bd0234d6fbe055ea0891a5023 P 306b882437bc4fa49f4294493a76c48b: Time spent starting tablet: real 0.005s	user 0.007s	sys 0.000s
I20260710 13:23:40.696900 23162 raft_consensus.cc:493] T ab2d70dee9a74270b96b67b3ded5b982 P 306b882437bc4fa49f4294493a76c48b [term 0 FOLLOWER]: Starting pre-election (no leader contacted us within the election timeout)
I20260710 13:23:40.697319 23162 raft_consensus.cc:515] T ab2d70dee9a74270b96b67b3ded5b982 P 306b882437bc4fa49f4294493a76c48b [term 0 FOLLOWER]: Starting pre-election with config: opid_index: -1 OBSOLETE_local: false peers { permanent_uuid: "08ff5a5dc2f4474bb1c0d6be0cca2bc8" member_type: VOTER last_known_addr { host: "127.21.69.65" port: 38671 } } peers { permanent_uuid: "0abfcf7ddfc84c24a8c00b1ab3ae661f" member_type: VOTER last_known_addr { host: "127.21.69.66" port: 39261 } } peers { permanent_uuid: "306b882437bc4fa49f4294493a76c48b" member_type: VOTER last_known_addr { host: "127.21.69.67" port: 33355 } }
I20260710 13:23:40.699141 23162 leader_election.cc:290] T ab2d70dee9a74270b96b67b3ded5b982 P 306b882437bc4fa49f4294493a76c48b [CANDIDATE]: Term 1 pre-election: Requested pre-vote from peers 08ff5a5dc2f4474bb1c0d6be0cca2bc8 (127.21.69.65:38671), 0abfcf7ddfc84c24a8c00b1ab3ae661f (127.21.69.66:39261)
I20260710 13:23:40.699805 22896 tablet_service.cc:1917] Received RequestConsensusVote() RPC: tablet_id: "ab2d70dee9a74270b96b67b3ded5b982" candidate_uuid: "306b882437bc4fa49f4294493a76c48b" candidate_term: 1 candidate_status { last_received { term: 0 index: 0 } } ignore_live_leader: false dest_uuid: "08ff5a5dc2f4474bb1c0d6be0cca2bc8" is_pre_election: true
I20260710 13:23:40.700150 22970 tablet_service.cc:1917] Received RequestConsensusVote() RPC: tablet_id: "ab2d70dee9a74270b96b67b3ded5b982" candidate_uuid: "306b882437bc4fa49f4294493a76c48b" candidate_term: 1 candidate_status { last_received { term: 0 index: 0 } } ignore_live_leader: false dest_uuid: "0abfcf7ddfc84c24a8c00b1ab3ae661f" is_pre_election: true
I20260710 13:23:40.700429 22896 raft_consensus.cc:2393] T ab2d70dee9a74270b96b67b3ded5b982 P 08ff5a5dc2f4474bb1c0d6be0cca2bc8 [term 1 FOLLOWER]: Leader pre-election vote request: Denying vote to candidate 306b882437bc4fa49f4294493a76c48b in current term 1: Already voted for candidate 0abfcf7ddfc84c24a8c00b1ab3ae661f in this term.
I20260710 13:23:40.701531 23011 leader_election.cc:304] T ab2d70dee9a74270b96b67b3ded5b982 P 306b882437bc4fa49f4294493a76c48b [CANDIDATE]: Term 1 pre-election: Election decided. Result: candidate lost. Election summary: received 3 responses out of 3 voters: 1 yes votes; 2 no votes. yes voters: 306b882437bc4fa49f4294493a76c48b; no voters: 08ff5a5dc2f4474bb1c0d6be0cca2bc8, 0abfcf7ddfc84c24a8c00b1ab3ae661f
I20260710 13:23:40.702078 23162 raft_consensus.cc:3060] T ab2d70dee9a74270b96b67b3ded5b982 P 306b882437bc4fa49f4294493a76c48b [term 0 FOLLOWER]: Advancing to term 1
I20260710 13:23:40.706506 23162 raft_consensus.cc:2749] T ab2d70dee9a74270b96b67b3ded5b982 P 306b882437bc4fa49f4294493a76c48b [term 1 FOLLOWER]: Leader pre-election lost for term 1. Reason: could not achieve majority
I20260710 13:23:40.750159 23120 consensus_queue.cc:1048] T aa857274f4c54aba93304e79133eccf6 P 08ff5a5dc2f4474bb1c0d6be0cca2bc8 [LEADER]: Connected to new peer: Peer: permanent_uuid: "0abfcf7ddfc84c24a8c00b1ab3ae661f" member_type: VOTER last_known_addr { host: "127.21.69.66" port: 39261 }, Status: LMP_MISMATCH, Last received: 0.0, Next index: 1, Last known committed idx: 0, Time since last communication: 0.000s
I20260710 13:23:40.759446 23126 consensus_queue.cc:1048] T aa857274f4c54aba93304e79133eccf6 P 08ff5a5dc2f4474bb1c0d6be0cca2bc8 [LEADER]: Connected to new peer: Peer: permanent_uuid: "306b882437bc4fa49f4294493a76c48b" member_type: VOTER last_known_addr { host: "127.21.69.67" port: 33355 }, Status: LMP_MISMATCH, Last received: 0.0, Next index: 1, Last known committed idx: 0, Time since last communication: 0.000s
I20260710 13:23:40.786243 21781 file_cache.cc:504] Constructed file cache file cache with capacity 419430
W20260710 13:23:40.792593 23262 instance_detector.cc:116] could not retrieve AWS instance metadata: Network error: curl error: HTTP response code said error: The requested URL returned error: 404
W20260710 13:23:40.794891 23263 instance_detector.cc:116] could not retrieve Azure instance metadata: Network error: curl error: HTTP response code said error: The requested URL returned error: 404
I20260710 13:23:40.802862 21781 server_base.cc:1061] running on GCE node
W20260710 13:23:40.802672 23265 instance_detector.cc:116] could not retrieve OpenStack instance metadata: Network error: curl error: HTTP response code said error: The requested URL returned error: 404
I20260710 13:23:40.804129 21781 hybrid_clock.cc:584] initializing the hybrid clock with 'system_unsync' time source
W20260710 13:23:40.804330 21781 system_unsync_time.cc:38] NTP support is disabled. Clock error bounds will not be accurate. This configuration is not suitable for distributed clusters.
I20260710 13:23:40.804499 21781 hybrid_clock.cc:648] HybridClock initialized: now 1783689820804481 us; error 0 us; skew 500 ppm
I20260710 13:23:40.805034 21781 server_base.cc:861] Flag tcmalloc_max_total_thread_cache_bytes is not working since tcmalloc is not enabled.
I20260710 13:23:40.807689 21781 webserver.cc:533] Webserver started at http://127.21.69.68:38753/ using document root <none> and password file <none>
I20260710 13:23:40.808125 21781 fs_manager.cc:362] Metadata directory not provided
I20260710 13:23:40.808311 21781 fs_manager.cc:368] Using write-ahead log directory (fs_wal_dir) as metadata directory
I20260710 13:23:40.808569 21781 server_base.cc:909] This appears to be a new deployment of Kudu; creating new FS layout
I20260710 13:23:40.809564 21781 fs_manager.cc:1068] Generated new instance metadata in path /tmp/dist-test-taskubaOrT/test-tmp/auto_leader_rebalancer-test.0.LeaderRebalancerTest.AddTserver.1783689794087590-21781-0/minicluster-data/ts-3-root/instance:
uuid: "e2557ad4bed44fb1b2da5ee4680e3327"
format_stamp: "Formatted at 2026-07-10 13:23:40 on dist-test-slave-fhn2"
I20260710 13:23:40.813835 21781 fs_manager.cc:696] Time spent creating directory manager: real 0.004s	user 0.004s	sys 0.002s
I20260710 13:23:40.816929 23270 log_block_manager.cc:4127] Time spent loading block containers with low live blocks: real 0.000s	user 0.000s	sys 0.000s
I20260710 13:23:40.817667 21781 fs_manager.cc:730] Time spent opening block manager: real 0.002s	user 0.000s	sys 0.002s
I20260710 13:23:40.817930 21781 fs_manager.cc:647] Opened local filesystem: /tmp/dist-test-taskubaOrT/test-tmp/auto_leader_rebalancer-test.0.LeaderRebalancerTest.AddTserver.1783689794087590-21781-0/minicluster-data/ts-3-root
uuid: "e2557ad4bed44fb1b2da5ee4680e3327"
format_stamp: "Formatted at 2026-07-10 13:23:40 on dist-test-slave-fhn2"
I20260710 13:23:40.818179 21781 fs_report.cc:389] FS layout report
--------------------
wal directory: /tmp/dist-test-taskubaOrT/test-tmp/auto_leader_rebalancer-test.0.LeaderRebalancerTest.AddTserver.1783689794087590-21781-0/minicluster-data/ts-3-root
metadata directory: /tmp/dist-test-taskubaOrT/test-tmp/auto_leader_rebalancer-test.0.LeaderRebalancerTest.AddTserver.1783689794087590-21781-0/minicluster-data/ts-3-root
1 data directories: /tmp/dist-test-taskubaOrT/test-tmp/auto_leader_rebalancer-test.0.LeaderRebalancerTest.AddTserver.1783689794087590-21781-0/minicluster-data/ts-3-root/data
Total live blocks: 0
Total live bytes: 0
Total live bytes (after alignment): 0
Total number of LBM containers: 0 (0 full)
Did not check for missing blocks
Did not check for orphaned blocks
Total full LBM containers with extra space: 0 (0 repaired)
Total full LBM container extra space in bytes: 0 (0 repaired)
Total incomplete LBM containers: 0 (0 repaired)
Total LBM partial records: 0 (0 repaired)
Total corrupted LBM metadata records in RocksDB: 0 (0 repaired)
I20260710 13:23:40.823201 23095 consensus_queue.cc:1048] T ab2d70dee9a74270b96b67b3ded5b982 P 0abfcf7ddfc84c24a8c00b1ab3ae661f [LEADER]: Connected to new peer: Peer: permanent_uuid: "08ff5a5dc2f4474bb1c0d6be0cca2bc8" member_type: VOTER last_known_addr { host: "127.21.69.65" port: 38671 }, Status: LMP_MISMATCH, Last received: 0.0, Next index: 1, Last known committed idx: 0, Time since last communication: 0.000s
I20260710 13:23:40.832991 23126 consensus_queue.cc:1048] T c0bd0384149a47a8b182bb02a45d57a3 P 08ff5a5dc2f4474bb1c0d6be0cca2bc8 [LEADER]: Connected to new peer: Peer: permanent_uuid: "0abfcf7ddfc84c24a8c00b1ab3ae661f" member_type: VOTER last_known_addr { host: "127.21.69.66" port: 39261 }, Status: LMP_MISMATCH, Last received: 0.0, Next index: 1, Last known committed idx: 0, Time since last communication: 0.000s
I20260710 13:23:40.835335 23127 consensus_queue.cc:1048] T ab2d70dee9a74270b96b67b3ded5b982 P 0abfcf7ddfc84c24a8c00b1ab3ae661f [LEADER]: Connected to new peer: Peer: permanent_uuid: "306b882437bc4fa49f4294493a76c48b" member_type: VOTER last_known_addr { host: "127.21.69.67" port: 33355 }, Status: LMP_MISMATCH, Last received: 0.0, Next index: 1, Last known committed idx: 0, Time since last communication: 0.000s
I20260710 13:23:40.860515 23141 consensus_queue.cc:1048] T 810c34efba4e48f090d98f6d8ebbfbec P 306b882437bc4fa49f4294493a76c48b [LEADER]: Connected to new peer: Peer: permanent_uuid: "0abfcf7ddfc84c24a8c00b1ab3ae661f" member_type: VOTER last_known_addr { host: "127.21.69.66" port: 39261 }, Status: LMP_MISMATCH, Last received: 0.0, Next index: 1, Last known committed idx: 0, Time since last communication: 0.000s
I20260710 13:23:40.865064 23126 consensus_queue.cc:1048] T c0bd0384149a47a8b182bb02a45d57a3 P 08ff5a5dc2f4474bb1c0d6be0cca2bc8 [LEADER]: Connected to new peer: Peer: permanent_uuid: "306b882437bc4fa49f4294493a76c48b" member_type: VOTER last_known_addr { host: "127.21.69.67" port: 33355 }, Status: LMP_MISMATCH, Last received: 0.0, Next index: 1, Last known committed idx: 0, Time since last communication: 0.000s
I20260710 13:23:40.886098 21781 rpc_server.cc:225] running with OpenSSL 1.1.1  11 Sep 2018
I20260710 13:23:40.887933 21781 kserver.cc:163] Server-wide thread pool size limit: 3276
I20260710 13:23:40.902612 21781 txn_system_client.cc:432] TxnSystemClient initialization is disabled...
I20260710 13:23:40.906462 23096 consensus_queue.cc:1048] T 810c34efba4e48f090d98f6d8ebbfbec P 306b882437bc4fa49f4294493a76c48b [LEADER]: Connected to new peer: Peer: permanent_uuid: "08ff5a5dc2f4474bb1c0d6be0cca2bc8" member_type: VOTER last_known_addr { host: "127.21.69.65" port: 38671 }, Status: LMP_MISMATCH, Last received: 0.0, Next index: 1, Last known committed idx: 0, Time since last communication: 0.000s
I20260710 13:23:40.915786 23127 consensus_queue.cc:1048] T fe02879bd0234d6fbe055ea0891a5023 P 0abfcf7ddfc84c24a8c00b1ab3ae661f [LEADER]: Connected to new peer: Peer: permanent_uuid: "08ff5a5dc2f4474bb1c0d6be0cca2bc8" member_type: VOTER last_known_addr { host: "127.21.69.65" port: 38671 }, Status: LMP_MISMATCH, Last received: 0.0, Next index: 1, Last known committed idx: 0, Time since last communication: 0.000s
I20260710 13:23:40.928102 23048 raft_consensus.cc:3060] T fe02879bd0234d6fbe055ea0891a5023 P 306b882437bc4fa49f4294493a76c48b [term 0 FOLLOWER]: Advancing to term 1
I20260710 13:23:40.931017 21781 ts_tablet_manager.cc:585] Loaded tablet metadata (0 total tablets, 0 live tablets)
I20260710 13:23:40.931365 21781 ts_tablet_manager.cc:531] Time spent load tablet metadata: real 0.000s	user 0.000s	sys 0.000s
I20260710 13:23:40.931671 21781 ts_tablet_manager.cc:616] Registered 0 tablets
I20260710 13:23:40.931916 21781 ts_tablet_manager.cc:595] Time spent register tablets: real 0.000s	user 0.000s	sys 0.000s
I20260710 13:23:40.936784 23169 consensus_queue.cc:1048] T fe02879bd0234d6fbe055ea0891a5023 P 0abfcf7ddfc84c24a8c00b1ab3ae661f [LEADER]: Connected to new peer: Peer: permanent_uuid: "306b882437bc4fa49f4294493a76c48b" member_type: VOTER last_known_addr { host: "127.21.69.67" port: 33355 }, Status: LMP_MISMATCH, Last received: 0.0, Next index: 1, Last known committed idx: 0, Time since last communication: 0.000s
I20260710 13:23:40.969040 23096 raft_consensus.cc:493] T 3b491432ca22422ea5e3b1efc5762b58 P 306b882437bc4fa49f4294493a76c48b [term 0 FOLLOWER]: Starting pre-election (no leader contacted us within the election timeout)
I20260710 13:23:40.969514 23096 raft_consensus.cc:515] T 3b491432ca22422ea5e3b1efc5762b58 P 306b882437bc4fa49f4294493a76c48b [term 0 FOLLOWER]: Starting pre-election with config: opid_index: -1 OBSOLETE_local: false peers { permanent_uuid: "08ff5a5dc2f4474bb1c0d6be0cca2bc8" member_type: VOTER last_known_addr { host: "127.21.69.65" port: 38671 } } peers { permanent_uuid: "0abfcf7ddfc84c24a8c00b1ab3ae661f" member_type: VOTER last_known_addr { host: "127.21.69.66" port: 39261 } } peers { permanent_uuid: "306b882437bc4fa49f4294493a76c48b" member_type: VOTER last_known_addr { host: "127.21.69.67" port: 33355 } }
I20260710 13:23:40.971854 23096 leader_election.cc:290] T 3b491432ca22422ea5e3b1efc5762b58 P 306b882437bc4fa49f4294493a76c48b [CANDIDATE]: Term 1 pre-election: Requested pre-vote from peers 08ff5a5dc2f4474bb1c0d6be0cca2bc8 (127.21.69.65:38671), 0abfcf7ddfc84c24a8c00b1ab3ae661f (127.21.69.66:39261)
I20260710 13:23:40.972131 22896 tablet_service.cc:1917] Received RequestConsensusVote() RPC: tablet_id: "3b491432ca22422ea5e3b1efc5762b58" candidate_uuid: "306b882437bc4fa49f4294493a76c48b" candidate_term: 1 candidate_status { last_received { term: 0 index: 0 } } ignore_live_leader: false dest_uuid: "08ff5a5dc2f4474bb1c0d6be0cca2bc8" is_pre_election: true
I20260710 13:23:40.972751 22974 tablet_service.cc:1917] Received RequestConsensusVote() RPC: tablet_id: "3b491432ca22422ea5e3b1efc5762b58" candidate_uuid: "306b882437bc4fa49f4294493a76c48b" candidate_term: 1 candidate_status { last_received { term: 0 index: 0 } } ignore_live_leader: false dest_uuid: "0abfcf7ddfc84c24a8c00b1ab3ae661f" is_pre_election: true
I20260710 13:23:40.972879 22896 raft_consensus.cc:2393] T 3b491432ca22422ea5e3b1efc5762b58 P 08ff5a5dc2f4474bb1c0d6be0cca2bc8 [term 1 FOLLOWER]: Leader pre-election vote request: Denying vote to candidate 306b882437bc4fa49f4294493a76c48b in current term 1: Already voted for candidate 0abfcf7ddfc84c24a8c00b1ab3ae661f in this term.
I20260710 13:23:40.974076 23014 leader_election.cc:304] T 3b491432ca22422ea5e3b1efc5762b58 P 306b882437bc4fa49f4294493a76c48b [CANDIDATE]: Term 1 pre-election: Election decided. Result: candidate lost. Election summary: received 3 responses out of 3 voters: 1 yes votes; 2 no votes. yes voters: 306b882437bc4fa49f4294493a76c48b; no voters: 08ff5a5dc2f4474bb1c0d6be0cca2bc8, 0abfcf7ddfc84c24a8c00b1ab3ae661f
I20260710 13:23:40.974774 23096 raft_consensus.cc:3060] T 3b491432ca22422ea5e3b1efc5762b58 P 306b882437bc4fa49f4294493a76c48b [term 0 FOLLOWER]: Advancing to term 1
I20260710 13:23:40.980592 23096 raft_consensus.cc:2749] T 3b491432ca22422ea5e3b1efc5762b58 P 306b882437bc4fa49f4294493a76c48b [term 1 FOLLOWER]: Leader pre-election lost for term 1. Reason: could not achieve majority
I20260710 13:23:41.002317 23120 consensus_queue.cc:1048] T fbf38489d4114f5cb2fb6cdee9cbd8be P 08ff5a5dc2f4474bb1c0d6be0cca2bc8 [LEADER]: Connected to new peer: Peer: permanent_uuid: "0abfcf7ddfc84c24a8c00b1ab3ae661f" member_type: VOTER last_known_addr { host: "127.21.69.66" port: 39261 }, Status: LMP_MISMATCH, Last received: 0.0, Next index: 1, Last known committed idx: 0, Time since last communication: 0.000s
I20260710 13:23:41.020615 23125 consensus_queue.cc:1048] T fbf38489d4114f5cb2fb6cdee9cbd8be P 08ff5a5dc2f4474bb1c0d6be0cca2bc8 [LEADER]: Connected to new peer: Peer: permanent_uuid: "306b882437bc4fa49f4294493a76c48b" member_type: VOTER last_known_addr { host: "127.21.69.67" port: 33355 }, Status: LMP_MISMATCH, Last received: 0.0, Next index: 1, Last known committed idx: 0, Time since last communication: 0.000s
I20260710 13:23:41.083263 21781 rpc_server.cc:307] RPC server started. Bound to: 127.21.69.68:39029
I20260710 13:23:41.083395 23342 acceptor_pool.cc:272] collecting diagnostics on the listening RPC socket 127.21.69.68:39029 every 8 connection(s)
I20260710 13:23:41.088389 21781 auto_leader_rebalancer-test.cc:388] add a tserver: e2557ad4bed44fb1b2da5ee4680e3327
I20260710 13:23:41.092768 23185 consensus_queue.cc:1048] T 3b491432ca22422ea5e3b1efc5762b58 P 0abfcf7ddfc84c24a8c00b1ab3ae661f [LEADER]: Connected to new peer: Peer: permanent_uuid: "306b882437bc4fa49f4294493a76c48b" member_type: VOTER last_known_addr { host: "127.21.69.67" port: 33355 }, Status: LMP_MISMATCH, Last received: 0.0, Next index: 1, Last known committed idx: 0, Time since last communication: 0.000s
I20260710 13:23:41.099552 23095 consensus_queue.cc:1048] T 3b491432ca22422ea5e3b1efc5762b58 P 0abfcf7ddfc84c24a8c00b1ab3ae661f [LEADER]: Connected to new peer: Peer: permanent_uuid: "08ff5a5dc2f4474bb1c0d6be0cca2bc8" member_type: VOTER last_known_addr { host: "127.21.69.65" port: 38671 }, Status: LMP_MISMATCH, Last received: 0.0, Next index: 1, Last known committed idx: 0, Time since last communication: 0.000s
I20260710 13:23:41.111744 23343 heartbeater.cc:344] Connected to a master server at 127.21.69.126:45919
I20260710 13:23:41.112156 23343 heartbeater.cc:461] Registering TS with master...
I20260710 13:23:41.112350 23095 consensus_queue.cc:1048] T f5efc403efe2489eb2d27e20c50aa42f P 0abfcf7ddfc84c24a8c00b1ab3ae661f [LEADER]: Connected to new peer: Peer: permanent_uuid: "306b882437bc4fa49f4294493a76c48b" member_type: VOTER last_known_addr { host: "127.21.69.67" port: 33355 }, Status: LMP_MISMATCH, Last received: 0.0, Next index: 1, Last known committed idx: 0, Time since last communication: 0.000s
I20260710 13:23:41.113116 23343 heartbeater.cc:507] Master 127.21.69.126:45919 requested a full tablet report, sending...
I20260710 13:23:41.116897 22795 ts_manager.cc:194] Registered new tserver with Master: e2557ad4bed44fb1b2da5ee4680e3327 (127.21.69.68:39029)
I20260710 13:23:41.118520 22795 master_service.cc:502] Signed X509 certificate for tserver {username='slave'} at 127.0.0.1:47370
I20260710 13:23:41.139472 23095 consensus_queue.cc:1048] T f5efc403efe2489eb2d27e20c50aa42f P 0abfcf7ddfc84c24a8c00b1ab3ae661f [LEADER]: Connected to new peer: Peer: permanent_uuid: "08ff5a5dc2f4474bb1c0d6be0cca2bc8" member_type: VOTER last_known_addr { host: "127.21.69.65" port: 38671 }, Status: LMP_MISMATCH, Last received: 0.0, Next index: 1, Last known committed idx: 0, Time since last communication: 0.000s
I20260710 13:23:41.660861 22896 consensus_queue.cc:237] T b9d9e14351964f7ebf60ee6463694a4b P 08ff5a5dc2f4474bb1c0d6be0cca2bc8 [LEADER]: Queue going to LEADER mode. State: All replicated index: 0, Majority replicated index: 1, Committed index: 1, Last appended: 1.1, Last appended by leader: 0, Current term: 1, Majority size: 2, State: 0, Mode: LEADER, active raft config: opid_index: 2 OBSOLETE_local: false peers { permanent_uuid: "08ff5a5dc2f4474bb1c0d6be0cca2bc8" member_type: VOTER last_known_addr { host: "127.21.69.65" port: 38671 } } peers { permanent_uuid: "0abfcf7ddfc84c24a8c00b1ab3ae661f" member_type: VOTER last_known_addr { host: "127.21.69.66" port: 39261 } } peers { permanent_uuid: "306b882437bc4fa49f4294493a76c48b" member_type: VOTER last_known_addr { host: "127.21.69.67" port: 33355 } attrs { replace: true } } peers { permanent_uuid: "e2557ad4bed44fb1b2da5ee4680e3327" member_type: NON_VOTER last_known_addr { host: "127.21.69.68" port: 39029 } attrs { promote: true } }
I20260710 13:23:41.667435 23048 raft_consensus.cc:1275] T b9d9e14351964f7ebf60ee6463694a4b P 306b882437bc4fa49f4294493a76c48b [term 1 FOLLOWER]: Refusing update from remote peer 08ff5a5dc2f4474bb1c0d6be0cca2bc8: Log matching property violated. Preceding OpId in replica: term: 1 index: 1. Preceding OpId from leader: term: 1 index: 2. (index mismatch)
