I20260710 13:23:11.944463 22637 consensus_queue.cc:260] T b488266166c24f938b7ab8566a547a05 P 821cb58c64ff4afbb1fc2a5f8b91b462 [NON_LEADER]: Queue going to NON_LEADER mode. State: All replicated index: 0, Majority replicated index: 0, Committed index: 0, Last appended: 0.0, Last appended by leader: 0, Current term: 0, Majority size: -1, State: 0, Mode: NON_LEADER, active raft config: opid_index: -1 OBSOLETE_local: false peers { permanent_uuid: "abcbe0862b884bd69bc76032fa5a9e79" member_type: VOTER last_known_addr { host: "127.21.201.3" port: 32813 } } peers { permanent_uuid: "bbdffa197ab44840a80ed5c06725c6bb" member_type: VOTER last_known_addr { host: "127.21.201.1" port: 41599 } } peers { permanent_uuid: "821cb58c64ff4afbb1fc2a5f8b91b462" member_type: VOTER last_known_addr { host: "127.21.201.2" port: 34899 } }
I20260710 13:23:11.950073 22635 ts_tablet_manager.cc:1434] T 6a57752d553148e69ee48daaa0fd89c2 P abcbe0862b884bd69bc76032fa5a9e79: Time spent starting tablet: real 0.027s	user 0.012s	sys 0.006s
I20260710 13:23:11.950596 22468 heartbeater.cc:499] Master 127.21.201.62:44517 was elected leader, sending a full tablet report...
I20260710 13:23:11.950788 22617 heartbeater.cc:499] Master 127.21.201.62:44517 was elected leader, sending a full tablet report...
I20260710 13:23:11.951228 22635 tablet_bootstrap.cc:492] T d1e76a35b23a49408feb3a19577ca33d P abcbe0862b884bd69bc76032fa5a9e79: Bootstrap starting.
I20260710 13:23:11.955842 22636 ts_tablet_manager.cc:1434] T d1e76a35b23a49408feb3a19577ca33d P bbdffa197ab44840a80ed5c06725c6bb: Time spent starting tablet: real 0.024s	user 0.004s	sys 0.015s
I20260710 13:23:11.957026 22636 tablet_bootstrap.cc:492] T 3f3bd7dcb93c4a9ebc449e61cdf8183c P bbdffa197ab44840a80ed5c06725c6bb: Bootstrap starting.
I20260710 13:23:11.960671 22635 tablet_bootstrap.cc:654] T d1e76a35b23a49408feb3a19577ca33d P abcbe0862b884bd69bc76032fa5a9e79: Neither blocks nor log segments found. Creating new log.
I20260710 13:23:11.964358 22636 tablet_bootstrap.cc:654] T 3f3bd7dcb93c4a9ebc449e61cdf8183c P bbdffa197ab44840a80ed5c06725c6bb: Neither blocks nor log segments found. Creating new log.
W20260710 13:23:11.981606 22469 tablet.cc:2406] T d1e76a35b23a49408feb3a19577ca33d P bbdffa197ab44840a80ed5c06725c6bb: Can't schedule compaction. Clean time has not been advanced past its initial value.
I20260710 13:23:12.009572 22637 ts_tablet_manager.cc:1434] T b488266166c24f938b7ab8566a547a05 P 821cb58c64ff4afbb1fc2a5f8b91b462: Time spent starting tablet: real 0.070s	user 0.029s	sys 0.039s
I20260710 13:23:12.010224 22543 heartbeater.cc:499] Master 127.21.201.62:44517 was elected leader, sending a full tablet report...
I20260710 13:23:12.010622 22637 tablet_bootstrap.cc:492] T c2a0c37e30a84dccb2d9da9fb6c2b045 P 821cb58c64ff4afbb1fc2a5f8b91b462: Bootstrap starting.
I20260710 13:23:12.017282 22637 tablet_bootstrap.cc:654] T c2a0c37e30a84dccb2d9da9fb6c2b045 P 821cb58c64ff4afbb1fc2a5f8b91b462: Neither blocks nor log segments found. Creating new log.
I20260710 13:23:12.026140 22636 tablet_bootstrap.cc:492] T 3f3bd7dcb93c4a9ebc449e61cdf8183c P bbdffa197ab44840a80ed5c06725c6bb: No bootstrap required, opened a new log
I20260710 13:23:12.026697 22636 ts_tablet_manager.cc:1403] T 3f3bd7dcb93c4a9ebc449e61cdf8183c P bbdffa197ab44840a80ed5c06725c6bb: Time spent bootstrapping tablet: real 0.070s	user 0.035s	sys 0.032s
I20260710 13:23:12.027091 22635 tablet_bootstrap.cc:492] T d1e76a35b23a49408feb3a19577ca33d P abcbe0862b884bd69bc76032fa5a9e79: No bootstrap required, opened a new log
I20260710 13:23:12.027619 22635 ts_tablet_manager.cc:1403] T d1e76a35b23a49408feb3a19577ca33d P abcbe0862b884bd69bc76032fa5a9e79: Time spent bootstrapping tablet: real 0.077s	user 0.033s	sys 0.037s
I20260710 13:23:12.028780 22637 tablet_bootstrap.cc:492] T c2a0c37e30a84dccb2d9da9fb6c2b045 P 821cb58c64ff4afbb1fc2a5f8b91b462: No bootstrap required, opened a new log
I20260710 13:23:12.029281 22637 ts_tablet_manager.cc:1403] T c2a0c37e30a84dccb2d9da9fb6c2b045 P 821cb58c64ff4afbb1fc2a5f8b91b462: Time spent bootstrapping tablet: real 0.019s	user 0.009s	sys 0.008s
I20260710 13:23:12.029976 22636 raft_consensus.cc:359] T 3f3bd7dcb93c4a9ebc449e61cdf8183c P bbdffa197ab44840a80ed5c06725c6bb [term 0 FOLLOWER]: Replica starting. Triggering 0 pending ops. Active config: opid_index: -1 OBSOLETE_local: false peers { permanent_uuid: "bbdffa197ab44840a80ed5c06725c6bb" member_type: VOTER last_known_addr { host: "127.21.201.1" port: 41599 } } peers { permanent_uuid: "821cb58c64ff4afbb1fc2a5f8b91b462" member_type: VOTER last_known_addr { host: "127.21.201.2" port: 34899 } } peers { permanent_uuid: "abcbe0862b884bd69bc76032fa5a9e79" member_type: VOTER last_known_addr { host: "127.21.201.3" port: 32813 } }
I20260710 13:23:12.030830 22636 raft_consensus.cc:385] T 3f3bd7dcb93c4a9ebc449e61cdf8183c P bbdffa197ab44840a80ed5c06725c6bb [term 0 FOLLOWER]: Consensus starting up: Expiring failure detector timer to make a prompt election more likely
I20260710 13:23:12.030547 22635 raft_consensus.cc:359] T d1e76a35b23a49408feb3a19577ca33d P abcbe0862b884bd69bc76032fa5a9e79 [term 0 FOLLOWER]: Replica starting. Triggering 0 pending ops. Active config: opid_index: -1 OBSOLETE_local: false peers { permanent_uuid: "bbdffa197ab44840a80ed5c06725c6bb" member_type: VOTER last_known_addr { host: "127.21.201.1" port: 41599 } } peers { permanent_uuid: "821cb58c64ff4afbb1fc2a5f8b91b462" member_type: VOTER last_known_addr { host: "127.21.201.2" port: 34899 } } peers { permanent_uuid: "abcbe0862b884bd69bc76032fa5a9e79" member_type: VOTER last_known_addr { host: "127.21.201.3" port: 32813 } }
I20260710 13:23:12.031138 22636 raft_consensus.cc:740] T 3f3bd7dcb93c4a9ebc449e61cdf8183c P bbdffa197ab44840a80ed5c06725c6bb [term 0 FOLLOWER]: Becoming Follower/Learner. State: Replica: bbdffa197ab44840a80ed5c06725c6bb, State: Initialized, Role: FOLLOWER
I20260710 13:23:12.031325 22635 raft_consensus.cc:385] T d1e76a35b23a49408feb3a19577ca33d P abcbe0862b884bd69bc76032fa5a9e79 [term 0 FOLLOWER]: Consensus starting up: Expiring failure detector timer to make a prompt election more likely
I20260710 13:23:12.031692 22635 raft_consensus.cc:740] T d1e76a35b23a49408feb3a19577ca33d P abcbe0862b884bd69bc76032fa5a9e79 [term 0 FOLLOWER]: Becoming Follower/Learner. State: Replica: abcbe0862b884bd69bc76032fa5a9e79, State: Initialized, Role: FOLLOWER
I20260710 13:23:12.032058 22636 consensus_queue.cc:260] T 3f3bd7dcb93c4a9ebc449e61cdf8183c P bbdffa197ab44840a80ed5c06725c6bb [NON_LEADER]: Queue going to NON_LEADER mode. State: All replicated index: 0, Majority replicated index: 0, Committed index: 0, Last appended: 0.0, Last appended by leader: 0, Current term: 0, Majority size: -1, State: 0, Mode: NON_LEADER, active raft config: opid_index: -1 OBSOLETE_local: false peers { permanent_uuid: "bbdffa197ab44840a80ed5c06725c6bb" member_type: VOTER last_known_addr { host: "127.21.201.1" port: 41599 } } peers { permanent_uuid: "821cb58c64ff4afbb1fc2a5f8b91b462" member_type: VOTER last_known_addr { host: "127.21.201.2" port: 34899 } } peers { permanent_uuid: "abcbe0862b884bd69bc76032fa5a9e79" member_type: VOTER last_known_addr { host: "127.21.201.3" port: 32813 } }
I20260710 13:23:12.032552 22635 consensus_queue.cc:260] T d1e76a35b23a49408feb3a19577ca33d P abcbe0862b884bd69bc76032fa5a9e79 [NON_LEADER]: Queue going to NON_LEADER mode. State: All replicated index: 0, Majority replicated index: 0, Committed index: 0, Last appended: 0.0, Last appended by leader: 0, Current term: 0, Majority size: -1, State: 0, Mode: NON_LEADER, active raft config: opid_index: -1 OBSOLETE_local: false peers { permanent_uuid: "bbdffa197ab44840a80ed5c06725c6bb" member_type: VOTER last_known_addr { host: "127.21.201.1" port: 41599 } } peers { permanent_uuid: "821cb58c64ff4afbb1fc2a5f8b91b462" member_type: VOTER last_known_addr { host: "127.21.201.2" port: 34899 } } peers { permanent_uuid: "abcbe0862b884bd69bc76032fa5a9e79" member_type: VOTER last_known_addr { host: "127.21.201.3" port: 32813 } }
I20260710 13:23:12.032799 22637 raft_consensus.cc:359] T c2a0c37e30a84dccb2d9da9fb6c2b045 P 821cb58c64ff4afbb1fc2a5f8b91b462 [term 0 FOLLOWER]: Replica starting. Triggering 0 pending ops. Active config: opid_index: -1 OBSOLETE_local: false peers { permanent_uuid: "bbdffa197ab44840a80ed5c06725c6bb" member_type: VOTER last_known_addr { host: "127.21.201.1" port: 41599 } } peers { permanent_uuid: "821cb58c64ff4afbb1fc2a5f8b91b462" member_type: VOTER last_known_addr { host: "127.21.201.2" port: 34899 } } peers { permanent_uuid: "abcbe0862b884bd69bc76032fa5a9e79" member_type: VOTER last_known_addr { host: "127.21.201.3" port: 32813 } }
I20260710 13:23:12.033599 22637 raft_consensus.cc:385] T c2a0c37e30a84dccb2d9da9fb6c2b045 P 821cb58c64ff4afbb1fc2a5f8b91b462 [term 0 FOLLOWER]: Consensus starting up: Expiring failure detector timer to make a prompt election more likely
I20260710 13:23:12.033916 22637 raft_consensus.cc:740] T c2a0c37e30a84dccb2d9da9fb6c2b045 P 821cb58c64ff4afbb1fc2a5f8b91b462 [term 0 FOLLOWER]: Becoming Follower/Learner. State: Replica: 821cb58c64ff4afbb1fc2a5f8b91b462, State: Initialized, Role: FOLLOWER
I20260710 13:23:12.034315 22636 ts_tablet_manager.cc:1434] T 3f3bd7dcb93c4a9ebc449e61cdf8183c P bbdffa197ab44840a80ed5c06725c6bb: Time spent starting tablet: real 0.007s	user 0.004s	sys 0.004s
I20260710 13:23:12.035048 22635 ts_tablet_manager.cc:1434] T d1e76a35b23a49408feb3a19577ca33d P abcbe0862b884bd69bc76032fa5a9e79: Time spent starting tablet: real 0.007s	user 0.006s	sys 0.000s
I20260710 13:23:12.034672 22637 consensus_queue.cc:260] T c2a0c37e30a84dccb2d9da9fb6c2b045 P 821cb58c64ff4afbb1fc2a5f8b91b462 [NON_LEADER]: Queue going to NON_LEADER mode. State: All replicated index: 0, Majority replicated index: 0, Committed index: 0, Last appended: 0.0, Last appended by leader: 0, Current term: 0, Majority size: -1, State: 0, Mode: NON_LEADER, active raft config: opid_index: -1 OBSOLETE_local: false peers { permanent_uuid: "bbdffa197ab44840a80ed5c06725c6bb" member_type: VOTER last_known_addr { host: "127.21.201.1" port: 41599 } } peers { permanent_uuid: "821cb58c64ff4afbb1fc2a5f8b91b462" member_type: VOTER last_known_addr { host: "127.21.201.2" port: 34899 } } peers { permanent_uuid: "abcbe0862b884bd69bc76032fa5a9e79" member_type: VOTER last_known_addr { host: "127.21.201.3" port: 32813 } }
I20260710 13:23:12.035355 22636 tablet_bootstrap.cc:492] T 6a57752d553148e69ee48daaa0fd89c2 P bbdffa197ab44840a80ed5c06725c6bb: Bootstrap starting.
I20260710 13:23:12.036034 22635 tablet_bootstrap.cc:492] T b488266166c24f938b7ab8566a547a05 P abcbe0862b884bd69bc76032fa5a9e79: Bootstrap starting.
I20260710 13:23:12.037180 22637 ts_tablet_manager.cc:1434] T c2a0c37e30a84dccb2d9da9fb6c2b045 P 821cb58c64ff4afbb1fc2a5f8b91b462: Time spent starting tablet: real 0.008s	user 0.006s	sys 0.003s
I20260710 13:23:12.038236 22637 tablet_bootstrap.cc:492] T 3f3bd7dcb93c4a9ebc449e61cdf8183c P 821cb58c64ff4afbb1fc2a5f8b91b462: Bootstrap starting.
I20260710 13:23:12.043226 22636 tablet_bootstrap.cc:654] T 6a57752d553148e69ee48daaa0fd89c2 P bbdffa197ab44840a80ed5c06725c6bb: Neither blocks nor log segments found. Creating new log.
I20260710 13:23:12.045076 22637 tablet_bootstrap.cc:654] T 3f3bd7dcb93c4a9ebc449e61cdf8183c P 821cb58c64ff4afbb1fc2a5f8b91b462: Neither blocks nor log segments found. Creating new log.
I20260710 13:23:12.050403 22643 raft_consensus.cc:493] T b488266166c24f938b7ab8566a547a05 P 821cb58c64ff4afbb1fc2a5f8b91b462 [term 0 FOLLOWER]: Starting pre-election (no leader contacted us within the election timeout)
I20260710 13:23:12.055163 22635 tablet_bootstrap.cc:654] T b488266166c24f938b7ab8566a547a05 P abcbe0862b884bd69bc76032fa5a9e79: Neither blocks nor log segments found. Creating new log.
I20260710 13:23:12.054090 22643 raft_consensus.cc:515] T b488266166c24f938b7ab8566a547a05 P 821cb58c64ff4afbb1fc2a5f8b91b462 [term 0 FOLLOWER]: Starting pre-election with config: opid_index: -1 OBSOLETE_local: false peers { permanent_uuid: "abcbe0862b884bd69bc76032fa5a9e79" member_type: VOTER last_known_addr { host: "127.21.201.3" port: 32813 } } peers { permanent_uuid: "bbdffa197ab44840a80ed5c06725c6bb" member_type: VOTER last_known_addr { host: "127.21.201.1" port: 41599 } } peers { permanent_uuid: "821cb58c64ff4afbb1fc2a5f8b91b462" member_type: VOTER last_known_addr { host: "127.21.201.2" port: 34899 } }
I20260710 13:23:12.056082 22636 tablet_bootstrap.cc:492] T 6a57752d553148e69ee48daaa0fd89c2 P bbdffa197ab44840a80ed5c06725c6bb: No bootstrap required, opened a new log
I20260710 13:23:12.056840 22636 ts_tablet_manager.cc:1403] T 6a57752d553148e69ee48daaa0fd89c2 P bbdffa197ab44840a80ed5c06725c6bb: Time spent bootstrapping tablet: real 0.022s	user 0.018s	sys 0.003s
I20260710 13:23:12.060628 22636 raft_consensus.cc:359] T 6a57752d553148e69ee48daaa0fd89c2 P bbdffa197ab44840a80ed5c06725c6bb [term 0 FOLLOWER]: Replica starting. Triggering 0 pending ops. Active config: opid_index: -1 OBSOLETE_local: false peers { permanent_uuid: "bbdffa197ab44840a80ed5c06725c6bb" member_type: VOTER last_known_addr { host: "127.21.201.1" port: 41599 } } peers { permanent_uuid: "821cb58c64ff4afbb1fc2a5f8b91b462" member_type: VOTER last_known_addr { host: "127.21.201.2" port: 34899 } } peers { permanent_uuid: "abcbe0862b884bd69bc76032fa5a9e79" member_type: VOTER last_known_addr { host: "127.21.201.3" port: 32813 } }
I20260710 13:23:12.061549 22636 raft_consensus.cc:385] T 6a57752d553148e69ee48daaa0fd89c2 P bbdffa197ab44840a80ed5c06725c6bb [term 0 FOLLOWER]: Consensus starting up: Expiring failure detector timer to make a prompt election more likely
I20260710 13:23:12.061964 22636 raft_consensus.cc:740] T 6a57752d553148e69ee48daaa0fd89c2 P bbdffa197ab44840a80ed5c06725c6bb [term 0 FOLLOWER]: Becoming Follower/Learner. State: Replica: bbdffa197ab44840a80ed5c06725c6bb, State: Initialized, Role: FOLLOWER
I20260710 13:23:12.063027 22636 consensus_queue.cc:260] T 6a57752d553148e69ee48daaa0fd89c2 P bbdffa197ab44840a80ed5c06725c6bb [NON_LEADER]: Queue going to NON_LEADER mode. State: All replicated index: 0, Majority replicated index: 0, Committed index: 0, Last appended: 0.0, Last appended by leader: 0, Current term: 0, Majority size: -1, State: 0, Mode: NON_LEADER, active raft config: opid_index: -1 OBSOLETE_local: false peers { permanent_uuid: "bbdffa197ab44840a80ed5c06725c6bb" member_type: VOTER last_known_addr { host: "127.21.201.1" port: 41599 } } peers { permanent_uuid: "821cb58c64ff4afbb1fc2a5f8b91b462" member_type: VOTER last_known_addr { host: "127.21.201.2" port: 34899 } } peers { permanent_uuid: "abcbe0862b884bd69bc76032fa5a9e79" member_type: VOTER last_known_addr { host: "127.21.201.3" port: 32813 } }
I20260710 13:23:12.067255 22636 ts_tablet_manager.cc:1434] T 6a57752d553148e69ee48daaa0fd89c2 P bbdffa197ab44840a80ed5c06725c6bb: Time spent starting tablet: real 0.010s	user 0.006s	sys 0.004s
I20260710 13:23:12.068760 22636 tablet_bootstrap.cc:492] T b488266166c24f938b7ab8566a547a05 P bbdffa197ab44840a80ed5c06725c6bb: Bootstrap starting.
I20260710 13:23:12.078032 22636 tablet_bootstrap.cc:654] T b488266166c24f938b7ab8566a547a05 P bbdffa197ab44840a80ed5c06725c6bb: Neither blocks nor log segments found. Creating new log.
I20260710 13:23:12.084921 22635 tablet_bootstrap.cc:492] T b488266166c24f938b7ab8566a547a05 P abcbe0862b884bd69bc76032fa5a9e79: No bootstrap required, opened a new log
I20260710 13:23:12.085608 22635 ts_tablet_manager.cc:1403] T b488266166c24f938b7ab8566a547a05 P abcbe0862b884bd69bc76032fa5a9e79: Time spent bootstrapping tablet: real 0.050s	user 0.021s	sys 0.001s
I20260710 13:23:12.093312 22635 raft_consensus.cc:359] T b488266166c24f938b7ab8566a547a05 P abcbe0862b884bd69bc76032fa5a9e79 [term 0 FOLLOWER]: Replica starting. Triggering 0 pending ops. Active config: opid_index: -1 OBSOLETE_local: false peers { permanent_uuid: "abcbe0862b884bd69bc76032fa5a9e79" member_type: VOTER last_known_addr { host: "127.21.201.3" port: 32813 } } peers { permanent_uuid: "bbdffa197ab44840a80ed5c06725c6bb" member_type: VOTER last_known_addr { host: "127.21.201.1" port: 41599 } } peers { permanent_uuid: "821cb58c64ff4afbb1fc2a5f8b91b462" member_type: VOTER last_known_addr { host: "127.21.201.2" port: 34899 } }
I20260710 13:23:12.094103 22635 raft_consensus.cc:385] T b488266166c24f938b7ab8566a547a05 P abcbe0862b884bd69bc76032fa5a9e79 [term 0 FOLLOWER]: Consensus starting up: Expiring failure detector timer to make a prompt election more likely
I20260710 13:23:12.094400 22636 tablet_bootstrap.cc:492] T b488266166c24f938b7ab8566a547a05 P bbdffa197ab44840a80ed5c06725c6bb: No bootstrap required, opened a new log
I20260710 13:23:12.095034 22636 ts_tablet_manager.cc:1403] T b488266166c24f938b7ab8566a547a05 P bbdffa197ab44840a80ed5c06725c6bb: Time spent bootstrapping tablet: real 0.027s	user 0.011s	sys 0.008s
I20260710 13:23:12.091889 22643 leader_election.cc:290] T b488266166c24f938b7ab8566a547a05 P 821cb58c64ff4afbb1fc2a5f8b91b462 [CANDIDATE]: Term 1 pre-election: Requested pre-vote from peers abcbe0862b884bd69bc76032fa5a9e79 (127.21.201.3:32813), bbdffa197ab44840a80ed5c06725c6bb (127.21.201.1:41599)
I20260710 13:23:12.094426 22635 raft_consensus.cc:740] T b488266166c24f938b7ab8566a547a05 P abcbe0862b884bd69bc76032fa5a9e79 [term 0 FOLLOWER]: Becoming Follower/Learner. State: Replica: abcbe0862b884bd69bc76032fa5a9e79, State: Initialized, Role: FOLLOWER
I20260710 13:23:12.098994 22635 consensus_queue.cc:260] T b488266166c24f938b7ab8566a547a05 P abcbe0862b884bd69bc76032fa5a9e79 [NON_LEADER]: Queue going to NON_LEADER mode. State: All replicated index: 0, Majority replicated index: 0, Committed index: 0, Last appended: 0.0, Last appended by leader: 0, Current term: 0, Majority size: -1, State: 0, Mode: NON_LEADER, active raft config: opid_index: -1 OBSOLETE_local: false peers { permanent_uuid: "abcbe0862b884bd69bc76032fa5a9e79" member_type: VOTER last_known_addr { host: "127.21.201.3" port: 32813 } } peers { permanent_uuid: "bbdffa197ab44840a80ed5c06725c6bb" member_type: VOTER last_known_addr { host: "127.21.201.1" port: 41599 } } peers { permanent_uuid: "821cb58c64ff4afbb1fc2a5f8b91b462" member_type: VOTER last_known_addr { host: "127.21.201.2" port: 34899 } }
I20260710 13:23:12.100740 22636 raft_consensus.cc:359] T b488266166c24f938b7ab8566a547a05 P bbdffa197ab44840a80ed5c06725c6bb [term 0 FOLLOWER]: Replica starting. Triggering 0 pending ops. Active config: opid_index: -1 OBSOLETE_local: false peers { permanent_uuid: "abcbe0862b884bd69bc76032fa5a9e79" member_type: VOTER last_known_addr { host: "127.21.201.3" port: 32813 } } peers { permanent_uuid: "bbdffa197ab44840a80ed5c06725c6bb" member_type: VOTER last_known_addr { host: "127.21.201.1" port: 41599 } } peers { permanent_uuid: "821cb58c64ff4afbb1fc2a5f8b91b462" member_type: VOTER last_known_addr { host: "127.21.201.2" port: 34899 } }
I20260710 13:23:12.101444 22636 raft_consensus.cc:385] T b488266166c24f938b7ab8566a547a05 P bbdffa197ab44840a80ed5c06725c6bb [term 0 FOLLOWER]: Consensus starting up: Expiring failure detector timer to make a prompt election more likely
I20260710 13:23:12.101769 22636 raft_consensus.cc:740] T b488266166c24f938b7ab8566a547a05 P bbdffa197ab44840a80ed5c06725c6bb [term 0 FOLLOWER]: Becoming Follower/Learner. State: Replica: bbdffa197ab44840a80ed5c06725c6bb, State: Initialized, Role: FOLLOWER
I20260710 13:23:12.102233 22635 ts_tablet_manager.cc:1434] T b488266166c24f938b7ab8566a547a05 P abcbe0862b884bd69bc76032fa5a9e79: Time spent starting tablet: real 0.016s	user 0.008s	sys 0.000s
I20260710 13:23:12.102560 22636 consensus_queue.cc:260] T b488266166c24f938b7ab8566a547a05 P bbdffa197ab44840a80ed5c06725c6bb [NON_LEADER]: Queue going to NON_LEADER mode. State: All replicated index: 0, Majority replicated index: 0, Committed index: 0, Last appended: 0.0, Last appended by leader: 0, Current term: 0, Majority size: -1, State: 0, Mode: NON_LEADER, active raft config: opid_index: -1 OBSOLETE_local: false peers { permanent_uuid: "abcbe0862b884bd69bc76032fa5a9e79" member_type: VOTER last_known_addr { host: "127.21.201.3" port: 32813 } } peers { permanent_uuid: "bbdffa197ab44840a80ed5c06725c6bb" member_type: VOTER last_known_addr { host: "127.21.201.1" port: 41599 } } peers { permanent_uuid: "821cb58c64ff4afbb1fc2a5f8b91b462" member_type: VOTER last_known_addr { host: "127.21.201.2" port: 34899 } }
I20260710 13:23:12.103256 22635 tablet_bootstrap.cc:492] T e08d998c0d1b4720b2210e959400f122 P abcbe0862b884bd69bc76032fa5a9e79: Bootstrap starting.
I20260710 13:23:12.105125 22636 ts_tablet_manager.cc:1434] T b488266166c24f938b7ab8566a547a05 P bbdffa197ab44840a80ed5c06725c6bb: Time spent starting tablet: real 0.010s	user 0.007s	sys 0.002s
I20260710 13:23:12.106187 22636 tablet_bootstrap.cc:492] T c2a0c37e30a84dccb2d9da9fb6c2b045 P bbdffa197ab44840a80ed5c06725c6bb: Bootstrap starting.
I20260710 13:23:12.116569 22635 tablet_bootstrap.cc:654] T e08d998c0d1b4720b2210e959400f122 P abcbe0862b884bd69bc76032fa5a9e79: Neither blocks nor log segments found. Creating new log.
I20260710 13:23:12.125377 22636 tablet_bootstrap.cc:654] T c2a0c37e30a84dccb2d9da9fb6c2b045 P bbdffa197ab44840a80ed5c06725c6bb: Neither blocks nor log segments found. Creating new log.
I20260710 13:23:12.126596 22637 tablet_bootstrap.cc:492] T 3f3bd7dcb93c4a9ebc449e61cdf8183c P 821cb58c64ff4afbb1fc2a5f8b91b462: No bootstrap required, opened a new log
I20260710 13:23:12.127372 22637 ts_tablet_manager.cc:1403] T 3f3bd7dcb93c4a9ebc449e61cdf8183c P 821cb58c64ff4afbb1fc2a5f8b91b462: Time spent bootstrapping tablet: real 0.089s	user 0.023s	sys 0.059s
I20260710 13:23:12.135754 22637 raft_consensus.cc:359] T 3f3bd7dcb93c4a9ebc449e61cdf8183c P 821cb58c64ff4afbb1fc2a5f8b91b462 [term 0 FOLLOWER]: Replica starting. Triggering 0 pending ops. Active config: opid_index: -1 OBSOLETE_local: false peers { permanent_uuid: "bbdffa197ab44840a80ed5c06725c6bb" member_type: VOTER last_known_addr { host: "127.21.201.1" port: 41599 } } peers { permanent_uuid: "821cb58c64ff4afbb1fc2a5f8b91b462" member_type: VOTER last_known_addr { host: "127.21.201.2" port: 34899 } } peers { permanent_uuid: "abcbe0862b884bd69bc76032fa5a9e79" member_type: VOTER last_known_addr { host: "127.21.201.3" port: 32813 } }
I20260710 13:23:12.136546 22637 raft_consensus.cc:385] T 3f3bd7dcb93c4a9ebc449e61cdf8183c P 821cb58c64ff4afbb1fc2a5f8b91b462 [term 0 FOLLOWER]: Consensus starting up: Expiring failure detector timer to make a prompt election more likely
I20260710 13:23:12.136850 22637 raft_consensus.cc:740] T 3f3bd7dcb93c4a9ebc449e61cdf8183c P 821cb58c64ff4afbb1fc2a5f8b91b462 [term 0 FOLLOWER]: Becoming Follower/Learner. State: Replica: 821cb58c64ff4afbb1fc2a5f8b91b462, State: Initialized, Role: FOLLOWER
I20260710 13:23:12.137718 22637 consensus_queue.cc:260] T 3f3bd7dcb93c4a9ebc449e61cdf8183c P 821cb58c64ff4afbb1fc2a5f8b91b462 [NON_LEADER]: Queue going to NON_LEADER mode. State: All replicated index: 0, Majority replicated index: 0, Committed index: 0, Last appended: 0.0, Last appended by leader: 0, Current term: 0, Majority size: -1, State: 0, Mode: NON_LEADER, active raft config: opid_index: -1 OBSOLETE_local: false peers { permanent_uuid: "bbdffa197ab44840a80ed5c06725c6bb" member_type: VOTER last_known_addr { host: "127.21.201.1" port: 41599 } } peers { permanent_uuid: "821cb58c64ff4afbb1fc2a5f8b91b462" member_type: VOTER last_known_addr { host: "127.21.201.2" port: 34899 } } peers { permanent_uuid: "abcbe0862b884bd69bc76032fa5a9e79" member_type: VOTER last_known_addr { host: "127.21.201.3" port: 32813 } }
I20260710 13:23:12.143604 22636 tablet_bootstrap.cc:492] T c2a0c37e30a84dccb2d9da9fb6c2b045 P bbdffa197ab44840a80ed5c06725c6bb: No bootstrap required, opened a new log
I20260710 13:23:12.144110 22636 ts_tablet_manager.cc:1403] T c2a0c37e30a84dccb2d9da9fb6c2b045 P bbdffa197ab44840a80ed5c06725c6bb: Time spent bootstrapping tablet: real 0.038s	user 0.011s	sys 0.007s
I20260710 13:23:12.147114 22636 raft_consensus.cc:359] T c2a0c37e30a84dccb2d9da9fb6c2b045 P bbdffa197ab44840a80ed5c06725c6bb [term 0 FOLLOWER]: Replica starting. Triggering 0 pending ops. Active config: opid_index: -1 OBSOLETE_local: false peers { permanent_uuid: "bbdffa197ab44840a80ed5c06725c6bb" member_type: VOTER last_known_addr { host: "127.21.201.1" port: 41599 } } peers { permanent_uuid: "821cb58c64ff4afbb1fc2a5f8b91b462" member_type: VOTER last_known_addr { host: "127.21.201.2" port: 34899 } } peers { permanent_uuid: "abcbe0862b884bd69bc76032fa5a9e79" member_type: VOTER last_known_addr { host: "127.21.201.3" port: 32813 } }
I20260710 13:23:12.147847 22636 raft_consensus.cc:385] T c2a0c37e30a84dccb2d9da9fb6c2b045 P bbdffa197ab44840a80ed5c06725c6bb [term 0 FOLLOWER]: Consensus starting up: Expiring failure detector timer to make a prompt election more likely
I20260710 13:23:12.148145 22636 raft_consensus.cc:740] T c2a0c37e30a84dccb2d9da9fb6c2b045 P bbdffa197ab44840a80ed5c06725c6bb [term 0 FOLLOWER]: Becoming Follower/Learner. State: Replica: bbdffa197ab44840a80ed5c06725c6bb, State: Initialized, Role: FOLLOWER
I20260710 13:23:12.148919 22636 consensus_queue.cc:260] T c2a0c37e30a84dccb2d9da9fb6c2b045 P bbdffa197ab44840a80ed5c06725c6bb [NON_LEADER]: Queue going to NON_LEADER mode. State: All replicated index: 0, Majority replicated index: 0, Committed index: 0, Last appended: 0.0, Last appended by leader: 0, Current term: 0, Majority size: -1, State: 0, Mode: NON_LEADER, active raft config: opid_index: -1 OBSOLETE_local: false peers { permanent_uuid: "bbdffa197ab44840a80ed5c06725c6bb" member_type: VOTER last_known_addr { host: "127.21.201.1" port: 41599 } } peers { permanent_uuid: "821cb58c64ff4afbb1fc2a5f8b91b462" member_type: VOTER last_known_addr { host: "127.21.201.2" port: 34899 } } peers { permanent_uuid: "abcbe0862b884bd69bc76032fa5a9e79" member_type: VOTER last_known_addr { host: "127.21.201.3" port: 32813 } }
I20260710 13:23:12.151006 22636 ts_tablet_manager.cc:1434] T c2a0c37e30a84dccb2d9da9fb6c2b045 P bbdffa197ab44840a80ed5c06725c6bb: Time spent starting tablet: real 0.007s	user 0.004s	sys 0.000s
I20260710 13:23:12.140262 22637 ts_tablet_manager.cc:1434] T 3f3bd7dcb93c4a9ebc449e61cdf8183c P 821cb58c64ff4afbb1fc2a5f8b91b462: Time spent starting tablet: real 0.010s	user 0.006s	sys 0.001s
I20260710 13:23:12.152710 22637 tablet_bootstrap.cc:492] T 6a57752d553148e69ee48daaa0fd89c2 P 821cb58c64ff4afbb1fc2a5f8b91b462: Bootstrap starting.
I20260710 13:23:12.159176 22637 tablet_bootstrap.cc:654] T 6a57752d553148e69ee48daaa0fd89c2 P 821cb58c64ff4afbb1fc2a5f8b91b462: Neither blocks nor log segments found. Creating new log.
I20260710 13:23:12.162883 22636 tablet_bootstrap.cc:492] T b1f7cb07d9e94cc2b75b1c919a58c4b1 P bbdffa197ab44840a80ed5c06725c6bb: Bootstrap starting.
I20260710 13:23:12.164345 22641 raft_consensus.cc:493] T b488266166c24f938b7ab8566a547a05 P abcbe0862b884bd69bc76032fa5a9e79 [term 0 FOLLOWER]: Starting pre-election (no leader contacted us within the election timeout)
I20260710 13:23:12.164945 22641 raft_consensus.cc:515] T b488266166c24f938b7ab8566a547a05 P abcbe0862b884bd69bc76032fa5a9e79 [term 0 FOLLOWER]: Starting pre-election with config: opid_index: -1 OBSOLETE_local: false peers { permanent_uuid: "abcbe0862b884bd69bc76032fa5a9e79" member_type: VOTER last_known_addr { host: "127.21.201.3" port: 32813 } } peers { permanent_uuid: "bbdffa197ab44840a80ed5c06725c6bb" member_type: VOTER last_known_addr { host: "127.21.201.1" port: 41599 } } peers { permanent_uuid: "821cb58c64ff4afbb1fc2a5f8b91b462" member_type: VOTER last_known_addr { host: "127.21.201.2" port: 34899 } }
I20260710 13:23:12.168181 22443 tablet_service.cc:1917] Received RequestConsensusVote() RPC: tablet_id: "b488266166c24f938b7ab8566a547a05" candidate_uuid: "821cb58c64ff4afbb1fc2a5f8b91b462" candidate_term: 1 candidate_status { last_received { term: 0 index: 0 } } ignore_live_leader: false dest_uuid: "bbdffa197ab44840a80ed5c06725c6bb" is_pre_election: true
I20260710 13:23:12.169260 22641 leader_election.cc:290] T b488266166c24f938b7ab8566a547a05 P abcbe0862b884bd69bc76032fa5a9e79 [CANDIDATE]: Term 1 pre-election: Requested pre-vote from peers bbdffa197ab44840a80ed5c06725c6bb (127.21.201.1:41599), 821cb58c64ff4afbb1fc2a5f8b91b462 (127.21.201.2:34899)
I20260710 13:23:12.169662 22443 raft_consensus.cc:2468] T b488266166c24f938b7ab8566a547a05 P bbdffa197ab44840a80ed5c06725c6bb [term 0 FOLLOWER]: Leader pre-election vote request: Granting yes vote for candidate 821cb58c64ff4afbb1fc2a5f8b91b462 in term 0.
I20260710 13:23:12.180177 22642 raft_consensus.cc:493] T c2a0c37e30a84dccb2d9da9fb6c2b045 P bbdffa197ab44840a80ed5c06725c6bb [term 0 FOLLOWER]: Starting pre-election (no leader contacted us within the election timeout)
I20260710 13:23:12.179318 22482 leader_election.cc:304] T b488266166c24f938b7ab8566a547a05 P 821cb58c64ff4afbb1fc2a5f8b91b462 [CANDIDATE]: Term 1 pre-election: Election decided. Result: candidate won. Election summary: received 2 responses out of 3 voters: 2 yes votes; 0 no votes. yes voters: 821cb58c64ff4afbb1fc2a5f8b91b462, bbdffa197ab44840a80ed5c06725c6bb; no voters: 
I20260710 13:23:12.178025 22636 tablet_bootstrap.cc:654] T b1f7cb07d9e94cc2b75b1c919a58c4b1 P bbdffa197ab44840a80ed5c06725c6bb: Neither blocks nor log segments found. Creating new log.
I20260710 13:23:12.184933 22643 raft_consensus.cc:2804] T b488266166c24f938b7ab8566a547a05 P 821cb58c64ff4afbb1fc2a5f8b91b462 [term 0 FOLLOWER]: Leader pre-election won for term 1
I20260710 13:23:12.180718 22642 raft_consensus.cc:515] T c2a0c37e30a84dccb2d9da9fb6c2b045 P bbdffa197ab44840a80ed5c06725c6bb [term 0 FOLLOWER]: Starting pre-election with config: opid_index: -1 OBSOLETE_local: false peers { permanent_uuid: "bbdffa197ab44840a80ed5c06725c6bb" member_type: VOTER last_known_addr { host: "127.21.201.1" port: 41599 } } peers { permanent_uuid: "821cb58c64ff4afbb1fc2a5f8b91b462" member_type: VOTER last_known_addr { host: "127.21.201.2" port: 34899 } } peers { permanent_uuid: "abcbe0862b884bd69bc76032fa5a9e79" member_type: VOTER last_known_addr { host: "127.21.201.3" port: 32813 } }
I20260710 13:23:12.185497 22643 raft_consensus.cc:493] T b488266166c24f938b7ab8566a547a05 P 821cb58c64ff4afbb1fc2a5f8b91b462 [term 0 FOLLOWER]: Starting leader election (no leader contacted us within the election timeout)
I20260710 13:23:12.189200 22643 raft_consensus.cc:3060] T b488266166c24f938b7ab8566a547a05 P 821cb58c64ff4afbb1fc2a5f8b91b462 [term 0 FOLLOWER]: Advancing to term 1
I20260710 13:23:12.196307 22592 tablet_service.cc:1917] Received RequestConsensusVote() RPC: tablet_id: "b488266166c24f938b7ab8566a547a05" candidate_uuid: "821cb58c64ff4afbb1fc2a5f8b91b462" candidate_term: 1 candidate_status { last_received { term: 0 index: 0 } } ignore_live_leader: false dest_uuid: "abcbe0862b884bd69bc76032fa5a9e79" is_pre_election: true
I20260710 13:23:12.198210 22592 raft_consensus.cc:2468] T b488266166c24f938b7ab8566a547a05 P abcbe0862b884bd69bc76032fa5a9e79 [term 0 FOLLOWER]: Leader pre-election vote request: Granting yes vote for candidate 821cb58c64ff4afbb1fc2a5f8b91b462 in term 0.
I20260710 13:23:12.202754 22635 tablet_bootstrap.cc:492] T e08d998c0d1b4720b2210e959400f122 P abcbe0862b884bd69bc76032fa5a9e79: No bootstrap required, opened a new log
I20260710 13:23:12.203287 22635 ts_tablet_manager.cc:1403] T e08d998c0d1b4720b2210e959400f122 P abcbe0862b884bd69bc76032fa5a9e79: Time spent bootstrapping tablet: real 0.100s	user 0.011s	sys 0.035s
I20260710 13:23:12.206948 22642 leader_election.cc:290] T c2a0c37e30a84dccb2d9da9fb6c2b045 P bbdffa197ab44840a80ed5c06725c6bb [CANDIDATE]: Term 1 pre-election: Requested pre-vote from peers 821cb58c64ff4afbb1fc2a5f8b91b462 (127.21.201.2:34899), abcbe0862b884bd69bc76032fa5a9e79 (127.21.201.3:32813)
I20260710 13:23:12.209196 22641 raft_consensus.cc:493] T 6a57752d553148e69ee48daaa0fd89c2 P abcbe0862b884bd69bc76032fa5a9e79 [term 0 FOLLOWER]: Starting pre-election (no leader contacted us within the election timeout)
I20260710 13:23:12.210516 22641 raft_consensus.cc:515] T 6a57752d553148e69ee48daaa0fd89c2 P abcbe0862b884bd69bc76032fa5a9e79 [term 0 FOLLOWER]: Starting pre-election with config: opid_index: -1 OBSOLETE_local: false peers { permanent_uuid: "bbdffa197ab44840a80ed5c06725c6bb" member_type: VOTER last_known_addr { host: "127.21.201.1" port: 41599 } } peers { permanent_uuid: "821cb58c64ff4afbb1fc2a5f8b91b462" member_type: VOTER last_known_addr { host: "127.21.201.2" port: 34899 } } peers { permanent_uuid: "abcbe0862b884bd69bc76032fa5a9e79" member_type: VOTER last_known_addr { host: "127.21.201.3" port: 32813 } }
I20260710 13:23:12.215476 22641 leader_election.cc:290] T 6a57752d553148e69ee48daaa0fd89c2 P abcbe0862b884bd69bc76032fa5a9e79 [CANDIDATE]: Term 1 pre-election: Requested pre-vote from peers bbdffa197ab44840a80ed5c06725c6bb (127.21.201.1:41599), 821cb58c64ff4afbb1fc2a5f8b91b462 (127.21.201.2:34899)
I20260710 13:23:12.215596 22637 tablet_bootstrap.cc:492] T 6a57752d553148e69ee48daaa0fd89c2 P 821cb58c64ff4afbb1fc2a5f8b91b462: No bootstrap required, opened a new log
I20260710 13:23:12.217567 22637 ts_tablet_manager.cc:1403] T 6a57752d553148e69ee48daaa0fd89c2 P 821cb58c64ff4afbb1fc2a5f8b91b462: Time spent bootstrapping tablet: real 0.065s	user 0.011s	sys 0.016s
I20260710 13:23:12.218115 22657 raft_consensus.cc:493] T d1e76a35b23a49408feb3a19577ca33d P bbdffa197ab44840a80ed5c06725c6bb [term 0 FOLLOWER]: Starting pre-election (no leader contacted us within the election timeout)
I20260710 13:23:12.221280 22637 raft_consensus.cc:359] T 6a57752d553148e69ee48daaa0fd89c2 P 821cb58c64ff4afbb1fc2a5f8b91b462 [term 0 FOLLOWER]: Replica starting. Triggering 0 pending ops. Active config: opid_index: -1 OBSOLETE_local: false peers { permanent_uuid: "bbdffa197ab44840a80ed5c06725c6bb" member_type: VOTER last_known_addr { host: "127.21.201.1" port: 41599 } } peers { permanent_uuid: "821cb58c64ff4afbb1fc2a5f8b91b462" member_type: VOTER last_known_addr { host: "127.21.201.2" port: 34899 } } peers { permanent_uuid: "abcbe0862b884bd69bc76032fa5a9e79" member_type: VOTER last_known_addr { host: "127.21.201.3" port: 32813 } }
I20260710 13:23:12.225261 22637 raft_consensus.cc:385] T 6a57752d553148e69ee48daaa0fd89c2 P 821cb58c64ff4afbb1fc2a5f8b91b462 [term 0 FOLLOWER]: Consensus starting up: Expiring failure detector timer to make a prompt election more likely
I20260710 13:23:12.225636 22637 raft_consensus.cc:740] T 6a57752d553148e69ee48daaa0fd89c2 P 821cb58c64ff4afbb1fc2a5f8b91b462 [term 0 FOLLOWER]: Becoming Follower/Learner. State: Replica: 821cb58c64ff4afbb1fc2a5f8b91b462, State: Initialized, Role: FOLLOWER
I20260710 13:23:12.223165 22635 raft_consensus.cc:359] T e08d998c0d1b4720b2210e959400f122 P abcbe0862b884bd69bc76032fa5a9e79 [term 0 FOLLOWER]: Replica starting. Triggering 0 pending ops. Active config: opid_index: -1 OBSOLETE_local: false peers { permanent_uuid: "bbdffa197ab44840a80ed5c06725c6bb" member_type: VOTER last_known_addr { host: "127.21.201.1" port: 41599 } } peers { permanent_uuid: "821cb58c64ff4afbb1fc2a5f8b91b462" member_type: VOTER last_known_addr { host: "127.21.201.2" port: 34899 } } peers { permanent_uuid: "abcbe0862b884bd69bc76032fa5a9e79" member_type: VOTER last_known_addr { host: "127.21.201.3" port: 32813 } }
I20260710 13:23:12.223783 22643 raft_consensus.cc:515] T b488266166c24f938b7ab8566a547a05 P 821cb58c64ff4afbb1fc2a5f8b91b462 [term 1 FOLLOWER]: Starting leader election with config: opid_index: -1 OBSOLETE_local: false peers { permanent_uuid: "abcbe0862b884bd69bc76032fa5a9e79" member_type: VOTER last_known_addr { host: "127.21.201.3" port: 32813 } } peers { permanent_uuid: "bbdffa197ab44840a80ed5c06725c6bb" member_type: VOTER last_known_addr { host: "127.21.201.1" port: 41599 } } peers { permanent_uuid: "821cb58c64ff4afbb1fc2a5f8b91b462" member_type: VOTER last_known_addr { host: "127.21.201.2" port: 34899 } }
I20260710 13:23:12.227252 22635 raft_consensus.cc:385] T e08d998c0d1b4720b2210e959400f122 P abcbe0862b884bd69bc76032fa5a9e79 [term 0 FOLLOWER]: Consensus starting up: Expiring failure detector timer to make a prompt election more likely
I20260710 13:23:12.226935 22657 raft_consensus.cc:515] T d1e76a35b23a49408feb3a19577ca33d P bbdffa197ab44840a80ed5c06725c6bb [term 0 FOLLOWER]: Starting pre-election with config: opid_index: -1 OBSOLETE_local: false peers { permanent_uuid: "bbdffa197ab44840a80ed5c06725c6bb" member_type: VOTER last_known_addr { host: "127.21.201.1" port: 41599 } } peers { permanent_uuid: "821cb58c64ff4afbb1fc2a5f8b91b462" member_type: VOTER last_known_addr { host: "127.21.201.2" port: 34899 } } peers { permanent_uuid: "abcbe0862b884bd69bc76032fa5a9e79" member_type: VOTER last_known_addr { host: "127.21.201.3" port: 32813 } }
I20260710 13:23:12.230214 22636 tablet_bootstrap.cc:492] T b1f7cb07d9e94cc2b75b1c919a58c4b1 P bbdffa197ab44840a80ed5c06725c6bb: No bootstrap required, opened a new log
I20260710 13:23:12.226907 22637 consensus_queue.cc:260] T 6a57752d553148e69ee48daaa0fd89c2 P 821cb58c64ff4afbb1fc2a5f8b91b462 [NON_LEADER]: Queue going to NON_LEADER mode. State: All replicated index: 0, Majority replicated index: 0, Committed index: 0, Last appended: 0.0, Last appended by leader: 0, Current term: 0, Majority size: -1, State: 0, Mode: NON_LEADER, active raft config: opid_index: -1 OBSOLETE_local: false peers { permanent_uuid: "bbdffa197ab44840a80ed5c06725c6bb" member_type: VOTER last_known_addr { host: "127.21.201.1" port: 41599 } } peers { permanent_uuid: "821cb58c64ff4afbb1fc2a5f8b91b462" member_type: VOTER last_known_addr { host: "127.21.201.2" port: 34899 } } peers { permanent_uuid: "abcbe0862b884bd69bc76032fa5a9e79" member_type: VOTER last_known_addr { host: "127.21.201.3" port: 32813 } }
I20260710 13:23:12.231273 22636 ts_tablet_manager.cc:1403] T b1f7cb07d9e94cc2b75b1c919a58c4b1 P bbdffa197ab44840a80ed5c06725c6bb: Time spent bootstrapping tablet: real 0.080s	user 0.016s	sys 0.002s
I20260710 13:23:12.230767 22635 raft_consensus.cc:740] T e08d998c0d1b4720b2210e959400f122 P abcbe0862b884bd69bc76032fa5a9e79 [term 0 FOLLOWER]: Becoming Follower/Learner. State: Replica: abcbe0862b884bd69bc76032fa5a9e79, State: Initialized, Role: FOLLOWER
I20260710 13:23:12.233228 22657 leader_election.cc:290] T d1e76a35b23a49408feb3a19577ca33d P bbdffa197ab44840a80ed5c06725c6bb [CANDIDATE]: Term 1 pre-election: Requested pre-vote from peers 821cb58c64ff4afbb1fc2a5f8b91b462 (127.21.201.2:34899), abcbe0862b884bd69bc76032fa5a9e79 (127.21.201.3:32813)
I20260710 13:23:12.242033 22643 leader_election.cc:290] T b488266166c24f938b7ab8566a547a05 P 821cb58c64ff4afbb1fc2a5f8b91b462 [CANDIDATE]: Term 1 election: Requested vote from peers abcbe0862b884bd69bc76032fa5a9e79 (127.21.201.3:32813), bbdffa197ab44840a80ed5c06725c6bb (127.21.201.1:41599)
I20260710 13:23:12.243503 22635 consensus_queue.cc:260] T e08d998c0d1b4720b2210e959400f122 P abcbe0862b884bd69bc76032fa5a9e79 [NON_LEADER]: Queue going to NON_LEADER mode. State: All replicated index: 0, Majority replicated index: 0, Committed index: 0, Last appended: 0.0, Last appended by leader: 0, Current term: 0, Majority size: -1, State: 0, Mode: NON_LEADER, active raft config: opid_index: -1 OBSOLETE_local: false peers { permanent_uuid: "bbdffa197ab44840a80ed5c06725c6bb" member_type: VOTER last_known_addr { host: "127.21.201.1" port: 41599 } } peers { permanent_uuid: "821cb58c64ff4afbb1fc2a5f8b91b462" member_type: VOTER last_known_addr { host: "127.21.201.2" port: 34899 } } peers { permanent_uuid: "abcbe0862b884bd69bc76032fa5a9e79" member_type: VOTER last_known_addr { host: "127.21.201.3" port: 32813 } }
I20260710 13:23:12.246443 22636 raft_consensus.cc:359] T b1f7cb07d9e94cc2b75b1c919a58c4b1 P bbdffa197ab44840a80ed5c06725c6bb [term 0 FOLLOWER]: Replica starting. Triggering 0 pending ops. Active config: opid_index: -1 OBSOLETE_local: false peers { permanent_uuid: "bbdffa197ab44840a80ed5c06725c6bb" member_type: VOTER last_known_addr { host: "127.21.201.1" port: 41599 } } peers { permanent_uuid: "821cb58c64ff4afbb1fc2a5f8b91b462" member_type: VOTER last_known_addr { host: "127.21.201.2" port: 34899 } } peers { permanent_uuid: "abcbe0862b884bd69bc76032fa5a9e79" member_type: VOTER last_known_addr { host: "127.21.201.3" port: 32813 } }
I20260710 13:23:12.247422 22636 raft_consensus.cc:385] T b1f7cb07d9e94cc2b75b1c919a58c4b1 P bbdffa197ab44840a80ed5c06725c6bb [term 0 FOLLOWER]: Consensus starting up: Expiring failure detector timer to make a prompt election more likely
I20260710 13:23:12.247797 22636 raft_consensus.cc:740] T b1f7cb07d9e94cc2b75b1c919a58c4b1 P bbdffa197ab44840a80ed5c06725c6bb [term 0 FOLLOWER]: Becoming Follower/Learner. State: Replica: bbdffa197ab44840a80ed5c06725c6bb, State: Initialized, Role: FOLLOWER
I20260710 13:23:12.248821 22636 consensus_queue.cc:260] T b1f7cb07d9e94cc2b75b1c919a58c4b1 P bbdffa197ab44840a80ed5c06725c6bb [NON_LEADER]: Queue going to NON_LEADER mode. State: All replicated index: 0, Majority replicated index: 0, Committed index: 0, Last appended: 0.0, Last appended by leader: 0, Current term: 0, Majority size: -1, State: 0, Mode: NON_LEADER, active raft config: opid_index: -1 OBSOLETE_local: false peers { permanent_uuid: "bbdffa197ab44840a80ed5c06725c6bb" member_type: VOTER last_known_addr { host: "127.21.201.1" port: 41599 } } peers { permanent_uuid: "821cb58c64ff4afbb1fc2a5f8b91b462" member_type: VOTER last_known_addr { host: "127.21.201.2" port: 34899 } } peers { permanent_uuid: "abcbe0862b884bd69bc76032fa5a9e79" member_type: VOTER last_known_addr { host: "127.21.201.3" port: 32813 } }
I20260710 13:23:12.253569 22635 ts_tablet_manager.cc:1434] T e08d998c0d1b4720b2210e959400f122 P abcbe0862b884bd69bc76032fa5a9e79: Time spent starting tablet: real 0.050s	user 0.008s	sys 0.005s
I20260710 13:23:12.254859 22635 tablet_bootstrap.cc:492] T cadd1e18ee51447a99627a14805f8307 P abcbe0862b884bd69bc76032fa5a9e79: Bootstrap starting.
I20260710 13:23:12.260040 22592 tablet_service.cc:1917] Received RequestConsensusVote() RPC: tablet_id: "b488266166c24f938b7ab8566a547a05" candidate_uuid: "821cb58c64ff4afbb1fc2a5f8b91b462" candidate_term: 1 candidate_status { last_received { term: 0 index: 0 } } ignore_live_leader: false dest_uuid: "abcbe0862b884bd69bc76032fa5a9e79"
I20260710 13:23:12.260772 22592 raft_consensus.cc:3060] T b488266166c24f938b7ab8566a547a05 P abcbe0862b884bd69bc76032fa5a9e79 [term 0 FOLLOWER]: Advancing to term 1
I20260710 13:23:12.261831 22636 ts_tablet_manager.cc:1434] T b1f7cb07d9e94cc2b75b1c919a58c4b1 P bbdffa197ab44840a80ed5c06725c6bb: Time spent starting tablet: real 0.020s	user 0.007s	sys 0.001s
I20260710 13:23:12.263481 22636 tablet_bootstrap.cc:492] T b158f685561247f8a0cb1c977257179f P bbdffa197ab44840a80ed5c06725c6bb: Bootstrap starting.
I20260710 13:23:12.263262 22443 tablet_service.cc:1917] Received RequestConsensusVote() RPC: tablet_id: "b488266166c24f938b7ab8566a547a05" candidate_uuid: "821cb58c64ff4afbb1fc2a5f8b91b462" candidate_term: 1 candidate_status { last_received { term: 0 index: 0 } } ignore_live_leader: false dest_uuid: "bbdffa197ab44840a80ed5c06725c6bb"
I20260710 13:23:12.264019 22443 raft_consensus.cc:3060] T b488266166c24f938b7ab8566a547a05 P bbdffa197ab44840a80ed5c06725c6bb [term 0 FOLLOWER]: Advancing to term 1
I20260710 13:23:12.270017 22637 ts_tablet_manager.cc:1434] T 6a57752d553148e69ee48daaa0fd89c2 P 821cb58c64ff4afbb1fc2a5f8b91b462: Time spent starting tablet: real 0.052s	user 0.006s	sys 0.007s
I20260710 13:23:12.276916 22635 tablet_bootstrap.cc:654] T cadd1e18ee51447a99627a14805f8307 P abcbe0862b884bd69bc76032fa5a9e79: Neither blocks nor log segments found. Creating new log.
I20260710 13:23:12.283573 22637 tablet_bootstrap.cc:492] T b158f685561247f8a0cb1c977257179f P 821cb58c64ff4afbb1fc2a5f8b91b462: Bootstrap starting.
I20260710 13:23:12.286111 22591 tablet_service.cc:1917] Received RequestConsensusVote() RPC: tablet_id: "c2a0c37e30a84dccb2d9da9fb6c2b045" candidate_uuid: "bbdffa197ab44840a80ed5c06725c6bb" candidate_term: 1 candidate_status { last_received { term: 0 index: 0 } } ignore_live_leader: false dest_uuid: "abcbe0862b884bd69bc76032fa5a9e79" is_pre_election: true
I20260710 13:23:12.285986 22443 raft_consensus.cc:2468] T b488266166c24f938b7ab8566a547a05 P bbdffa197ab44840a80ed5c06725c6bb [term 1 FOLLOWER]: Leader election vote request: Granting yes vote for candidate 821cb58c64ff4afbb1fc2a5f8b91b462 in term 1.
I20260710 13:23:12.289495 22590 tablet_service.cc:1917] Received RequestConsensusVote() RPC: tablet_id: "d1e76a35b23a49408feb3a19577ca33d" candidate_uuid: "bbdffa197ab44840a80ed5c06725c6bb" candidate_term: 1 candidate_status { last_received { term: 0 index: 0 } } ignore_live_leader: false dest_uuid: "abcbe0862b884bd69bc76032fa5a9e79" is_pre_election: true
I20260710 13:23:12.279996 22442 tablet_service.cc:1917] Received RequestConsensusVote() RPC: tablet_id: "b488266166c24f938b7ab8566a547a05" candidate_uuid: "abcbe0862b884bd69bc76032fa5a9e79" candidate_term: 1 candidate_status { last_received { term: 0 index: 0 } } ignore_live_leader: false dest_uuid: "bbdffa197ab44840a80ed5c06725c6bb" is_pre_election: true
I20260710 13:23:12.293773 22592 raft_consensus.cc:2468] T b488266166c24f938b7ab8566a547a05 P abcbe0862b884bd69bc76032fa5a9e79 [term 1 FOLLOWER]: Leader election vote request: Granting yes vote for candidate 821cb58c64ff4afbb1fc2a5f8b91b462 in term 1.
I20260710 13:23:12.295907 22442 raft_consensus.cc:2393] T b488266166c24f938b7ab8566a547a05 P bbdffa197ab44840a80ed5c06725c6bb [term 1 FOLLOWER]: Leader pre-election vote request: Denying vote to candidate abcbe0862b884bd69bc76032fa5a9e79 in current term 1: Already voted for candidate 821cb58c64ff4afbb1fc2a5f8b91b462 in this term.
I20260710 13:23:12.292938 22590 raft_consensus.cc:2468] T d1e76a35b23a49408feb3a19577ca33d P abcbe0862b884bd69bc76032fa5a9e79 [term 0 FOLLOWER]: Leader pre-election vote request: Granting yes vote for candidate bbdffa197ab44840a80ed5c06725c6bb in term 0.
W20260710 13:23:12.297124 22409 leader_election.cc:343] T c2a0c37e30a84dccb2d9da9fb6c2b045 P bbdffa197ab44840a80ed5c06725c6bb [CANDIDATE]: Term 1 pre-election: Tablet error from VoteRequest() call to peer abcbe0862b884bd69bc76032fa5a9e79 (127.21.201.3:32813): Illegal state: must be running to vote when last-logged opid is not known
I20260710 13:23:12.297653 22482 leader_election.cc:304] T b488266166c24f938b7ab8566a547a05 P 821cb58c64ff4afbb1fc2a5f8b91b462 [CANDIDATE]: Term 1 election: Election decided. Result: candidate won. Election summary: received 2 responses out of 3 voters: 2 yes votes; 0 no votes. yes voters: 821cb58c64ff4afbb1fc2a5f8b91b462, bbdffa197ab44840a80ed5c06725c6bb; no voters: 
I20260710 13:23:12.300206 22663 raft_consensus.cc:2804] T b488266166c24f938b7ab8566a547a05 P 821cb58c64ff4afbb1fc2a5f8b91b462 [term 1 FOLLOWER]: Leader election won for term 1
I20260710 13:23:12.292912 22441 tablet_service.cc:1917] Received RequestConsensusVote() RPC: tablet_id: "6a57752d553148e69ee48daaa0fd89c2" candidate_uuid: "abcbe0862b884bd69bc76032fa5a9e79" candidate_term: 1 candidate_status { last_received { term: 0 index: 0 } } ignore_live_leader: false dest_uuid: "bbdffa197ab44840a80ed5c06725c6bb" is_pre_election: true
I20260710 13:23:12.303642 22663 raft_consensus.cc:697] T b488266166c24f938b7ab8566a547a05 P 821cb58c64ff4afbb1fc2a5f8b91b462 [term 1 LEADER]: Becoming Leader. State: Replica: 821cb58c64ff4afbb1fc2a5f8b91b462, State: Running, Role: LEADER
I20260710 13:23:12.300666 22409 leader_election.cc:304] T d1e76a35b23a49408feb3a19577ca33d P bbdffa197ab44840a80ed5c06725c6bb [CANDIDATE]: Term 1 pre-election: Election decided. Result: candidate won. Election summary: received 2 responses out of 3 voters: 2 yes votes; 0 no votes. yes voters: abcbe0862b884bd69bc76032fa5a9e79, bbdffa197ab44840a80ed5c06725c6bb; no voters: 
I20260710 13:23:12.306401 22657 raft_consensus.cc:2804] T d1e76a35b23a49408feb3a19577ca33d P bbdffa197ab44840a80ed5c06725c6bb [term 0 FOLLOWER]: Leader pre-election won for term 1
I20260710 13:23:12.306770 22657 raft_consensus.cc:493] T d1e76a35b23a49408feb3a19577ca33d P bbdffa197ab44840a80ed5c06725c6bb [term 0 FOLLOWER]: Starting leader election (no leader contacted us within the election timeout)
I20260710 13:23:12.307119 22657 raft_consensus.cc:3060] T d1e76a35b23a49408feb3a19577ca33d P bbdffa197ab44840a80ed5c06725c6bb [term 0 FOLLOWER]: Advancing to term 1
I20260710 13:23:12.305049 22441 raft_consensus.cc:2468] T 6a57752d553148e69ee48daaa0fd89c2 P bbdffa197ab44840a80ed5c06725c6bb [term 0 FOLLOWER]: Leader pre-election vote request: Granting yes vote for candidate abcbe0862b884bd69bc76032fa5a9e79 in term 0.
I20260710 13:23:12.307967 22636 tablet_bootstrap.cc:654] T b158f685561247f8a0cb1c977257179f P bbdffa197ab44840a80ed5c06725c6bb: Neither blocks nor log segments found. Creating new log.
I20260710 13:23:12.304589 22663 consensus_queue.cc:237] T b488266166c24f938b7ab8566a547a05 P 821cb58c64ff4afbb1fc2a5f8b91b462 [LEADER]: Queue going to LEADER mode. State: All replicated index: 0, Majority replicated index: 0, Committed index: 0, Last appended: 0.0, Last appended by leader: 0, Current term: 1, Majority size: 2, State: 0, Mode: LEADER, active raft config: opid_index: -1 OBSOLETE_local: false peers { permanent_uuid: "abcbe0862b884bd69bc76032fa5a9e79" member_type: VOTER last_known_addr { host: "127.21.201.3" port: 32813 } } peers { permanent_uuid: "bbdffa197ab44840a80ed5c06725c6bb" member_type: VOTER last_known_addr { host: "127.21.201.1" port: 41599 } } peers { permanent_uuid: "821cb58c64ff4afbb1fc2a5f8b91b462" member_type: VOTER last_known_addr { host: "127.21.201.2" port: 34899 } }
I20260710 13:23:12.313463 22556 leader_election.cc:304] T 6a57752d553148e69ee48daaa0fd89c2 P abcbe0862b884bd69bc76032fa5a9e79 [CANDIDATE]: Term 1 pre-election: Election decided. Result: candidate won. Election summary: received 2 responses out of 3 voters: 2 yes votes; 0 no votes. yes voters: abcbe0862b884bd69bc76032fa5a9e79, bbdffa197ab44840a80ed5c06725c6bb; no voters: 
