I20260710 13:23:49.771282 23257 raft_consensus.cc:2955] T 1ff9d57154284abdad0d61e66ff6e5d7 P ec3916772e2d4899a21df9f685cd0054 [term 1 FOLLOWER]: Committing config change with OpId 1.3: config changed from index 2 to 3, ec3916772e2d4899a21df9f685cd0054 (127.21.57.68) changed from NON_VOTER to VOTER. New config: { opid_index: 3 OBSOLETE_local: false peers { permanent_uuid: "96ba56bff7c24b27bd859e70a037c35f" member_type: VOTER last_known_addr { host: "127.21.57.65" port: 45333 } attrs { replace: true } } peers { permanent_uuid: "538ea564a9fb4e25a0cfd23d39467a66" member_type: VOTER last_known_addr { host: "127.21.57.66" port: 33333 } } peers { permanent_uuid: "d8c177e01e0447c6a9e0bf0daa262190" member_type: VOTER last_known_addr { host: "127.21.57.67" port: 39569 } } peers { permanent_uuid: "ec3916772e2d4899a21df9f685cd0054" member_type: VOTER last_known_addr { host: "127.21.57.68" port: 41153 } attrs { promote: false } } }
I20260710 13:23:49.776506 22931 raft_consensus.cc:2955] T 1ff9d57154284abdad0d61e66ff6e5d7 P 538ea564a9fb4e25a0cfd23d39467a66 [term 1 FOLLOWER]: Committing config change with OpId 1.3: config changed from index 2 to 3, ec3916772e2d4899a21df9f685cd0054 (127.21.57.68) changed from NON_VOTER to VOTER. New config: { opid_index: 3 OBSOLETE_local: false peers { permanent_uuid: "96ba56bff7c24b27bd859e70a037c35f" member_type: VOTER last_known_addr { host: "127.21.57.65" port: 45333 } attrs { replace: true } } peers { permanent_uuid: "538ea564a9fb4e25a0cfd23d39467a66" member_type: VOTER last_known_addr { host: "127.21.57.66" port: 33333 } } peers { permanent_uuid: "d8c177e01e0447c6a9e0bf0daa262190" member_type: VOTER last_known_addr { host: "127.21.57.67" port: 39569 } } peers { permanent_uuid: "ec3916772e2d4899a21df9f685cd0054" member_type: VOTER last_known_addr { host: "127.21.57.68" port: 41153 } attrs { promote: false } } }
I20260710 13:23:49.797358 22854 consensus_queue.cc:237] T 6b6e70a25af14e00b16fd3815793da2b P 96ba56bff7c24b27bd859e70a037c35f [LEADER]: Queue going to LEADER mode. State: All replicated index: 0, Majority replicated index: 3, Committed index: 3, Last appended: 1.3, Last appended by leader: 0, Current term: 1, Majority size: 2, State: 0, Mode: LEADER, active raft config: opid_index: 4 OBSOLETE_local: false peers { permanent_uuid: "96ba56bff7c24b27bd859e70a037c35f" member_type: VOTER last_known_addr { host: "127.21.57.65" port: 45333 } } peers { permanent_uuid: "d8c177e01e0447c6a9e0bf0daa262190" member_type: VOTER last_known_addr { host: "127.21.57.67" port: 39569 } } peers { permanent_uuid: "ec3916772e2d4899a21df9f685cd0054" member_type: VOTER last_known_addr { host: "127.21.57.68" port: 41153 } attrs { promote: false } }
I20260710 13:23:49.802258 22753 catalog_manager.cc:5697] T 1ff9d57154284abdad0d61e66ff6e5d7 P 96ba56bff7c24b27bd859e70a037c35f reported cstate change: config changed from index 2 to 3, ec3916772e2d4899a21df9f685cd0054 (127.21.57.68) changed from NON_VOTER to VOTER. New cstate: current_term: 1 leader_uuid: "d8c177e01e0447c6a9e0bf0daa262190" committed_config { opid_index: 3 OBSOLETE_local: false peers { permanent_uuid: "96ba56bff7c24b27bd859e70a037c35f" member_type: VOTER last_known_addr { host: "127.21.57.65" port: 45333 } attrs { replace: true } } peers { permanent_uuid: "538ea564a9fb4e25a0cfd23d39467a66" member_type: VOTER last_known_addr { host: "127.21.57.66" port: 33333 } } peers { permanent_uuid: "d8c177e01e0447c6a9e0bf0daa262190" member_type: VOTER last_known_addr { host: "127.21.57.67" port: 39569 } } peers { permanent_uuid: "ec3916772e2d4899a21df9f685cd0054" member_type: VOTER last_known_addr { host: "127.21.57.68" port: 41153 } attrs { promote: false } } }
I20260710 13:23:49.807348 23257 raft_consensus.cc:1275] T 6b6e70a25af14e00b16fd3815793da2b P ec3916772e2d4899a21df9f685cd0054 [term 1 FOLLOWER]: Refusing update from remote peer 96ba56bff7c24b27bd859e70a037c35f: Log matching property violated. Preceding OpId in replica: term: 1 index: 3. Preceding OpId from leader: term: 1 index: 4. (index mismatch)
I20260710 13:23:49.808984 23597 consensus_queue.cc:1048] T 6b6e70a25af14e00b16fd3815793da2b P 96ba56bff7c24b27bd859e70a037c35f [LEADER]: Connected to new peer: Peer: permanent_uuid: "ec3916772e2d4899a21df9f685cd0054" member_type: VOTER last_known_addr { host: "127.21.57.68" port: 41153 } attrs { promote: false }, Status: LMP_MISMATCH, Last received: 0.0, Next index: 4, Last known committed idx: 3, Time since last communication: 0.001s
I20260710 13:23:49.809279 23003 raft_consensus.cc:1275] T 6b6e70a25af14e00b16fd3815793da2b P d8c177e01e0447c6a9e0bf0daa262190 [term 1 FOLLOWER]: Refusing update from remote peer 96ba56bff7c24b27bd859e70a037c35f: Log matching property violated. Preceding OpId in replica: term: 1 index: 3. Preceding OpId from leader: term: 1 index: 4. (index mismatch)
I20260710 13:23:49.813078 23597 consensus_queue.cc:1048] T 6b6e70a25af14e00b16fd3815793da2b P 96ba56bff7c24b27bd859e70a037c35f [LEADER]: Connected to new peer: Peer: permanent_uuid: "d8c177e01e0447c6a9e0bf0daa262190" member_type: VOTER last_known_addr { host: "127.21.57.67" port: 39569 }, Status: LMP_MISMATCH, Last received: 0.0, Next index: 4, Last known committed idx: 3, Time since last communication: 0.000s
I20260710 13:23:49.816135 23602 raft_consensus.cc:2955] T 6b6e70a25af14e00b16fd3815793da2b P 96ba56bff7c24b27bd859e70a037c35f [term 1 LEADER]: Committing config change with OpId 1.4: config changed from index 3 to 4, VOTER 538ea564a9fb4e25a0cfd23d39467a66 (127.21.57.66) evicted. New config: { opid_index: 4 OBSOLETE_local: false peers { permanent_uuid: "96ba56bff7c24b27bd859e70a037c35f" member_type: VOTER last_known_addr { host: "127.21.57.65" port: 45333 } } peers { permanent_uuid: "d8c177e01e0447c6a9e0bf0daa262190" member_type: VOTER last_known_addr { host: "127.21.57.67" port: 39569 } } peers { permanent_uuid: "ec3916772e2d4899a21df9f685cd0054" member_type: VOTER last_known_addr { host: "127.21.57.68" port: 41153 } attrs { promote: false } } }
I20260710 13:23:49.823282 23004 consensus_queue.cc:237] T 1ff9d57154284abdad0d61e66ff6e5d7 P d8c177e01e0447c6a9e0bf0daa262190 [LEADER]: Queue going to LEADER mode. State: All replicated index: 0, Majority replicated index: 3, Committed index: 3, Last appended: 1.3, Last appended by leader: 0, Current term: 1, Majority size: 2, State: 0, Mode: LEADER, active raft config: opid_index: 4 OBSOLETE_local: false peers { permanent_uuid: "538ea564a9fb4e25a0cfd23d39467a66" member_type: VOTER last_known_addr { host: "127.21.57.66" port: 33333 } } peers { permanent_uuid: "d8c177e01e0447c6a9e0bf0daa262190" member_type: VOTER last_known_addr { host: "127.21.57.67" port: 39569 } } peers { permanent_uuid: "ec3916772e2d4899a21df9f685cd0054" member_type: VOTER last_known_addr { host: "127.21.57.68" port: 41153 } attrs { promote: false } }
I20260710 13:23:49.830902 23006 raft_consensus.cc:2955] T 6b6e70a25af14e00b16fd3815793da2b P d8c177e01e0447c6a9e0bf0daa262190 [term 1 FOLLOWER]: Committing config change with OpId 1.4: config changed from index 3 to 4, VOTER 538ea564a9fb4e25a0cfd23d39467a66 (127.21.57.66) evicted. New config: { opid_index: 4 OBSOLETE_local: false peers { permanent_uuid: "96ba56bff7c24b27bd859e70a037c35f" member_type: VOTER last_known_addr { host: "127.21.57.65" port: 45333 } } peers { permanent_uuid: "d8c177e01e0447c6a9e0bf0daa262190" member_type: VOTER last_known_addr { host: "127.21.57.67" port: 39569 } } peers { permanent_uuid: "ec3916772e2d4899a21df9f685cd0054" member_type: VOTER last_known_addr { host: "127.21.57.68" port: 41153 } attrs { promote: false } } }
I20260710 13:23:49.836956 23258 raft_consensus.cc:1275] T 1ff9d57154284abdad0d61e66ff6e5d7 P ec3916772e2d4899a21df9f685cd0054 [term 1 FOLLOWER]: Refusing update from remote peer d8c177e01e0447c6a9e0bf0daa262190: Log matching property violated. Preceding OpId in replica: term: 1 index: 3. Preceding OpId from leader: term: 1 index: 4. (index mismatch)
I20260710 13:23:49.840050 23606 consensus_queue.cc:1048] T 1ff9d57154284abdad0d61e66ff6e5d7 P d8c177e01e0447c6a9e0bf0daa262190 [LEADER]: Connected to new peer: Peer: permanent_uuid: "ec3916772e2d4899a21df9f685cd0054" member_type: VOTER last_known_addr { host: "127.21.57.68" port: 41153 } attrs { promote: false }, Status: LMP_MISMATCH, Last received: 0.0, Next index: 4, Last known committed idx: 3, Time since last communication: 0.001s
I20260710 13:23:49.849205 23594 raft_consensus.cc:2955] T 1ff9d57154284abdad0d61e66ff6e5d7 P d8c177e01e0447c6a9e0bf0daa262190 [term 1 LEADER]: Committing config change with OpId 1.4: config changed from index 3 to 4, VOTER 96ba56bff7c24b27bd859e70a037c35f (127.21.57.65) evicted. New config: { opid_index: 4 OBSOLETE_local: false peers { permanent_uuid: "538ea564a9fb4e25a0cfd23d39467a66" member_type: VOTER last_known_addr { host: "127.21.57.66" port: 33333 } } peers { permanent_uuid: "d8c177e01e0447c6a9e0bf0daa262190" member_type: VOTER last_known_addr { host: "127.21.57.67" port: 39569 } } peers { permanent_uuid: "ec3916772e2d4899a21df9f685cd0054" member_type: VOTER last_known_addr { host: "127.21.57.68" port: 41153 } attrs { promote: false } } }
I20260710 13:23:49.855099 22931 raft_consensus.cc:1275] T 1ff9d57154284abdad0d61e66ff6e5d7 P 538ea564a9fb4e25a0cfd23d39467a66 [term 1 FOLLOWER]: Refusing update from remote peer d8c177e01e0447c6a9e0bf0daa262190: Log matching property violated. Preceding OpId in replica: term: 1 index: 3. Preceding OpId from leader: term: 1 index: 4. (index mismatch)
I20260710 13:23:49.858494 22742 catalog_manager.cc:5210] ChangeConfig:REMOVE_PEER RPC for tablet 6b6e70a25af14e00b16fd3815793da2b with cas_config_opid_index 3: ChangeConfig:REMOVE_PEER succeeded (attempt 1)
I20260710 13:23:49.863821 23547 consensus_queue.cc:1048] T 1ff9d57154284abdad0d61e66ff6e5d7 P d8c177e01e0447c6a9e0bf0daa262190 [LEADER]: Connected to new peer: Peer: permanent_uuid: "538ea564a9fb4e25a0cfd23d39467a66" member_type: VOTER last_known_addr { host: "127.21.57.66" port: 33333 }, Status: LMP_MISMATCH, Last received: 0.0, Next index: 4, Last known committed idx: 3, Time since last communication: 0.000s
I20260710 13:23:49.862711 22755 catalog_manager.cc:5697] T 6b6e70a25af14e00b16fd3815793da2b P d8c177e01e0447c6a9e0bf0daa262190 reported cstate change: config changed from index 3 to 4, VOTER 538ea564a9fb4e25a0cfd23d39467a66 (127.21.57.66) evicted. New cstate: current_term: 1 leader_uuid: "96ba56bff7c24b27bd859e70a037c35f" committed_config { opid_index: 4 OBSOLETE_local: false peers { permanent_uuid: "96ba56bff7c24b27bd859e70a037c35f" member_type: VOTER last_known_addr { host: "127.21.57.65" port: 45333 } } peers { permanent_uuid: "d8c177e01e0447c6a9e0bf0daa262190" member_type: VOTER last_known_addr { host: "127.21.57.67" port: 39569 } } peers { permanent_uuid: "ec3916772e2d4899a21df9f685cd0054" member_type: VOTER last_known_addr { host: "127.21.57.68" port: 41153 } attrs { promote: false } } }
I20260710 13:23:49.863821 23256 raft_consensus.cc:2955] T 1ff9d57154284abdad0d61e66ff6e5d7 P ec3916772e2d4899a21df9f685cd0054 [term 1 FOLLOWER]: Committing config change with OpId 1.4: config changed from index 3 to 4, VOTER 96ba56bff7c24b27bd859e70a037c35f (127.21.57.65) evicted. New config: { opid_index: 4 OBSOLETE_local: false peers { permanent_uuid: "538ea564a9fb4e25a0cfd23d39467a66" member_type: VOTER last_known_addr { host: "127.21.57.66" port: 33333 } } peers { permanent_uuid: "d8c177e01e0447c6a9e0bf0daa262190" member_type: VOTER last_known_addr { host: "127.21.57.67" port: 39569 } } peers { permanent_uuid: "ec3916772e2d4899a21df9f685cd0054" member_type: VOTER last_known_addr { host: "127.21.57.68" port: 41153 } attrs { promote: false } } }
I20260710 13:23:49.868245 22931 raft_consensus.cc:2955] T 1ff9d57154284abdad0d61e66ff6e5d7 P 538ea564a9fb4e25a0cfd23d39467a66 [term 1 FOLLOWER]: Committing config change with OpId 1.4: config changed from index 3 to 4, VOTER 96ba56bff7c24b27bd859e70a037c35f (127.21.57.65) evicted. New config: { opid_index: 4 OBSOLETE_local: false peers { permanent_uuid: "538ea564a9fb4e25a0cfd23d39467a66" member_type: VOTER last_known_addr { host: "127.21.57.66" port: 33333 } } peers { permanent_uuid: "d8c177e01e0447c6a9e0bf0daa262190" member_type: VOTER last_known_addr { host: "127.21.57.67" port: 39569 } } peers { permanent_uuid: "ec3916772e2d4899a21df9f685cd0054" member_type: VOTER last_known_addr { host: "127.21.57.68" port: 41153 } attrs { promote: false } } }
I20260710 13:23:49.854362 23257 raft_consensus.cc:2955] T 6b6e70a25af14e00b16fd3815793da2b P ec3916772e2d4899a21df9f685cd0054 [term 1 FOLLOWER]: Committing config change with OpId 1.4: config changed from index 3 to 4, VOTER 538ea564a9fb4e25a0cfd23d39467a66 (127.21.57.66) evicted. New config: { opid_index: 4 OBSOLETE_local: false peers { permanent_uuid: "96ba56bff7c24b27bd859e70a037c35f" member_type: VOTER last_known_addr { host: "127.21.57.65" port: 45333 } } peers { permanent_uuid: "d8c177e01e0447c6a9e0bf0daa262190" member_type: VOTER last_known_addr { host: "127.21.57.67" port: 39569 } } peers { permanent_uuid: "ec3916772e2d4899a21df9f685cd0054" member_type: VOTER last_known_addr { host: "127.21.57.68" port: 41153 } attrs { promote: false } } }
I20260710 13:23:49.886406 22915 tablet_service.cc:1558] Processing DeleteTablet for tablet 6b6e70a25af14e00b16fd3815793da2b with delete_type TABLET_DATA_TOMBSTONED (TS 538ea564a9fb4e25a0cfd23d39467a66 not found in new config with opid_index 4) from {username='slave'} at 127.0.0.1:45548
I20260710 13:23:49.890070 22755 catalog_manager.cc:5697] T 1ff9d57154284abdad0d61e66ff6e5d7 P 538ea564a9fb4e25a0cfd23d39467a66 reported cstate change: config changed from index 3 to 4, VOTER 96ba56bff7c24b27bd859e70a037c35f (127.21.57.65) evicted. New cstate: current_term: 1 leader_uuid: "d8c177e01e0447c6a9e0bf0daa262190" committed_config { opid_index: 4 OBSOLETE_local: false peers { permanent_uuid: "538ea564a9fb4e25a0cfd23d39467a66" member_type: VOTER last_known_addr { host: "127.21.57.66" port: 33333 } } peers { permanent_uuid: "d8c177e01e0447c6a9e0bf0daa262190" member_type: VOTER last_known_addr { host: "127.21.57.67" port: 39569 } } peers { permanent_uuid: "ec3916772e2d4899a21df9f685cd0054" member_type: VOTER last_known_addr { host: "127.21.57.68" port: 41153 } attrs { promote: false } } }
I20260710 13:23:49.894910 22739 catalog_manager.cc:5210] ChangeConfig:REMOVE_PEER RPC for tablet 1ff9d57154284abdad0d61e66ff6e5d7 with cas_config_opid_index 3: ChangeConfig:REMOVE_PEER succeeded (attempt 1)
I20260710 13:23:49.903153 23613 tablet_replica.cc:333] T 6b6e70a25af14e00b16fd3815793da2b P 538ea564a9fb4e25a0cfd23d39467a66: stopping tablet replica
I20260710 13:23:49.904302 23613 raft_consensus.cc:2243] T 6b6e70a25af14e00b16fd3815793da2b P 538ea564a9fb4e25a0cfd23d39467a66 [term 1 FOLLOWER]: Raft consensus shutting down.
I20260710 13:23:49.905087 23613 raft_consensus.cc:2272] T 6b6e70a25af14e00b16fd3815793da2b P 538ea564a9fb4e25a0cfd23d39467a66 [term 1 FOLLOWER]: Raft consensus is shut down!
I20260710 13:23:49.910282 22839 tablet_service.cc:1558] Processing DeleteTablet for tablet 1ff9d57154284abdad0d61e66ff6e5d7 with delete_type TABLET_DATA_TOMBSTONED (TS 96ba56bff7c24b27bd859e70a037c35f not found in new config with opid_index 4) from {username='slave'} at 127.0.0.1:52492
I20260710 13:23:49.917384 23614 tablet_replica.cc:333] T 1ff9d57154284abdad0d61e66ff6e5d7 P 96ba56bff7c24b27bd859e70a037c35f: stopping tablet replica
I20260710 13:23:49.917820 23613 ts_tablet_manager.cc:1916] T 6b6e70a25af14e00b16fd3815793da2b P 538ea564a9fb4e25a0cfd23d39467a66: Deleting tablet data with delete state TABLET_DATA_TOMBSTONED
I20260710 13:23:49.918802 23614 raft_consensus.cc:2243] T 1ff9d57154284abdad0d61e66ff6e5d7 P 96ba56bff7c24b27bd859e70a037c35f [term 1 FOLLOWER]: Raft consensus shutting down.
I20260710 13:23:49.921882 23614 raft_consensus.cc:2272] T 1ff9d57154284abdad0d61e66ff6e5d7 P 96ba56bff7c24b27bd859e70a037c35f [term 1 FOLLOWER]: Raft consensus is shut down!
I20260710 13:23:49.925311 23614 ts_tablet_manager.cc:1916] T 1ff9d57154284abdad0d61e66ff6e5d7 P 96ba56bff7c24b27bd859e70a037c35f: Deleting tablet data with delete state TABLET_DATA_TOMBSTONED
I20260710 13:23:49.937244 23614 ts_tablet_manager.cc:1929] T 1ff9d57154284abdad0d61e66ff6e5d7 P 96ba56bff7c24b27bd859e70a037c35f: tablet deleted with delete type TABLET_DATA_TOMBSTONED: last-logged OpId 1.3
I20260710 13:23:49.937178 23613 ts_tablet_manager.cc:1929] T 6b6e70a25af14e00b16fd3815793da2b P 538ea564a9fb4e25a0cfd23d39467a66: tablet deleted with delete type TABLET_DATA_TOMBSTONED: last-logged OpId 1.3
I20260710 13:23:49.937801 23614 log.cc:1199] T 1ff9d57154284abdad0d61e66ff6e5d7 P 96ba56bff7c24b27bd859e70a037c35f: Deleting WAL directory at /tmp/dist-test-taskSdMk8e/test-tmp/auto_leader_rebalancer-test.0.LeaderRebalancerTest.AddTserver.1783689788085403-21733-0/minicluster-data/ts-0-root/wals/1ff9d57154284abdad0d61e66ff6e5d7
I20260710 13:23:49.937933 23613 log.cc:1199] T 6b6e70a25af14e00b16fd3815793da2b P 538ea564a9fb4e25a0cfd23d39467a66: Deleting WAL directory at /tmp/dist-test-taskSdMk8e/test-tmp/auto_leader_rebalancer-test.0.LeaderRebalancerTest.AddTserver.1783689788085403-21733-0/minicluster-data/ts-1-root/wals/6b6e70a25af14e00b16fd3815793da2b
I20260710 13:23:49.939404 22742 catalog_manager.cc:5028] TS 96ba56bff7c24b27bd859e70a037c35f (127.21.57.65:45333): tablet 1ff9d57154284abdad0d61e66ff6e5d7 (table test-workload [id=d3f5c2ac3f5e48b4b4dfaea655c58dcd]) successfully deleted
I20260710 13:23:49.940184 22742 catalog_manager.cc:5028] TS 538ea564a9fb4e25a0cfd23d39467a66 (127.21.57.66:33333): tablet 6b6e70a25af14e00b16fd3815793da2b (table test-workload [id=d3f5c2ac3f5e48b4b4dfaea655c58dcd]) successfully deleted
W20260710 13:23:51.369902 22971 thread.cc:641] raft [worker] (thread pool) Time spent creating pthread: real 0.545s	user 0.002s	sys 0.007s
W20260710 13:23:51.370366 22971 thread.cc:608] raft [worker] (thread pool) Time spent starting thread: real 0.546s	user 0.002s	sys 0.007s
W20260710 13:23:51.779277 23027 debug-util.cc:398] Leaking SignalData structure 0x7b08000c0ac0 after lost signal to thread 21736
W20260710 13:23:51.780218 23027 debug-util.cc:398] Leaking SignalData structure 0x7b0800094840 after lost signal to thread 22789
W20260710 13:23:51.781134 23027 debug-util.cc:398] Leaking SignalData structure 0x7b080029a0c0 after lost signal to thread 22881
W20260710 13:23:51.782112 23027 debug-util.cc:398] Leaking SignalData structure 0x7b08000d5240 after lost signal to thread 22956
W20260710 13:23:51.782876 23027 debug-util.cc:398] Leaking SignalData structure 0x7b080027d2a0 after lost signal to thread 23030
W20260710 13:23:51.783686 23027 debug-util.cc:398] Leaking SignalData structure 0x7b08000970c0 after lost signal to thread 23283
I20260710 13:23:54.804255 21733 auto_leader_rebalancer.cc:141] leader rebalance for table test-workload
I20260710 13:23:54.840132 23006 tablet_service.cc:2072] Received LeaderStepDown RPC: tablet_id: "03d0fdc6ea24450ca4d90d33d1fe26d7"
dest_uuid: "d8c177e01e0447c6a9e0bf0daa262190"
mode: GRACEFUL
new_leader_uuid: "ec3916772e2d4899a21df9f685cd0054"
 from {username='slave'} at 127.0.0.1:50908
I20260710 13:23:54.840633 23006 raft_consensus.cc:606] T 03d0fdc6ea24450ca4d90d33d1fe26d7 P d8c177e01e0447c6a9e0bf0daa262190 [term 1 LEADER]: Received request to transfer leadership to TS ec3916772e2d4899a21df9f685cd0054
I20260710 13:23:54.842844 23006 tablet_service.cc:2072] Received LeaderStepDown RPC: tablet_id: "1ff9d57154284abdad0d61e66ff6e5d7"
dest_uuid: "d8c177e01e0447c6a9e0bf0daa262190"
mode: GRACEFUL
new_leader_uuid: "ec3916772e2d4899a21df9f685cd0054"
 from {username='slave'} at 127.0.0.1:50908
I20260710 13:23:54.843253 23006 raft_consensus.cc:606] T 1ff9d57154284abdad0d61e66ff6e5d7 P d8c177e01e0447c6a9e0bf0daa262190 [term 1 LEADER]: Received request to transfer leadership to TS ec3916772e2d4899a21df9f685cd0054
I20260710 13:23:54.854717 22854 tablet_service.cc:2072] Received LeaderStepDown RPC: tablet_id: "7b6d9bfbe7d2451ebd4f261baeaec1fa"
dest_uuid: "96ba56bff7c24b27bd859e70a037c35f"
mode: GRACEFUL
new_leader_uuid: "ec3916772e2d4899a21df9f685cd0054"
 from {username='slave'} at 127.0.0.1:43724
I20260710 13:23:54.855208 22854 raft_consensus.cc:606] T 7b6d9bfbe7d2451ebd4f261baeaec1fa P 96ba56bff7c24b27bd859e70a037c35f [term 1 LEADER]: Received request to transfer leadership to TS ec3916772e2d4899a21df9f685cd0054
I20260710 13:23:54.858132 23006 tablet_service.cc:2072] Received LeaderStepDown RPC: tablet_id: "94358d5a622c4c478d6e48f7541b85c1"
dest_uuid: "d8c177e01e0447c6a9e0bf0daa262190"
mode: GRACEFUL
new_leader_uuid: "538ea564a9fb4e25a0cfd23d39467a66"
 from {username='slave'} at 127.0.0.1:50908
I20260710 13:23:54.858556 23006 raft_consensus.cc:606] T 94358d5a622c4c478d6e48f7541b85c1 P d8c177e01e0447c6a9e0bf0daa262190 [term 1 LEADER]: Received request to transfer leadership to TS 538ea564a9fb4e25a0cfd23d39467a66
I20260710 13:23:54.860560 22854 tablet_service.cc:2072] Received LeaderStepDown RPC: tablet_id: "b766ce3cc000416787952072316aa9d1"
dest_uuid: "96ba56bff7c24b27bd859e70a037c35f"
mode: GRACEFUL
new_leader_uuid: "ec3916772e2d4899a21df9f685cd0054"
 from {username='slave'} at 127.0.0.1:43724
I20260710 13:23:54.860960 22854 raft_consensus.cc:606] T b766ce3cc000416787952072316aa9d1 P 96ba56bff7c24b27bd859e70a037c35f [term 1 LEADER]: Received request to transfer leadership to TS ec3916772e2d4899a21df9f685cd0054
I20260710 13:23:54.861837 21733 auto_leader_rebalancer.cc:479] table: test-workload, leader rebalance finish, leader transfer count: 5
I20260710 13:23:54.862462 21733 auto_leader_rebalancer.cc:554] All tables' leader rebalancing finished this round
I20260710 13:23:54.953933 23616 raft_consensus.cc:993] T 94358d5a622c4c478d6e48f7541b85c1 P d8c177e01e0447c6a9e0bf0daa262190: : Instructing follower 538ea564a9fb4e25a0cfd23d39467a66 to start an election
I20260710 13:23:54.954348 23623 raft_consensus.cc:1081] T 94358d5a622c4c478d6e48f7541b85c1 P d8c177e01e0447c6a9e0bf0daa262190 [term 1 LEADER]: Signalling peer 538ea564a9fb4e25a0cfd23d39467a66 to start an election
I20260710 13:23:54.955577 22931 tablet_service.cc:2044] Received Run Leader Election RPC: tablet_id: "94358d5a622c4c478d6e48f7541b85c1"
dest_uuid: "538ea564a9fb4e25a0cfd23d39467a66"
 from {username='slave'} at 127.0.0.1:45562
I20260710 13:23:54.956012 22931 raft_consensus.cc:493] T 94358d5a622c4c478d6e48f7541b85c1 P 538ea564a9fb4e25a0cfd23d39467a66 [term 1 FOLLOWER]: Starting forced leader election (received explicit request)
I20260710 13:23:54.956270 22931 raft_consensus.cc:3060] T 94358d5a622c4c478d6e48f7541b85c1 P 538ea564a9fb4e25a0cfd23d39467a66 [term 1 FOLLOWER]: Advancing to term 2
I20260710 13:23:54.960273 22931 raft_consensus.cc:515] T 94358d5a622c4c478d6e48f7541b85c1 P 538ea564a9fb4e25a0cfd23d39467a66 [term 2 FOLLOWER]: Starting forced leader election with config: opid_index: -1 OBSOLETE_local: false peers { permanent_uuid: "96ba56bff7c24b27bd859e70a037c35f" member_type: VOTER last_known_addr { host: "127.21.57.65" port: 45333 } } peers { permanent_uuid: "538ea564a9fb4e25a0cfd23d39467a66" member_type: VOTER last_known_addr { host: "127.21.57.66" port: 33333 } } peers { permanent_uuid: "d8c177e01e0447c6a9e0bf0daa262190" member_type: VOTER last_known_addr { host: "127.21.57.67" port: 39569 } }
I20260710 13:23:54.962387 22931 leader_election.cc:290] T 94358d5a622c4c478d6e48f7541b85c1 P 538ea564a9fb4e25a0cfd23d39467a66 [CANDIDATE]: Term 2 election: Requested vote from peers 96ba56bff7c24b27bd859e70a037c35f (127.21.57.65:45333), d8c177e01e0447c6a9e0bf0daa262190 (127.21.57.67:39569)
I20260710 13:23:54.962733 22854 tablet_service.cc:1917] Received RequestConsensusVote() RPC: tablet_id: "94358d5a622c4c478d6e48f7541b85c1" candidate_uuid: "538ea564a9fb4e25a0cfd23d39467a66" candidate_term: 2 candidate_status { last_received { term: 1 index: 1 } } ignore_live_leader: true dest_uuid: "96ba56bff7c24b27bd859e70a037c35f"
I20260710 13:23:54.963083 23006 tablet_service.cc:1917] Received RequestConsensusVote() RPC: tablet_id: "94358d5a622c4c478d6e48f7541b85c1" candidate_uuid: "538ea564a9fb4e25a0cfd23d39467a66" candidate_term: 2 candidate_status { last_received { term: 1 index: 1 } } ignore_live_leader: true dest_uuid: "d8c177e01e0447c6a9e0bf0daa262190"
I20260710 13:23:54.963439 22854 raft_consensus.cc:3060] T 94358d5a622c4c478d6e48f7541b85c1 P 96ba56bff7c24b27bd859e70a037c35f [term 1 FOLLOWER]: Advancing to term 2
I20260710 13:23:54.963626 23006 raft_consensus.cc:3055] T 94358d5a622c4c478d6e48f7541b85c1 P d8c177e01e0447c6a9e0bf0daa262190 [term 1 LEADER]: Stepping down as leader of term 1
I20260710 13:23:54.963913 23006 raft_consensus.cc:740] T 94358d5a622c4c478d6e48f7541b85c1 P d8c177e01e0447c6a9e0bf0daa262190 [term 1 LEADER]: Becoming Follower/Learner. State: Replica: d8c177e01e0447c6a9e0bf0daa262190, State: Running, Role: LEADER
I20260710 13:23:54.964663 23006 consensus_queue.cc:260] T 94358d5a622c4c478d6e48f7541b85c1 P d8c177e01e0447c6a9e0bf0daa262190 [NON_LEADER]: Queue going to NON_LEADER mode. State: All replicated index: 0, Majority replicated index: 1, Committed index: 1, Last appended: 1.1, Last appended by leader: 1, Current term: 1, Majority size: -1, State: 0, Mode: NON_LEADER, active raft config: opid_index: -1 OBSOLETE_local: false peers { permanent_uuid: "96ba56bff7c24b27bd859e70a037c35f" member_type: VOTER last_known_addr { host: "127.21.57.65" port: 45333 } } peers { permanent_uuid: "538ea564a9fb4e25a0cfd23d39467a66" member_type: VOTER last_known_addr { host: "127.21.57.66" port: 33333 } } peers { permanent_uuid: "d8c177e01e0447c6a9e0bf0daa262190" member_type: VOTER last_known_addr { host: "127.21.57.67" port: 39569 } }
I20260710 13:23:54.965832 23006 raft_consensus.cc:3060] T 94358d5a622c4c478d6e48f7541b85c1 P d8c177e01e0447c6a9e0bf0daa262190 [term 1 FOLLOWER]: Advancing to term 2
I20260710 13:23:54.969368 22854 raft_consensus.cc:2468] T 94358d5a622c4c478d6e48f7541b85c1 P 96ba56bff7c24b27bd859e70a037c35f [term 2 FOLLOWER]: Leader election vote request: Granting yes vote for candidate 538ea564a9fb4e25a0cfd23d39467a66 in term 2.
I20260710 13:23:54.970515 22898 leader_election.cc:304] T 94358d5a622c4c478d6e48f7541b85c1 P 538ea564a9fb4e25a0cfd23d39467a66 [CANDIDATE]: Term 2 election: Election decided. Result: candidate won. Election summary: received 2 responses out of 3 voters: 2 yes votes; 0 no votes. yes voters: 538ea564a9fb4e25a0cfd23d39467a66, 96ba56bff7c24b27bd859e70a037c35f; no voters: 
I20260710 13:23:54.971140 23627 raft_consensus.cc:2804] T 94358d5a622c4c478d6e48f7541b85c1 P 538ea564a9fb4e25a0cfd23d39467a66 [term 2 FOLLOWER]: Leader election won for term 2
I20260710 13:23:54.971354 23006 raft_consensus.cc:2468] T 94358d5a622c4c478d6e48f7541b85c1 P d8c177e01e0447c6a9e0bf0daa262190 [term 2 FOLLOWER]: Leader election vote request: Granting yes vote for candidate 538ea564a9fb4e25a0cfd23d39467a66 in term 2.
I20260710 13:23:54.971517 23627 raft_consensus.cc:697] T 94358d5a622c4c478d6e48f7541b85c1 P 538ea564a9fb4e25a0cfd23d39467a66 [term 2 LEADER]: Becoming Leader. State: Replica: 538ea564a9fb4e25a0cfd23d39467a66, State: Running, Role: LEADER
I20260710 13:23:54.972446 23627 consensus_queue.cc:237] T 94358d5a622c4c478d6e48f7541b85c1 P 538ea564a9fb4e25a0cfd23d39467a66 [LEADER]: Queue going to LEADER mode. State: All replicated index: 0, Majority replicated index: 1, Committed index: 1, Last appended: 1.1, Last appended by leader: 1, Current term: 2, Majority size: 2, State: 0, Mode: LEADER, active raft config: opid_index: -1 OBSOLETE_local: false peers { permanent_uuid: "96ba56bff7c24b27bd859e70a037c35f" member_type: VOTER last_known_addr { host: "127.21.57.65" port: 45333 } } peers { permanent_uuid: "538ea564a9fb4e25a0cfd23d39467a66" member_type: VOTER last_known_addr { host: "127.21.57.66" port: 33333 } } peers { permanent_uuid: "d8c177e01e0447c6a9e0bf0daa262190" member_type: VOTER last_known_addr { host: "127.21.57.67" port: 39569 } }
I20260710 13:23:54.981455 22750 catalog_manager.cc:5697] T 94358d5a622c4c478d6e48f7541b85c1 P 538ea564a9fb4e25a0cfd23d39467a66 reported cstate change: term changed from 1 to 2, leader changed from d8c177e01e0447c6a9e0bf0daa262190 (127.21.57.67) to 538ea564a9fb4e25a0cfd23d39467a66 (127.21.57.66). New cstate: current_term: 2 leader_uuid: "538ea564a9fb4e25a0cfd23d39467a66" committed_config { opid_index: -1 OBSOLETE_local: false peers { permanent_uuid: "96ba56bff7c24b27bd859e70a037c35f" member_type: VOTER last_known_addr { host: "127.21.57.65" port: 45333 } health_report { overall_health: UNKNOWN } } peers { permanent_uuid: "538ea564a9fb4e25a0cfd23d39467a66" member_type: VOTER last_known_addr { host: "127.21.57.66" port: 33333 } health_report { overall_health: HEALTHY } } peers { permanent_uuid: "d8c177e01e0447c6a9e0bf0daa262190" member_type: VOTER last_known_addr { host: "127.21.57.67" port: 39569 } health_report { overall_health: UNKNOWN } } }
I20260710 13:23:55.079991 23625 raft_consensus.cc:993] T 7b6d9bfbe7d2451ebd4f261baeaec1fa P 96ba56bff7c24b27bd859e70a037c35f: : Instructing follower ec3916772e2d4899a21df9f685cd0054 to start an election
I20260710 13:23:55.080511 23631 raft_consensus.cc:1081] T 7b6d9bfbe7d2451ebd4f261baeaec1fa P 96ba56bff7c24b27bd859e70a037c35f [term 1 LEADER]: Signalling peer ec3916772e2d4899a21df9f685cd0054 to start an election
I20260710 13:23:55.081929 23257 tablet_service.cc:2044] Received Run Leader Election RPC: tablet_id: "7b6d9bfbe7d2451ebd4f261baeaec1fa"
dest_uuid: "ec3916772e2d4899a21df9f685cd0054"
 from {username='slave'} at 127.0.0.1:57718
I20260710 13:23:55.082299 23257 raft_consensus.cc:493] T 7b6d9bfbe7d2451ebd4f261baeaec1fa P ec3916772e2d4899a21df9f685cd0054 [term 1 FOLLOWER]: Starting forced leader election (received explicit request)
I20260710 13:23:55.082521 23257 raft_consensus.cc:3060] T 7b6d9bfbe7d2451ebd4f261baeaec1fa P ec3916772e2d4899a21df9f685cd0054 [term 1 FOLLOWER]: Advancing to term 2
I20260710 13:23:55.086601 23257 raft_consensus.cc:515] T 7b6d9bfbe7d2451ebd4f261baeaec1fa P ec3916772e2d4899a21df9f685cd0054 [term 2 FOLLOWER]: Starting forced leader election with config: opid_index: 4 OBSOLETE_local: false peers { permanent_uuid: "96ba56bff7c24b27bd859e70a037c35f" member_type: VOTER last_known_addr { host: "127.21.57.65" port: 45333 } } peers { permanent_uuid: "538ea564a9fb4e25a0cfd23d39467a66" member_type: VOTER last_known_addr { host: "127.21.57.66" port: 33333 } } peers { permanent_uuid: "ec3916772e2d4899a21df9f685cd0054" member_type: VOTER last_known_addr { host: "127.21.57.68" port: 41153 } attrs { promote: false } }
I20260710 13:23:55.088241 23257 leader_election.cc:290] T 7b6d9bfbe7d2451ebd4f261baeaec1fa P ec3916772e2d4899a21df9f685cd0054 [CANDIDATE]: Term 2 election: Requested vote from peers 96ba56bff7c24b27bd859e70a037c35f (127.21.57.65:45333), 538ea564a9fb4e25a0cfd23d39467a66 (127.21.57.66:33333)
I20260710 13:23:55.088987 22854 tablet_service.cc:1917] Received RequestConsensusVote() RPC: tablet_id: "7b6d9bfbe7d2451ebd4f261baeaec1fa" candidate_uuid: "ec3916772e2d4899a21df9f685cd0054" candidate_term: 2 candidate_status { last_received { term: 1 index: 4 } } ignore_live_leader: true dest_uuid: "96ba56bff7c24b27bd859e70a037c35f"
I20260710 13:23:55.089287 22931 tablet_service.cc:1917] Received RequestConsensusVote() RPC: tablet_id: "7b6d9bfbe7d2451ebd4f261baeaec1fa" candidate_uuid: "ec3916772e2d4899a21df9f685cd0054" candidate_term: 2 candidate_status { last_received { term: 1 index: 4 } } ignore_live_leader: true dest_uuid: "538ea564a9fb4e25a0cfd23d39467a66"
I20260710 13:23:55.089543 22854 raft_consensus.cc:3055] T 7b6d9bfbe7d2451ebd4f261baeaec1fa P 96ba56bff7c24b27bd859e70a037c35f [term 1 LEADER]: Stepping down as leader of term 1
I20260710 13:23:55.089859 22931 raft_consensus.cc:3060] T 7b6d9bfbe7d2451ebd4f261baeaec1fa P 538ea564a9fb4e25a0cfd23d39467a66 [term 1 FOLLOWER]: Advancing to term 2
I20260710 13:23:55.089882 22854 raft_consensus.cc:740] T 7b6d9bfbe7d2451ebd4f261baeaec1fa P 96ba56bff7c24b27bd859e70a037c35f [term 1 LEADER]: Becoming Follower/Learner. State: Replica: 96ba56bff7c24b27bd859e70a037c35f, State: Running, Role: LEADER
I20260710 13:23:55.090684 22854 consensus_queue.cc:260] T 7b6d9bfbe7d2451ebd4f261baeaec1fa P 96ba56bff7c24b27bd859e70a037c35f [NON_LEADER]: Queue going to NON_LEADER mode. State: All replicated index: 0, Majority replicated index: 4, Committed index: 4, Last appended: 1.4, Last appended by leader: 4, Current term: 1, Majority size: -1, State: 0, Mode: NON_LEADER, active raft config: opid_index: 4 OBSOLETE_local: false peers { permanent_uuid: "96ba56bff7c24b27bd859e70a037c35f" member_type: VOTER last_known_addr { host: "127.21.57.65" port: 45333 } } peers { permanent_uuid: "538ea564a9fb4e25a0cfd23d39467a66" member_type: VOTER last_known_addr { host: "127.21.57.66" port: 33333 } } peers { permanent_uuid: "ec3916772e2d4899a21df9f685cd0054" member_type: VOTER last_known_addr { host: "127.21.57.68" port: 41153 } attrs { promote: false } }
I20260710 13:23:55.091825 22854 raft_consensus.cc:3060] T 7b6d9bfbe7d2451ebd4f261baeaec1fa P 96ba56bff7c24b27bd859e70a037c35f [term 1 FOLLOWER]: Advancing to term 2
I20260710 13:23:55.095993 22931 raft_consensus.cc:2468] T 7b6d9bfbe7d2451ebd4f261baeaec1fa P 538ea564a9fb4e25a0cfd23d39467a66 [term 2 FOLLOWER]: Leader election vote request: Granting yes vote for candidate ec3916772e2d4899a21df9f685cd0054 in term 2.
I20260710 13:23:55.097128 23225 leader_election.cc:304] T 7b6d9bfbe7d2451ebd4f261baeaec1fa P ec3916772e2d4899a21df9f685cd0054 [CANDIDATE]: Term 2 election: Election decided. Result: candidate won. Election summary: received 2 responses out of 3 voters: 2 yes votes; 0 no votes. yes voters: 538ea564a9fb4e25a0cfd23d39467a66, ec3916772e2d4899a21df9f685cd0054; no voters: 
I20260710 13:23:55.097652 22854 raft_consensus.cc:2468] T 7b6d9bfbe7d2451ebd4f261baeaec1fa P 96ba56bff7c24b27bd859e70a037c35f [term 2 FOLLOWER]: Leader election vote request: Granting yes vote for candidate ec3916772e2d4899a21df9f685cd0054 in term 2.
I20260710 13:23:55.098727 23637 raft_consensus.cc:2804] T 7b6d9bfbe7d2451ebd4f261baeaec1fa P ec3916772e2d4899a21df9f685cd0054 [term 2 FOLLOWER]: Leader election won for term 2
I20260710 13:23:55.099807 23637 raft_consensus.cc:697] T 7b6d9bfbe7d2451ebd4f261baeaec1fa P ec3916772e2d4899a21df9f685cd0054 [term 2 LEADER]: Becoming Leader. State: Replica: ec3916772e2d4899a21df9f685cd0054, State: Running, Role: LEADER
I20260710 13:23:55.100572 23637 consensus_queue.cc:237] T 7b6d9bfbe7d2451ebd4f261baeaec1fa P ec3916772e2d4899a21df9f685cd0054 [LEADER]: Queue going to LEADER mode. State: All replicated index: 0, Majority replicated index: 4, Committed index: 4, Last appended: 1.4, Last appended by leader: 4, Current term: 2, Majority size: 2, State: 0, Mode: LEADER, active raft config: opid_index: 4 OBSOLETE_local: false peers { permanent_uuid: "96ba56bff7c24b27bd859e70a037c35f" member_type: VOTER last_known_addr { host: "127.21.57.65" port: 45333 } } peers { permanent_uuid: "538ea564a9fb4e25a0cfd23d39467a66" member_type: VOTER last_known_addr { host: "127.21.57.66" port: 33333 } } peers { permanent_uuid: "ec3916772e2d4899a21df9f685cd0054" member_type: VOTER last_known_addr { host: "127.21.57.68" port: 41153 } attrs { promote: false } }
I20260710 13:23:55.107640 22750 catalog_manager.cc:5697] T 7b6d9bfbe7d2451ebd4f261baeaec1fa P ec3916772e2d4899a21df9f685cd0054 reported cstate change: term changed from 1 to 2, leader changed from 96ba56bff7c24b27bd859e70a037c35f (127.21.57.65) to ec3916772e2d4899a21df9f685cd0054 (127.21.57.68). New cstate: current_term: 2 leader_uuid: "ec3916772e2d4899a21df9f685cd0054" committed_config { opid_index: 4 OBSOLETE_local: false peers { permanent_uuid: "96ba56bff7c24b27bd859e70a037c35f" member_type: VOTER last_known_addr { host: "127.21.57.65" port: 45333 } health_report { overall_health: UNKNOWN } } peers { permanent_uuid: "538ea564a9fb4e25a0cfd23d39467a66" member_type: VOTER last_known_addr { host: "127.21.57.66" port: 33333 } health_report { overall_health: UNKNOWN } } peers { permanent_uuid: "ec3916772e2d4899a21df9f685cd0054" member_type: VOTER last_known_addr { host: "127.21.57.68" port: 41153 } attrs { promote: false } health_report { overall_health: HEALTHY } } }
I20260710 13:23:55.162532 23616 raft_consensus.cc:993] T 03d0fdc6ea24450ca4d90d33d1fe26d7 P d8c177e01e0447c6a9e0bf0daa262190: : Instructing follower ec3916772e2d4899a21df9f685cd0054 to start an election
I20260710 13:23:55.163022 23623 raft_consensus.cc:1081] T 03d0fdc6ea24450ca4d90d33d1fe26d7 P d8c177e01e0447c6a9e0bf0daa262190 [term 1 LEADER]: Signalling peer ec3916772e2d4899a21df9f685cd0054 to start an election
I20260710 13:23:55.164372 23257 tablet_service.cc:2044] Received Run Leader Election RPC: tablet_id: "03d0fdc6ea24450ca4d90d33d1fe26d7"
dest_uuid: "ec3916772e2d4899a21df9f685cd0054"
 from {username='slave'} at 127.0.0.1:57704
I20260710 13:23:55.164778 23257 raft_consensus.cc:493] T 03d0fdc6ea24450ca4d90d33d1fe26d7 P ec3916772e2d4899a21df9f685cd0054 [term 1 FOLLOWER]: Starting forced leader election (received explicit request)
I20260710 13:23:55.165084 23257 raft_consensus.cc:3060] T 03d0fdc6ea24450ca4d90d33d1fe26d7 P ec3916772e2d4899a21df9f685cd0054 [term 1 FOLLOWER]: Advancing to term 2
I20260710 13:23:55.169284 23257 raft_consensus.cc:515] T 03d0fdc6ea24450ca4d90d33d1fe26d7 P ec3916772e2d4899a21df9f685cd0054 [term 2 FOLLOWER]: Starting forced leader election with config: opid_index: 4 OBSOLETE_local: false peers { permanent_uuid: "d8c177e01e0447c6a9e0bf0daa262190" member_type: VOTER last_known_addr { host: "127.21.57.67" port: 39569 } } peers { permanent_uuid: "538ea564a9fb4e25a0cfd23d39467a66" member_type: VOTER last_known_addr { host: "127.21.57.66" port: 33333 } } peers { permanent_uuid: "ec3916772e2d4899a21df9f685cd0054" member_type: VOTER last_known_addr { host: "127.21.57.68" port: 41153 } attrs { promote: false } }
I20260710 13:23:55.170853 23257 leader_election.cc:290] T 03d0fdc6ea24450ca4d90d33d1fe26d7 P ec3916772e2d4899a21df9f685cd0054 [CANDIDATE]: Term 2 election: Requested vote from peers d8c177e01e0447c6a9e0bf0daa262190 (127.21.57.67:39569), 538ea564a9fb4e25a0cfd23d39467a66 (127.21.57.66:33333)
I20260710 13:23:55.171631 23006 tablet_service.cc:1917] Received RequestConsensusVote() RPC: tablet_id: "03d0fdc6ea24450ca4d90d33d1fe26d7" candidate_uuid: "ec3916772e2d4899a21df9f685cd0054" candidate_term: 2 candidate_status { last_received { term: 1 index: 4 } } ignore_live_leader: true dest_uuid: "d8c177e01e0447c6a9e0bf0daa262190"
I20260710 13:23:55.171854 22931 tablet_service.cc:1917] Received RequestConsensusVote() RPC: tablet_id: "03d0fdc6ea24450ca4d90d33d1fe26d7" candidate_uuid: "ec3916772e2d4899a21df9f685cd0054" candidate_term: 2 candidate_status { last_received { term: 1 index: 4 } } ignore_live_leader: true dest_uuid: "538ea564a9fb4e25a0cfd23d39467a66"
I20260710 13:23:55.172168 23006 raft_consensus.cc:3055] T 03d0fdc6ea24450ca4d90d33d1fe26d7 P d8c177e01e0447c6a9e0bf0daa262190 [term 1 LEADER]: Stepping down as leader of term 1
I20260710 13:23:55.172380 22931 raft_consensus.cc:3060] T 03d0fdc6ea24450ca4d90d33d1fe26d7 P 538ea564a9fb4e25a0cfd23d39467a66 [term 1 FOLLOWER]: Advancing to term 2
I20260710 13:23:55.172487 23006 raft_consensus.cc:740] T 03d0fdc6ea24450ca4d90d33d1fe26d7 P d8c177e01e0447c6a9e0bf0daa262190 [term 1 LEADER]: Becoming Follower/Learner. State: Replica: d8c177e01e0447c6a9e0bf0daa262190, State: Running, Role: LEADER
I20260710 13:23:55.173123 23006 consensus_queue.cc:260] T 03d0fdc6ea24450ca4d90d33d1fe26d7 P d8c177e01e0447c6a9e0bf0daa262190 [NON_LEADER]: Queue going to NON_LEADER mode. State: All replicated index: 0, Majority replicated index: 4, Committed index: 4, Last appended: 1.4, Last appended by leader: 4, Current term: 1, Majority size: -1, State: 0, Mode: NON_LEADER, active raft config: opid_index: 4 OBSOLETE_local: false peers { permanent_uuid: "d8c177e01e0447c6a9e0bf0daa262190" member_type: VOTER last_known_addr { host: "127.21.57.67" port: 39569 } } peers { permanent_uuid: "538ea564a9fb4e25a0cfd23d39467a66" member_type: VOTER last_known_addr { host: "127.21.57.66" port: 33333 } } peers { permanent_uuid: "ec3916772e2d4899a21df9f685cd0054" member_type: VOTER last_known_addr { host: "127.21.57.68" port: 41153 } attrs { promote: false } }
I20260710 13:23:55.174011 23006 raft_consensus.cc:3060] T 03d0fdc6ea24450ca4d90d33d1fe26d7 P d8c177e01e0447c6a9e0bf0daa262190 [term 1 FOLLOWER]: Advancing to term 2
I20260710 13:23:55.176664 22931 raft_consensus.cc:2468] T 03d0fdc6ea24450ca4d90d33d1fe26d7 P 538ea564a9fb4e25a0cfd23d39467a66 [term 2 FOLLOWER]: Leader election vote request: Granting yes vote for candidate ec3916772e2d4899a21df9f685cd0054 in term 2.
I20260710 13:23:55.177518 23225 leader_election.cc:304] T 03d0fdc6ea24450ca4d90d33d1fe26d7 P ec3916772e2d4899a21df9f685cd0054 [CANDIDATE]: Term 2 election: Election decided. Result: candidate won. Election summary: received 2 responses out of 3 voters: 2 yes votes; 0 no votes. yes voters: 538ea564a9fb4e25a0cfd23d39467a66, ec3916772e2d4899a21df9f685cd0054; no voters: 
I20260710 13:23:55.178154 23637 raft_consensus.cc:2804] T 03d0fdc6ea24450ca4d90d33d1fe26d7 P ec3916772e2d4899a21df9f685cd0054 [term 2 FOLLOWER]: Leader election won for term 2
I20260710 13:23:55.178232 23006 raft_consensus.cc:2468] T 03d0fdc6ea24450ca4d90d33d1fe26d7 P d8c177e01e0447c6a9e0bf0daa262190 [term 2 FOLLOWER]: Leader election vote request: Granting yes vote for candidate ec3916772e2d4899a21df9f685cd0054 in term 2.
I20260710 13:23:55.178653 23637 raft_consensus.cc:697] T 03d0fdc6ea24450ca4d90d33d1fe26d7 P ec3916772e2d4899a21df9f685cd0054 [term 2 LEADER]: Becoming Leader. State: Replica: ec3916772e2d4899a21df9f685cd0054, State: Running, Role: LEADER
I20260710 13:23:55.179407 23637 consensus_queue.cc:237] T 03d0fdc6ea24450ca4d90d33d1fe26d7 P ec3916772e2d4899a21df9f685cd0054 [LEADER]: Queue going to LEADER mode. State: All replicated index: 0, Majority replicated index: 4, Committed index: 4, Last appended: 1.4, Last appended by leader: 4, Current term: 2, Majority size: 2, State: 0, Mode: LEADER, active raft config: opid_index: 4 OBSOLETE_local: false peers { permanent_uuid: "d8c177e01e0447c6a9e0bf0daa262190" member_type: VOTER last_known_addr { host: "127.21.57.67" port: 39569 } } peers { permanent_uuid: "538ea564a9fb4e25a0cfd23d39467a66" member_type: VOTER last_known_addr { host: "127.21.57.66" port: 33333 } } peers { permanent_uuid: "ec3916772e2d4899a21df9f685cd0054" member_type: VOTER last_known_addr { host: "127.21.57.68" port: 41153 } attrs { promote: false } }
I20260710 13:23:55.185998 22750 catalog_manager.cc:5697] T 03d0fdc6ea24450ca4d90d33d1fe26d7 P ec3916772e2d4899a21df9f685cd0054 reported cstate change: term changed from 1 to 2, leader changed from d8c177e01e0447c6a9e0bf0daa262190 (127.21.57.67) to ec3916772e2d4899a21df9f685cd0054 (127.21.57.68). New cstate: current_term: 2 leader_uuid: "ec3916772e2d4899a21df9f685cd0054" committed_config { opid_index: 4 OBSOLETE_local: false peers { permanent_uuid: "d8c177e01e0447c6a9e0bf0daa262190" member_type: VOTER last_known_addr { host: "127.21.57.67" port: 39569 } health_report { overall_health: UNKNOWN } } peers { permanent_uuid: "538ea564a9fb4e25a0cfd23d39467a66" member_type: VOTER last_known_addr { host: "127.21.57.66" port: 33333 } health_report { overall_health: UNKNOWN } } peers { permanent_uuid: "ec3916772e2d4899a21df9f685cd0054" member_type: VOTER last_known_addr { host: "127.21.57.68" port: 41153 } attrs { promote: false } health_report { overall_health: HEALTHY } } }
I20260710 13:23:55.223065 23616 raft_consensus.cc:993] T 1ff9d57154284abdad0d61e66ff6e5d7 P d8c177e01e0447c6a9e0bf0daa262190: : Instructing follower ec3916772e2d4899a21df9f685cd0054 to start an election
I20260710 13:23:55.223448 23623 raft_consensus.cc:1081] T 1ff9d57154284abdad0d61e66ff6e5d7 P d8c177e01e0447c6a9e0bf0daa262190 [term 1 LEADER]: Signalling peer ec3916772e2d4899a21df9f685cd0054 to start an election
I20260710 13:23:55.224795 23257 tablet_service.cc:2044] Received Run Leader Election RPC: tablet_id: "1ff9d57154284abdad0d61e66ff6e5d7"
dest_uuid: "ec3916772e2d4899a21df9f685cd0054"
 from {username='slave'} at 127.0.0.1:57704
I20260710 13:23:55.225194 23257 raft_consensus.cc:493] T 1ff9d57154284abdad0d61e66ff6e5d7 P ec3916772e2d4899a21df9f685cd0054 [term 1 FOLLOWER]: Starting forced leader election (received explicit request)
I20260710 13:23:55.225425 23257 raft_consensus.cc:3060] T 1ff9d57154284abdad0d61e66ff6e5d7 P ec3916772e2d4899a21df9f685cd0054 [term 1 FOLLOWER]: Advancing to term 2
I20260710 13:23:55.229671 23257 raft_consensus.cc:515] T 1ff9d57154284abdad0d61e66ff6e5d7 P ec3916772e2d4899a21df9f685cd0054 [term 2 FOLLOWER]: Starting forced leader election with config: opid_index: 4 OBSOLETE_local: false peers { permanent_uuid: "538ea564a9fb4e25a0cfd23d39467a66" member_type: VOTER last_known_addr { host: "127.21.57.66" port: 33333 } } peers { permanent_uuid: "d8c177e01e0447c6a9e0bf0daa262190" member_type: VOTER last_known_addr { host: "127.21.57.67" port: 39569 } } peers { permanent_uuid: "ec3916772e2d4899a21df9f685cd0054" member_type: VOTER last_known_addr { host: "127.21.57.68" port: 41153 } attrs { promote: false } }
I20260710 13:23:55.231424 23257 leader_election.cc:290] T 1ff9d57154284abdad0d61e66ff6e5d7 P ec3916772e2d4899a21df9f685cd0054 [CANDIDATE]: Term 2 election: Requested vote from peers 538ea564a9fb4e25a0cfd23d39467a66 (127.21.57.66:33333), d8c177e01e0447c6a9e0bf0daa262190 (127.21.57.67:39569)
I20260710 13:23:55.231783 22931 tablet_service.cc:1917] Received RequestConsensusVote() RPC: tablet_id: "1ff9d57154284abdad0d61e66ff6e5d7" candidate_uuid: "ec3916772e2d4899a21df9f685cd0054" candidate_term: 2 candidate_status { last_received { term: 1 index: 4 } } ignore_live_leader: true dest_uuid: "538ea564a9fb4e25a0cfd23d39467a66"
I20260710 13:23:55.232324 22931 raft_consensus.cc:3060] T 1ff9d57154284abdad0d61e66ff6e5d7 P 538ea564a9fb4e25a0cfd23d39467a66 [term 1 FOLLOWER]: Advancing to term 2
I20260710 13:23:55.232000 23006 tablet_service.cc:1917] Received RequestConsensusVote() RPC: tablet_id: "1ff9d57154284abdad0d61e66ff6e5d7" candidate_uuid: "ec3916772e2d4899a21df9f685cd0054" candidate_term: 2 candidate_status { last_received { term: 1 index: 4 } } ignore_live_leader: true dest_uuid: "d8c177e01e0447c6a9e0bf0daa262190"
I20260710 13:23:55.232757 23006 raft_consensus.cc:3055] T 1ff9d57154284abdad0d61e66ff6e5d7 P d8c177e01e0447c6a9e0bf0daa262190 [term 1 LEADER]: Stepping down as leader of term 1
I20260710 13:23:55.232945 23006 raft_consensus.cc:740] T 1ff9d57154284abdad0d61e66ff6e5d7 P d8c177e01e0447c6a9e0bf0daa262190 [term 1 LEADER]: Becoming Follower/Learner. State: Replica: d8c177e01e0447c6a9e0bf0daa262190, State: Running, Role: LEADER
I20260710 13:23:55.233508 23006 consensus_queue.cc:260] T 1ff9d57154284abdad0d61e66ff6e5d7 P d8c177e01e0447c6a9e0bf0daa262190 [NON_LEADER]: Queue going to NON_LEADER mode. State: All replicated index: 0, Majority replicated index: 4, Committed index: 4, Last appended: 1.4, Last appended by leader: 4, Current term: 1, Majority size: -1, State: 0, Mode: NON_LEADER, active raft config: opid_index: 4 OBSOLETE_local: false peers { permanent_uuid: "538ea564a9fb4e25a0cfd23d39467a66" member_type: VOTER last_known_addr { host: "127.21.57.66" port: 33333 } } peers { permanent_uuid: "d8c177e01e0447c6a9e0bf0daa262190" member_type: VOTER last_known_addr { host: "127.21.57.67" port: 39569 } } peers { permanent_uuid: "ec3916772e2d4899a21df9f685cd0054" member_type: VOTER last_known_addr { host: "127.21.57.68" port: 41153 } attrs { promote: false } }
I20260710 13:23:55.234321 23006 raft_consensus.cc:3060] T 1ff9d57154284abdad0d61e66ff6e5d7 P d8c177e01e0447c6a9e0bf0daa262190 [term 1 FOLLOWER]: Advancing to term 2
I20260710 13:23:55.236430 22931 raft_consensus.cc:2468] T 1ff9d57154284abdad0d61e66ff6e5d7 P 538ea564a9fb4e25a0cfd23d39467a66 [term 2 FOLLOWER]: Leader election vote request: Granting yes vote for candidate ec3916772e2d4899a21df9f685cd0054 in term 2.
I20260710 13:23:55.237278 23225 leader_election.cc:304] T 1ff9d57154284abdad0d61e66ff6e5d7 P ec3916772e2d4899a21df9f685cd0054 [CANDIDATE]: Term 2 election: Election decided. Result: candidate won. Election summary: received 2 responses out of 3 voters: 2 yes votes; 0 no votes. yes voters: 538ea564a9fb4e25a0cfd23d39467a66, ec3916772e2d4899a21df9f685cd0054; no voters: 
I20260710 13:23:55.237982 23637 raft_consensus.cc:2804] T 1ff9d57154284abdad0d61e66ff6e5d7 P ec3916772e2d4899a21df9f685cd0054 [term 2 FOLLOWER]: Leader election won for term 2
I20260710 13:23:55.238685 23006 raft_consensus.cc:2468] T 1ff9d57154284abdad0d61e66ff6e5d7 P d8c177e01e0447c6a9e0bf0daa262190 [term 2 FOLLOWER]: Leader election vote request: Granting yes vote for candidate ec3916772e2d4899a21df9f685cd0054 in term 2.
I20260710 13:23:55.238333 23637 raft_consensus.cc:697] T 1ff9d57154284abdad0d61e66ff6e5d7 P ec3916772e2d4899a21df9f685cd0054 [term 2 LEADER]: Becoming Leader. State: Replica: ec3916772e2d4899a21df9f685cd0054, State: Running, Role: LEADER
I20260710 13:23:55.239609 23637 consensus_queue.cc:237] T 1ff9d57154284abdad0d61e66ff6e5d7 P ec3916772e2d4899a21df9f685cd0054 [LEADER]: Queue going to LEADER mode. State: All replicated index: 0, Majority replicated index: 4, Committed index: 4, Last appended: 1.4, Last appended by leader: 4, Current term: 2, Majority size: 2, State: 0, Mode: LEADER, active raft config: opid_index: 4 OBSOLETE_local: false peers { permanent_uuid: "538ea564a9fb4e25a0cfd23d39467a66" member_type: VOTER last_known_addr { host: "127.21.57.66" port: 33333 } } peers { permanent_uuid: "d8c177e01e0447c6a9e0bf0daa262190" member_type: VOTER last_known_addr { host: "127.21.57.67" port: 39569 } } peers { permanent_uuid: "ec3916772e2d4899a21df9f685cd0054" member_type: VOTER last_known_addr { host: "127.21.57.68" port: 41153 } attrs { promote: false } }
