I20260710 13:23:41.551753 23006 consensus_queue.cc:237] T 05ad44d929c243c7b4ec996cb53be3b3 P d8c177e01e0447c6a9e0bf0daa262190 [LEADER]: Queue going to LEADER mode. State: All replicated index: 0, Majority replicated index: 1, Committed index: 1, Last appended: 1.1, Last appended by leader: 0, Current term: 1, Majority size: 2, State: 0, Mode: LEADER, active raft config: opid_index: 2 OBSOLETE_local: false peers { permanent_uuid: "96ba56bff7c24b27bd859e70a037c35f" member_type: VOTER last_known_addr { host: "127.21.57.65" port: 45333 } attrs { replace: true } } peers { permanent_uuid: "538ea564a9fb4e25a0cfd23d39467a66" member_type: VOTER last_known_addr { host: "127.21.57.66" port: 33333 } } peers { permanent_uuid: "d8c177e01e0447c6a9e0bf0daa262190" member_type: VOTER last_known_addr { host: "127.21.57.67" port: 39569 } } peers { permanent_uuid: "ec3916772e2d4899a21df9f685cd0054" member_type: NON_VOTER last_known_addr { host: "127.21.57.68" port: 41153 } attrs { promote: true } }
I20260710 13:23:41.557781 22932 raft_consensus.cc:2955] T 0b8cfaa59f304d0fb21c722a969d8a42 P 538ea564a9fb4e25a0cfd23d39467a66 [term 1 FOLLOWER]: Committing config change with OpId 1.2: config changed from index -1 to 2, NON_VOTER ec3916772e2d4899a21df9f685cd0054 (127.21.57.68) added. New config: { opid_index: 2 OBSOLETE_local: false peers { permanent_uuid: "96ba56bff7c24b27bd859e70a037c35f" member_type: VOTER last_known_addr { host: "127.21.57.65" port: 45333 } } peers { permanent_uuid: "538ea564a9fb4e25a0cfd23d39467a66" member_type: VOTER last_known_addr { host: "127.21.57.66" port: 33333 } attrs { replace: true } } peers { permanent_uuid: "d8c177e01e0447c6a9e0bf0daa262190" member_type: VOTER last_known_addr { host: "127.21.57.67" port: 39569 } } peers { permanent_uuid: "ec3916772e2d4899a21df9f685cd0054" member_type: NON_VOTER last_known_addr { host: "127.21.57.68" port: 41153 } attrs { promote: true } } }
I20260710 13:23:41.576529 22932 raft_consensus.cc:1275] T 05ad44d929c243c7b4ec996cb53be3b3 P 538ea564a9fb4e25a0cfd23d39467a66 [term 1 FOLLOWER]: Refusing update from remote peer d8c177e01e0447c6a9e0bf0daa262190: Log matching property violated. Preceding OpId in replica: term: 1 index: 1. Preceding OpId from leader: term: 1 index: 2. (index mismatch)
I20260710 13:23:41.576573 22857 raft_consensus.cc:1275] T 05ad44d929c243c7b4ec996cb53be3b3 P 96ba56bff7c24b27bd859e70a037c35f [term 1 FOLLOWER]: Refusing update from remote peer d8c177e01e0447c6a9e0bf0daa262190: Log matching property violated. Preceding OpId in replica: term: 1 index: 1. Preceding OpId from leader: term: 1 index: 2. (index mismatch)
W20260710 13:23:41.576814 22971 consensus_peers.cc:597] T 05ad44d929c243c7b4ec996cb53be3b3 P d8c177e01e0447c6a9e0bf0daa262190 -> Peer ec3916772e2d4899a21df9f685cd0054 (127.21.57.68:41153): Couldn't send request to peer ec3916772e2d4899a21df9f685cd0054. Error code: TABLET_NOT_FOUND (6). Status: Not found: Tablet not found: 05ad44d929c243c7b4ec996cb53be3b3. This is attempt 1: this message will repeat every 5th retry.
I20260710 13:23:41.578280 23367 consensus_queue.cc:1048] T 05ad44d929c243c7b4ec996cb53be3b3 P d8c177e01e0447c6a9e0bf0daa262190 [LEADER]: Connected to new peer: Peer: permanent_uuid: "96ba56bff7c24b27bd859e70a037c35f" member_type: VOTER last_known_addr { host: "127.21.57.65" port: 45333 } attrs { replace: true }, Status: LMP_MISMATCH, Last received: 0.0, Next index: 2, Last known committed idx: 1, Time since last communication: 0.000s
I20260710 13:23:41.579113 23409 consensus_queue.cc:1048] T 05ad44d929c243c7b4ec996cb53be3b3 P d8c177e01e0447c6a9e0bf0daa262190 [LEADER]: Connected to new peer: Peer: permanent_uuid: "538ea564a9fb4e25a0cfd23d39467a66" member_type: VOTER last_known_addr { host: "127.21.57.66" port: 33333 }, Status: LMP_MISMATCH, Last received: 0.0, Next index: 2, Last known committed idx: 1, Time since last communication: 0.000s
I20260710 13:23:41.592937 23367 raft_consensus.cc:2955] T 05ad44d929c243c7b4ec996cb53be3b3 P d8c177e01e0447c6a9e0bf0daa262190 [term 1 LEADER]: Committing config change with OpId 1.2: config changed from index -1 to 2, NON_VOTER ec3916772e2d4899a21df9f685cd0054 (127.21.57.68) added. New config: { opid_index: 2 OBSOLETE_local: false peers { permanent_uuid: "96ba56bff7c24b27bd859e70a037c35f" member_type: VOTER last_known_addr { host: "127.21.57.65" port: 45333 } attrs { replace: true } } peers { permanent_uuid: "538ea564a9fb4e25a0cfd23d39467a66" member_type: VOTER last_known_addr { host: "127.21.57.66" port: 33333 } } peers { permanent_uuid: "d8c177e01e0447c6a9e0bf0daa262190" member_type: VOTER last_known_addr { host: "127.21.57.67" port: 39569 } } peers { permanent_uuid: "ec3916772e2d4899a21df9f685cd0054" member_type: NON_VOTER last_known_addr { host: "127.21.57.68" port: 41153 } attrs { promote: true } } }
I20260710 13:23:41.600242 22857 raft_consensus.cc:2955] T 05ad44d929c243c7b4ec996cb53be3b3 P 96ba56bff7c24b27bd859e70a037c35f [term 1 FOLLOWER]: Committing config change with OpId 1.2: config changed from index -1 to 2, NON_VOTER ec3916772e2d4899a21df9f685cd0054 (127.21.57.68) added. New config: { opid_index: 2 OBSOLETE_local: false peers { permanent_uuid: "96ba56bff7c24b27bd859e70a037c35f" member_type: VOTER last_known_addr { host: "127.21.57.65" port: 45333 } attrs { replace: true } } peers { permanent_uuid: "538ea564a9fb4e25a0cfd23d39467a66" member_type: VOTER last_known_addr { host: "127.21.57.66" port: 33333 } } peers { permanent_uuid: "d8c177e01e0447c6a9e0bf0daa262190" member_type: VOTER last_known_addr { host: "127.21.57.67" port: 39569 } } peers { permanent_uuid: "ec3916772e2d4899a21df9f685cd0054" member_type: NON_VOTER last_known_addr { host: "127.21.57.68" port: 41153 } attrs { promote: true } } }
I20260710 13:23:41.615348 22750 catalog_manager.cc:5697] T 05ad44d929c243c7b4ec996cb53be3b3 P 96ba56bff7c24b27bd859e70a037c35f reported cstate change: config changed from index -1 to 2, NON_VOTER ec3916772e2d4899a21df9f685cd0054 (127.21.57.68) added. New cstate: current_term: 1 leader_uuid: "d8c177e01e0447c6a9e0bf0daa262190" committed_config { opid_index: 2 OBSOLETE_local: false peers { permanent_uuid: "96ba56bff7c24b27bd859e70a037c35f" member_type: VOTER last_known_addr { host: "127.21.57.65" port: 45333 } attrs { replace: true } } peers { permanent_uuid: "538ea564a9fb4e25a0cfd23d39467a66" member_type: VOTER last_known_addr { host: "127.21.57.66" port: 33333 } } peers { permanent_uuid: "d8c177e01e0447c6a9e0bf0daa262190" member_type: VOTER last_known_addr { host: "127.21.57.67" port: 39569 } } peers { permanent_uuid: "ec3916772e2d4899a21df9f685cd0054" member_type: NON_VOTER last_known_addr { host: "127.21.57.68" port: 41153 } attrs { promote: true } } }
I20260710 13:23:41.615865 22932 raft_consensus.cc:2955] T 05ad44d929c243c7b4ec996cb53be3b3 P 538ea564a9fb4e25a0cfd23d39467a66 [term 1 FOLLOWER]: Committing config change with OpId 1.2: config changed from index -1 to 2, NON_VOTER ec3916772e2d4899a21df9f685cd0054 (127.21.57.68) added. New config: { opid_index: 2 OBSOLETE_local: false peers { permanent_uuid: "96ba56bff7c24b27bd859e70a037c35f" member_type: VOTER last_known_addr { host: "127.21.57.65" port: 45333 } attrs { replace: true } } peers { permanent_uuid: "538ea564a9fb4e25a0cfd23d39467a66" member_type: VOTER last_known_addr { host: "127.21.57.66" port: 33333 } } peers { permanent_uuid: "d8c177e01e0447c6a9e0bf0daa262190" member_type: VOTER last_known_addr { host: "127.21.57.67" port: 39569 } } peers { permanent_uuid: "ec3916772e2d4899a21df9f685cd0054" member_type: NON_VOTER last_known_addr { host: "127.21.57.68" port: 41153 } attrs { promote: true } } }
I20260710 13:23:41.855633 23456 ts_tablet_manager.cc:933] T ac907428e64444e8990ca78b7cc2fba8 P ec3916772e2d4899a21df9f685cd0054: Initiating tablet copy from peer 538ea564a9fb4e25a0cfd23d39467a66 (127.21.57.66:33333)
I20260710 13:23:41.857640 23456 tablet_copy_client.cc:323] T ac907428e64444e8990ca78b7cc2fba8 P ec3916772e2d4899a21df9f685cd0054: tablet copy: Beginning tablet copy session from remote peer at address 127.21.57.66:33333
I20260710 13:23:41.859792 22942 tablet_copy_service.cc:140] P 538ea564a9fb4e25a0cfd23d39467a66: Received BeginTabletCopySession request for tablet ac907428e64444e8990ca78b7cc2fba8 from peer ec3916772e2d4899a21df9f685cd0054 ({username='slave'} at 127.0.0.1:45578)
I20260710 13:23:41.860301 22942 tablet_copy_service.cc:161] P 538ea564a9fb4e25a0cfd23d39467a66: Beginning new tablet copy session on tablet ac907428e64444e8990ca78b7cc2fba8 from peer ec3916772e2d4899a21df9f685cd0054 at {username='slave'} at 127.0.0.1:45578: session id = ec3916772e2d4899a21df9f685cd0054-ac907428e64444e8990ca78b7cc2fba8
I20260710 13:23:41.872575 22942 tablet_copy_source_session.cc:215] T ac907428e64444e8990ca78b7cc2fba8 P 538ea564a9fb4e25a0cfd23d39467a66: Tablet Copy: opened 0 blocks and 1 log segments
I20260710 13:23:41.876013 23456 data_dirs.cc:400] Could only allocate 1 dirs of requested 3 for tablet ac907428e64444e8990ca78b7cc2fba8. 1 dirs total, 0 dirs full, 0 dirs failed
I20260710 13:23:41.891135 23456 tablet_copy_client.cc:806] T ac907428e64444e8990ca78b7cc2fba8 P ec3916772e2d4899a21df9f685cd0054: tablet copy: Starting download of 0 data blocks...
I20260710 13:23:41.891738 23456 tablet_copy_client.cc:670] T ac907428e64444e8990ca78b7cc2fba8 P ec3916772e2d4899a21df9f685cd0054: tablet copy: Starting download of 1 WAL segments...
I20260710 13:23:41.896360 23456 tablet_copy_client.cc:538] T ac907428e64444e8990ca78b7cc2fba8 P ec3916772e2d4899a21df9f685cd0054: tablet copy: Tablet Copy complete. Replacing tablet superblock.
I20260710 13:23:41.905117 23456 tablet_bootstrap.cc:492] T ac907428e64444e8990ca78b7cc2fba8 P ec3916772e2d4899a21df9f685cd0054: Bootstrap starting.
I20260710 13:23:41.925333 23456 tablet_bootstrap.cc:492] T ac907428e64444e8990ca78b7cc2fba8 P ec3916772e2d4899a21df9f685cd0054: Bootstrap replayed 1/1 log segments. Stats: ops{read=2 overwritten=0 applied=2 ignored=0} inserts{seen=0 ignored=0} mutations{seen=0 ignored=0} orphaned_commits=0. Pending: 0 replicates
I20260710 13:23:41.926215 23456 tablet_bootstrap.cc:492] T ac907428e64444e8990ca78b7cc2fba8 P ec3916772e2d4899a21df9f685cd0054: Bootstrap complete.
I20260710 13:23:41.926841 23456 ts_tablet_manager.cc:1403] T ac907428e64444e8990ca78b7cc2fba8 P ec3916772e2d4899a21df9f685cd0054: Time spent bootstrapping tablet: real 0.022s	user 0.019s	sys 0.004s
I20260710 13:23:41.929637 23456 raft_consensus.cc:359] T ac907428e64444e8990ca78b7cc2fba8 P ec3916772e2d4899a21df9f685cd0054 [term 1 LEARNER]: Replica starting. Triggering 0 pending ops. Active config: opid_index: 2 OBSOLETE_local: false peers { permanent_uuid: "96ba56bff7c24b27bd859e70a037c35f" member_type: VOTER last_known_addr { host: "127.21.57.65" port: 45333 } } peers { permanent_uuid: "538ea564a9fb4e25a0cfd23d39467a66" member_type: VOTER last_known_addr { host: "127.21.57.66" port: 33333 } } peers { permanent_uuid: "d8c177e01e0447c6a9e0bf0daa262190" member_type: VOTER last_known_addr { host: "127.21.57.67" port: 39569 } attrs { replace: true } } peers { permanent_uuid: "ec3916772e2d4899a21df9f685cd0054" member_type: NON_VOTER last_known_addr { host: "127.21.57.68" port: 41153 } attrs { promote: true } }
I20260710 13:23:41.930465 23456 raft_consensus.cc:740] T ac907428e64444e8990ca78b7cc2fba8 P ec3916772e2d4899a21df9f685cd0054 [term 1 LEARNER]: Becoming Follower/Learner. State: Replica: ec3916772e2d4899a21df9f685cd0054, State: Initialized, Role: LEARNER
I20260710 13:23:41.931077 23456 consensus_queue.cc:260] T ac907428e64444e8990ca78b7cc2fba8 P ec3916772e2d4899a21df9f685cd0054 [NON_LEADER]: Queue going to NON_LEADER mode. State: All replicated index: 0, Majority replicated index: 0, Committed index: 2, Last appended: 1.2, Last appended by leader: 2, Current term: 0, Majority size: -1, State: 0, Mode: NON_LEADER, active raft config: opid_index: 2 OBSOLETE_local: false peers { permanent_uuid: "96ba56bff7c24b27bd859e70a037c35f" member_type: VOTER last_known_addr { host: "127.21.57.65" port: 45333 } } peers { permanent_uuid: "538ea564a9fb4e25a0cfd23d39467a66" member_type: VOTER last_known_addr { host: "127.21.57.66" port: 33333 } } peers { permanent_uuid: "d8c177e01e0447c6a9e0bf0daa262190" member_type: VOTER last_known_addr { host: "127.21.57.67" port: 39569 } attrs { replace: true } } peers { permanent_uuid: "ec3916772e2d4899a21df9f685cd0054" member_type: NON_VOTER last_known_addr { host: "127.21.57.68" port: 41153 } attrs { promote: true } }
I20260710 13:23:41.938256 23456 ts_tablet_manager.cc:1434] T ac907428e64444e8990ca78b7cc2fba8 P ec3916772e2d4899a21df9f685cd0054: Time spent starting tablet: real 0.011s	user 0.007s	sys 0.004s
I20260710 13:23:41.940888 22942 tablet_copy_service.cc:342] P 538ea564a9fb4e25a0cfd23d39467a66: Request end of tablet copy session ec3916772e2d4899a21df9f685cd0054-ac907428e64444e8990ca78b7cc2fba8 received from {username='slave'} at 127.0.0.1:45578
I20260710 13:23:41.941313 22942 tablet_copy_service.cc:434] P 538ea564a9fb4e25a0cfd23d39467a66: ending tablet copy session ec3916772e2d4899a21df9f685cd0054-ac907428e64444e8990ca78b7cc2fba8 on tablet ac907428e64444e8990ca78b7cc2fba8 with peer ec3916772e2d4899a21df9f685cd0054
I20260710 13:23:42.001559 23456 ts_tablet_manager.cc:933] T b766ce3cc000416787952072316aa9d1 P ec3916772e2d4899a21df9f685cd0054: Initiating tablet copy from peer 96ba56bff7c24b27bd859e70a037c35f (127.21.57.65:45333)
I20260710 13:23:42.003307 23456 tablet_copy_client.cc:323] T b766ce3cc000416787952072316aa9d1 P ec3916772e2d4899a21df9f685cd0054: tablet copy: Beginning tablet copy session from remote peer at address 127.21.57.65:45333
I20260710 13:23:42.005065 22867 tablet_copy_service.cc:140] P 96ba56bff7c24b27bd859e70a037c35f: Received BeginTabletCopySession request for tablet b766ce3cc000416787952072316aa9d1 from peer ec3916772e2d4899a21df9f685cd0054 ({username='slave'} at 127.0.0.1:52532)
I20260710 13:23:42.005614 22867 tablet_copy_service.cc:161] P 96ba56bff7c24b27bd859e70a037c35f: Beginning new tablet copy session on tablet b766ce3cc000416787952072316aa9d1 from peer ec3916772e2d4899a21df9f685cd0054 at {username='slave'} at 127.0.0.1:52532: session id = ec3916772e2d4899a21df9f685cd0054-b766ce3cc000416787952072316aa9d1
I20260710 13:23:42.013216 22867 tablet_copy_source_session.cc:215] T b766ce3cc000416787952072316aa9d1 P 96ba56bff7c24b27bd859e70a037c35f: Tablet Copy: opened 0 blocks and 1 log segments
I20260710 13:23:42.024236 23456 data_dirs.cc:400] Could only allocate 1 dirs of requested 3 for tablet b766ce3cc000416787952072316aa9d1. 1 dirs total, 0 dirs full, 0 dirs failed
I20260710 13:23:42.042867 23456 tablet_copy_client.cc:806] T b766ce3cc000416787952072316aa9d1 P ec3916772e2d4899a21df9f685cd0054: tablet copy: Starting download of 0 data blocks...
I20260710 13:23:42.043887 23456 tablet_copy_client.cc:670] T b766ce3cc000416787952072316aa9d1 P ec3916772e2d4899a21df9f685cd0054: tablet copy: Starting download of 1 WAL segments...
I20260710 13:23:42.048264 23456 tablet_copy_client.cc:538] T b766ce3cc000416787952072316aa9d1 P ec3916772e2d4899a21df9f685cd0054: tablet copy: Tablet Copy complete. Replacing tablet superblock.
I20260710 13:23:42.058688 23456 tablet_bootstrap.cc:492] T b766ce3cc000416787952072316aa9d1 P ec3916772e2d4899a21df9f685cd0054: Bootstrap starting.
I20260710 13:23:42.084420 23456 tablet_bootstrap.cc:492] T b766ce3cc000416787952072316aa9d1 P ec3916772e2d4899a21df9f685cd0054: Bootstrap replayed 1/1 log segments. Stats: ops{read=2 overwritten=0 applied=2 ignored=0} inserts{seen=0 ignored=0} mutations{seen=0 ignored=0} orphaned_commits=0. Pending: 0 replicates
I20260710 13:23:42.085287 23456 tablet_bootstrap.cc:492] T b766ce3cc000416787952072316aa9d1 P ec3916772e2d4899a21df9f685cd0054: Bootstrap complete.
I20260710 13:23:42.085963 23456 ts_tablet_manager.cc:1403] T b766ce3cc000416787952072316aa9d1 P ec3916772e2d4899a21df9f685cd0054: Time spent bootstrapping tablet: real 0.028s	user 0.016s	sys 0.011s
I20260710 13:23:42.088732 23456 raft_consensus.cc:359] T b766ce3cc000416787952072316aa9d1 P ec3916772e2d4899a21df9f685cd0054 [term 1 LEARNER]: Replica starting. Triggering 0 pending ops. Active config: opid_index: 2 OBSOLETE_local: false peers { permanent_uuid: "96ba56bff7c24b27bd859e70a037c35f" member_type: VOTER last_known_addr { host: "127.21.57.65" port: 45333 } } peers { permanent_uuid: "538ea564a9fb4e25a0cfd23d39467a66" member_type: VOTER last_known_addr { host: "127.21.57.66" port: 33333 } } peers { permanent_uuid: "d8c177e01e0447c6a9e0bf0daa262190" member_type: VOTER last_known_addr { host: "127.21.57.67" port: 39569 } attrs { replace: true } } peers { permanent_uuid: "ec3916772e2d4899a21df9f685cd0054" member_type: NON_VOTER last_known_addr { host: "127.21.57.68" port: 41153 } attrs { promote: true } }
I20260710 13:23:42.089514 23456 raft_consensus.cc:740] T b766ce3cc000416787952072316aa9d1 P ec3916772e2d4899a21df9f685cd0054 [term 1 LEARNER]: Becoming Follower/Learner. State: Replica: ec3916772e2d4899a21df9f685cd0054, State: Initialized, Role: LEARNER
I20260710 13:23:42.090164 23456 consensus_queue.cc:260] T b766ce3cc000416787952072316aa9d1 P ec3916772e2d4899a21df9f685cd0054 [NON_LEADER]: Queue going to NON_LEADER mode. State: All replicated index: 0, Majority replicated index: 0, Committed index: 2, Last appended: 1.2, Last appended by leader: 2, Current term: 0, Majority size: -1, State: 0, Mode: NON_LEADER, active raft config: opid_index: 2 OBSOLETE_local: false peers { permanent_uuid: "96ba56bff7c24b27bd859e70a037c35f" member_type: VOTER last_known_addr { host: "127.21.57.65" port: 45333 } } peers { permanent_uuid: "538ea564a9fb4e25a0cfd23d39467a66" member_type: VOTER last_known_addr { host: "127.21.57.66" port: 33333 } } peers { permanent_uuid: "d8c177e01e0447c6a9e0bf0daa262190" member_type: VOTER last_known_addr { host: "127.21.57.67" port: 39569 } attrs { replace: true } } peers { permanent_uuid: "ec3916772e2d4899a21df9f685cd0054" member_type: NON_VOTER last_known_addr { host: "127.21.57.68" port: 41153 } attrs { promote: true } }
I20260710 13:23:42.092427 23456 ts_tablet_manager.cc:1434] T b766ce3cc000416787952072316aa9d1 P ec3916772e2d4899a21df9f685cd0054: Time spent starting tablet: real 0.006s	user 0.004s	sys 0.000s
I20260710 13:23:42.095541 22867 tablet_copy_service.cc:342] P 96ba56bff7c24b27bd859e70a037c35f: Request end of tablet copy session ec3916772e2d4899a21df9f685cd0054-b766ce3cc000416787952072316aa9d1 received from {username='slave'} at 127.0.0.1:52532
I20260710 13:23:42.095965 22867 tablet_copy_service.cc:434] P 96ba56bff7c24b27bd859e70a037c35f: ending tablet copy session ec3916772e2d4899a21df9f685cd0054-b766ce3cc000416787952072316aa9d1 on tablet b766ce3cc000416787952072316aa9d1 with peer ec3916772e2d4899a21df9f685cd0054
I20260710 13:23:42.132015 23456 ts_tablet_manager.cc:933] T 0b8cfaa59f304d0fb21c722a969d8a42 P ec3916772e2d4899a21df9f685cd0054: Initiating tablet copy from peer 96ba56bff7c24b27bd859e70a037c35f (127.21.57.65:45333)
I20260710 13:23:42.135859 23456 tablet_copy_client.cc:323] T 0b8cfaa59f304d0fb21c722a969d8a42 P ec3916772e2d4899a21df9f685cd0054: tablet copy: Beginning tablet copy session from remote peer at address 127.21.57.65:45333
I20260710 13:23:42.137163 22867 tablet_copy_service.cc:140] P 96ba56bff7c24b27bd859e70a037c35f: Received BeginTabletCopySession request for tablet 0b8cfaa59f304d0fb21c722a969d8a42 from peer ec3916772e2d4899a21df9f685cd0054 ({username='slave'} at 127.0.0.1:52532)
I20260710 13:23:42.137573 22867 tablet_copy_service.cc:161] P 96ba56bff7c24b27bd859e70a037c35f: Beginning new tablet copy session on tablet 0b8cfaa59f304d0fb21c722a969d8a42 from peer ec3916772e2d4899a21df9f685cd0054 at {username='slave'} at 127.0.0.1:52532: session id = ec3916772e2d4899a21df9f685cd0054-0b8cfaa59f304d0fb21c722a969d8a42
I20260710 13:23:42.142243 22867 tablet_copy_source_session.cc:215] T 0b8cfaa59f304d0fb21c722a969d8a42 P 96ba56bff7c24b27bd859e70a037c35f: Tablet Copy: opened 0 blocks and 1 log segments
I20260710 13:23:42.144438 23456 data_dirs.cc:400] Could only allocate 1 dirs of requested 3 for tablet 0b8cfaa59f304d0fb21c722a969d8a42. 1 dirs total, 0 dirs full, 0 dirs failed
I20260710 13:23:42.157449 23456 tablet_copy_client.cc:806] T 0b8cfaa59f304d0fb21c722a969d8a42 P ec3916772e2d4899a21df9f685cd0054: tablet copy: Starting download of 0 data blocks...
I20260710 13:23:42.158212 23456 tablet_copy_client.cc:670] T 0b8cfaa59f304d0fb21c722a969d8a42 P ec3916772e2d4899a21df9f685cd0054: tablet copy: Starting download of 1 WAL segments...
I20260710 13:23:42.161036 23456 tablet_copy_client.cc:538] T 0b8cfaa59f304d0fb21c722a969d8a42 P ec3916772e2d4899a21df9f685cd0054: tablet copy: Tablet Copy complete. Replacing tablet superblock.
I20260710 13:23:42.171103 23456 tablet_bootstrap.cc:492] T 0b8cfaa59f304d0fb21c722a969d8a42 P ec3916772e2d4899a21df9f685cd0054: Bootstrap starting.
I20260710 13:23:42.178251 23463 ts_tablet_manager.cc:933] T 05ad44d929c243c7b4ec996cb53be3b3 P ec3916772e2d4899a21df9f685cd0054: Initiating tablet copy from peer d8c177e01e0447c6a9e0bf0daa262190 (127.21.57.67:39569)
I20260710 13:23:42.195221 23456 tablet_bootstrap.cc:492] T 0b8cfaa59f304d0fb21c722a969d8a42 P ec3916772e2d4899a21df9f685cd0054: Bootstrap replayed 1/1 log segments. Stats: ops{read=2 overwritten=0 applied=2 ignored=0} inserts{seen=0 ignored=0} mutations{seen=0 ignored=0} orphaned_commits=0. Pending: 0 replicates
I20260710 13:23:42.196287 23456 tablet_bootstrap.cc:492] T 0b8cfaa59f304d0fb21c722a969d8a42 P ec3916772e2d4899a21df9f685cd0054: Bootstrap complete.
I20260710 13:23:42.196993 23456 ts_tablet_manager.cc:1403] T 0b8cfaa59f304d0fb21c722a969d8a42 P ec3916772e2d4899a21df9f685cd0054: Time spent bootstrapping tablet: real 0.026s	user 0.024s	sys 0.001s
I20260710 13:23:42.198016 23463 tablet_copy_client.cc:323] T 05ad44d929c243c7b4ec996cb53be3b3 P ec3916772e2d4899a21df9f685cd0054: tablet copy: Beginning tablet copy session from remote peer at address 127.21.57.67:39569
I20260710 13:23:42.199676 23016 tablet_copy_service.cc:140] P d8c177e01e0447c6a9e0bf0daa262190: Received BeginTabletCopySession request for tablet 05ad44d929c243c7b4ec996cb53be3b3 from peer ec3916772e2d4899a21df9f685cd0054 ({username='slave'} at 127.0.0.1:39964)
I20260710 13:23:42.200305 23016 tablet_copy_service.cc:161] P d8c177e01e0447c6a9e0bf0daa262190: Beginning new tablet copy session on tablet 05ad44d929c243c7b4ec996cb53be3b3 from peer ec3916772e2d4899a21df9f685cd0054 at {username='slave'} at 127.0.0.1:39964: session id = ec3916772e2d4899a21df9f685cd0054-05ad44d929c243c7b4ec996cb53be3b3
I20260710 13:23:42.200536 23456 raft_consensus.cc:359] T 0b8cfaa59f304d0fb21c722a969d8a42 P ec3916772e2d4899a21df9f685cd0054 [term 1 LEARNER]: Replica starting. Triggering 0 pending ops. Active config: opid_index: 2 OBSOLETE_local: false peers { permanent_uuid: "96ba56bff7c24b27bd859e70a037c35f" member_type: VOTER last_known_addr { host: "127.21.57.65" port: 45333 } } peers { permanent_uuid: "538ea564a9fb4e25a0cfd23d39467a66" member_type: VOTER last_known_addr { host: "127.21.57.66" port: 33333 } attrs { replace: true } } peers { permanent_uuid: "d8c177e01e0447c6a9e0bf0daa262190" member_type: VOTER last_known_addr { host: "127.21.57.67" port: 39569 } } peers { permanent_uuid: "ec3916772e2d4899a21df9f685cd0054" member_type: NON_VOTER last_known_addr { host: "127.21.57.68" port: 41153 } attrs { promote: true } }
I20260710 13:23:42.201318 23456 raft_consensus.cc:740] T 0b8cfaa59f304d0fb21c722a969d8a42 P ec3916772e2d4899a21df9f685cd0054 [term 1 LEARNER]: Becoming Follower/Learner. State: Replica: ec3916772e2d4899a21df9f685cd0054, State: Initialized, Role: LEARNER
I20260710 13:23:42.201901 23456 consensus_queue.cc:260] T 0b8cfaa59f304d0fb21c722a969d8a42 P ec3916772e2d4899a21df9f685cd0054 [NON_LEADER]: Queue going to NON_LEADER mode. State: All replicated index: 0, Majority replicated index: 0, Committed index: 2, Last appended: 1.2, Last appended by leader: 2, Current term: 0, Majority size: -1, State: 0, Mode: NON_LEADER, active raft config: opid_index: 2 OBSOLETE_local: false peers { permanent_uuid: "96ba56bff7c24b27bd859e70a037c35f" member_type: VOTER last_known_addr { host: "127.21.57.65" port: 45333 } } peers { permanent_uuid: "538ea564a9fb4e25a0cfd23d39467a66" member_type: VOTER last_known_addr { host: "127.21.57.66" port: 33333 } attrs { replace: true } } peers { permanent_uuid: "d8c177e01e0447c6a9e0bf0daa262190" member_type: VOTER last_known_addr { host: "127.21.57.67" port: 39569 } } peers { permanent_uuid: "ec3916772e2d4899a21df9f685cd0054" member_type: NON_VOTER last_known_addr { host: "127.21.57.68" port: 41153 } attrs { promote: true } }
I20260710 13:23:42.210389 23456 ts_tablet_manager.cc:1434] T 0b8cfaa59f304d0fb21c722a969d8a42 P ec3916772e2d4899a21df9f685cd0054: Time spent starting tablet: real 0.012s	user 0.005s	sys 0.000s
I20260710 13:23:42.216286 22867 tablet_copy_service.cc:342] P 96ba56bff7c24b27bd859e70a037c35f: Request end of tablet copy session ec3916772e2d4899a21df9f685cd0054-0b8cfaa59f304d0fb21c722a969d8a42 received from {username='slave'} at 127.0.0.1:52532
I20260710 13:23:42.216693 22867 tablet_copy_service.cc:434] P 96ba56bff7c24b27bd859e70a037c35f: ending tablet copy session ec3916772e2d4899a21df9f685cd0054-0b8cfaa59f304d0fb21c722a969d8a42 on tablet 0b8cfaa59f304d0fb21c722a969d8a42 with peer ec3916772e2d4899a21df9f685cd0054
I20260710 13:23:42.217952 23016 tablet_copy_source_session.cc:215] T 05ad44d929c243c7b4ec996cb53be3b3 P d8c177e01e0447c6a9e0bf0daa262190: Tablet Copy: opened 0 blocks and 1 log segments
I20260710 13:23:42.220883 23463 data_dirs.cc:400] Could only allocate 1 dirs of requested 3 for tablet 05ad44d929c243c7b4ec996cb53be3b3. 1 dirs total, 0 dirs full, 0 dirs failed
I20260710 13:23:42.232987 23463 tablet_copy_client.cc:806] T 05ad44d929c243c7b4ec996cb53be3b3 P ec3916772e2d4899a21df9f685cd0054: tablet copy: Starting download of 0 data blocks...
I20260710 13:23:42.233538 23463 tablet_copy_client.cc:670] T 05ad44d929c243c7b4ec996cb53be3b3 P ec3916772e2d4899a21df9f685cd0054: tablet copy: Starting download of 1 WAL segments...
I20260710 13:23:42.241122 23463 tablet_copy_client.cc:538] T 05ad44d929c243c7b4ec996cb53be3b3 P ec3916772e2d4899a21df9f685cd0054: tablet copy: Tablet Copy complete. Replacing tablet superblock.
I20260710 13:23:42.246662 23463 tablet_bootstrap.cc:492] T 05ad44d929c243c7b4ec996cb53be3b3 P ec3916772e2d4899a21df9f685cd0054: Bootstrap starting.
I20260710 13:23:42.261547 23463 tablet_bootstrap.cc:492] T 05ad44d929c243c7b4ec996cb53be3b3 P ec3916772e2d4899a21df9f685cd0054: Bootstrap replayed 1/1 log segments. Stats: ops{read=2 overwritten=0 applied=2 ignored=0} inserts{seen=0 ignored=0} mutations{seen=0 ignored=0} orphaned_commits=0. Pending: 0 replicates
I20260710 13:23:42.262554 23463 tablet_bootstrap.cc:492] T 05ad44d929c243c7b4ec996cb53be3b3 P ec3916772e2d4899a21df9f685cd0054: Bootstrap complete.
I20260710 13:23:42.263239 23463 ts_tablet_manager.cc:1403] T 05ad44d929c243c7b4ec996cb53be3b3 P ec3916772e2d4899a21df9f685cd0054: Time spent bootstrapping tablet: real 0.017s	user 0.016s	sys 0.000s
I20260710 13:23:42.263186 23257 raft_consensus.cc:1217] T ac907428e64444e8990ca78b7cc2fba8 P ec3916772e2d4899a21df9f685cd0054 [term 1 LEARNER]: Deduplicated request from leader. Original: 1.1->[1.2-1.2]   Dedup: 1.2->[]
I20260710 13:23:42.266399 23463 raft_consensus.cc:359] T 05ad44d929c243c7b4ec996cb53be3b3 P ec3916772e2d4899a21df9f685cd0054 [term 1 LEARNER]: Replica starting. Triggering 0 pending ops. Active config: opid_index: 2 OBSOLETE_local: false peers { permanent_uuid: "96ba56bff7c24b27bd859e70a037c35f" member_type: VOTER last_known_addr { host: "127.21.57.65" port: 45333 } attrs { replace: true } } peers { permanent_uuid: "538ea564a9fb4e25a0cfd23d39467a66" member_type: VOTER last_known_addr { host: "127.21.57.66" port: 33333 } } peers { permanent_uuid: "d8c177e01e0447c6a9e0bf0daa262190" member_type: VOTER last_known_addr { host: "127.21.57.67" port: 39569 } } peers { permanent_uuid: "ec3916772e2d4899a21df9f685cd0054" member_type: NON_VOTER last_known_addr { host: "127.21.57.68" port: 41153 } attrs { promote: true } }
I20260710 13:23:42.267189 23463 raft_consensus.cc:740] T 05ad44d929c243c7b4ec996cb53be3b3 P ec3916772e2d4899a21df9f685cd0054 [term 1 LEARNER]: Becoming Follower/Learner. State: Replica: ec3916772e2d4899a21df9f685cd0054, State: Initialized, Role: LEARNER
I20260710 13:23:42.267820 23463 consensus_queue.cc:260] T 05ad44d929c243c7b4ec996cb53be3b3 P ec3916772e2d4899a21df9f685cd0054 [NON_LEADER]: Queue going to NON_LEADER mode. State: All replicated index: 0, Majority replicated index: 0, Committed index: 2, Last appended: 1.2, Last appended by leader: 2, Current term: 0, Majority size: -1, State: 0, Mode: NON_LEADER, active raft config: opid_index: 2 OBSOLETE_local: false peers { permanent_uuid: "96ba56bff7c24b27bd859e70a037c35f" member_type: VOTER last_known_addr { host: "127.21.57.65" port: 45333 } attrs { replace: true } } peers { permanent_uuid: "538ea564a9fb4e25a0cfd23d39467a66" member_type: VOTER last_known_addr { host: "127.21.57.66" port: 33333 } } peers { permanent_uuid: "d8c177e01e0447c6a9e0bf0daa262190" member_type: VOTER last_known_addr { host: "127.21.57.67" port: 39569 } } peers { permanent_uuid: "ec3916772e2d4899a21df9f685cd0054" member_type: NON_VOTER last_known_addr { host: "127.21.57.68" port: 41153 } attrs { promote: true } }
I20260710 13:23:42.270354 23463 ts_tablet_manager.cc:1434] T 05ad44d929c243c7b4ec996cb53be3b3 P ec3916772e2d4899a21df9f685cd0054: Time spent starting tablet: real 0.007s	user 0.002s	sys 0.004s
I20260710 13:23:42.274024 23016 tablet_copy_service.cc:342] P d8c177e01e0447c6a9e0bf0daa262190: Request end of tablet copy session ec3916772e2d4899a21df9f685cd0054-05ad44d929c243c7b4ec996cb53be3b3 received from {username='slave'} at 127.0.0.1:39964
I20260710 13:23:42.274420 23016 tablet_copy_service.cc:434] P d8c177e01e0447c6a9e0bf0daa262190: ending tablet copy session ec3916772e2d4899a21df9f685cd0054-05ad44d929c243c7b4ec996cb53be3b3 on tablet 05ad44d929c243c7b4ec996cb53be3b3 with peer ec3916772e2d4899a21df9f685cd0054
I20260710 13:23:42.421954 23257 raft_consensus.cc:1217] T b766ce3cc000416787952072316aa9d1 P ec3916772e2d4899a21df9f685cd0054 [term 1 LEARNER]: Deduplicated request from leader. Original: 1.1->[1.2-1.2]   Dedup: 1.2->[]
I20260710 13:23:42.650425 23423 raft_consensus.cc:1064] T ac907428e64444e8990ca78b7cc2fba8 P 538ea564a9fb4e25a0cfd23d39467a66: attempting to promote NON_VOTER ec3916772e2d4899a21df9f685cd0054 to VOTER
I20260710 13:23:42.652956 23423 consensus_queue.cc:237] T ac907428e64444e8990ca78b7cc2fba8 P 538ea564a9fb4e25a0cfd23d39467a66 [LEADER]: Queue going to LEADER mode. State: All replicated index: 0, Majority replicated index: 2, Committed index: 2, Last appended: 1.2, Last appended by leader: 0, Current term: 1, Majority size: 3, State: 0, Mode: LEADER, active raft config: opid_index: 3 OBSOLETE_local: false peers { permanent_uuid: "96ba56bff7c24b27bd859e70a037c35f" member_type: VOTER last_known_addr { host: "127.21.57.65" port: 45333 } } peers { permanent_uuid: "538ea564a9fb4e25a0cfd23d39467a66" member_type: VOTER last_known_addr { host: "127.21.57.66" port: 33333 } } peers { permanent_uuid: "d8c177e01e0447c6a9e0bf0daa262190" member_type: VOTER last_known_addr { host: "127.21.57.67" port: 39569 } attrs { replace: true } } peers { permanent_uuid: "ec3916772e2d4899a21df9f685cd0054" member_type: VOTER last_known_addr { host: "127.21.57.68" port: 41153 } attrs { promote: false } }
I20260710 13:23:42.665277 23257 raft_consensus.cc:1275] T ac907428e64444e8990ca78b7cc2fba8 P ec3916772e2d4899a21df9f685cd0054 [term 1 LEARNER]: Refusing update from remote peer 538ea564a9fb4e25a0cfd23d39467a66: Log matching property violated. Preceding OpId in replica: term: 1 index: 2. Preceding OpId from leader: term: 1 index: 3. (index mismatch)
I20260710 13:23:42.667309 23006 raft_consensus.cc:1275] T ac907428e64444e8990ca78b7cc2fba8 P d8c177e01e0447c6a9e0bf0daa262190 [term 1 FOLLOWER]: Refusing update from remote peer 538ea564a9fb4e25a0cfd23d39467a66: Log matching property violated. Preceding OpId in replica: term: 1 index: 2. Preceding OpId from leader: term: 1 index: 3. (index mismatch)
I20260710 13:23:42.668578 22857 raft_consensus.cc:1275] T ac907428e64444e8990ca78b7cc2fba8 P 96ba56bff7c24b27bd859e70a037c35f [term 1 FOLLOWER]: Refusing update from remote peer 538ea564a9fb4e25a0cfd23d39467a66: Log matching property violated. Preceding OpId in replica: term: 1 index: 2. Preceding OpId from leader: term: 1 index: 3. (index mismatch)
I20260710 13:23:42.668829 23423 consensus_queue.cc:1048] T ac907428e64444e8990ca78b7cc2fba8 P 538ea564a9fb4e25a0cfd23d39467a66 [LEADER]: Connected to new peer: Peer: permanent_uuid: "ec3916772e2d4899a21df9f685cd0054" member_type: VOTER last_known_addr { host: "127.21.57.68" port: 41153 } attrs { promote: false }, Status: LMP_MISMATCH, Last received: 0.0, Next index: 3, Last known committed idx: 2, Time since last communication: 0.001s
I20260710 13:23:42.670607 23439 consensus_queue.cc:1048] T ac907428e64444e8990ca78b7cc2fba8 P 538ea564a9fb4e25a0cfd23d39467a66 [LEADER]: Connected to new peer: Peer: permanent_uuid: "96ba56bff7c24b27bd859e70a037c35f" member_type: VOTER last_known_addr { host: "127.21.57.65" port: 45333 }, Status: LMP_MISMATCH, Last received: 0.0, Next index: 3, Last known committed idx: 2, Time since last communication: 0.000s
I20260710 13:23:42.671427 23468 consensus_queue.cc:1048] T ac907428e64444e8990ca78b7cc2fba8 P 538ea564a9fb4e25a0cfd23d39467a66 [LEADER]: Connected to new peer: Peer: permanent_uuid: "d8c177e01e0447c6a9e0bf0daa262190" member_type: VOTER last_known_addr { host: "127.21.57.67" port: 39569 } attrs { replace: true }, Status: LMP_MISMATCH, Last received: 0.0, Next index: 3, Last known committed idx: 2, Time since last communication: 0.000s
I20260710 13:23:42.704672 23468 raft_consensus.cc:2955] T ac907428e64444e8990ca78b7cc2fba8 P 538ea564a9fb4e25a0cfd23d39467a66 [term 1 LEADER]: Committing config change with OpId 1.3: config changed from index 2 to 3, ec3916772e2d4899a21df9f685cd0054 (127.21.57.68) changed from NON_VOTER to VOTER. New config: { opid_index: 3 OBSOLETE_local: false peers { permanent_uuid: "96ba56bff7c24b27bd859e70a037c35f" member_type: VOTER last_known_addr { host: "127.21.57.65" port: 45333 } } peers { permanent_uuid: "538ea564a9fb4e25a0cfd23d39467a66" member_type: VOTER last_known_addr { host: "127.21.57.66" port: 33333 } } peers { permanent_uuid: "d8c177e01e0447c6a9e0bf0daa262190" member_type: VOTER last_known_addr { host: "127.21.57.67" port: 39569 } attrs { replace: true } } peers { permanent_uuid: "ec3916772e2d4899a21df9f685cd0054" member_type: VOTER last_known_addr { host: "127.21.57.68" port: 41153 } attrs { promote: false } } }
I20260710 13:23:42.717213 23259 raft_consensus.cc:1217] T 0b8cfaa59f304d0fb21c722a969d8a42 P ec3916772e2d4899a21df9f685cd0054 [term 1 LEARNER]: Deduplicated request from leader. Original: 1.1->[1.2-1.2]   Dedup: 1.2->[]
I20260710 13:23:42.720507 23259 raft_consensus.cc:1217] T 05ad44d929c243c7b4ec996cb53be3b3 P ec3916772e2d4899a21df9f685cd0054 [term 1 LEARNER]: Deduplicated request from leader. Original: 1.1->[1.2-1.2]   Dedup: 1.2->[]
I20260710 13:23:42.750480 23257 raft_consensus.cc:2955] T ac907428e64444e8990ca78b7cc2fba8 P ec3916772e2d4899a21df9f685cd0054 [term 1 FOLLOWER]: Committing config change with OpId 1.3: config changed from index 2 to 3, ec3916772e2d4899a21df9f685cd0054 (127.21.57.68) changed from NON_VOTER to VOTER. New config: { opid_index: 3 OBSOLETE_local: false peers { permanent_uuid: "96ba56bff7c24b27bd859e70a037c35f" member_type: VOTER last_known_addr { host: "127.21.57.65" port: 45333 } } peers { permanent_uuid: "538ea564a9fb4e25a0cfd23d39467a66" member_type: VOTER last_known_addr { host: "127.21.57.66" port: 33333 } } peers { permanent_uuid: "d8c177e01e0447c6a9e0bf0daa262190" member_type: VOTER last_known_addr { host: "127.21.57.67" port: 39569 } attrs { replace: true } } peers { permanent_uuid: "ec3916772e2d4899a21df9f685cd0054" member_type: VOTER last_known_addr { host: "127.21.57.68" port: 41153 } attrs { promote: false } } }
I20260710 13:23:42.762682 23006 raft_consensus.cc:2955] T ac907428e64444e8990ca78b7cc2fba8 P d8c177e01e0447c6a9e0bf0daa262190 [term 1 FOLLOWER]: Committing config change with OpId 1.3: config changed from index 2 to 3, ec3916772e2d4899a21df9f685cd0054 (127.21.57.68) changed from NON_VOTER to VOTER. New config: { opid_index: 3 OBSOLETE_local: false peers { permanent_uuid: "96ba56bff7c24b27bd859e70a037c35f" member_type: VOTER last_known_addr { host: "127.21.57.65" port: 45333 } } peers { permanent_uuid: "538ea564a9fb4e25a0cfd23d39467a66" member_type: VOTER last_known_addr { host: "127.21.57.66" port: 33333 } } peers { permanent_uuid: "d8c177e01e0447c6a9e0bf0daa262190" member_type: VOTER last_known_addr { host: "127.21.57.67" port: 39569 } attrs { replace: true } } peers { permanent_uuid: "ec3916772e2d4899a21df9f685cd0054" member_type: VOTER last_known_addr { host: "127.21.57.68" port: 41153 } attrs { promote: false } } }
W20260710 13:23:42.763989 22898 outbound_call.cc:321] RPC callback for RPC call kudu.consensus.ConsensusService.UpdateConsensus -> {remote=127.21.57.65:45333, user_credentials={real_user=slave}} blocked reactor thread for 56530.8us
I20260710 13:23:42.766774 22750 catalog_manager.cc:5697] T ac907428e64444e8990ca78b7cc2fba8 P ec3916772e2d4899a21df9f685cd0054 reported cstate change: config changed from index 2 to 3, ec3916772e2d4899a21df9f685cd0054 (127.21.57.68) changed from NON_VOTER to VOTER. New cstate: current_term: 1 leader_uuid: "538ea564a9fb4e25a0cfd23d39467a66" committed_config { opid_index: 3 OBSOLETE_local: false peers { permanent_uuid: "96ba56bff7c24b27bd859e70a037c35f" member_type: VOTER last_known_addr { host: "127.21.57.65" port: 45333 } } peers { permanent_uuid: "538ea564a9fb4e25a0cfd23d39467a66" member_type: VOTER last_known_addr { host: "127.21.57.66" port: 33333 } } peers { permanent_uuid: "d8c177e01e0447c6a9e0bf0daa262190" member_type: VOTER last_known_addr { host: "127.21.57.67" port: 39569 } attrs { replace: true } } peers { permanent_uuid: "ec3916772e2d4899a21df9f685cd0054" member_type: VOTER last_known_addr { host: "127.21.57.68" port: 41153 } attrs { promote: false } } }
I20260710 13:23:42.766817 22857 raft_consensus.cc:2955] T ac907428e64444e8990ca78b7cc2fba8 P 96ba56bff7c24b27bd859e70a037c35f [term 1 FOLLOWER]: Committing config change with OpId 1.3: config changed from index 2 to 3, ec3916772e2d4899a21df9f685cd0054 (127.21.57.68) changed from NON_VOTER to VOTER. New config: { opid_index: 3 OBSOLETE_local: false peers { permanent_uuid: "96ba56bff7c24b27bd859e70a037c35f" member_type: VOTER last_known_addr { host: "127.21.57.65" port: 45333 } } peers { permanent_uuid: "538ea564a9fb4e25a0cfd23d39467a66" member_type: VOTER last_known_addr { host: "127.21.57.66" port: 33333 } } peers { permanent_uuid: "d8c177e01e0447c6a9e0bf0daa262190" member_type: VOTER last_known_addr { host: "127.21.57.67" port: 39569 } attrs { replace: true } } peers { permanent_uuid: "ec3916772e2d4899a21df9f685cd0054" member_type: VOTER last_known_addr { host: "127.21.57.68" port: 41153 } attrs { promote: false } } }
I20260710 13:23:42.808837 22932 consensus_queue.cc:237] T ac907428e64444e8990ca78b7cc2fba8 P 538ea564a9fb4e25a0cfd23d39467a66 [LEADER]: Queue going to LEADER mode. State: All replicated index: 0, Majority replicated index: 3, Committed index: 3, Last appended: 1.3, Last appended by leader: 0, Current term: 1, Majority size: 2, State: 0, Mode: LEADER, active raft config: opid_index: 4 OBSOLETE_local: false peers { permanent_uuid: "96ba56bff7c24b27bd859e70a037c35f" member_type: VOTER last_known_addr { host: "127.21.57.65" port: 45333 } } peers { permanent_uuid: "538ea564a9fb4e25a0cfd23d39467a66" member_type: VOTER last_known_addr { host: "127.21.57.66" port: 33333 } } peers { permanent_uuid: "ec3916772e2d4899a21df9f685cd0054" member_type: VOTER last_known_addr { host: "127.21.57.68" port: 41153 } attrs { promote: false } }
I20260710 13:23:42.814690 23257 raft_consensus.cc:1275] T ac907428e64444e8990ca78b7cc2fba8 P ec3916772e2d4899a21df9f685cd0054 [term 1 FOLLOWER]: Refusing update from remote peer 538ea564a9fb4e25a0cfd23d39467a66: Log matching property violated. Preceding OpId in replica: term: 1 index: 3. Preceding OpId from leader: term: 1 index: 4. (index mismatch)
I20260710 13:23:42.817425 22857 raft_consensus.cc:1275] T ac907428e64444e8990ca78b7cc2fba8 P 96ba56bff7c24b27bd859e70a037c35f [term 1 FOLLOWER]: Refusing update from remote peer 538ea564a9fb4e25a0cfd23d39467a66: Log matching property violated. Preceding OpId in replica: term: 1 index: 3. Preceding OpId from leader: term: 1 index: 4. (index mismatch)
I20260710 13:23:42.818360 23468 consensus_queue.cc:1048] T ac907428e64444e8990ca78b7cc2fba8 P 538ea564a9fb4e25a0cfd23d39467a66 [LEADER]: Connected to new peer: Peer: permanent_uuid: "ec3916772e2d4899a21df9f685cd0054" member_type: VOTER last_known_addr { host: "127.21.57.68" port: 41153 } attrs { promote: false }, Status: LMP_MISMATCH, Last received: 0.0, Next index: 4, Last known committed idx: 3, Time since last communication: 0.001s
I20260710 13:23:42.823342 23473 consensus_queue.cc:1048] T ac907428e64444e8990ca78b7cc2fba8 P 538ea564a9fb4e25a0cfd23d39467a66 [LEADER]: Connected to new peer: Peer: permanent_uuid: "96ba56bff7c24b27bd859e70a037c35f" member_type: VOTER last_known_addr { host: "127.21.57.65" port: 45333 }, Status: LMP_MISMATCH, Last received: 0.0, Next index: 4, Last known committed idx: 3, Time since last communication: 0.000s
I20260710 13:23:42.830559 23468 raft_consensus.cc:2955] T ac907428e64444e8990ca78b7cc2fba8 P 538ea564a9fb4e25a0cfd23d39467a66 [term 1 LEADER]: Committing config change with OpId 1.4: config changed from index 3 to 4, VOTER d8c177e01e0447c6a9e0bf0daa262190 (127.21.57.67) evicted. New config: { opid_index: 4 OBSOLETE_local: false peers { permanent_uuid: "96ba56bff7c24b27bd859e70a037c35f" member_type: VOTER last_known_addr { host: "127.21.57.65" port: 45333 } } peers { permanent_uuid: "538ea564a9fb4e25a0cfd23d39467a66" member_type: VOTER last_known_addr { host: "127.21.57.66" port: 33333 } } peers { permanent_uuid: "ec3916772e2d4899a21df9f685cd0054" member_type: VOTER last_known_addr { host: "127.21.57.68" port: 41153 } attrs { promote: false } } }
I20260710 13:23:42.832301 22857 raft_consensus.cc:2955] T ac907428e64444e8990ca78b7cc2fba8 P 96ba56bff7c24b27bd859e70a037c35f [term 1 FOLLOWER]: Committing config change with OpId 1.4: config changed from index 3 to 4, VOTER d8c177e01e0447c6a9e0bf0daa262190 (127.21.57.67) evicted. New config: { opid_index: 4 OBSOLETE_local: false peers { permanent_uuid: "96ba56bff7c24b27bd859e70a037c35f" member_type: VOTER last_known_addr { host: "127.21.57.65" port: 45333 } } peers { permanent_uuid: "538ea564a9fb4e25a0cfd23d39467a66" member_type: VOTER last_known_addr { host: "127.21.57.66" port: 33333 } } peers { permanent_uuid: "ec3916772e2d4899a21df9f685cd0054" member_type: VOTER last_known_addr { host: "127.21.57.68" port: 41153 } attrs { promote: false } } }
I20260710 13:23:42.834875 23257 raft_consensus.cc:2955] T ac907428e64444e8990ca78b7cc2fba8 P ec3916772e2d4899a21df9f685cd0054 [term 1 FOLLOWER]: Committing config change with OpId 1.4: config changed from index 3 to 4, VOTER d8c177e01e0447c6a9e0bf0daa262190 (127.21.57.67) evicted. New config: { opid_index: 4 OBSOLETE_local: false peers { permanent_uuid: "96ba56bff7c24b27bd859e70a037c35f" member_type: VOTER last_known_addr { host: "127.21.57.65" port: 45333 } } peers { permanent_uuid: "538ea564a9fb4e25a0cfd23d39467a66" member_type: VOTER last_known_addr { host: "127.21.57.66" port: 33333 } } peers { permanent_uuid: "ec3916772e2d4899a21df9f685cd0054" member_type: VOTER last_known_addr { host: "127.21.57.68" port: 41153 } attrs { promote: false } } }
I20260710 13:23:42.849071 22755 catalog_manager.cc:5697] T ac907428e64444e8990ca78b7cc2fba8 P ec3916772e2d4899a21df9f685cd0054 reported cstate change: config changed from index 3 to 4, VOTER d8c177e01e0447c6a9e0bf0daa262190 (127.21.57.67) evicted. New cstate: current_term: 1 leader_uuid: "538ea564a9fb4e25a0cfd23d39467a66" committed_config { opid_index: 4 OBSOLETE_local: false peers { permanent_uuid: "96ba56bff7c24b27bd859e70a037c35f" member_type: VOTER last_known_addr { host: "127.21.57.65" port: 45333 } } peers { permanent_uuid: "538ea564a9fb4e25a0cfd23d39467a66" member_type: VOTER last_known_addr { host: "127.21.57.66" port: 33333 } } peers { permanent_uuid: "ec3916772e2d4899a21df9f685cd0054" member_type: VOTER last_known_addr { host: "127.21.57.68" port: 41153 } attrs { promote: false } } }
I20260710 13:23:42.850833 22742 catalog_manager.cc:5210] ChangeConfig:REMOVE_PEER RPC for tablet ac907428e64444e8990ca78b7cc2fba8 with cas_config_opid_index 3: ChangeConfig:REMOVE_PEER succeeded (attempt 1)
I20260710 13:23:42.874881 22992 tablet_service.cc:1558] Processing DeleteTablet for tablet ac907428e64444e8990ca78b7cc2fba8 with delete_type TABLET_DATA_TOMBSTONED (TS d8c177e01e0447c6a9e0bf0daa262190 not found in new config with opid_index 4) from {username='slave'} at 127.0.0.1:39928
I20260710 13:23:42.886794 23479 tablet_replica.cc:333] T ac907428e64444e8990ca78b7cc2fba8 P d8c177e01e0447c6a9e0bf0daa262190: stopping tablet replica
I20260710 13:23:42.887908 23479 raft_consensus.cc:2243] T ac907428e64444e8990ca78b7cc2fba8 P d8c177e01e0447c6a9e0bf0daa262190 [term 1 FOLLOWER]: Raft consensus shutting down.
I20260710 13:23:42.888751 23479 raft_consensus.cc:2272] T ac907428e64444e8990ca78b7cc2fba8 P d8c177e01e0447c6a9e0bf0daa262190 [term 1 FOLLOWER]: Raft consensus is shut down!
I20260710 13:23:42.892136 23479 ts_tablet_manager.cc:1916] T ac907428e64444e8990ca78b7cc2fba8 P d8c177e01e0447c6a9e0bf0daa262190: Deleting tablet data with delete state TABLET_DATA_TOMBSTONED
I20260710 13:23:42.907321 23479 ts_tablet_manager.cc:1929] T ac907428e64444e8990ca78b7cc2fba8 P d8c177e01e0447c6a9e0bf0daa262190: tablet deleted with delete type TABLET_DATA_TOMBSTONED: last-logged OpId 1.3
I20260710 13:23:42.907701 23479 log.cc:1199] T ac907428e64444e8990ca78b7cc2fba8 P d8c177e01e0447c6a9e0bf0daa262190: Deleting WAL directory at /tmp/dist-test-taskSdMk8e/test-tmp/auto_leader_rebalancer-test.0.LeaderRebalancerTest.AddTserver.1783689788085403-21733-0/minicluster-data/ts-2-root/wals/ac907428e64444e8990ca78b7cc2fba8
I20260710 13:23:42.909296 22739 catalog_manager.cc:5028] TS d8c177e01e0447c6a9e0bf0daa262190 (127.21.57.67:39569): tablet ac907428e64444e8990ca78b7cc2fba8 (table test-workload [id=d3f5c2ac3f5e48b4b4dfaea655c58dcd]) successfully deleted
I20260710 13:23:42.978570 23447 raft_consensus.cc:1064] T b766ce3cc000416787952072316aa9d1 P 96ba56bff7c24b27bd859e70a037c35f: attempting to promote NON_VOTER ec3916772e2d4899a21df9f685cd0054 to VOTER
I20260710 13:23:42.981096 23447 consensus_queue.cc:237] T b766ce3cc000416787952072316aa9d1 P 96ba56bff7c24b27bd859e70a037c35f [LEADER]: Queue going to LEADER mode. State: All replicated index: 0, Majority replicated index: 2, Committed index: 2, Last appended: 1.2, Last appended by leader: 0, Current term: 1, Majority size: 3, State: 0, Mode: LEADER, active raft config: opid_index: 3 OBSOLETE_local: false peers { permanent_uuid: "96ba56bff7c24b27bd859e70a037c35f" member_type: VOTER last_known_addr { host: "127.21.57.65" port: 45333 } } peers { permanent_uuid: "538ea564a9fb4e25a0cfd23d39467a66" member_type: VOTER last_known_addr { host: "127.21.57.66" port: 33333 } } peers { permanent_uuid: "d8c177e01e0447c6a9e0bf0daa262190" member_type: VOTER last_known_addr { host: "127.21.57.67" port: 39569 } attrs { replace: true } } peers { permanent_uuid: "ec3916772e2d4899a21df9f685cd0054" member_type: VOTER last_known_addr { host: "127.21.57.68" port: 41153 } attrs { promote: false } }
I20260710 13:23:42.987766 23257 raft_consensus.cc:1275] T b766ce3cc000416787952072316aa9d1 P ec3916772e2d4899a21df9f685cd0054 [term 1 LEARNER]: Refusing update from remote peer 96ba56bff7c24b27bd859e70a037c35f: Log matching property violated. Preceding OpId in replica: term: 1 index: 2. Preceding OpId from leader: term: 1 index: 3. (index mismatch)
I20260710 13:23:42.990501 23006 raft_consensus.cc:1275] T b766ce3cc000416787952072316aa9d1 P d8c177e01e0447c6a9e0bf0daa262190 [term 1 FOLLOWER]: Refusing update from remote peer 96ba56bff7c24b27bd859e70a037c35f: Log matching property violated. Preceding OpId in replica: term: 1 index: 2. Preceding OpId from leader: term: 1 index: 3. (index mismatch)
I20260710 13:23:42.991020 23447 consensus_queue.cc:1048] T b766ce3cc000416787952072316aa9d1 P 96ba56bff7c24b27bd859e70a037c35f [LEADER]: Connected to new peer: Peer: permanent_uuid: "ec3916772e2d4899a21df9f685cd0054" member_type: VOTER last_known_addr { host: "127.21.57.68" port: 41153 } attrs { promote: false }, Status: LMP_MISMATCH, Last received: 0.0, Next index: 3, Last known committed idx: 2, Time since last communication: 0.000s
I20260710 13:23:42.993090 23428 consensus_queue.cc:1048] T b766ce3cc000416787952072316aa9d1 P 96ba56bff7c24b27bd859e70a037c35f [LEADER]: Connected to new peer: Peer: permanent_uuid: "d8c177e01e0447c6a9e0bf0daa262190" member_type: VOTER last_known_addr { host: "127.21.57.67" port: 39569 } attrs { replace: true }, Status: LMP_MISMATCH, Last received: 0.0, Next index: 3, Last known committed idx: 2, Time since last communication: 0.000s
I20260710 13:23:42.997346 22932 raft_consensus.cc:1275] T b766ce3cc000416787952072316aa9d1 P 538ea564a9fb4e25a0cfd23d39467a66 [term 1 FOLLOWER]: Refusing update from remote peer 96ba56bff7c24b27bd859e70a037c35f: Log matching property violated. Preceding OpId in replica: term: 1 index: 2. Preceding OpId from leader: term: 1 index: 3. (index mismatch)
