I20260710 13:23:36.218209 23567 raft_consensus.cc:359] T da354c9a99214d69be062afe35b3fd0c P e87a7a82662e42eda5c5709ef84c166f [term 1 LEARNER]: Replica starting. Triggering 0 pending ops. Active config: opid_index: 2 OBSOLETE_local: false peers { permanent_uuid: "4972f456a07f40c8a3c3c98aa771ed1e" member_type: VOTER last_known_addr { host: "127.21.117.194" port: 34151 } } peers { permanent_uuid: "859aa6ea0c784360a14350b996282143" member_type: VOTER last_known_addr { host: "127.21.117.195" port: 36087 } } peers { permanent_uuid: "095cfea1e29544188ad30904c5b54e4b" member_type: VOTER last_known_addr { host: "127.21.117.193" port: 43805 } attrs { replace: true } } peers { permanent_uuid: "e87a7a82662e42eda5c5709ef84c166f" member_type: NON_VOTER last_known_addr { host: "127.21.117.196" port: 41321 } attrs { promote: true } }
I20260710 13:23:36.219170 23567 raft_consensus.cc:740] T da354c9a99214d69be062afe35b3fd0c P e87a7a82662e42eda5c5709ef84c166f [term 1 LEARNER]: Becoming Follower/Learner. State: Replica: e87a7a82662e42eda5c5709ef84c166f, State: Initialized, Role: LEARNER
I20260710 13:23:36.219849 23567 consensus_queue.cc:260] T da354c9a99214d69be062afe35b3fd0c P e87a7a82662e42eda5c5709ef84c166f [NON_LEADER]: Queue going to NON_LEADER mode. State: All replicated index: 0, Majority replicated index: 0, Committed index: 2, Last appended: 1.2, Last appended by leader: 2, Current term: 0, Majority size: -1, State: 0, Mode: NON_LEADER, active raft config: opid_index: 2 OBSOLETE_local: false peers { permanent_uuid: "4972f456a07f40c8a3c3c98aa771ed1e" member_type: VOTER last_known_addr { host: "127.21.117.194" port: 34151 } } peers { permanent_uuid: "859aa6ea0c784360a14350b996282143" member_type: VOTER last_known_addr { host: "127.21.117.195" port: 36087 } } peers { permanent_uuid: "095cfea1e29544188ad30904c5b54e4b" member_type: VOTER last_known_addr { host: "127.21.117.193" port: 43805 } attrs { replace: true } } peers { permanent_uuid: "e87a7a82662e42eda5c5709ef84c166f" member_type: NON_VOTER last_known_addr { host: "127.21.117.196" port: 41321 } attrs { promote: true } }
I20260710 13:23:36.232671 23568 tablet_bootstrap.cc:492] T bc02dad21828477194f5b53dea7a10b7 P e87a7a82662e42eda5c5709ef84c166f: Bootstrap replayed 1/1 log segments. Stats: ops{read=2 overwritten=0 applied=2 ignored=0} inserts{seen=0 ignored=0} mutations{seen=0 ignored=0} orphaned_commits=0. Pending: 0 replicates
I20260710 13:23:36.234176 23568 tablet_bootstrap.cc:492] T bc02dad21828477194f5b53dea7a10b7 P e87a7a82662e42eda5c5709ef84c166f: Bootstrap complete.
I20260710 13:23:36.234274 23569 ts_tablet_manager.cc:1434] T 62eb931688674fbb8a5a87fcae61cddd P e87a7a82662e42eda5c5709ef84c166f: Time spent starting tablet: real 0.075s	user 0.050s	sys 0.017s
I20260710 13:23:36.235038 23568 ts_tablet_manager.cc:1403] T bc02dad21828477194f5b53dea7a10b7 P e87a7a82662e42eda5c5709ef84c166f: Time spent bootstrapping tablet: real 0.093s	user 0.025s	sys 0.004s
I20260710 13:23:36.236560 23091 tablet_copy_service.cc:342] P 095cfea1e29544188ad30904c5b54e4b: Request end of tablet copy session e87a7a82662e42eda5c5709ef84c166f-62eb931688674fbb8a5a87fcae61cddd received from {username='slave'} at 127.0.0.1:60902
I20260710 13:23:36.237419 23091 tablet_copy_service.cc:434] P 095cfea1e29544188ad30904c5b54e4b: ending tablet copy session e87a7a82662e42eda5c5709ef84c166f-62eb931688674fbb8a5a87fcae61cddd on tablet 62eb931688674fbb8a5a87fcae61cddd with peer e87a7a82662e42eda5c5709ef84c166f
I20260710 13:23:36.239696 23568 raft_consensus.cc:359] T bc02dad21828477194f5b53dea7a10b7 P e87a7a82662e42eda5c5709ef84c166f [term 1 LEARNER]: Replica starting. Triggering 0 pending ops. Active config: opid_index: 2 OBSOLETE_local: false peers { permanent_uuid: "095cfea1e29544188ad30904c5b54e4b" member_type: VOTER last_known_addr { host: "127.21.117.193" port: 43805 } attrs { replace: true } } peers { permanent_uuid: "4972f456a07f40c8a3c3c98aa771ed1e" member_type: VOTER last_known_addr { host: "127.21.117.194" port: 34151 } } peers { permanent_uuid: "859aa6ea0c784360a14350b996282143" member_type: VOTER last_known_addr { host: "127.21.117.195" port: 36087 } } peers { permanent_uuid: "e87a7a82662e42eda5c5709ef84c166f" member_type: NON_VOTER last_known_addr { host: "127.21.117.196" port: 41321 } attrs { promote: true } }
I20260710 13:23:36.240821 23568 raft_consensus.cc:740] T bc02dad21828477194f5b53dea7a10b7 P e87a7a82662e42eda5c5709ef84c166f [term 1 LEARNER]: Becoming Follower/Learner. State: Replica: e87a7a82662e42eda5c5709ef84c166f, State: Initialized, Role: LEARNER
I20260710 13:23:36.235953 23567 ts_tablet_manager.cc:1434] T da354c9a99214d69be062afe35b3fd0c P e87a7a82662e42eda5c5709ef84c166f: Time spent starting tablet: real 0.022s	user 0.004s	sys 0.009s
I20260710 13:23:36.232599 23578 tablet_bootstrap.cc:492] T 9c2aa9cb060f4eb0acf7be89cd68e8f9 P e87a7a82662e42eda5c5709ef84c166f: Bootstrap replayed 1/1 log segments. Stats: ops{read=2 overwritten=0 applied=2 ignored=0} inserts{seen=0 ignored=0} mutations{seen=0 ignored=0} orphaned_commits=0. Pending: 0 replicates
I20260710 13:23:36.242868 23578 tablet_bootstrap.cc:492] T 9c2aa9cb060f4eb0acf7be89cd68e8f9 P e87a7a82662e42eda5c5709ef84c166f: Bootstrap complete.
I20260710 13:23:36.243767 23578 ts_tablet_manager.cc:1403] T 9c2aa9cb060f4eb0acf7be89cd68e8f9 P e87a7a82662e42eda5c5709ef84c166f: Time spent bootstrapping tablet: real 0.075s	user 0.037s	sys 0.007s
I20260710 13:23:36.245323 23239 tablet_copy_service.cc:342] P 859aa6ea0c784360a14350b996282143: Request end of tablet copy session e87a7a82662e42eda5c5709ef84c166f-da354c9a99214d69be062afe35b3fd0c received from {username='slave'} at 127.0.0.1:45626
I20260710 13:23:36.245918 23239 tablet_copy_service.cc:434] P 859aa6ea0c784360a14350b996282143: ending tablet copy session e87a7a82662e42eda5c5709ef84c166f-da354c9a99214d69be062afe35b3fd0c on tablet da354c9a99214d69be062afe35b3fd0c with peer e87a7a82662e42eda5c5709ef84c166f
I20260710 13:23:36.249526 23578 raft_consensus.cc:359] T 9c2aa9cb060f4eb0acf7be89cd68e8f9 P e87a7a82662e42eda5c5709ef84c166f [term 1 LEARNER]: Replica starting. Triggering 0 pending ops. Active config: opid_index: 2 OBSOLETE_local: false peers { permanent_uuid: "095cfea1e29544188ad30904c5b54e4b" member_type: VOTER last_known_addr { host: "127.21.117.193" port: 43805 } } peers { permanent_uuid: "4972f456a07f40c8a3c3c98aa771ed1e" member_type: VOTER last_known_addr { host: "127.21.117.194" port: 34151 } attrs { replace: true } } peers { permanent_uuid: "859aa6ea0c784360a14350b996282143" member_type: VOTER last_known_addr { host: "127.21.117.195" port: 36087 } } peers { permanent_uuid: "e87a7a82662e42eda5c5709ef84c166f" member_type: NON_VOTER last_known_addr { host: "127.21.117.196" port: 41321 } attrs { promote: true } }
I20260710 13:23:36.249794 23568 consensus_queue.cc:260] T bc02dad21828477194f5b53dea7a10b7 P e87a7a82662e42eda5c5709ef84c166f [NON_LEADER]: Queue going to NON_LEADER mode. State: All replicated index: 0, Majority replicated index: 0, Committed index: 2, Last appended: 1.2, Last appended by leader: 2, Current term: 0, Majority size: -1, State: 0, Mode: NON_LEADER, active raft config: opid_index: 2 OBSOLETE_local: false peers { permanent_uuid: "095cfea1e29544188ad30904c5b54e4b" member_type: VOTER last_known_addr { host: "127.21.117.193" port: 43805 } attrs { replace: true } } peers { permanent_uuid: "4972f456a07f40c8a3c3c98aa771ed1e" member_type: VOTER last_known_addr { host: "127.21.117.194" port: 34151 } } peers { permanent_uuid: "859aa6ea0c784360a14350b996282143" member_type: VOTER last_known_addr { host: "127.21.117.195" port: 36087 } } peers { permanent_uuid: "e87a7a82662e42eda5c5709ef84c166f" member_type: NON_VOTER last_known_addr { host: "127.21.117.196" port: 41321 } attrs { promote: true } }
I20260710 13:23:36.250597 23578 raft_consensus.cc:740] T 9c2aa9cb060f4eb0acf7be89cd68e8f9 P e87a7a82662e42eda5c5709ef84c166f [term 1 LEARNER]: Becoming Follower/Learner. State: Replica: e87a7a82662e42eda5c5709ef84c166f, State: Initialized, Role: LEARNER
I20260710 13:23:36.251441 23578 consensus_queue.cc:260] T 9c2aa9cb060f4eb0acf7be89cd68e8f9 P e87a7a82662e42eda5c5709ef84c166f [NON_LEADER]: Queue going to NON_LEADER mode. State: All replicated index: 0, Majority replicated index: 0, Committed index: 2, Last appended: 1.2, Last appended by leader: 2, Current term: 0, Majority size: -1, State: 0, Mode: NON_LEADER, active raft config: opid_index: 2 OBSOLETE_local: false peers { permanent_uuid: "095cfea1e29544188ad30904c5b54e4b" member_type: VOTER last_known_addr { host: "127.21.117.193" port: 43805 } } peers { permanent_uuid: "4972f456a07f40c8a3c3c98aa771ed1e" member_type: VOTER last_known_addr { host: "127.21.117.194" port: 34151 } attrs { replace: true } } peers { permanent_uuid: "859aa6ea0c784360a14350b996282143" member_type: VOTER last_known_addr { host: "127.21.117.195" port: 36087 } } peers { permanent_uuid: "e87a7a82662e42eda5c5709ef84c166f" member_type: NON_VOTER last_known_addr { host: "127.21.117.196" port: 41321 } attrs { promote: true } }
I20260710 13:23:36.252700 23568 ts_tablet_manager.cc:1434] T bc02dad21828477194f5b53dea7a10b7 P e87a7a82662e42eda5c5709ef84c166f: Time spent starting tablet: real 0.017s	user 0.009s	sys 0.000s
I20260710 13:23:36.253960 23578 ts_tablet_manager.cc:1434] T 9c2aa9cb060f4eb0acf7be89cd68e8f9 P e87a7a82662e42eda5c5709ef84c166f: Time spent starting tablet: real 0.010s	user 0.009s	sys 0.000s
I20260710 13:23:36.254848 23239 tablet_copy_service.cc:342] P 859aa6ea0c784360a14350b996282143: Request end of tablet copy session e87a7a82662e42eda5c5709ef84c166f-bc02dad21828477194f5b53dea7a10b7 received from {username='slave'} at 127.0.0.1:45626
I20260710 13:23:36.255331 23239 tablet_copy_service.cc:434] P 859aa6ea0c784360a14350b996282143: ending tablet copy session e87a7a82662e42eda5c5709ef84c166f-bc02dad21828477194f5b53dea7a10b7 on tablet bc02dad21828477194f5b53dea7a10b7 with peer e87a7a82662e42eda5c5709ef84c166f
I20260710 13:23:36.257946 23239 tablet_copy_service.cc:342] P 859aa6ea0c784360a14350b996282143: Request end of tablet copy session e87a7a82662e42eda5c5709ef84c166f-9c2aa9cb060f4eb0acf7be89cd68e8f9 received from {username='slave'} at 127.0.0.1:45626
I20260710 13:23:36.258455 23239 tablet_copy_service.cc:434] P 859aa6ea0c784360a14350b996282143: ending tablet copy session e87a7a82662e42eda5c5709ef84c166f-9c2aa9cb060f4eb0acf7be89cd68e8f9 on tablet 9c2aa9cb060f4eb0acf7be89cd68e8f9 with peer e87a7a82662e42eda5c5709ef84c166f
I20260710 13:23:36.278187 23512 raft_consensus.cc:1217] T bc02dad21828477194f5b53dea7a10b7 P e87a7a82662e42eda5c5709ef84c166f [term 1 LEARNER]: Deduplicated request from leader. Original: 1.1->[1.2-1.2]   Dedup: 1.2->[]
I20260710 13:23:36.289115 23512 raft_consensus.cc:1217] T 62eb931688674fbb8a5a87fcae61cddd P e87a7a82662e42eda5c5709ef84c166f [term 1 LEARNER]: Deduplicated request from leader. Original: 1.1->[1.2-1.2]   Dedup: 1.2->[]
I20260710 13:23:36.511776 23512 raft_consensus.cc:1217] T da354c9a99214d69be062afe35b3fd0c P e87a7a82662e42eda5c5709ef84c166f [term 1 LEARNER]: Deduplicated request from leader. Original: 1.1->[1.2-1.2]   Dedup: 1.2->[]
I20260710 13:23:36.571087 23512 raft_consensus.cc:1217] T 9c2aa9cb060f4eb0acf7be89cd68e8f9 P e87a7a82662e42eda5c5709ef84c166f [term 1 LEARNER]: Deduplicated request from leader. Original: 1.1->[1.2-1.2]   Dedup: 1.2->[]
I20260710 13:23:36.654906 23559 raft_consensus.cc:1064] T bc02dad21828477194f5b53dea7a10b7 P 859aa6ea0c784360a14350b996282143: attempting to promote NON_VOTER e87a7a82662e42eda5c5709ef84c166f to VOTER
I20260710 13:23:36.657239 23559 consensus_queue.cc:237] T bc02dad21828477194f5b53dea7a10b7 P 859aa6ea0c784360a14350b996282143 [LEADER]: Queue going to LEADER mode. State: All replicated index: 0, Majority replicated index: 2, Committed index: 2, Last appended: 1.2, Last appended by leader: 0, Current term: 1, Majority size: 3, State: 0, Mode: LEADER, active raft config: opid_index: 3 OBSOLETE_local: false peers { permanent_uuid: "095cfea1e29544188ad30904c5b54e4b" member_type: VOTER last_known_addr { host: "127.21.117.193" port: 43805 } attrs { replace: true } } peers { permanent_uuid: "4972f456a07f40c8a3c3c98aa771ed1e" member_type: VOTER last_known_addr { host: "127.21.117.194" port: 34151 } } peers { permanent_uuid: "859aa6ea0c784360a14350b996282143" member_type: VOTER last_known_addr { host: "127.21.117.195" port: 36087 } } peers { permanent_uuid: "e87a7a82662e42eda5c5709ef84c166f" member_type: VOTER last_known_addr { host: "127.21.117.196" port: 41321 } attrs { promote: false } }
I20260710 13:23:36.666749 23512 raft_consensus.cc:1275] T bc02dad21828477194f5b53dea7a10b7 P e87a7a82662e42eda5c5709ef84c166f [term 1 LEARNER]: Refusing update from remote peer 859aa6ea0c784360a14350b996282143: Log matching property violated. Preceding OpId in replica: term: 1 index: 2. Preceding OpId from leader: term: 1 index: 3. (index mismatch)
I20260710 13:23:36.667138 23151 raft_consensus.cc:1275] T bc02dad21828477194f5b53dea7a10b7 P 4972f456a07f40c8a3c3c98aa771ed1e [term 1 FOLLOWER]: Refusing update from remote peer 859aa6ea0c784360a14350b996282143: Log matching property violated. Preceding OpId in replica: term: 1 index: 2. Preceding OpId from leader: term: 1 index: 3. (index mismatch)
I20260710 13:23:36.667394 23079 raft_consensus.cc:1275] T bc02dad21828477194f5b53dea7a10b7 P 095cfea1e29544188ad30904c5b54e4b [term 1 FOLLOWER]: Refusing update from remote peer 859aa6ea0c784360a14350b996282143: Log matching property violated. Preceding OpId in replica: term: 1 index: 2. Preceding OpId from leader: term: 1 index: 3. (index mismatch)
I20260710 13:23:36.668681 23559 consensus_queue.cc:1048] T bc02dad21828477194f5b53dea7a10b7 P 859aa6ea0c784360a14350b996282143 [LEADER]: Connected to new peer: Peer: permanent_uuid: "e87a7a82662e42eda5c5709ef84c166f" member_type: VOTER last_known_addr { host: "127.21.117.196" port: 41321 } attrs { promote: false }, Status: LMP_MISMATCH, Last received: 0.0, Next index: 3, Last known committed idx: 2, Time since last communication: 0.001s
I20260710 13:23:36.670174 23327 consensus_queue.cc:1048] T bc02dad21828477194f5b53dea7a10b7 P 859aa6ea0c784360a14350b996282143 [LEADER]: Connected to new peer: Peer: permanent_uuid: "095cfea1e29544188ad30904c5b54e4b" member_type: VOTER last_known_addr { host: "127.21.117.193" port: 43805 } attrs { replace: true }, Status: LMP_MISMATCH, Last received: 0.0, Next index: 3, Last known committed idx: 2, Time since last communication: 0.000s
I20260710 13:23:36.671144 23558 consensus_queue.cc:1048] T bc02dad21828477194f5b53dea7a10b7 P 859aa6ea0c784360a14350b996282143 [LEADER]: Connected to new peer: Peer: permanent_uuid: "4972f456a07f40c8a3c3c98aa771ed1e" member_type: VOTER last_known_addr { host: "127.21.117.194" port: 34151 }, Status: LMP_MISMATCH, Last received: 0.0, Next index: 3, Last known committed idx: 2, Time since last communication: 0.001s
I20260710 13:23:36.688288 23558 raft_consensus.cc:2955] T bc02dad21828477194f5b53dea7a10b7 P 859aa6ea0c784360a14350b996282143 [term 1 LEADER]: Committing config change with OpId 1.3: config changed from index 2 to 3, e87a7a82662e42eda5c5709ef84c166f (127.21.117.196) changed from NON_VOTER to VOTER. New config: { opid_index: 3 OBSOLETE_local: false peers { permanent_uuid: "095cfea1e29544188ad30904c5b54e4b" member_type: VOTER last_known_addr { host: "127.21.117.193" port: 43805 } attrs { replace: true } } peers { permanent_uuid: "4972f456a07f40c8a3c3c98aa771ed1e" member_type: VOTER last_known_addr { host: "127.21.117.194" port: 34151 } } peers { permanent_uuid: "859aa6ea0c784360a14350b996282143" member_type: VOTER last_known_addr { host: "127.21.117.195" port: 36087 } } peers { permanent_uuid: "e87a7a82662e42eda5c5709ef84c166f" member_type: VOTER last_known_addr { host: "127.21.117.196" port: 41321 } attrs { promote: false } } }
I20260710 13:23:36.691151 23154 raft_consensus.cc:2955] T bc02dad21828477194f5b53dea7a10b7 P 4972f456a07f40c8a3c3c98aa771ed1e [term 1 FOLLOWER]: Committing config change with OpId 1.3: config changed from index 2 to 3, e87a7a82662e42eda5c5709ef84c166f (127.21.117.196) changed from NON_VOTER to VOTER. New config: { opid_index: 3 OBSOLETE_local: false peers { permanent_uuid: "095cfea1e29544188ad30904c5b54e4b" member_type: VOTER last_known_addr { host: "127.21.117.193" port: 43805 } attrs { replace: true } } peers { permanent_uuid: "4972f456a07f40c8a3c3c98aa771ed1e" member_type: VOTER last_known_addr { host: "127.21.117.194" port: 34151 } } peers { permanent_uuid: "859aa6ea0c784360a14350b996282143" member_type: VOTER last_known_addr { host: "127.21.117.195" port: 36087 } } peers { permanent_uuid: "e87a7a82662e42eda5c5709ef84c166f" member_type: VOTER last_known_addr { host: "127.21.117.196" port: 41321 } attrs { promote: false } } }
I20260710 13:23:36.701020 23079 raft_consensus.cc:2955] T bc02dad21828477194f5b53dea7a10b7 P 095cfea1e29544188ad30904c5b54e4b [term 1 FOLLOWER]: Committing config change with OpId 1.3: config changed from index 2 to 3, e87a7a82662e42eda5c5709ef84c166f (127.21.117.196) changed from NON_VOTER to VOTER. New config: { opid_index: 3 OBSOLETE_local: false peers { permanent_uuid: "095cfea1e29544188ad30904c5b54e4b" member_type: VOTER last_known_addr { host: "127.21.117.193" port: 43805 } attrs { replace: true } } peers { permanent_uuid: "4972f456a07f40c8a3c3c98aa771ed1e" member_type: VOTER last_known_addr { host: "127.21.117.194" port: 34151 } } peers { permanent_uuid: "859aa6ea0c784360a14350b996282143" member_type: VOTER last_known_addr { host: "127.21.117.195" port: 36087 } } peers { permanent_uuid: "e87a7a82662e42eda5c5709ef84c166f" member_type: VOTER last_known_addr { host: "127.21.117.196" port: 41321 } attrs { promote: false } } }
I20260710 13:23:36.707357 23511 raft_consensus.cc:2955] T bc02dad21828477194f5b53dea7a10b7 P e87a7a82662e42eda5c5709ef84c166f [term 1 FOLLOWER]: Committing config change with OpId 1.3: config changed from index 2 to 3, e87a7a82662e42eda5c5709ef84c166f (127.21.117.196) changed from NON_VOTER to VOTER. New config: { opid_index: 3 OBSOLETE_local: false peers { permanent_uuid: "095cfea1e29544188ad30904c5b54e4b" member_type: VOTER last_known_addr { host: "127.21.117.193" port: 43805 } attrs { replace: true } } peers { permanent_uuid: "4972f456a07f40c8a3c3c98aa771ed1e" member_type: VOTER last_known_addr { host: "127.21.117.194" port: 34151 } } peers { permanent_uuid: "859aa6ea0c784360a14350b996282143" member_type: VOTER last_known_addr { host: "127.21.117.195" port: 36087 } } peers { permanent_uuid: "e87a7a82662e42eda5c5709ef84c166f" member_type: VOTER last_known_addr { host: "127.21.117.196" port: 41321 } attrs { promote: false } } }
I20260710 13:23:36.716853 22976 catalog_manager.cc:5697] T bc02dad21828477194f5b53dea7a10b7 P 859aa6ea0c784360a14350b996282143 reported cstate change: config changed from index 2 to 3, e87a7a82662e42eda5c5709ef84c166f (127.21.117.196) changed from NON_VOTER to VOTER. New cstate: current_term: 1 leader_uuid: "859aa6ea0c784360a14350b996282143" committed_config { opid_index: 3 OBSOLETE_local: false peers { permanent_uuid: "095cfea1e29544188ad30904c5b54e4b" member_type: VOTER last_known_addr { host: "127.21.117.193" port: 43805 } attrs { replace: true } health_report { overall_health: HEALTHY } } peers { permanent_uuid: "4972f456a07f40c8a3c3c98aa771ed1e" member_type: VOTER last_known_addr { host: "127.21.117.194" port: 34151 } health_report { overall_health: HEALTHY } } peers { permanent_uuid: "859aa6ea0c784360a14350b996282143" member_type: VOTER last_known_addr { host: "127.21.117.195" port: 36087 } health_report { overall_health: HEALTHY } } peers { permanent_uuid: "e87a7a82662e42eda5c5709ef84c166f" member_type: VOTER last_known_addr { host: "127.21.117.196" port: 41321 } attrs { promote: false } health_report { overall_health: HEALTHY } } }
I20260710 13:23:36.742872 23226 consensus_queue.cc:237] T bc02dad21828477194f5b53dea7a10b7 P 859aa6ea0c784360a14350b996282143 [LEADER]: Queue going to LEADER mode. State: All replicated index: 0, Majority replicated index: 3, Committed index: 3, Last appended: 1.3, Last appended by leader: 0, Current term: 1, Majority size: 2, State: 0, Mode: LEADER, active raft config: opid_index: 4 OBSOLETE_local: false peers { permanent_uuid: "4972f456a07f40c8a3c3c98aa771ed1e" member_type: VOTER last_known_addr { host: "127.21.117.194" port: 34151 } } peers { permanent_uuid: "859aa6ea0c784360a14350b996282143" member_type: VOTER last_known_addr { host: "127.21.117.195" port: 36087 } } peers { permanent_uuid: "e87a7a82662e42eda5c5709ef84c166f" member_type: VOTER last_known_addr { host: "127.21.117.196" port: 41321 } attrs { promote: false } }
I20260710 13:23:36.749583 23511 raft_consensus.cc:1275] T bc02dad21828477194f5b53dea7a10b7 P e87a7a82662e42eda5c5709ef84c166f [term 1 FOLLOWER]: Refusing update from remote peer 859aa6ea0c784360a14350b996282143: Log matching property violated. Preceding OpId in replica: term: 1 index: 3. Preceding OpId from leader: term: 1 index: 4. (index mismatch)
I20260710 13:23:36.750306 23154 raft_consensus.cc:1275] T bc02dad21828477194f5b53dea7a10b7 P 4972f456a07f40c8a3c3c98aa771ed1e [term 1 FOLLOWER]: Refusing update from remote peer 859aa6ea0c784360a14350b996282143: Log matching property violated. Preceding OpId in replica: term: 1 index: 3. Preceding OpId from leader: term: 1 index: 4. (index mismatch)
I20260710 13:23:36.751696 23559 consensus_queue.cc:1048] T bc02dad21828477194f5b53dea7a10b7 P 859aa6ea0c784360a14350b996282143 [LEADER]: Connected to new peer: Peer: permanent_uuid: "e87a7a82662e42eda5c5709ef84c166f" member_type: VOTER last_known_addr { host: "127.21.117.196" port: 41321 } attrs { promote: false }, Status: LMP_MISMATCH, Last received: 0.0, Next index: 4, Last known committed idx: 3, Time since last communication: 0.000s
I20260710 13:23:36.753743 23558 consensus_queue.cc:1048] T bc02dad21828477194f5b53dea7a10b7 P 859aa6ea0c784360a14350b996282143 [LEADER]: Connected to new peer: Peer: permanent_uuid: "4972f456a07f40c8a3c3c98aa771ed1e" member_type: VOTER last_known_addr { host: "127.21.117.194" port: 34151 }, Status: LMP_MISMATCH, Last received: 0.0, Next index: 4, Last known committed idx: 3, Time since last communication: 0.000s
I20260710 13:23:36.761567 23327 raft_consensus.cc:2955] T bc02dad21828477194f5b53dea7a10b7 P 859aa6ea0c784360a14350b996282143 [term 1 LEADER]: Committing config change with OpId 1.4: config changed from index 3 to 4, VOTER 095cfea1e29544188ad30904c5b54e4b (127.21.117.193) evicted. New config: { opid_index: 4 OBSOLETE_local: false peers { permanent_uuid: "4972f456a07f40c8a3c3c98aa771ed1e" member_type: VOTER last_known_addr { host: "127.21.117.194" port: 34151 } } peers { permanent_uuid: "859aa6ea0c784360a14350b996282143" member_type: VOTER last_known_addr { host: "127.21.117.195" port: 36087 } } peers { permanent_uuid: "e87a7a82662e42eda5c5709ef84c166f" member_type: VOTER last_known_addr { host: "127.21.117.196" port: 41321 } attrs { promote: false } } }
I20260710 13:23:36.764500 23511 raft_consensus.cc:2955] T bc02dad21828477194f5b53dea7a10b7 P e87a7a82662e42eda5c5709ef84c166f [term 1 FOLLOWER]: Committing config change with OpId 1.4: config changed from index 3 to 4, VOTER 095cfea1e29544188ad30904c5b54e4b (127.21.117.193) evicted. New config: { opid_index: 4 OBSOLETE_local: false peers { permanent_uuid: "4972f456a07f40c8a3c3c98aa771ed1e" member_type: VOTER last_known_addr { host: "127.21.117.194" port: 34151 } } peers { permanent_uuid: "859aa6ea0c784360a14350b996282143" member_type: VOTER last_known_addr { host: "127.21.117.195" port: 36087 } } peers { permanent_uuid: "e87a7a82662e42eda5c5709ef84c166f" member_type: VOTER last_known_addr { host: "127.21.117.196" port: 41321 } attrs { promote: false } } }
I20260710 13:23:36.763854 23154 raft_consensus.cc:2955] T bc02dad21828477194f5b53dea7a10b7 P 4972f456a07f40c8a3c3c98aa771ed1e [term 1 FOLLOWER]: Committing config change with OpId 1.4: config changed from index 3 to 4, VOTER 095cfea1e29544188ad30904c5b54e4b (127.21.117.193) evicted. New config: { opid_index: 4 OBSOLETE_local: false peers { permanent_uuid: "4972f456a07f40c8a3c3c98aa771ed1e" member_type: VOTER last_known_addr { host: "127.21.117.194" port: 34151 } } peers { permanent_uuid: "859aa6ea0c784360a14350b996282143" member_type: VOTER last_known_addr { host: "127.21.117.195" port: 36087 } } peers { permanent_uuid: "e87a7a82662e42eda5c5709ef84c166f" member_type: VOTER last_known_addr { host: "127.21.117.196" port: 41321 } attrs { promote: false } } }
I20260710 13:23:36.779098 22965 catalog_manager.cc:5210] ChangeConfig:REMOVE_PEER RPC for tablet bc02dad21828477194f5b53dea7a10b7 with cas_config_opid_index 3: ChangeConfig:REMOVE_PEER succeeded (attempt 1)
I20260710 13:23:36.782368 22977 catalog_manager.cc:5697] T bc02dad21828477194f5b53dea7a10b7 P 859aa6ea0c784360a14350b996282143 reported cstate change: config changed from index 3 to 4, VOTER 095cfea1e29544188ad30904c5b54e4b (127.21.117.193) evicted. New cstate: current_term: 1 leader_uuid: "859aa6ea0c784360a14350b996282143" committed_config { opid_index: 4 OBSOLETE_local: false peers { permanent_uuid: "4972f456a07f40c8a3c3c98aa771ed1e" member_type: VOTER last_known_addr { host: "127.21.117.194" port: 34151 } health_report { overall_health: HEALTHY } } peers { permanent_uuid: "859aa6ea0c784360a14350b996282143" member_type: VOTER last_known_addr { host: "127.21.117.195" port: 36087 } health_report { overall_health: HEALTHY } } peers { permanent_uuid: "e87a7a82662e42eda5c5709ef84c166f" member_type: VOTER last_known_addr { host: "127.21.117.196" port: 41321 } attrs { promote: false } health_report { overall_health: HEALTHY } } }
I20260710 13:23:36.796130 23069 tablet_service.cc:1558] Processing DeleteTablet for tablet bc02dad21828477194f5b53dea7a10b7 with delete_type TABLET_DATA_TOMBSTONED (TS 095cfea1e29544188ad30904c5b54e4b not found in new config with opid_index 4) from {username='slave'} at 127.0.0.1:60860
I20260710 13:23:36.799042 23596 tablet_replica.cc:333] T bc02dad21828477194f5b53dea7a10b7 P 095cfea1e29544188ad30904c5b54e4b: stopping tablet replica
I20260710 13:23:36.800513 23596 raft_consensus.cc:2243] T bc02dad21828477194f5b53dea7a10b7 P 095cfea1e29544188ad30904c5b54e4b [term 1 FOLLOWER]: Raft consensus shutting down.
I20260710 13:23:36.801415 23596 raft_consensus.cc:2272] T bc02dad21828477194f5b53dea7a10b7 P 095cfea1e29544188ad30904c5b54e4b [term 1 FOLLOWER]: Raft consensus is shut down!
I20260710 13:23:36.805975 23596 ts_tablet_manager.cc:1916] T bc02dad21828477194f5b53dea7a10b7 P 095cfea1e29544188ad30904c5b54e4b: Deleting tablet data with delete state TABLET_DATA_TOMBSTONED
I20260710 13:23:36.826421 23596 ts_tablet_manager.cc:1929] T bc02dad21828477194f5b53dea7a10b7 P 095cfea1e29544188ad30904c5b54e4b: tablet deleted with delete type TABLET_DATA_TOMBSTONED: last-logged OpId 1.3
I20260710 13:23:36.827098 23596 log.cc:1199] T bc02dad21828477194f5b53dea7a10b7 P 095cfea1e29544188ad30904c5b54e4b: Deleting WAL directory at /tmp/dist-test-taskovJeVL/test-tmp/auto_leader_rebalancer-test.0.LeaderRebalancerTest.AddTserver.1783689785497974-21975-0/minicluster-data/ts-0-root/wals/bc02dad21828477194f5b53dea7a10b7
I20260710 13:23:36.829708 22963 catalog_manager.cc:5028] TS 095cfea1e29544188ad30904c5b54e4b (127.21.117.193:43805): tablet bc02dad21828477194f5b53dea7a10b7 (table test-workload [id=3cc42e6c9aff4ed0a481765c3ce29235]) successfully deleted
I20260710 13:23:36.901604 23597 raft_consensus.cc:1064] T 62eb931688674fbb8a5a87fcae61cddd P 095cfea1e29544188ad30904c5b54e4b: attempting to promote NON_VOTER e87a7a82662e42eda5c5709ef84c166f to VOTER
I20260710 13:23:36.904022 23597 consensus_queue.cc:237] T 62eb931688674fbb8a5a87fcae61cddd P 095cfea1e29544188ad30904c5b54e4b [LEADER]: Queue going to LEADER mode. State: All replicated index: 0, Majority replicated index: 2, Committed index: 2, Last appended: 1.2, Last appended by leader: 0, Current term: 1, Majority size: 3, State: 0, Mode: LEADER, active raft config: opid_index: 3 OBSOLETE_local: false peers { permanent_uuid: "095cfea1e29544188ad30904c5b54e4b" member_type: VOTER last_known_addr { host: "127.21.117.193" port: 43805 } } peers { permanent_uuid: "4972f456a07f40c8a3c3c98aa771ed1e" member_type: VOTER last_known_addr { host: "127.21.117.194" port: 34151 } } peers { permanent_uuid: "859aa6ea0c784360a14350b996282143" member_type: VOTER last_known_addr { host: "127.21.117.195" port: 36087 } attrs { replace: true } } peers { permanent_uuid: "e87a7a82662e42eda5c5709ef84c166f" member_type: VOTER last_known_addr { host: "127.21.117.196" port: 41321 } attrs { promote: false } }
I20260710 13:23:36.911237 23511 raft_consensus.cc:1275] T 62eb931688674fbb8a5a87fcae61cddd P e87a7a82662e42eda5c5709ef84c166f [term 1 LEARNER]: Refusing update from remote peer 095cfea1e29544188ad30904c5b54e4b: Log matching property violated. Preceding OpId in replica: term: 1 index: 2. Preceding OpId from leader: term: 1 index: 3. (index mismatch)
I20260710 13:23:36.915184 23600 consensus_queue.cc:1048] T 62eb931688674fbb8a5a87fcae61cddd P 095cfea1e29544188ad30904c5b54e4b [LEADER]: Connected to new peer: Peer: permanent_uuid: "e87a7a82662e42eda5c5709ef84c166f" member_type: VOTER last_known_addr { host: "127.21.117.196" port: 41321 } attrs { promote: false }, Status: LMP_MISMATCH, Last received: 0.0, Next index: 3, Last known committed idx: 2, Time since last communication: 0.001s
I20260710 13:23:36.917825 23227 raft_consensus.cc:1275] T 62eb931688674fbb8a5a87fcae61cddd P 859aa6ea0c784360a14350b996282143 [term 1 FOLLOWER]: Refusing update from remote peer 095cfea1e29544188ad30904c5b54e4b: Log matching property violated. Preceding OpId in replica: term: 1 index: 2. Preceding OpId from leader: term: 1 index: 3. (index mismatch)
I20260710 13:23:36.920008 23154 raft_consensus.cc:1275] T 62eb931688674fbb8a5a87fcae61cddd P 4972f456a07f40c8a3c3c98aa771ed1e [term 1 FOLLOWER]: Refusing update from remote peer 095cfea1e29544188ad30904c5b54e4b: Log matching property violated. Preceding OpId in replica: term: 1 index: 2. Preceding OpId from leader: term: 1 index: 3. (index mismatch)
I20260710 13:23:36.919845 23570 consensus_queue.cc:1048] T 62eb931688674fbb8a5a87fcae61cddd P 095cfea1e29544188ad30904c5b54e4b [LEADER]: Connected to new peer: Peer: permanent_uuid: "859aa6ea0c784360a14350b996282143" member_type: VOTER last_known_addr { host: "127.21.117.195" port: 36087 } attrs { replace: true }, Status: LMP_MISMATCH, Last received: 0.0, Next index: 3, Last known committed idx: 2, Time since last communication: 0.001s
I20260710 13:23:36.922333 23570 consensus_queue.cc:1048] T 62eb931688674fbb8a5a87fcae61cddd P 095cfea1e29544188ad30904c5b54e4b [LEADER]: Connected to new peer: Peer: permanent_uuid: "4972f456a07f40c8a3c3c98aa771ed1e" member_type: VOTER last_known_addr { host: "127.21.117.194" port: 34151 }, Status: LMP_MISMATCH, Last received: 0.0, Next index: 3, Last known committed idx: 2, Time since last communication: 0.001s
I20260710 13:23:36.943529 23599 raft_consensus.cc:2955] T 62eb931688674fbb8a5a87fcae61cddd P 095cfea1e29544188ad30904c5b54e4b [term 1 LEADER]: Committing config change with OpId 1.3: config changed from index 2 to 3, e87a7a82662e42eda5c5709ef84c166f (127.21.117.196) changed from NON_VOTER to VOTER. New config: { opid_index: 3 OBSOLETE_local: false peers { permanent_uuid: "095cfea1e29544188ad30904c5b54e4b" member_type: VOTER last_known_addr { host: "127.21.117.193" port: 43805 } } peers { permanent_uuid: "4972f456a07f40c8a3c3c98aa771ed1e" member_type: VOTER last_known_addr { host: "127.21.117.194" port: 34151 } } peers { permanent_uuid: "859aa6ea0c784360a14350b996282143" member_type: VOTER last_known_addr { host: "127.21.117.195" port: 36087 } attrs { replace: true } } peers { permanent_uuid: "e87a7a82662e42eda5c5709ef84c166f" member_type: VOTER last_known_addr { host: "127.21.117.196" port: 41321 } attrs { promote: false } } }
I20260710 13:23:36.945076 23511 raft_consensus.cc:2955] T 62eb931688674fbb8a5a87fcae61cddd P e87a7a82662e42eda5c5709ef84c166f [term 1 FOLLOWER]: Committing config change with OpId 1.3: config changed from index 2 to 3, e87a7a82662e42eda5c5709ef84c166f (127.21.117.196) changed from NON_VOTER to VOTER. New config: { opid_index: 3 OBSOLETE_local: false peers { permanent_uuid: "095cfea1e29544188ad30904c5b54e4b" member_type: VOTER last_known_addr { host: "127.21.117.193" port: 43805 } } peers { permanent_uuid: "4972f456a07f40c8a3c3c98aa771ed1e" member_type: VOTER last_known_addr { host: "127.21.117.194" port: 34151 } } peers { permanent_uuid: "859aa6ea0c784360a14350b996282143" member_type: VOTER last_known_addr { host: "127.21.117.195" port: 36087 } attrs { replace: true } } peers { permanent_uuid: "e87a7a82662e42eda5c5709ef84c166f" member_type: VOTER last_known_addr { host: "127.21.117.196" port: 41321 } attrs { promote: false } } }
I20260710 13:23:36.950630 23227 raft_consensus.cc:2955] T 62eb931688674fbb8a5a87fcae61cddd P 859aa6ea0c784360a14350b996282143 [term 1 FOLLOWER]: Committing config change with OpId 1.3: config changed from index 2 to 3, e87a7a82662e42eda5c5709ef84c166f (127.21.117.196) changed from NON_VOTER to VOTER. New config: { opid_index: 3 OBSOLETE_local: false peers { permanent_uuid: "095cfea1e29544188ad30904c5b54e4b" member_type: VOTER last_known_addr { host: "127.21.117.193" port: 43805 } } peers { permanent_uuid: "4972f456a07f40c8a3c3c98aa771ed1e" member_type: VOTER last_known_addr { host: "127.21.117.194" port: 34151 } } peers { permanent_uuid: "859aa6ea0c784360a14350b996282143" member_type: VOTER last_known_addr { host: "127.21.117.195" port: 36087 } attrs { replace: true } } peers { permanent_uuid: "e87a7a82662e42eda5c5709ef84c166f" member_type: VOTER last_known_addr { host: "127.21.117.196" port: 41321 } attrs { promote: false } } }
I20260710 13:23:36.961944 23154 raft_consensus.cc:2955] T 62eb931688674fbb8a5a87fcae61cddd P 4972f456a07f40c8a3c3c98aa771ed1e [term 1 FOLLOWER]: Committing config change with OpId 1.3: config changed from index 2 to 3, e87a7a82662e42eda5c5709ef84c166f (127.21.117.196) changed from NON_VOTER to VOTER. New config: { opid_index: 3 OBSOLETE_local: false peers { permanent_uuid: "095cfea1e29544188ad30904c5b54e4b" member_type: VOTER last_known_addr { host: "127.21.117.193" port: 43805 } } peers { permanent_uuid: "4972f456a07f40c8a3c3c98aa771ed1e" member_type: VOTER last_known_addr { host: "127.21.117.194" port: 34151 } } peers { permanent_uuid: "859aa6ea0c784360a14350b996282143" member_type: VOTER last_known_addr { host: "127.21.117.195" port: 36087 } attrs { replace: true } } peers { permanent_uuid: "e87a7a82662e42eda5c5709ef84c166f" member_type: VOTER last_known_addr { host: "127.21.117.196" port: 41321 } attrs { promote: false } } }
I20260710 13:23:36.962376 22979 catalog_manager.cc:5697] T 62eb931688674fbb8a5a87fcae61cddd P e87a7a82662e42eda5c5709ef84c166f reported cstate change: config changed from index 2 to 3, e87a7a82662e42eda5c5709ef84c166f (127.21.117.196) changed from NON_VOTER to VOTER. New cstate: current_term: 1 leader_uuid: "095cfea1e29544188ad30904c5b54e4b" committed_config { opid_index: 3 OBSOLETE_local: false peers { permanent_uuid: "095cfea1e29544188ad30904c5b54e4b" member_type: VOTER last_known_addr { host: "127.21.117.193" port: 43805 } } peers { permanent_uuid: "4972f456a07f40c8a3c3c98aa771ed1e" member_type: VOTER last_known_addr { host: "127.21.117.194" port: 34151 } } peers { permanent_uuid: "859aa6ea0c784360a14350b996282143" member_type: VOTER last_known_addr { host: "127.21.117.195" port: 36087 } attrs { replace: true } } peers { permanent_uuid: "e87a7a82662e42eda5c5709ef84c166f" member_type: VOTER last_known_addr { host: "127.21.117.196" port: 41321 } attrs { promote: false } } }
I20260710 13:23:36.980444 23079 consensus_queue.cc:237] T 62eb931688674fbb8a5a87fcae61cddd P 095cfea1e29544188ad30904c5b54e4b [LEADER]: Queue going to LEADER mode. State: All replicated index: 0, Majority replicated index: 3, Committed index: 3, Last appended: 1.3, Last appended by leader: 0, Current term: 1, Majority size: 2, State: 0, Mode: LEADER, active raft config: opid_index: 4 OBSOLETE_local: false peers { permanent_uuid: "095cfea1e29544188ad30904c5b54e4b" member_type: VOTER last_known_addr { host: "127.21.117.193" port: 43805 } } peers { permanent_uuid: "4972f456a07f40c8a3c3c98aa771ed1e" member_type: VOTER last_known_addr { host: "127.21.117.194" port: 34151 } } peers { permanent_uuid: "e87a7a82662e42eda5c5709ef84c166f" member_type: VOTER last_known_addr { host: "127.21.117.196" port: 41321 } attrs { promote: false } }
I20260710 13:23:36.987434 23154 raft_consensus.cc:1275] T 62eb931688674fbb8a5a87fcae61cddd P 4972f456a07f40c8a3c3c98aa771ed1e [term 1 FOLLOWER]: Refusing update from remote peer 095cfea1e29544188ad30904c5b54e4b: Log matching property violated. Preceding OpId in replica: term: 1 index: 3. Preceding OpId from leader: term: 1 index: 4. (index mismatch)
I20260710 13:23:36.987437 23511 raft_consensus.cc:1275] T 62eb931688674fbb8a5a87fcae61cddd P e87a7a82662e42eda5c5709ef84c166f [term 1 FOLLOWER]: Refusing update from remote peer 095cfea1e29544188ad30904c5b54e4b: Log matching property violated. Preceding OpId in replica: term: 1 index: 3. Preceding OpId from leader: term: 1 index: 4. (index mismatch)
I20260710 13:23:36.989316 23599 consensus_queue.cc:1048] T 62eb931688674fbb8a5a87fcae61cddd P 095cfea1e29544188ad30904c5b54e4b [LEADER]: Connected to new peer: Peer: permanent_uuid: "4972f456a07f40c8a3c3c98aa771ed1e" member_type: VOTER last_known_addr { host: "127.21.117.194" port: 34151 }, Status: LMP_MISMATCH, Last received: 0.0, Next index: 4, Last known committed idx: 3, Time since last communication: 0.001s
I20260710 13:23:36.991719 23570 consensus_queue.cc:1048] T 62eb931688674fbb8a5a87fcae61cddd P 095cfea1e29544188ad30904c5b54e4b [LEADER]: Connected to new peer: Peer: permanent_uuid: "e87a7a82662e42eda5c5709ef84c166f" member_type: VOTER last_known_addr { host: "127.21.117.196" port: 41321 } attrs { promote: false }, Status: LMP_MISMATCH, Last received: 0.0, Next index: 4, Last known committed idx: 3, Time since last communication: 0.000s
I20260710 13:23:36.999544 23600 raft_consensus.cc:2955] T 62eb931688674fbb8a5a87fcae61cddd P 095cfea1e29544188ad30904c5b54e4b [term 1 LEADER]: Committing config change with OpId 1.4: config changed from index 3 to 4, VOTER 859aa6ea0c784360a14350b996282143 (127.21.117.195) evicted. New config: { opid_index: 4 OBSOLETE_local: false peers { permanent_uuid: "095cfea1e29544188ad30904c5b54e4b" member_type: VOTER last_known_addr { host: "127.21.117.193" port: 43805 } } peers { permanent_uuid: "4972f456a07f40c8a3c3c98aa771ed1e" member_type: VOTER last_known_addr { host: "127.21.117.194" port: 34151 } } peers { permanent_uuid: "e87a7a82662e42eda5c5709ef84c166f" member_type: VOTER last_known_addr { host: "127.21.117.196" port: 41321 } attrs { promote: false } } }
I20260710 13:23:37.002513 23511 raft_consensus.cc:2955] T 62eb931688674fbb8a5a87fcae61cddd P e87a7a82662e42eda5c5709ef84c166f [term 1 FOLLOWER]: Committing config change with OpId 1.4: config changed from index 3 to 4, VOTER 859aa6ea0c784360a14350b996282143 (127.21.117.195) evicted. New config: { opid_index: 4 OBSOLETE_local: false peers { permanent_uuid: "095cfea1e29544188ad30904c5b54e4b" member_type: VOTER last_known_addr { host: "127.21.117.193" port: 43805 } } peers { permanent_uuid: "4972f456a07f40c8a3c3c98aa771ed1e" member_type: VOTER last_known_addr { host: "127.21.117.194" port: 34151 } } peers { permanent_uuid: "e87a7a82662e42eda5c5709ef84c166f" member_type: VOTER last_known_addr { host: "127.21.117.196" port: 41321 } attrs { promote: false } } }
I20260710 13:23:37.006402 23154 raft_consensus.cc:2955] T 62eb931688674fbb8a5a87fcae61cddd P 4972f456a07f40c8a3c3c98aa771ed1e [term 1 FOLLOWER]: Committing config change with OpId 1.4: config changed from index 3 to 4, VOTER 859aa6ea0c784360a14350b996282143 (127.21.117.195) evicted. New config: { opid_index: 4 OBSOLETE_local: false peers { permanent_uuid: "095cfea1e29544188ad30904c5b54e4b" member_type: VOTER last_known_addr { host: "127.21.117.193" port: 43805 } } peers { permanent_uuid: "4972f456a07f40c8a3c3c98aa771ed1e" member_type: VOTER last_known_addr { host: "127.21.117.194" port: 34151 } } peers { permanent_uuid: "e87a7a82662e42eda5c5709ef84c166f" member_type: VOTER last_known_addr { host: "127.21.117.196" port: 41321 } attrs { promote: false } } }
I20260710 13:23:37.015640 23559 raft_consensus.cc:1064] T da354c9a99214d69be062afe35b3fd0c P 859aa6ea0c784360a14350b996282143: attempting to promote NON_VOTER e87a7a82662e42eda5c5709ef84c166f to VOTER
I20260710 13:23:37.019888 23559 consensus_queue.cc:237] T da354c9a99214d69be062afe35b3fd0c P 859aa6ea0c784360a14350b996282143 [LEADER]: Queue going to LEADER mode. State: All replicated index: 0, Majority replicated index: 2, Committed index: 2, Last appended: 1.2, Last appended by leader: 0, Current term: 1, Majority size: 3, State: 0, Mode: LEADER, active raft config: opid_index: 3 OBSOLETE_local: false peers { permanent_uuid: "4972f456a07f40c8a3c3c98aa771ed1e" member_type: VOTER last_known_addr { host: "127.21.117.194" port: 34151 } } peers { permanent_uuid: "859aa6ea0c784360a14350b996282143" member_type: VOTER last_known_addr { host: "127.21.117.195" port: 36087 } } peers { permanent_uuid: "095cfea1e29544188ad30904c5b54e4b" member_type: VOTER last_known_addr { host: "127.21.117.193" port: 43805 } attrs { replace: true } } peers { permanent_uuid: "e87a7a82662e42eda5c5709ef84c166f" member_type: VOTER last_known_addr { host: "127.21.117.196" port: 41321 } attrs { promote: false } }
I20260710 13:23:37.029527 22977 catalog_manager.cc:5697] T 62eb931688674fbb8a5a87fcae61cddd P e87a7a82662e42eda5c5709ef84c166f reported cstate change: config changed from index 3 to 4, VOTER 859aa6ea0c784360a14350b996282143 (127.21.117.195) evicted. New cstate: current_term: 1 leader_uuid: "095cfea1e29544188ad30904c5b54e4b" committed_config { opid_index: 4 OBSOLETE_local: false peers { permanent_uuid: "095cfea1e29544188ad30904c5b54e4b" member_type: VOTER last_known_addr { host: "127.21.117.193" port: 43805 } } peers { permanent_uuid: "4972f456a07f40c8a3c3c98aa771ed1e" member_type: VOTER last_known_addr { host: "127.21.117.194" port: 34151 } } peers { permanent_uuid: "e87a7a82662e42eda5c5709ef84c166f" member_type: VOTER last_known_addr { host: "127.21.117.196" port: 41321 } attrs { promote: false } } }
I20260710 13:23:37.035707 23511 raft_consensus.cc:1275] T da354c9a99214d69be062afe35b3fd0c P e87a7a82662e42eda5c5709ef84c166f [term 1 LEARNER]: Refusing update from remote peer 859aa6ea0c784360a14350b996282143: Log matching property violated. Preceding OpId in replica: term: 1 index: 2. Preceding OpId from leader: term: 1 index: 3. (index mismatch)
I20260710 13:23:37.037132 23079 raft_consensus.cc:1275] T da354c9a99214d69be062afe35b3fd0c P 095cfea1e29544188ad30904c5b54e4b [term 1 FOLLOWER]: Refusing update from remote peer 859aa6ea0c784360a14350b996282143: Log matching property violated. Preceding OpId in replica: term: 1 index: 2. Preceding OpId from leader: term: 1 index: 3. (index mismatch)
I20260710 13:23:37.037585 23327 consensus_queue.cc:1048] T da354c9a99214d69be062afe35b3fd0c P 859aa6ea0c784360a14350b996282143 [LEADER]: Connected to new peer: Peer: permanent_uuid: "e87a7a82662e42eda5c5709ef84c166f" member_type: VOTER last_known_addr { host: "127.21.117.196" port: 41321 } attrs { promote: false }, Status: LMP_MISMATCH, Last received: 0.0, Next index: 3, Last known committed idx: 2, Time since last communication: 0.001s
I20260710 13:23:37.037945 22963 catalog_manager.cc:5210] ChangeConfig:REMOVE_PEER RPC for tablet 62eb931688674fbb8a5a87fcae61cddd with cas_config_opid_index 3: ChangeConfig:REMOVE_PEER succeeded (attempt 1)
I20260710 13:23:37.041186 23327 consensus_queue.cc:1048] T da354c9a99214d69be062afe35b3fd0c P 859aa6ea0c784360a14350b996282143 [LEADER]: Connected to new peer: Peer: permanent_uuid: "095cfea1e29544188ad30904c5b54e4b" member_type: VOTER last_known_addr { host: "127.21.117.193" port: 43805 } attrs { replace: true }, Status: LMP_MISMATCH, Last received: 0.0, Next index: 3, Last known committed idx: 2, Time since last communication: 0.001s
I20260710 13:23:37.044821 23154 raft_consensus.cc:1275] T da354c9a99214d69be062afe35b3fd0c P 4972f456a07f40c8a3c3c98aa771ed1e [term 1 FOLLOWER]: Refusing update from remote peer 859aa6ea0c784360a14350b996282143: Log matching property violated. Preceding OpId in replica: term: 1 index: 2. Preceding OpId from leader: term: 1 index: 3. (index mismatch)
I20260710 13:23:37.046712 23558 consensus_queue.cc:1048] T da354c9a99214d69be062afe35b3fd0c P 859aa6ea0c784360a14350b996282143 [LEADER]: Connected to new peer: Peer: permanent_uuid: "4972f456a07f40c8a3c3c98aa771ed1e" member_type: VOTER last_known_addr { host: "127.21.117.194" port: 34151 }, Status: LMP_MISMATCH, Last received: 0.0, Next index: 3, Last known committed idx: 2, Time since last communication: 0.000s
I20260710 13:23:37.048359 23219 tablet_service.cc:1558] Processing DeleteTablet for tablet 62eb931688674fbb8a5a87fcae61cddd with delete_type TABLET_DATA_TOMBSTONED (TS 859aa6ea0c784360a14350b996282143 not found in new config with opid_index 4) from {username='slave'} at 127.0.0.1:45582
I20260710 13:23:37.062297 23606 tablet_replica.cc:333] T 62eb931688674fbb8a5a87fcae61cddd P 859aa6ea0c784360a14350b996282143: stopping tablet replica
I20260710 13:23:37.063930 23606 raft_consensus.cc:2243] T 62eb931688674fbb8a5a87fcae61cddd P 859aa6ea0c784360a14350b996282143 [term 1 FOLLOWER]: Raft consensus shutting down.
I20260710 13:23:37.065018 23606 raft_consensus.cc:2272] T 62eb931688674fbb8a5a87fcae61cddd P 859aa6ea0c784360a14350b996282143 [term 1 FOLLOWER]: Raft consensus is shut down!
I20260710 13:23:37.069664 23559 raft_consensus.cc:2955] T da354c9a99214d69be062afe35b3fd0c P 859aa6ea0c784360a14350b996282143 [term 1 LEADER]: Committing config change with OpId 1.3: config changed from index 2 to 3, e87a7a82662e42eda5c5709ef84c166f (127.21.117.196) changed from NON_VOTER to VOTER. New config: { opid_index: 3 OBSOLETE_local: false peers { permanent_uuid: "4972f456a07f40c8a3c3c98aa771ed1e" member_type: VOTER last_known_addr { host: "127.21.117.194" port: 34151 } } peers { permanent_uuid: "859aa6ea0c784360a14350b996282143" member_type: VOTER last_known_addr { host: "127.21.117.195" port: 36087 } } peers { permanent_uuid: "095cfea1e29544188ad30904c5b54e4b" member_type: VOTER last_known_addr { host: "127.21.117.193" port: 43805 } attrs { replace: true } } peers { permanent_uuid: "e87a7a82662e42eda5c5709ef84c166f" member_type: VOTER last_known_addr { host: "127.21.117.196" port: 41321 } attrs { promote: false } } }
I20260710 13:23:37.072377 23154 raft_consensus.cc:2955] T da354c9a99214d69be062afe35b3fd0c P 4972f456a07f40c8a3c3c98aa771ed1e [term 1 FOLLOWER]: Committing config change with OpId 1.3: config changed from index 2 to 3, e87a7a82662e42eda5c5709ef84c166f (127.21.117.196) changed from NON_VOTER to VOTER. New config: { opid_index: 3 OBSOLETE_local: false peers { permanent_uuid: "4972f456a07f40c8a3c3c98aa771ed1e" member_type: VOTER last_known_addr { host: "127.21.117.194" port: 34151 } } peers { permanent_uuid: "859aa6ea0c784360a14350b996282143" member_type: VOTER last_known_addr { host: "127.21.117.195" port: 36087 } } peers { permanent_uuid: "095cfea1e29544188ad30904c5b54e4b" member_type: VOTER last_known_addr { host: "127.21.117.193" port: 43805 } attrs { replace: true } } peers { permanent_uuid: "e87a7a82662e42eda5c5709ef84c166f" member_type: VOTER last_known_addr { host: "127.21.117.196" port: 41321 } attrs { promote: false } } }
I20260710 13:23:37.083711 23606 ts_tablet_manager.cc:1916] T 62eb931688674fbb8a5a87fcae61cddd P 859aa6ea0c784360a14350b996282143: Deleting tablet data with delete state TABLET_DATA_TOMBSTONED
I20260710 13:23:37.084472 23512 raft_consensus.cc:2955] T da354c9a99214d69be062afe35b3fd0c P e87a7a82662e42eda5c5709ef84c166f [term 1 FOLLOWER]: Committing config change with OpId 1.3: config changed from index 2 to 3, e87a7a82662e42eda5c5709ef84c166f (127.21.117.196) changed from NON_VOTER to VOTER. New config: { opid_index: 3 OBSOLETE_local: false peers { permanent_uuid: "4972f456a07f40c8a3c3c98aa771ed1e" member_type: VOTER last_known_addr { host: "127.21.117.194" port: 34151 } } peers { permanent_uuid: "859aa6ea0c784360a14350b996282143" member_type: VOTER last_known_addr { host: "127.21.117.195" port: 36087 } } peers { permanent_uuid: "095cfea1e29544188ad30904c5b54e4b" member_type: VOTER last_known_addr { host: "127.21.117.193" port: 43805 } attrs { replace: true } } peers { permanent_uuid: "e87a7a82662e42eda5c5709ef84c166f" member_type: VOTER last_known_addr { host: "127.21.117.196" port: 41321 } attrs { promote: false } } }
I20260710 13:23:37.095952 23588 raft_consensus.cc:1064] T 9c2aa9cb060f4eb0acf7be89cd68e8f9 P 859aa6ea0c784360a14350b996282143: attempting to promote NON_VOTER e87a7a82662e42eda5c5709ef84c166f to VOTER
