I20260710 13:23:29.257107 17784 leader_election.cc:304] T 3fe1ea0451984581a06a8993914b19be P a2696ddfebeb438881395938f39e6a02 [CANDIDATE]: Term 1 pre-election: Election decided. Result: candidate lost. Election summary: received 3 responses out of 3 voters: 1 yes votes; 2 no votes. yes voters: a2696ddfebeb438881395938f39e6a02; no voters: 5752259a60a244038351f91a0be9bb6d, 7323d1a987a640e9968b5ea8f8520a86
I20260710 13:23:29.252555 17709 leader_election.cc:304] T eff1c494eb084c4fa84d6fc86c44252d P 7323d1a987a640e9968b5ea8f8520a86 [CANDIDATE]: Term 1 pre-election: Election decided. Result: candidate won. Election summary: received 2 responses out of 3 voters: 2 yes votes; 0 no votes. yes voters: 5752259a60a244038351f91a0be9bb6d, 7323d1a987a640e9968b5ea8f8520a86; no voters: 
I20260710 13:23:29.251755 17935 raft_consensus.cc:385] T 87eab6b2ee5141b5b43b2254eae365e6 P a2696ddfebeb438881395938f39e6a02 [term 0 FOLLOWER]: Consensus starting up: Expiring failure detector timer to make a prompt election more likely
I20260710 13:23:29.260432 17942 raft_consensus.cc:2749] T 3fe1ea0451984581a06a8993914b19be P a2696ddfebeb438881395938f39e6a02 [term 0 FOLLOWER]: Leader pre-election lost for term 1. Reason: could not achieve majority
I20260710 13:23:29.260622 17938 raft_consensus.cc:2804] T eff1c494eb084c4fa84d6fc86c44252d P 7323d1a987a640e9968b5ea8f8520a86 [term 0 FOLLOWER]: Leader pre-election won for term 1
I20260710 13:23:29.260908 17935 raft_consensus.cc:740] T 87eab6b2ee5141b5b43b2254eae365e6 P a2696ddfebeb438881395938f39e6a02 [term 0 FOLLOWER]: Becoming Follower/Learner. State: Replica: a2696ddfebeb438881395938f39e6a02, State: Initialized, Role: FOLLOWER
I20260710 13:23:29.261180 17938 raft_consensus.cc:493] T eff1c494eb084c4fa84d6fc86c44252d P 7323d1a987a640e9968b5ea8f8520a86 [term 0 FOLLOWER]: Starting leader election (no leader contacted us within the election timeout)
I20260710 13:23:29.261535 17938 raft_consensus.cc:3060] T eff1c494eb084c4fa84d6fc86c44252d P 7323d1a987a640e9968b5ea8f8520a86 [term 0 FOLLOWER]: Advancing to term 1
I20260710 13:23:29.261729 17935 consensus_queue.cc:260] T 87eab6b2ee5141b5b43b2254eae365e6 P a2696ddfebeb438881395938f39e6a02 [NON_LEADER]: Queue going to NON_LEADER mode. State: All replicated index: 0, Majority replicated index: 0, Committed index: 0, Last appended: 0.0, Last appended by leader: 0, Current term: 0, Majority size: -1, State: 0, Mode: NON_LEADER, active raft config: opid_index: -1 OBSOLETE_local: false peers { permanent_uuid: "7323d1a987a640e9968b5ea8f8520a86" member_type: VOTER last_known_addr { host: "127.16.55.193" port: 38435 } } peers { permanent_uuid: "a2696ddfebeb438881395938f39e6a02" member_type: VOTER last_known_addr { host: "127.16.55.194" port: 37847 } } peers { permanent_uuid: "5752259a60a244038351f91a0be9bb6d" member_type: VOTER last_known_addr { host: "127.16.55.195" port: 46623 } }
I20260710 13:23:29.262045 17784 leader_election.cc:304] T 0883a0c0f0eb4661bea4e55442802f87 P a2696ddfebeb438881395938f39e6a02 [CANDIDATE]: Term 1 pre-election: Election decided. Result: candidate won. Election summary: received 3 responses out of 3 voters: 2 yes votes; 1 no votes. yes voters: 5752259a60a244038351f91a0be9bb6d, a2696ddfebeb438881395938f39e6a02; no voters: 7323d1a987a640e9968b5ea8f8520a86
I20260710 13:23:29.263823 17819 tablet_service.cc:1917] Received RequestConsensusVote() RPC: tablet_id: "e84f18156e1f45849f43bb59d8afcad5" candidate_uuid: "7323d1a987a640e9968b5ea8f8520a86" candidate_term: 1 candidate_status { last_received { term: 0 index: 0 } } ignore_live_leader: false dest_uuid: "a2696ddfebeb438881395938f39e6a02" is_pre_election: true
I20260710 13:23:29.265105 17942 raft_consensus.cc:2804] T 0883a0c0f0eb4661bea4e55442802f87 P a2696ddfebeb438881395938f39e6a02 [term 0 FOLLOWER]: Leader pre-election won for term 1
I20260710 13:23:29.265982 17942 raft_consensus.cc:493] T 0883a0c0f0eb4661bea4e55442802f87 P a2696ddfebeb438881395938f39e6a02 [term 0 FOLLOWER]: Starting leader election (no leader contacted us within the election timeout)
I20260710 13:23:29.265314 17940 raft_consensus.cc:697] T 8aa78c5a494943c8a847ab06ca90cc1c P 5752259a60a244038351f91a0be9bb6d [term 1 LEADER]: Becoming Leader. State: Replica: 5752259a60a244038351f91a0be9bb6d, State: Running, Role: LEADER
I20260710 13:23:29.267445 17940 consensus_queue.cc:237] T 8aa78c5a494943c8a847ab06ca90cc1c P 5752259a60a244038351f91a0be9bb6d [LEADER]: Queue going to LEADER mode. State: All replicated index: 0, Majority replicated index: 0, Committed index: 0, Last appended: 0.0, Last appended by leader: 0, Current term: 1, Majority size: 2, State: 0, Mode: LEADER, active raft config: opid_index: -1 OBSOLETE_local: false peers { permanent_uuid: "7323d1a987a640e9968b5ea8f8520a86" member_type: VOTER last_known_addr { host: "127.16.55.193" port: 38435 } } peers { permanent_uuid: "a2696ddfebeb438881395938f39e6a02" member_type: VOTER last_known_addr { host: "127.16.55.194" port: 37847 } } peers { permanent_uuid: "5752259a60a244038351f91a0be9bb6d" member_type: VOTER last_known_addr { host: "127.16.55.195" port: 46623 } }
I20260710 13:23:29.269765 17744 tablet_service.cc:1917] Received RequestConsensusVote() RPC: tablet_id: "faec203c6d0e42cc88c6adbdac8443a1" candidate_uuid: "5752259a60a244038351f91a0be9bb6d" candidate_term: 1 candidate_status { last_received { term: 0 index: 0 } } ignore_live_leader: false dest_uuid: "7323d1a987a640e9968b5ea8f8520a86"
W20260710 13:23:29.269812 17709 leader_election.cc:343] T 4cc52e482b364f84acaa88ef2a1cbdc1 P 7323d1a987a640e9968b5ea8f8520a86 [CANDIDATE]: Term 1 pre-election: Tablet error from VoteRequest() call to peer 5752259a60a244038351f91a0be9bb6d (127.16.55.195:46623): Illegal state: must be running to vote when last-logged opid is not known
I20260710 13:23:29.270442 17744 raft_consensus.cc:3060] T faec203c6d0e42cc88c6adbdac8443a1 P 7323d1a987a640e9968b5ea8f8520a86 [term 0 FOLLOWER]: Advancing to term 1
I20260710 13:23:29.266383 17942 raft_consensus.cc:3060] T 0883a0c0f0eb4661bea4e55442802f87 P a2696ddfebeb438881395938f39e6a02 [term 0 FOLLOWER]: Advancing to term 1
I20260710 13:23:29.275806 17933 tablet_bootstrap.cc:492] T d62a525a6c234d48a6f3ce16a25501bb P 7323d1a987a640e9968b5ea8f8520a86: No bootstrap required, opened a new log
I20260710 13:23:29.276429 17933 ts_tablet_manager.cc:1403] T d62a525a6c234d48a6f3ce16a25501bb P 7323d1a987a640e9968b5ea8f8520a86: Time spent bootstrapping tablet: real 0.133s	user 0.038s	sys 0.072s
I20260710 13:23:29.279321 17933 raft_consensus.cc:359] T d62a525a6c234d48a6f3ce16a25501bb P 7323d1a987a640e9968b5ea8f8520a86 [term 0 FOLLOWER]: Replica starting. Triggering 0 pending ops. Active config: opid_index: -1 OBSOLETE_local: false peers { permanent_uuid: "7323d1a987a640e9968b5ea8f8520a86" member_type: VOTER last_known_addr { host: "127.16.55.193" port: 38435 } } peers { permanent_uuid: "a2696ddfebeb438881395938f39e6a02" member_type: VOTER last_known_addr { host: "127.16.55.194" port: 37847 } } peers { permanent_uuid: "5752259a60a244038351f91a0be9bb6d" member_type: VOTER last_known_addr { host: "127.16.55.195" port: 46623 } }
I20260710 13:23:29.270473 17709 leader_election.cc:304] T 4cc52e482b364f84acaa88ef2a1cbdc1 P 7323d1a987a640e9968b5ea8f8520a86 [CANDIDATE]: Term 1 pre-election: Election decided. Result: candidate lost. Election summary: received 3 responses out of 3 voters: 1 yes votes; 2 no votes. yes voters: 7323d1a987a640e9968b5ea8f8520a86; no voters: 5752259a60a244038351f91a0be9bb6d, a2696ddfebeb438881395938f39e6a02
I20260710 13:23:29.272827 17819 tablet_service.cc:1917] Received RequestConsensusVote() RPC: tablet_id: "faec203c6d0e42cc88c6adbdac8443a1" candidate_uuid: "5752259a60a244038351f91a0be9bb6d" candidate_term: 1 candidate_status { last_received { term: 0 index: 0 } } ignore_live_leader: false dest_uuid: "a2696ddfebeb438881395938f39e6a02"
I20260710 13:23:29.273619 17934 tablet_bootstrap.cc:492] T 87eab6b2ee5141b5b43b2254eae365e6 P 5752259a60a244038351f91a0be9bb6d: Bootstrap starting.
I20260710 13:23:29.280086 17933 raft_consensus.cc:385] T d62a525a6c234d48a6f3ce16a25501bb P 7323d1a987a640e9968b5ea8f8520a86 [term 0 FOLLOWER]: Consensus starting up: Expiring failure detector timer to make a prompt election more likely
I20260710 13:23:29.280635 17933 raft_consensus.cc:740] T d62a525a6c234d48a6f3ce16a25501bb P 7323d1a987a640e9968b5ea8f8520a86 [term 0 FOLLOWER]: Becoming Follower/Learner. State: Replica: 7323d1a987a640e9968b5ea8f8520a86, State: Initialized, Role: FOLLOWER
I20260710 13:23:29.281445 17933 consensus_queue.cc:260] T d62a525a6c234d48a6f3ce16a25501bb P 7323d1a987a640e9968b5ea8f8520a86 [NON_LEADER]: Queue going to NON_LEADER mode. State: All replicated index: 0, Majority replicated index: 0, Committed index: 0, Last appended: 0.0, Last appended by leader: 0, Current term: 0, Majority size: -1, State: 0, Mode: NON_LEADER, active raft config: opid_index: -1 OBSOLETE_local: false peers { permanent_uuid: "7323d1a987a640e9968b5ea8f8520a86" member_type: VOTER last_known_addr { host: "127.16.55.193" port: 38435 } } peers { permanent_uuid: "a2696ddfebeb438881395938f39e6a02" member_type: VOTER last_known_addr { host: "127.16.55.194" port: 37847 } } peers { permanent_uuid: "5752259a60a244038351f91a0be9bb6d" member_type: VOTER last_known_addr { host: "127.16.55.195" port: 46623 } }
I20260710 13:23:29.273916 17941 leader_election.cc:290] T faec203c6d0e42cc88c6adbdac8443a1 P 5752259a60a244038351f91a0be9bb6d [CANDIDATE]: Term 1 election: Requested vote from peers 7323d1a987a640e9968b5ea8f8520a86 (127.16.55.193:38435), a2696ddfebeb438881395938f39e6a02 (127.16.55.194:37847)
W20260710 13:23:29.285179 17857 leader_election.cc:343] T faec203c6d0e42cc88c6adbdac8443a1 P 5752259a60a244038351f91a0be9bb6d [CANDIDATE]: Term 1 election: Tablet error from VoteRequest() call to peer a2696ddfebeb438881395938f39e6a02 (127.16.55.194:37847): Illegal state: must be running to vote when last-logged opid is not known
W20260710 13:23:29.289240 17708 leader_election.cc:343] T e84f18156e1f45849f43bb59d8afcad5 P 7323d1a987a640e9968b5ea8f8520a86 [CANDIDATE]: Term 1 pre-election: Tablet error from VoteRequest() call to peer a2696ddfebeb438881395938f39e6a02 (127.16.55.194:37847): Illegal state: must be running to vote when last-logged opid is not known
I20260710 13:23:29.291882 17934 tablet_bootstrap.cc:654] T 87eab6b2ee5141b5b43b2254eae365e6 P 5752259a60a244038351f91a0be9bb6d: Neither blocks nor log segments found. Creating new log.
I20260710 13:23:29.298089 17935 ts_tablet_manager.cc:1434] T 87eab6b2ee5141b5b43b2254eae365e6 P a2696ddfebeb438881395938f39e6a02: Time spent starting tablet: real 0.065s	user 0.005s	sys 0.005s
I20260710 13:23:29.299363 17935 tablet_bootstrap.cc:492] T 4cc52e482b364f84acaa88ef2a1cbdc1 P a2696ddfebeb438881395938f39e6a02: Bootstrap starting.
I20260710 13:23:29.299847 17784 leader_election.cc:304] T 8aa78c5a494943c8a847ab06ca90cc1c P a2696ddfebeb438881395938f39e6a02 [CANDIDATE]: Term 1 election: Election decided. Result: candidate lost. Election summary: received 3 responses out of 3 voters: 1 yes votes; 2 no votes. yes voters: a2696ddfebeb438881395938f39e6a02; no voters: 5752259a60a244038351f91a0be9bb6d, 7323d1a987a640e9968b5ea8f8520a86
I20260710 13:23:29.308312 17935 tablet_bootstrap.cc:654] T 4cc52e482b364f84acaa88ef2a1cbdc1 P a2696ddfebeb438881395938f39e6a02: Neither blocks nor log segments found. Creating new log.
I20260710 13:23:29.310606 17942 raft_consensus.cc:515] T 0883a0c0f0eb4661bea4e55442802f87 P a2696ddfebeb438881395938f39e6a02 [term 1 FOLLOWER]: Starting leader election with config: opid_index: -1 OBSOLETE_local: false peers { permanent_uuid: "7323d1a987a640e9968b5ea8f8520a86" member_type: VOTER last_known_addr { host: "127.16.55.193" port: 38435 } } peers { permanent_uuid: "a2696ddfebeb438881395938f39e6a02" member_type: VOTER last_known_addr { host: "127.16.55.194" port: 37847 } } peers { permanent_uuid: "5752259a60a244038351f91a0be9bb6d" member_type: VOTER last_known_addr { host: "127.16.55.195" port: 46623 } }
I20260710 13:23:29.313292 17640 catalog_manager.cc:5697] T 8aa78c5a494943c8a847ab06ca90cc1c P 5752259a60a244038351f91a0be9bb6d reported cstate change: term changed from 0 to 1, leader changed from <none> to 5752259a60a244038351f91a0be9bb6d (127.16.55.195). New cstate: current_term: 1 leader_uuid: "5752259a60a244038351f91a0be9bb6d" committed_config { opid_index: -1 OBSOLETE_local: false peers { permanent_uuid: "7323d1a987a640e9968b5ea8f8520a86" member_type: VOTER last_known_addr { host: "127.16.55.193" port: 38435 } health_report { overall_health: UNKNOWN } } peers { permanent_uuid: "a2696ddfebeb438881395938f39e6a02" member_type: VOTER last_known_addr { host: "127.16.55.194" port: 37847 } health_report { overall_health: UNKNOWN } } peers { permanent_uuid: "5752259a60a244038351f91a0be9bb6d" member_type: VOTER last_known_addr { host: "127.16.55.195" port: 46623 } health_report { overall_health: HEALTHY } } }
W20260710 13:23:29.316018 17709 outbound_call.cc:321] RPC callback for RPC call kudu.consensus.ConsensusService.RequestConsensusVote -> {remote=127.16.55.195:46623, user_credentials={real_user=slave}} blocked reactor thread for 46249.7us
I20260710 13:23:29.316514 17976 raft_consensus.cc:2749] T 8aa78c5a494943c8a847ab06ca90cc1c P a2696ddfebeb438881395938f39e6a02 [term 1 FOLLOWER]: Leader election lost for term 1. Reason: could not achieve majority
W20260710 13:23:29.317451 17709 leader_election.cc:343] T e84f18156e1f45849f43bb59d8afcad5 P 7323d1a987a640e9968b5ea8f8520a86 [CANDIDATE]: Term 1 pre-election: Tablet error from VoteRequest() call to peer 5752259a60a244038351f91a0be9bb6d (127.16.55.195:46623): Illegal state: must be running to vote when last-logged opid is not known
I20260710 13:23:29.317888 17709 leader_election.cc:304] T e84f18156e1f45849f43bb59d8afcad5 P 7323d1a987a640e9968b5ea8f8520a86 [CANDIDATE]: Term 1 pre-election: Election decided. Result: candidate lost. Election summary: received 3 responses out of 3 voters: 1 yes votes; 2 no votes. yes voters: 7323d1a987a640e9968b5ea8f8520a86; no voters: 5752259a60a244038351f91a0be9bb6d, a2696ddfebeb438881395938f39e6a02
I20260710 13:23:29.318444 17938 raft_consensus.cc:515] T eff1c494eb084c4fa84d6fc86c44252d P 7323d1a987a640e9968b5ea8f8520a86 [term 1 FOLLOWER]: Starting leader election with config: opid_index: -1 OBSOLETE_local: false peers { permanent_uuid: "7323d1a987a640e9968b5ea8f8520a86" member_type: VOTER last_known_addr { host: "127.16.55.193" port: 38435 } } peers { permanent_uuid: "a2696ddfebeb438881395938f39e6a02" member_type: VOTER last_known_addr { host: "127.16.55.194" port: 37847 } } peers { permanent_uuid: "5752259a60a244038351f91a0be9bb6d" member_type: VOTER last_known_addr { host: "127.16.55.195" port: 46623 } }
I20260710 13:23:29.320776 17744 raft_consensus.cc:2468] T faec203c6d0e42cc88c6adbdac8443a1 P 7323d1a987a640e9968b5ea8f8520a86 [term 1 FOLLOWER]: Leader election vote request: Granting yes vote for candidate 5752259a60a244038351f91a0be9bb6d in term 1.
I20260710 13:23:29.321638 17935 tablet_bootstrap.cc:492] T 4cc52e482b364f84acaa88ef2a1cbdc1 P a2696ddfebeb438881395938f39e6a02: No bootstrap required, opened a new log
I20260710 13:23:29.321482 17743 tablet_service.cc:1917] Received RequestConsensusVote() RPC: tablet_id: "0883a0c0f0eb4661bea4e55442802f87" candidate_uuid: "a2696ddfebeb438881395938f39e6a02" candidate_term: 1 candidate_status { last_received { term: 0 index: 0 } } ignore_live_leader: false dest_uuid: "7323d1a987a640e9968b5ea8f8520a86"
I20260710 13:23:29.321695 17819 tablet_service.cc:1917] Received RequestConsensusVote() RPC: tablet_id: "eff1c494eb084c4fa84d6fc86c44252d" candidate_uuid: "7323d1a987a640e9968b5ea8f8520a86" candidate_term: 1 candidate_status { last_received { term: 0 index: 0 } } ignore_live_leader: false dest_uuid: "a2696ddfebeb438881395938f39e6a02"
I20260710 13:23:29.322108 17935 ts_tablet_manager.cc:1403] T 4cc52e482b364f84acaa88ef2a1cbdc1 P a2696ddfebeb438881395938f39e6a02: Time spent bootstrapping tablet: real 0.023s	user 0.008s	sys 0.006s
I20260710 13:23:29.322256 17819 raft_consensus.cc:3060] T eff1c494eb084c4fa84d6fc86c44252d P a2696ddfebeb438881395938f39e6a02 [term 0 FOLLOWER]: Advancing to term 1
I20260710 13:23:29.322831 17858 leader_election.cc:304] T faec203c6d0e42cc88c6adbdac8443a1 P 5752259a60a244038351f91a0be9bb6d [CANDIDATE]: Term 1 election: Election decided. Result: candidate won. Election summary: received 3 responses out of 3 voters: 2 yes votes; 1 no votes. yes voters: 5752259a60a244038351f91a0be9bb6d, 7323d1a987a640e9968b5ea8f8520a86; no voters: a2696ddfebeb438881395938f39e6a02
W20260710 13:23:29.323159 17784 leader_election.cc:343] T 0883a0c0f0eb4661bea4e55442802f87 P a2696ddfebeb438881395938f39e6a02 [CANDIDATE]: Term 1 election: Tablet error from VoteRequest() call to peer 7323d1a987a640e9968b5ea8f8520a86 (127.16.55.193:38435): Illegal state: must be running to vote when last-logged opid is not known
I20260710 13:23:29.323975 17940 raft_consensus.cc:2804] T faec203c6d0e42cc88c6adbdac8443a1 P 5752259a60a244038351f91a0be9bb6d [term 1 FOLLOWER]: Leader election won for term 1
I20260710 13:23:29.325016 17940 raft_consensus.cc:697] T faec203c6d0e42cc88c6adbdac8443a1 P 5752259a60a244038351f91a0be9bb6d [term 1 LEADER]: Becoming Leader. State: Replica: 5752259a60a244038351f91a0be9bb6d, State: Running, Role: LEADER
I20260710 13:23:29.325121 17935 raft_consensus.cc:359] T 4cc52e482b364f84acaa88ef2a1cbdc1 P a2696ddfebeb438881395938f39e6a02 [term 0 FOLLOWER]: Replica starting. Triggering 0 pending ops. Active config: opid_index: -1 OBSOLETE_local: false peers { permanent_uuid: "5752259a60a244038351f91a0be9bb6d" member_type: VOTER last_known_addr { host: "127.16.55.195" port: 46623 } } peers { permanent_uuid: "a2696ddfebeb438881395938f39e6a02" member_type: VOTER last_known_addr { host: "127.16.55.194" port: 37847 } } peers { permanent_uuid: "7323d1a987a640e9968b5ea8f8520a86" member_type: VOTER last_known_addr { host: "127.16.55.193" port: 38435 } }
I20260710 13:23:29.325780 17935 raft_consensus.cc:385] T 4cc52e482b364f84acaa88ef2a1cbdc1 P a2696ddfebeb438881395938f39e6a02 [term 0 FOLLOWER]: Consensus starting up: Expiring failure detector timer to make a prompt election more likely
I20260710 13:23:29.326098 17935 raft_consensus.cc:740] T 4cc52e482b364f84acaa88ef2a1cbdc1 P a2696ddfebeb438881395938f39e6a02 [term 0 FOLLOWER]: Becoming Follower/Learner. State: Replica: a2696ddfebeb438881395938f39e6a02, State: Initialized, Role: FOLLOWER
I20260710 13:23:29.325944 17940 consensus_queue.cc:237] T faec203c6d0e42cc88c6adbdac8443a1 P 5752259a60a244038351f91a0be9bb6d [LEADER]: Queue going to LEADER mode. State: All replicated index: 0, Majority replicated index: 0, Committed index: 0, Last appended: 0.0, Last appended by leader: 0, Current term: 1, Majority size: 2, State: 0, Mode: LEADER, active raft config: opid_index: -1 OBSOLETE_local: false peers { permanent_uuid: "7323d1a987a640e9968b5ea8f8520a86" member_type: VOTER last_known_addr { host: "127.16.55.193" port: 38435 } } peers { permanent_uuid: "a2696ddfebeb438881395938f39e6a02" member_type: VOTER last_known_addr { host: "127.16.55.194" port: 37847 } } peers { permanent_uuid: "5752259a60a244038351f91a0be9bb6d" member_type: VOTER last_known_addr { host: "127.16.55.195" port: 46623 } }
I20260710 13:23:29.325819 17890 tablet_service.cc:1917] Received RequestConsensusVote() RPC: tablet_id: "0883a0c0f0eb4661bea4e55442802f87" candidate_uuid: "a2696ddfebeb438881395938f39e6a02" candidate_term: 1 candidate_status { last_received { term: 0 index: 0 } } ignore_live_leader: false dest_uuid: "5752259a60a244038351f91a0be9bb6d"
I20260710 13:23:29.326784 17935 consensus_queue.cc:260] T 4cc52e482b364f84acaa88ef2a1cbdc1 P a2696ddfebeb438881395938f39e6a02 [NON_LEADER]: Queue going to NON_LEADER mode. State: All replicated index: 0, Majority replicated index: 0, Committed index: 0, Last appended: 0.0, Last appended by leader: 0, Current term: 0, Majority size: -1, State: 0, Mode: NON_LEADER, active raft config: opid_index: -1 OBSOLETE_local: false peers { permanent_uuid: "5752259a60a244038351f91a0be9bb6d" member_type: VOTER last_known_addr { host: "127.16.55.195" port: 46623 } } peers { permanent_uuid: "a2696ddfebeb438881395938f39e6a02" member_type: VOTER last_known_addr { host: "127.16.55.194" port: 37847 } } peers { permanent_uuid: "7323d1a987a640e9968b5ea8f8520a86" member_type: VOTER last_known_addr { host: "127.16.55.193" port: 38435 } }
I20260710 13:23:29.327451 17890 raft_consensus.cc:3060] T 0883a0c0f0eb4661bea4e55442802f87 P 5752259a60a244038351f91a0be9bb6d [term 0 FOLLOWER]: Advancing to term 1
I20260710 13:23:29.325579 17942 leader_election.cc:290] T 0883a0c0f0eb4661bea4e55442802f87 P a2696ddfebeb438881395938f39e6a02 [CANDIDATE]: Term 1 election: Requested vote from peers 7323d1a987a640e9968b5ea8f8520a86 (127.16.55.193:38435), 5752259a60a244038351f91a0be9bb6d (127.16.55.195:46623)
I20260710 13:23:29.328963 17935 ts_tablet_manager.cc:1434] T 4cc52e482b364f84acaa88ef2a1cbdc1 P a2696ddfebeb438881395938f39e6a02: Time spent starting tablet: real 0.007s	user 0.005s	sys 0.002s
I20260710 13:23:29.330329 17935 tablet_bootstrap.cc:492] T faec203c6d0e42cc88c6adbdac8443a1 P a2696ddfebeb438881395938f39e6a02: Bootstrap starting.
I20260710 13:23:29.332809 17938 leader_election.cc:290] T eff1c494eb084c4fa84d6fc86c44252d P 7323d1a987a640e9968b5ea8f8520a86 [CANDIDATE]: Term 1 election: Requested vote from peers a2696ddfebeb438881395938f39e6a02 (127.16.55.194:37847), 5752259a60a244038351f91a0be9bb6d (127.16.55.195:46623)
I20260710 13:23:29.333638 17938 raft_consensus.cc:2749] T 4cc52e482b364f84acaa88ef2a1cbdc1 P 7323d1a987a640e9968b5ea8f8520a86 [term 0 FOLLOWER]: Leader pre-election lost for term 1. Reason: could not achieve majority
I20260710 13:23:29.334234 17938 raft_consensus.cc:2749] T e84f18156e1f45849f43bb59d8afcad5 P 7323d1a987a640e9968b5ea8f8520a86 [term 0 FOLLOWER]: Leader pre-election lost for term 1. Reason: could not achieve majority
I20260710 13:23:29.336697 17819 raft_consensus.cc:2468] T eff1c494eb084c4fa84d6fc86c44252d P a2696ddfebeb438881395938f39e6a02 [term 1 FOLLOWER]: Leader election vote request: Granting yes vote for candidate 7323d1a987a640e9968b5ea8f8520a86 in term 1.
I20260710 13:23:29.341233 17935 tablet_bootstrap.cc:654] T faec203c6d0e42cc88c6adbdac8443a1 P a2696ddfebeb438881395938f39e6a02: Neither blocks nor log segments found. Creating new log.
I20260710 13:23:29.345852 17708 leader_election.cc:304] T eff1c494eb084c4fa84d6fc86c44252d P 7323d1a987a640e9968b5ea8f8520a86 [CANDIDATE]: Term 1 election: Election decided. Result: candidate won. Election summary: received 2 responses out of 3 voters: 2 yes votes; 0 no votes. yes voters: 7323d1a987a640e9968b5ea8f8520a86, a2696ddfebeb438881395938f39e6a02; no voters: 
I20260710 13:23:29.346558 17933 ts_tablet_manager.cc:1434] T d62a525a6c234d48a6f3ce16a25501bb P 7323d1a987a640e9968b5ea8f8520a86: Time spent starting tablet: real 0.070s	user 0.007s	sys 0.001s
I20260710 13:23:29.347489 17933 tablet_bootstrap.cc:492] T 52434d0b32864d4bb0ccc5db7ee3bda1 P 7323d1a987a640e9968b5ea8f8520a86: Bootstrap starting.
I20260710 13:23:29.352928 17642 catalog_manager.cc:5697] T faec203c6d0e42cc88c6adbdac8443a1 P 5752259a60a244038351f91a0be9bb6d reported cstate change: term changed from 0 to 1, leader changed from <none> to 5752259a60a244038351f91a0be9bb6d (127.16.55.195). New cstate: current_term: 1 leader_uuid: "5752259a60a244038351f91a0be9bb6d" committed_config { opid_index: -1 OBSOLETE_local: false peers { permanent_uuid: "7323d1a987a640e9968b5ea8f8520a86" member_type: VOTER last_known_addr { host: "127.16.55.193" port: 38435 } health_report { overall_health: UNKNOWN } } peers { permanent_uuid: "a2696ddfebeb438881395938f39e6a02" member_type: VOTER last_known_addr { host: "127.16.55.194" port: 37847 } health_report { overall_health: UNKNOWN } } peers { permanent_uuid: "5752259a60a244038351f91a0be9bb6d" member_type: VOTER last_known_addr { host: "127.16.55.195" port: 46623 } health_report { overall_health: HEALTHY } } }
I20260710 13:23:29.355540 17978 raft_consensus.cc:2804] T eff1c494eb084c4fa84d6fc86c44252d P 7323d1a987a640e9968b5ea8f8520a86 [term 1 FOLLOWER]: Leader election won for term 1
I20260710 13:23:29.356218 17978 raft_consensus.cc:697] T eff1c494eb084c4fa84d6fc86c44252d P 7323d1a987a640e9968b5ea8f8520a86 [term 1 LEADER]: Becoming Leader. State: Replica: 7323d1a987a640e9968b5ea8f8520a86, State: Running, Role: LEADER
I20260710 13:23:29.360821 17933 tablet_bootstrap.cc:654] T 52434d0b32864d4bb0ccc5db7ee3bda1 P 7323d1a987a640e9968b5ea8f8520a86: Neither blocks nor log segments found. Creating new log.
I20260710 13:23:29.357420 17978 consensus_queue.cc:237] T eff1c494eb084c4fa84d6fc86c44252d P 7323d1a987a640e9968b5ea8f8520a86 [LEADER]: Queue going to LEADER mode. State: All replicated index: 0, Majority replicated index: 0, Committed index: 0, Last appended: 0.0, Last appended by leader: 0, Current term: 1, Majority size: 2, State: 0, Mode: LEADER, active raft config: opid_index: -1 OBSOLETE_local: false peers { permanent_uuid: "7323d1a987a640e9968b5ea8f8520a86" member_type: VOTER last_known_addr { host: "127.16.55.193" port: 38435 } } peers { permanent_uuid: "a2696ddfebeb438881395938f39e6a02" member_type: VOTER last_known_addr { host: "127.16.55.194" port: 37847 } } peers { permanent_uuid: "5752259a60a244038351f91a0be9bb6d" member_type: VOTER last_known_addr { host: "127.16.55.195" port: 46623 } }
W20260710 13:23:29.363557 17709 outbound_call.cc:321] RPC callback for RPC call kudu.consensus.ConsensusService.RequestConsensusVote -> {remote=127.16.55.195:46623, user_credentials={real_user=slave}} blocked reactor thread for 46156.8us
I20260710 13:23:29.365338 17892 tablet_service.cc:1917] Received RequestConsensusVote() RPC: tablet_id: "eff1c494eb084c4fa84d6fc86c44252d" candidate_uuid: "7323d1a987a640e9968b5ea8f8520a86" candidate_term: 1 candidate_status { last_received { term: 0 index: 0 } } ignore_live_leader: false dest_uuid: "5752259a60a244038351f91a0be9bb6d"
I20260710 13:23:29.365953 17892 raft_consensus.cc:3060] T eff1c494eb084c4fa84d6fc86c44252d P 5752259a60a244038351f91a0be9bb6d [term 0 FOLLOWER]: Advancing to term 1
I20260710 13:23:29.372350 17940 raft_consensus.cc:493] T d62a525a6c234d48a6f3ce16a25501bb P 5752259a60a244038351f91a0be9bb6d [term 0 FOLLOWER]: Starting pre-election (no leader contacted us within the election timeout)
I20260710 13:23:29.372978 17940 raft_consensus.cc:515] T d62a525a6c234d48a6f3ce16a25501bb P 5752259a60a244038351f91a0be9bb6d [term 0 FOLLOWER]: Starting pre-election with config: opid_index: -1 OBSOLETE_local: false peers { permanent_uuid: "7323d1a987a640e9968b5ea8f8520a86" member_type: VOTER last_known_addr { host: "127.16.55.193" port: 38435 } } peers { permanent_uuid: "a2696ddfebeb438881395938f39e6a02" member_type: VOTER last_known_addr { host: "127.16.55.194" port: 37847 } } peers { permanent_uuid: "5752259a60a244038351f91a0be9bb6d" member_type: VOTER last_known_addr { host: "127.16.55.195" port: 46623 } }
I20260710 13:23:29.375197 17940 leader_election.cc:290] T d62a525a6c234d48a6f3ce16a25501bb P 5752259a60a244038351f91a0be9bb6d [CANDIDATE]: Term 1 pre-election: Requested pre-vote from peers 7323d1a987a640e9968b5ea8f8520a86 (127.16.55.193:38435), a2696ddfebeb438881395938f39e6a02 (127.16.55.194:37847)
I20260710 13:23:29.376010 17743 tablet_service.cc:1917] Received RequestConsensusVote() RPC: tablet_id: "d62a525a6c234d48a6f3ce16a25501bb" candidate_uuid: "5752259a60a244038351f91a0be9bb6d" candidate_term: 1 candidate_status { last_received { term: 0 index: 0 } } ignore_live_leader: false dest_uuid: "7323d1a987a640e9968b5ea8f8520a86" is_pre_election: true
I20260710 13:23:29.376188 17819 tablet_service.cc:1917] Received RequestConsensusVote() RPC: tablet_id: "d62a525a6c234d48a6f3ce16a25501bb" candidate_uuid: "5752259a60a244038351f91a0be9bb6d" candidate_term: 1 candidate_status { last_received { term: 0 index: 0 } } ignore_live_leader: false dest_uuid: "a2696ddfebeb438881395938f39e6a02" is_pre_election: true
I20260710 13:23:29.376696 17743 raft_consensus.cc:2468] T d62a525a6c234d48a6f3ce16a25501bb P 7323d1a987a640e9968b5ea8f8520a86 [term 0 FOLLOWER]: Leader pre-election vote request: Granting yes vote for candidate 5752259a60a244038351f91a0be9bb6d in term 0.
I20260710 13:23:29.376854 17819 raft_consensus.cc:2468] T d62a525a6c234d48a6f3ce16a25501bb P a2696ddfebeb438881395938f39e6a02 [term 0 FOLLOWER]: Leader pre-election vote request: Granting yes vote for candidate 5752259a60a244038351f91a0be9bb6d in term 0.
I20260710 13:23:29.377561 17934 tablet_bootstrap.cc:492] T 87eab6b2ee5141b5b43b2254eae365e6 P 5752259a60a244038351f91a0be9bb6d: No bootstrap required, opened a new log
I20260710 13:23:29.378175 17934 ts_tablet_manager.cc:1403] T 87eab6b2ee5141b5b43b2254eae365e6 P 5752259a60a244038351f91a0be9bb6d: Time spent bootstrapping tablet: real 0.105s	user 0.008s	sys 0.012s
I20260710 13:23:29.372371 17890 raft_consensus.cc:2468] T 0883a0c0f0eb4661bea4e55442802f87 P 5752259a60a244038351f91a0be9bb6d [term 1 FOLLOWER]: Leader election vote request: Granting yes vote for candidate a2696ddfebeb438881395938f39e6a02 in term 1.
I20260710 13:23:29.379258 17857 leader_election.cc:304] T d62a525a6c234d48a6f3ce16a25501bb P 5752259a60a244038351f91a0be9bb6d [CANDIDATE]: Term 1 pre-election: Election decided. Result: candidate won. Election summary: received 2 responses out of 3 voters: 2 yes votes; 0 no votes. yes voters: 5752259a60a244038351f91a0be9bb6d, a2696ddfebeb438881395938f39e6a02; no voters: 
I20260710 13:23:29.380074 17784 leader_election.cc:304] T 0883a0c0f0eb4661bea4e55442802f87 P a2696ddfebeb438881395938f39e6a02 [CANDIDATE]: Term 1 election: Election decided. Result: candidate won. Election summary: received 3 responses out of 3 voters: 2 yes votes; 1 no votes. yes voters: 5752259a60a244038351f91a0be9bb6d, a2696ddfebeb438881395938f39e6a02; no voters: 7323d1a987a640e9968b5ea8f8520a86
I20260710 13:23:29.381188 17976 raft_consensus.cc:2804] T 0883a0c0f0eb4661bea4e55442802f87 P a2696ddfebeb438881395938f39e6a02 [term 1 FOLLOWER]: Leader election won for term 1
I20260710 13:23:29.381897 17976 raft_consensus.cc:697] T 0883a0c0f0eb4661bea4e55442802f87 P a2696ddfebeb438881395938f39e6a02 [term 1 LEADER]: Becoming Leader. State: Replica: a2696ddfebeb438881395938f39e6a02, State: Running, Role: LEADER
I20260710 13:23:29.382911 17935 tablet_bootstrap.cc:492] T faec203c6d0e42cc88c6adbdac8443a1 P a2696ddfebeb438881395938f39e6a02: No bootstrap required, opened a new log
I20260710 13:23:29.383347 17935 ts_tablet_manager.cc:1403] T faec203c6d0e42cc88c6adbdac8443a1 P a2696ddfebeb438881395938f39e6a02: Time spent bootstrapping tablet: real 0.053s	user 0.017s	sys 0.005s
I20260710 13:23:29.382671 17976 consensus_queue.cc:237] T 0883a0c0f0eb4661bea4e55442802f87 P a2696ddfebeb438881395938f39e6a02 [LEADER]: Queue going to LEADER mode. State: All replicated index: 0, Majority replicated index: 0, Committed index: 0, Last appended: 0.0, Last appended by leader: 0, Current term: 1, Majority size: 2, State: 0, Mode: LEADER, active raft config: opid_index: -1 OBSOLETE_local: false peers { permanent_uuid: "7323d1a987a640e9968b5ea8f8520a86" member_type: VOTER last_known_addr { host: "127.16.55.193" port: 38435 } } peers { permanent_uuid: "a2696ddfebeb438881395938f39e6a02" member_type: VOTER last_known_addr { host: "127.16.55.194" port: 37847 } } peers { permanent_uuid: "5752259a60a244038351f91a0be9bb6d" member_type: VOTER last_known_addr { host: "127.16.55.195" port: 46623 } }
I20260710 13:23:29.385991 17935 raft_consensus.cc:359] T faec203c6d0e42cc88c6adbdac8443a1 P a2696ddfebeb438881395938f39e6a02 [term 0 FOLLOWER]: Replica starting. Triggering 0 pending ops. Active config: opid_index: -1 OBSOLETE_local: false peers { permanent_uuid: "7323d1a987a640e9968b5ea8f8520a86" member_type: VOTER last_known_addr { host: "127.16.55.193" port: 38435 } } peers { permanent_uuid: "a2696ddfebeb438881395938f39e6a02" member_type: VOTER last_known_addr { host: "127.16.55.194" port: 37847 } } peers { permanent_uuid: "5752259a60a244038351f91a0be9bb6d" member_type: VOTER last_known_addr { host: "127.16.55.195" port: 46623 } }
I20260710 13:23:29.386605 17935 raft_consensus.cc:385] T faec203c6d0e42cc88c6adbdac8443a1 P a2696ddfebeb438881395938f39e6a02 [term 0 FOLLOWER]: Consensus starting up: Expiring failure detector timer to make a prompt election more likely
I20260710 13:23:29.386915 17935 raft_consensus.cc:740] T faec203c6d0e42cc88c6adbdac8443a1 P a2696ddfebeb438881395938f39e6a02 [term 0 FOLLOWER]: Becoming Follower/Learner. State: Replica: a2696ddfebeb438881395938f39e6a02, State: Initialized, Role: FOLLOWER
I20260710 13:23:29.387471 17935 consensus_queue.cc:260] T faec203c6d0e42cc88c6adbdac8443a1 P a2696ddfebeb438881395938f39e6a02 [NON_LEADER]: Queue going to NON_LEADER mode. State: All replicated index: 0, Majority replicated index: 0, Committed index: 0, Last appended: 0.0, Last appended by leader: 0, Current term: 0, Majority size: -1, State: 0, Mode: NON_LEADER, active raft config: opid_index: -1 OBSOLETE_local: false peers { permanent_uuid: "7323d1a987a640e9968b5ea8f8520a86" member_type: VOTER last_known_addr { host: "127.16.55.193" port: 38435 } } peers { permanent_uuid: "a2696ddfebeb438881395938f39e6a02" member_type: VOTER last_known_addr { host: "127.16.55.194" port: 37847 } } peers { permanent_uuid: "5752259a60a244038351f91a0be9bb6d" member_type: VOTER last_known_addr { host: "127.16.55.195" port: 46623 } }
I20260710 13:23:29.382937 17940 raft_consensus.cc:2804] T d62a525a6c234d48a6f3ce16a25501bb P 5752259a60a244038351f91a0be9bb6d [term 0 FOLLOWER]: Leader pre-election won for term 1
I20260710 13:23:29.388916 17940 raft_consensus.cc:493] T d62a525a6c234d48a6f3ce16a25501bb P 5752259a60a244038351f91a0be9bb6d [term 0 FOLLOWER]: Starting leader election (no leader contacted us within the election timeout)
I20260710 13:23:29.389287 17935 ts_tablet_manager.cc:1434] T faec203c6d0e42cc88c6adbdac8443a1 P a2696ddfebeb438881395938f39e6a02: Time spent starting tablet: real 0.006s	user 0.007s	sys 0.000s
I20260710 13:23:29.389353 17940 raft_consensus.cc:3060] T d62a525a6c234d48a6f3ce16a25501bb P 5752259a60a244038351f91a0be9bb6d [term 0 FOLLOWER]: Advancing to term 1
I20260710 13:23:29.388485 17642 catalog_manager.cc:5697] T eff1c494eb084c4fa84d6fc86c44252d P 7323d1a987a640e9968b5ea8f8520a86 reported cstate change: term changed from 0 to 1, leader changed from <none> to 7323d1a987a640e9968b5ea8f8520a86 (127.16.55.193). New cstate: current_term: 1 leader_uuid: "7323d1a987a640e9968b5ea8f8520a86" committed_config { opid_index: -1 OBSOLETE_local: false peers { permanent_uuid: "7323d1a987a640e9968b5ea8f8520a86" member_type: VOTER last_known_addr { host: "127.16.55.193" port: 38435 } health_report { overall_health: HEALTHY } } peers { permanent_uuid: "a2696ddfebeb438881395938f39e6a02" member_type: VOTER last_known_addr { host: "127.16.55.194" port: 37847 } health_report { overall_health: UNKNOWN } } peers { permanent_uuid: "5752259a60a244038351f91a0be9bb6d" member_type: VOTER last_known_addr { host: "127.16.55.195" port: 46623 } health_report { overall_health: UNKNOWN } } }
I20260710 13:23:29.390241 17935 tablet_bootstrap.cc:492] T eec36ba2629d4b1c85467b1bc6ce4f10 P a2696ddfebeb438881395938f39e6a02: Bootstrap starting.
I20260710 13:23:29.398507 17935 tablet_bootstrap.cc:654] T eec36ba2629d4b1c85467b1bc6ce4f10 P a2696ddfebeb438881395938f39e6a02: Neither blocks nor log segments found. Creating new log.
I20260710 13:23:29.401046 17934 raft_consensus.cc:359] T 87eab6b2ee5141b5b43b2254eae365e6 P 5752259a60a244038351f91a0be9bb6d [term 0 FOLLOWER]: Replica starting. Triggering 0 pending ops. Active config: opid_index: -1 OBSOLETE_local: false peers { permanent_uuid: "7323d1a987a640e9968b5ea8f8520a86" member_type: VOTER last_known_addr { host: "127.16.55.193" port: 38435 } } peers { permanent_uuid: "a2696ddfebeb438881395938f39e6a02" member_type: VOTER last_known_addr { host: "127.16.55.194" port: 37847 } } peers { permanent_uuid: "5752259a60a244038351f91a0be9bb6d" member_type: VOTER last_known_addr { host: "127.16.55.195" port: 46623 } }
I20260710 13:23:29.420850 17934 raft_consensus.cc:385] T 87eab6b2ee5141b5b43b2254eae365e6 P 5752259a60a244038351f91a0be9bb6d [term 0 FOLLOWER]: Consensus starting up: Expiring failure detector timer to make a prompt election more likely
I20260710 13:23:29.421128 17981 raft_consensus.cc:493] T f7009d78c4944a039944b9a28b626032 P 7323d1a987a640e9968b5ea8f8520a86 [term 0 FOLLOWER]: Starting pre-election (no leader contacted us within the election timeout)
I20260710 13:23:29.421531 17934 raft_consensus.cc:740] T 87eab6b2ee5141b5b43b2254eae365e6 P 5752259a60a244038351f91a0be9bb6d [term 0 FOLLOWER]: Becoming Follower/Learner. State: Replica: 5752259a60a244038351f91a0be9bb6d, State: Initialized, Role: FOLLOWER
I20260710 13:23:29.421650 17981 raft_consensus.cc:515] T f7009d78c4944a039944b9a28b626032 P 7323d1a987a640e9968b5ea8f8520a86 [term 0 FOLLOWER]: Starting pre-election with config: opid_index: -1 OBSOLETE_local: false peers { permanent_uuid: "7323d1a987a640e9968b5ea8f8520a86" member_type: VOTER last_known_addr { host: "127.16.55.193" port: 38435 } } peers { permanent_uuid: "a2696ddfebeb438881395938f39e6a02" member_type: VOTER last_known_addr { host: "127.16.55.194" port: 37847 } } peers { permanent_uuid: "5752259a60a244038351f91a0be9bb6d" member_type: VOTER last_known_addr { host: "127.16.55.195" port: 46623 } }
I20260710 13:23:29.419297 17642 catalog_manager.cc:5697] T 0883a0c0f0eb4661bea4e55442802f87 P a2696ddfebeb438881395938f39e6a02 reported cstate change: term changed from 0 to 1, leader changed from <none> to a2696ddfebeb438881395938f39e6a02 (127.16.55.194). New cstate: current_term: 1 leader_uuid: "a2696ddfebeb438881395938f39e6a02" committed_config { opid_index: -1 OBSOLETE_local: false peers { permanent_uuid: "7323d1a987a640e9968b5ea8f8520a86" member_type: VOTER last_known_addr { host: "127.16.55.193" port: 38435 } health_report { overall_health: UNKNOWN } } peers { permanent_uuid: "a2696ddfebeb438881395938f39e6a02" member_type: VOTER last_known_addr { host: "127.16.55.194" port: 37847 } health_report { overall_health: HEALTHY } } peers { permanent_uuid: "5752259a60a244038351f91a0be9bb6d" member_type: VOTER last_known_addr { host: "127.16.55.195" port: 46623 } health_report { overall_health: UNKNOWN } } }
I20260710 13:23:29.422817 17934 consensus_queue.cc:260] T 87eab6b2ee5141b5b43b2254eae365e6 P 5752259a60a244038351f91a0be9bb6d [NON_LEADER]: Queue going to NON_LEADER mode. State: All replicated index: 0, Majority replicated index: 0, Committed index: 0, Last appended: 0.0, Last appended by leader: 0, Current term: 0, Majority size: -1, State: 0, Mode: NON_LEADER, active raft config: opid_index: -1 OBSOLETE_local: false peers { permanent_uuid: "7323d1a987a640e9968b5ea8f8520a86" member_type: VOTER last_known_addr { host: "127.16.55.193" port: 38435 } } peers { permanent_uuid: "a2696ddfebeb438881395938f39e6a02" member_type: VOTER last_known_addr { host: "127.16.55.194" port: 37847 } } peers { permanent_uuid: "5752259a60a244038351f91a0be9bb6d" member_type: VOTER last_known_addr { host: "127.16.55.195" port: 46623 } }
I20260710 13:23:29.425398 17819 tablet_service.cc:1917] Received RequestConsensusVote() RPC: tablet_id: "f7009d78c4944a039944b9a28b626032" candidate_uuid: "7323d1a987a640e9968b5ea8f8520a86" candidate_term: 1 candidate_status { last_received { term: 0 index: 0 } } ignore_live_leader: false dest_uuid: "a2696ddfebeb438881395938f39e6a02" is_pre_election: true
W20260710 13:23:29.426753 17708 leader_election.cc:343] T f7009d78c4944a039944b9a28b626032 P 7323d1a987a640e9968b5ea8f8520a86 [CANDIDATE]: Term 1 pre-election: Tablet error from VoteRequest() call to peer a2696ddfebeb438881395938f39e6a02 (127.16.55.194:37847): Illegal state: must be running to vote when last-logged opid is not known
I20260710 13:23:29.423898 17981 leader_election.cc:290] T f7009d78c4944a039944b9a28b626032 P 7323d1a987a640e9968b5ea8f8520a86 [CANDIDATE]: Term 1 pre-election: Requested pre-vote from peers a2696ddfebeb438881395938f39e6a02 (127.16.55.194:37847), 5752259a60a244038351f91a0be9bb6d (127.16.55.195:46623)
I20260710 13:23:29.427165 17934 ts_tablet_manager.cc:1434] T 87eab6b2ee5141b5b43b2254eae365e6 P 5752259a60a244038351f91a0be9bb6d: Time spent starting tablet: real 0.049s	user 0.008s	sys 0.001s
I20260710 13:23:29.428193 17934 tablet_bootstrap.cc:492] T 3fe1ea0451984581a06a8993914b19be P 5752259a60a244038351f91a0be9bb6d: Bootstrap starting.
I20260710 13:23:29.430049 17933 tablet_bootstrap.cc:492] T 52434d0b32864d4bb0ccc5db7ee3bda1 P 7323d1a987a640e9968b5ea8f8520a86: No bootstrap required, opened a new log
I20260710 13:23:29.430480 17933 ts_tablet_manager.cc:1403] T 52434d0b32864d4bb0ccc5db7ee3bda1 P 7323d1a987a640e9968b5ea8f8520a86: Time spent bootstrapping tablet: real 0.083s	user 0.016s	sys 0.024s
I20260710 13:23:29.432447 17890 tablet_service.cc:1917] Received RequestConsensusVote() RPC: tablet_id: "f7009d78c4944a039944b9a28b626032" candidate_uuid: "7323d1a987a640e9968b5ea8f8520a86" candidate_term: 1 candidate_status { last_received { term: 0 index: 0 } } ignore_live_leader: false dest_uuid: "5752259a60a244038351f91a0be9bb6d" is_pre_election: true
I20260710 13:23:29.433841 17934 tablet_bootstrap.cc:654] T 3fe1ea0451984581a06a8993914b19be P 5752259a60a244038351f91a0be9bb6d: Neither blocks nor log segments found. Creating new log.
I20260710 13:23:29.433409 17933 raft_consensus.cc:359] T 52434d0b32864d4bb0ccc5db7ee3bda1 P 7323d1a987a640e9968b5ea8f8520a86 [term 0 FOLLOWER]: Replica starting. Triggering 0 pending ops. Active config: opid_index: -1 OBSOLETE_local: false peers { permanent_uuid: "7323d1a987a640e9968b5ea8f8520a86" member_type: VOTER last_known_addr { host: "127.16.55.193" port: 38435 } } peers { permanent_uuid: "a2696ddfebeb438881395938f39e6a02" member_type: VOTER last_known_addr { host: "127.16.55.194" port: 37847 } } peers { permanent_uuid: "5752259a60a244038351f91a0be9bb6d" member_type: VOTER last_known_addr { host: "127.16.55.195" port: 46623 } }
I20260710 13:23:29.434293 17933 raft_consensus.cc:385] T 52434d0b32864d4bb0ccc5db7ee3bda1 P 7323d1a987a640e9968b5ea8f8520a86 [term 0 FOLLOWER]: Consensus starting up: Expiring failure detector timer to make a prompt election more likely
I20260710 13:23:29.434612 17933 raft_consensus.cc:740] T 52434d0b32864d4bb0ccc5db7ee3bda1 P 7323d1a987a640e9968b5ea8f8520a86 [term 0 FOLLOWER]: Becoming Follower/Learner. State: Replica: 7323d1a987a640e9968b5ea8f8520a86, State: Initialized, Role: FOLLOWER
I20260710 13:23:29.435407 17933 consensus_queue.cc:260] T 52434d0b32864d4bb0ccc5db7ee3bda1 P 7323d1a987a640e9968b5ea8f8520a86 [NON_LEADER]: Queue going to NON_LEADER mode. State: All replicated index: 0, Majority replicated index: 0, Committed index: 0, Last appended: 0.0, Last appended by leader: 0, Current term: 0, Majority size: -1, State: 0, Mode: NON_LEADER, active raft config: opid_index: -1 OBSOLETE_local: false peers { permanent_uuid: "7323d1a987a640e9968b5ea8f8520a86" member_type: VOTER last_known_addr { host: "127.16.55.193" port: 38435 } } peers { permanent_uuid: "a2696ddfebeb438881395938f39e6a02" member_type: VOTER last_known_addr { host: "127.16.55.194" port: 37847 } } peers { permanent_uuid: "5752259a60a244038351f91a0be9bb6d" member_type: VOTER last_known_addr { host: "127.16.55.195" port: 46623 } }
W20260710 13:23:29.441534 17709 leader_election.cc:343] T f7009d78c4944a039944b9a28b626032 P 7323d1a987a640e9968b5ea8f8520a86 [CANDIDATE]: Term 1 pre-election: Tablet error from VoteRequest() call to peer 5752259a60a244038351f91a0be9bb6d (127.16.55.195:46623): Illegal state: must be running to vote when last-logged opid is not known
I20260710 13:23:29.441746 17933 ts_tablet_manager.cc:1434] T 52434d0b32864d4bb0ccc5db7ee3bda1 P 7323d1a987a640e9968b5ea8f8520a86: Time spent starting tablet: real 0.011s	user 0.006s	sys 0.000s
I20260710 13:23:29.442018 17709 leader_election.cc:304] T f7009d78c4944a039944b9a28b626032 P 7323d1a987a640e9968b5ea8f8520a86 [CANDIDATE]: Term 1 pre-election: Election decided. Result: candidate lost. Election summary: received 3 responses out of 3 voters: 1 yes votes; 2 no votes. yes voters: 7323d1a987a640e9968b5ea8f8520a86; no voters: 5752259a60a244038351f91a0be9bb6d, a2696ddfebeb438881395938f39e6a02
I20260710 13:23:29.442695 17933 tablet_bootstrap.cc:492] T 3fe1ea0451984581a06a8993914b19be P 7323d1a987a640e9968b5ea8f8520a86: Bootstrap starting.
I20260710 13:23:29.443372 17940 raft_consensus.cc:515] T d62a525a6c234d48a6f3ce16a25501bb P 5752259a60a244038351f91a0be9bb6d [term 1 FOLLOWER]: Starting leader election with config: opid_index: -1 OBSOLETE_local: false peers { permanent_uuid: "7323d1a987a640e9968b5ea8f8520a86" member_type: VOTER last_known_addr { host: "127.16.55.193" port: 38435 } } peers { permanent_uuid: "a2696ddfebeb438881395938f39e6a02" member_type: VOTER last_known_addr { host: "127.16.55.194" port: 37847 } } peers { permanent_uuid: "5752259a60a244038351f91a0be9bb6d" member_type: VOTER last_known_addr { host: "127.16.55.195" port: 46623 } }
I20260710 13:23:29.445578 17940 leader_election.cc:290] T d62a525a6c234d48a6f3ce16a25501bb P 5752259a60a244038351f91a0be9bb6d [CANDIDATE]: Term 1 election: Requested vote from peers 7323d1a987a640e9968b5ea8f8520a86 (127.16.55.193:38435), a2696ddfebeb438881395938f39e6a02 (127.16.55.194:37847)
I20260710 13:23:29.447901 17819 tablet_service.cc:1917] Received RequestConsensusVote() RPC: tablet_id: "d62a525a6c234d48a6f3ce16a25501bb" candidate_uuid: "5752259a60a244038351f91a0be9bb6d" candidate_term: 1 candidate_status { last_received { term: 0 index: 0 } } ignore_live_leader: false dest_uuid: "a2696ddfebeb438881395938f39e6a02"
I20260710 13:23:29.448449 17892 raft_consensus.cc:2468] T eff1c494eb084c4fa84d6fc86c44252d P 5752259a60a244038351f91a0be9bb6d [term 1 FOLLOWER]: Leader election vote request: Granting yes vote for candidate 7323d1a987a640e9968b5ea8f8520a86 in term 1.
I20260710 13:23:29.448607 17819 raft_consensus.cc:3060] T d62a525a6c234d48a6f3ce16a25501bb P a2696ddfebeb438881395938f39e6a02 [term 0 FOLLOWER]: Advancing to term 1
I20260710 13:23:29.449442 17935 tablet_bootstrap.cc:492] T eec36ba2629d4b1c85467b1bc6ce4f10 P a2696ddfebeb438881395938f39e6a02: No bootstrap required, opened a new log
I20260710 13:23:29.449668 17981 raft_consensus.cc:2749] T f7009d78c4944a039944b9a28b626032 P 7323d1a987a640e9968b5ea8f8520a86 [term 0 FOLLOWER]: Leader pre-election lost for term 1. Reason: could not achieve majority
I20260710 13:23:29.450016 17935 ts_tablet_manager.cc:1403] T eec36ba2629d4b1c85467b1bc6ce4f10 P a2696ddfebeb438881395938f39e6a02: Time spent bootstrapping tablet: real 0.060s	user 0.016s	sys 0.020s
I20260710 13:23:29.452615 17743 tablet_service.cc:1917] Received RequestConsensusVote() RPC: tablet_id: "d62a525a6c234d48a6f3ce16a25501bb" candidate_uuid: "5752259a60a244038351f91a0be9bb6d" candidate_term: 1 candidate_status { last_received { term: 0 index: 0 } } ignore_live_leader: false dest_uuid: "7323d1a987a640e9968b5ea8f8520a86"
I20260710 13:23:29.453347 17743 raft_consensus.cc:3060] T d62a525a6c234d48a6f3ce16a25501bb P 7323d1a987a640e9968b5ea8f8520a86 [term 0 FOLLOWER]: Advancing to term 1
I20260710 13:23:29.454103 17933 tablet_bootstrap.cc:654] T 3fe1ea0451984581a06a8993914b19be P 7323d1a987a640e9968b5ea8f8520a86: Neither blocks nor log segments found. Creating new log.
I20260710 13:23:29.455513 17819 raft_consensus.cc:2468] T d62a525a6c234d48a6f3ce16a25501bb P a2696ddfebeb438881395938f39e6a02 [term 1 FOLLOWER]: Leader election vote request: Granting yes vote for candidate 5752259a60a244038351f91a0be9bb6d in term 1.
I20260710 13:23:29.456859 17857 leader_election.cc:304] T d62a525a6c234d48a6f3ce16a25501bb P 5752259a60a244038351f91a0be9bb6d [CANDIDATE]: Term 1 election: Election decided. Result: candidate won. Election summary: received 2 responses out of 3 voters: 2 yes votes; 0 no votes. yes voters: 5752259a60a244038351f91a0be9bb6d, a2696ddfebeb438881395938f39e6a02; no voters: 
I20260710 13:23:29.458081 17940 raft_consensus.cc:2804] T d62a525a6c234d48a6f3ce16a25501bb P 5752259a60a244038351f91a0be9bb6d [term 1 FOLLOWER]: Leader election won for term 1
I20260710 13:23:29.458860 17940 raft_consensus.cc:697] T d62a525a6c234d48a6f3ce16a25501bb P 5752259a60a244038351f91a0be9bb6d [term 1 LEADER]: Becoming Leader. State: Replica: 5752259a60a244038351f91a0be9bb6d, State: Running, Role: LEADER
I20260710 13:23:29.460047 17940 consensus_queue.cc:237] T d62a525a6c234d48a6f3ce16a25501bb P 5752259a60a244038351f91a0be9bb6d [LEADER]: Queue going to LEADER mode. State: All replicated index: 0, Majority replicated index: 0, Committed index: 0, Last appended: 0.0, Last appended by leader: 0, Current term: 1, Majority size: 2, State: 0, Mode: LEADER, active raft config: opid_index: -1 OBSOLETE_local: false peers { permanent_uuid: "7323d1a987a640e9968b5ea8f8520a86" member_type: VOTER last_known_addr { host: "127.16.55.193" port: 38435 } } peers { permanent_uuid: "a2696ddfebeb438881395938f39e6a02" member_type: VOTER last_known_addr { host: "127.16.55.194" port: 37847 } } peers { permanent_uuid: "5752259a60a244038351f91a0be9bb6d" member_type: VOTER last_known_addr { host: "127.16.55.195" port: 46623 } }
I20260710 13:23:29.464017 17941 consensus_queue.cc:1048] T 812337739edf41f29b0996e00da2a880 P 5752259a60a244038351f91a0be9bb6d [LEADER]: Connected to new peer: Peer: permanent_uuid: "7323d1a987a640e9968b5ea8f8520a86" member_type: VOTER last_known_addr { host: "127.16.55.193" port: 38435 }, Status: LMP_MISMATCH, Last received: 0.0, Next index: 1, Last known committed idx: 0, Time since last communication: 0.000s
I20260710 13:23:29.470134 17743 raft_consensus.cc:2468] T d62a525a6c234d48a6f3ce16a25501bb P 7323d1a987a640e9968b5ea8f8520a86 [term 1 FOLLOWER]: Leader election vote request: Granting yes vote for candidate 5752259a60a244038351f91a0be9bb6d in term 1.
