I20260710 13:23:03.030426 21883 catalog_manager.cc:5697] T 749b6ba144bf4f8fab2ba4dda2d56d8a P 1cfaa1c6add44bccae9485166bdee70e reported cstate change: term changed from 0 to 1, leader changed from <none> to 1cfaa1c6add44bccae9485166bdee70e (127.21.86.195). New cstate: current_term: 1 leader_uuid: "1cfaa1c6add44bccae9485166bdee70e" committed_config { opid_index: -1 OBSOLETE_local: false peers { permanent_uuid: "1628c4aea3fa4198a5bcd65dd74084b7" member_type: VOTER last_known_addr { host: "127.21.86.193" port: 34589 } health_report { overall_health: UNKNOWN } } peers { permanent_uuid: "4a8f934b3a634f42a49b6e6ffec84485" member_type: VOTER last_known_addr { host: "127.21.86.194" port: 33355 } health_report { overall_health: UNKNOWN } } peers { permanent_uuid: "1cfaa1c6add44bccae9485166bdee70e" member_type: VOTER last_known_addr { host: "127.21.86.195" port: 42215 } health_report { overall_health: HEALTHY } } }
I20260710 13:23:03.031383 22187 raft_consensus.cc:697] T d7f3d539d48245189a5a734fa0da5214 P 1cfaa1c6add44bccae9485166bdee70e [term 1 LEADER]: Becoming Leader. State: Replica: 1cfaa1c6add44bccae9485166bdee70e, State: Running, Role: LEADER
I20260710 13:23:03.041038 22178 tablet_bootstrap.cc:492] T 9cc55bff96734bcea4eaaceb94b1b5e1 P 4a8f934b3a634f42a49b6e6ffec84485: No bootstrap required, opened a new log
I20260710 13:23:03.041481 22178 ts_tablet_manager.cc:1403] T 9cc55bff96734bcea4eaaceb94b1b5e1 P 4a8f934b3a634f42a49b6e6ffec84485: Time spent bootstrapping tablet: real 0.092s	user 0.016s	sys 0.003s
I20260710 13:23:03.042718 22187 consensus_queue.cc:237] T d7f3d539d48245189a5a734fa0da5214 P 1cfaa1c6add44bccae9485166bdee70e [LEADER]: Queue going to LEADER mode. State: All replicated index: 0, Majority replicated index: 0, Committed index: 0, Last appended: 0.0, Last appended by leader: 0, Current term: 1, Majority size: 2, State: 0, Mode: LEADER, active raft config: opid_index: -1 OBSOLETE_local: false peers { permanent_uuid: "1628c4aea3fa4198a5bcd65dd74084b7" member_type: VOTER last_known_addr { host: "127.21.86.193" port: 34589 } } peers { permanent_uuid: "4a8f934b3a634f42a49b6e6ffec84485" member_type: VOTER last_known_addr { host: "127.21.86.194" port: 33355 } } peers { permanent_uuid: "1cfaa1c6add44bccae9485166bdee70e" member_type: VOTER last_known_addr { host: "127.21.86.195" port: 42215 } }
I20260710 13:23:03.054291 22178 raft_consensus.cc:359] T 9cc55bff96734bcea4eaaceb94b1b5e1 P 4a8f934b3a634f42a49b6e6ffec84485 [term 0 FOLLOWER]: Replica starting. Triggering 0 pending ops. Active config: opid_index: -1 OBSOLETE_local: false peers { permanent_uuid: "1628c4aea3fa4198a5bcd65dd74084b7" member_type: VOTER last_known_addr { host: "127.21.86.193" port: 34589 } } peers { permanent_uuid: "4a8f934b3a634f42a49b6e6ffec84485" member_type: VOTER last_known_addr { host: "127.21.86.194" port: 33355 } } peers { permanent_uuid: "1cfaa1c6add44bccae9485166bdee70e" member_type: VOTER last_known_addr { host: "127.21.86.195" port: 42215 } }
I20260710 13:23:03.055042 22178 raft_consensus.cc:385] T 9cc55bff96734bcea4eaaceb94b1b5e1 P 4a8f934b3a634f42a49b6e6ffec84485 [term 0 FOLLOWER]: Consensus starting up: Expiring failure detector timer to make a prompt election more likely
I20260710 13:23:03.055346 22178 raft_consensus.cc:740] T 9cc55bff96734bcea4eaaceb94b1b5e1 P 4a8f934b3a634f42a49b6e6ffec84485 [term 0 FOLLOWER]: Becoming Follower/Learner. State: Replica: 4a8f934b3a634f42a49b6e6ffec84485, State: Initialized, Role: FOLLOWER
I20260710 13:23:03.050724 22230 raft_consensus.cc:515] T 749b6ba144bf4f8fab2ba4dda2d56d8a P 1628c4aea3fa4198a5bcd65dd74084b7 [term 2 FOLLOWER]: Starting leader election with config: opid_index: -1 OBSOLETE_local: false peers { permanent_uuid: "1628c4aea3fa4198a5bcd65dd74084b7" member_type: VOTER last_known_addr { host: "127.21.86.193" port: 34589 } } peers { permanent_uuid: "4a8f934b3a634f42a49b6e6ffec84485" member_type: VOTER last_known_addr { host: "127.21.86.194" port: 33355 } } peers { permanent_uuid: "1cfaa1c6add44bccae9485166bdee70e" member_type: VOTER last_known_addr { host: "127.21.86.195" port: 42215 } }
I20260710 13:23:03.056250 22178 consensus_queue.cc:260] T 9cc55bff96734bcea4eaaceb94b1b5e1 P 4a8f934b3a634f42a49b6e6ffec84485 [NON_LEADER]: Queue going to NON_LEADER mode. State: All replicated index: 0, Majority replicated index: 0, Committed index: 0, Last appended: 0.0, Last appended by leader: 0, Current term: 0, Majority size: -1, State: 0, Mode: NON_LEADER, active raft config: opid_index: -1 OBSOLETE_local: false peers { permanent_uuid: "1628c4aea3fa4198a5bcd65dd74084b7" member_type: VOTER last_known_addr { host: "127.21.86.193" port: 34589 } } peers { permanent_uuid: "4a8f934b3a634f42a49b6e6ffec84485" member_type: VOTER last_known_addr { host: "127.21.86.194" port: 33355 } } peers { permanent_uuid: "1cfaa1c6add44bccae9485166bdee70e" member_type: VOTER last_known_addr { host: "127.21.86.195" port: 42215 } }
I20260710 13:23:03.054808 21882 catalog_manager.cc:5697] T b22e2f06b9dd48339afc812dfb527945 P 1628c4aea3fa4198a5bcd65dd74084b7 reported cstate change: term changed from 0 to 1, leader changed from <none> to 1628c4aea3fa4198a5bcd65dd74084b7 (127.21.86.193). New cstate: current_term: 1 leader_uuid: "1628c4aea3fa4198a5bcd65dd74084b7" committed_config { opid_index: -1 OBSOLETE_local: false peers { permanent_uuid: "1628c4aea3fa4198a5bcd65dd74084b7" member_type: VOTER last_known_addr { host: "127.21.86.193" port: 34589 } health_report { overall_health: HEALTHY } } peers { permanent_uuid: "4a8f934b3a634f42a49b6e6ffec84485" member_type: VOTER last_known_addr { host: "127.21.86.194" port: 33355 } health_report { overall_health: UNKNOWN } } peers { permanent_uuid: "1cfaa1c6add44bccae9485166bdee70e" member_type: VOTER last_known_addr { host: "127.21.86.195" port: 42215 } health_report { overall_health: UNKNOWN } } }
I20260710 13:23:03.058364 22230 leader_election.cc:290] T 749b6ba144bf4f8fab2ba4dda2d56d8a P 1628c4aea3fa4198a5bcd65dd74084b7 [CANDIDATE]: Term 2 election: Requested vote from peers 4a8f934b3a634f42a49b6e6ffec84485 (127.21.86.194:33355), 1cfaa1c6add44bccae9485166bdee70e (127.21.86.195:42215)
I20260710 13:23:03.058001 21882 catalog_manager.cc:5697] T bc1c079174814337919eef9e0c471812 P 1628c4aea3fa4198a5bcd65dd74084b7 reported cstate change: term changed from 0 to 1, leader changed from <none> to 1628c4aea3fa4198a5bcd65dd74084b7 (127.21.86.193). New cstate: current_term: 1 leader_uuid: "1628c4aea3fa4198a5bcd65dd74084b7" committed_config { opid_index: -1 OBSOLETE_local: false peers { permanent_uuid: "1628c4aea3fa4198a5bcd65dd74084b7" member_type: VOTER last_known_addr { host: "127.21.86.193" port: 34589 } health_report { overall_health: HEALTHY } } peers { permanent_uuid: "4a8f934b3a634f42a49b6e6ffec84485" member_type: VOTER last_known_addr { host: "127.21.86.194" port: 33355 } health_report { overall_health: UNKNOWN } } peers { permanent_uuid: "1cfaa1c6add44bccae9485166bdee70e" member_type: VOTER last_known_addr { host: "127.21.86.195" port: 42215 } health_report { overall_health: UNKNOWN } } }
I20260710 13:23:03.060168 22059 tablet_service.cc:1917] Received RequestConsensusVote() RPC: tablet_id: "749b6ba144bf4f8fab2ba4dda2d56d8a" candidate_uuid: "1628c4aea3fa4198a5bcd65dd74084b7" candidate_term: 2 candidate_status { last_received { term: 0 index: 0 } } ignore_live_leader: false dest_uuid: "4a8f934b3a634f42a49b6e6ffec84485"
I20260710 13:23:03.060962 22133 tablet_service.cc:1917] Received RequestConsensusVote() RPC: tablet_id: "749b6ba144bf4f8fab2ba4dda2d56d8a" candidate_uuid: "1628c4aea3fa4198a5bcd65dd74084b7" candidate_term: 2 candidate_status { last_received { term: 0 index: 0 } } ignore_live_leader: false dest_uuid: "1cfaa1c6add44bccae9485166bdee70e"
I20260710 13:23:03.064355 22059 raft_consensus.cc:3060] T 749b6ba144bf4f8fab2ba4dda2d56d8a P 4a8f934b3a634f42a49b6e6ffec84485 [term 1 FOLLOWER]: Advancing to term 2
I20260710 13:23:03.069844 22178 ts_tablet_manager.cc:1434] T 9cc55bff96734bcea4eaaceb94b1b5e1 P 4a8f934b3a634f42a49b6e6ffec84485: Time spent starting tablet: real 0.028s	user 0.007s	sys 0.001s
I20260710 13:23:03.078325 22059 raft_consensus.cc:2468] T 749b6ba144bf4f8fab2ba4dda2d56d8a P 4a8f934b3a634f42a49b6e6ffec84485 [term 2 FOLLOWER]: Leader election vote request: Granting yes vote for candidate 1628c4aea3fa4198a5bcd65dd74084b7 in term 2.
I20260710 13:23:03.079819 21950 leader_election.cc:304] T 749b6ba144bf4f8fab2ba4dda2d56d8a P 1628c4aea3fa4198a5bcd65dd74084b7 [CANDIDATE]: Term 2 election: Election decided. Result: candidate won. Election summary: received 3 responses out of 3 voters: 2 yes votes; 1 no votes. yes voters: 1628c4aea3fa4198a5bcd65dd74084b7, 4a8f934b3a634f42a49b6e6ffec84485; no voters: 1cfaa1c6add44bccae9485166bdee70e
I20260710 13:23:03.080919 22227 raft_consensus.cc:2804] T 749b6ba144bf4f8fab2ba4dda2d56d8a P 1628c4aea3fa4198a5bcd65dd74084b7 [term 2 FOLLOWER]: Leader election won for term 2
I20260710 13:23:03.081379 22227 raft_consensus.cc:697] T 749b6ba144bf4f8fab2ba4dda2d56d8a P 1628c4aea3fa4198a5bcd65dd74084b7 [term 2 LEADER]: Becoming Leader. State: Replica: 1628c4aea3fa4198a5bcd65dd74084b7, State: Running, Role: LEADER
I20260710 13:23:03.081517 21881 catalog_manager.cc:5697] T d7f3d539d48245189a5a734fa0da5214 P 1cfaa1c6add44bccae9485166bdee70e reported cstate change: term changed from 0 to 1, leader changed from <none> to 1cfaa1c6add44bccae9485166bdee70e (127.21.86.195). New cstate: current_term: 1 leader_uuid: "1cfaa1c6add44bccae9485166bdee70e" committed_config { opid_index: -1 OBSOLETE_local: false peers { permanent_uuid: "1628c4aea3fa4198a5bcd65dd74084b7" member_type: VOTER last_known_addr { host: "127.21.86.193" port: 34589 } health_report { overall_health: UNKNOWN } } peers { permanent_uuid: "4a8f934b3a634f42a49b6e6ffec84485" member_type: VOTER last_known_addr { host: "127.21.86.194" port: 33355 } health_report { overall_health: UNKNOWN } } peers { permanent_uuid: "1cfaa1c6add44bccae9485166bdee70e" member_type: VOTER last_known_addr { host: "127.21.86.195" port: 42215 } health_report { overall_health: HEALTHY } } }
I20260710 13:23:03.083307 22227 consensus_queue.cc:237] T 749b6ba144bf4f8fab2ba4dda2d56d8a P 1628c4aea3fa4198a5bcd65dd74084b7 [LEADER]: Queue going to LEADER mode. State: All replicated index: 0, Majority replicated index: 0, Committed index: 0, Last appended: 0.0, Last appended by leader: 0, Current term: 2, Majority size: 2, State: 0, Mode: LEADER, active raft config: opid_index: -1 OBSOLETE_local: false peers { permanent_uuid: "1628c4aea3fa4198a5bcd65dd74084b7" member_type: VOTER last_known_addr { host: "127.21.86.193" port: 34589 } } peers { permanent_uuid: "4a8f934b3a634f42a49b6e6ffec84485" member_type: VOTER last_known_addr { host: "127.21.86.194" port: 33355 } } peers { permanent_uuid: "1cfaa1c6add44bccae9485166bdee70e" member_type: VOTER last_known_addr { host: "127.21.86.195" port: 42215 } }
I20260710 13:23:03.097894 22230 consensus_queue.cc:1048] T 4403a103eef1494abe42ae5c96bc0080 P 1628c4aea3fa4198a5bcd65dd74084b7 [LEADER]: Connected to new peer: Peer: permanent_uuid: "1cfaa1c6add44bccae9485166bdee70e" member_type: VOTER last_known_addr { host: "127.21.86.195" port: 42215 }, Status: LMP_MISMATCH, Last received: 0.0, Next index: 1, Last known committed idx: 0, Time since last communication: 0.001s
I20260710 13:23:03.110610 21883 catalog_manager.cc:5697] T 749b6ba144bf4f8fab2ba4dda2d56d8a P 1628c4aea3fa4198a5bcd65dd74084b7 reported cstate change: term changed from 1 to 2, leader changed from 1cfaa1c6add44bccae9485166bdee70e (127.21.86.195) to 1628c4aea3fa4198a5bcd65dd74084b7 (127.21.86.193). New cstate: current_term: 2 leader_uuid: "1628c4aea3fa4198a5bcd65dd74084b7" committed_config { opid_index: -1 OBSOLETE_local: false peers { permanent_uuid: "1628c4aea3fa4198a5bcd65dd74084b7" member_type: VOTER last_known_addr { host: "127.21.86.193" port: 34589 } health_report { overall_health: HEALTHY } } peers { permanent_uuid: "4a8f934b3a634f42a49b6e6ffec84485" member_type: VOTER last_known_addr { host: "127.21.86.194" port: 33355 } health_report { overall_health: UNKNOWN } } peers { permanent_uuid: "1cfaa1c6add44bccae9485166bdee70e" member_type: VOTER last_known_addr { host: "127.21.86.195" port: 42215 } health_report { overall_health: UNKNOWN } } }
I20260710 13:23:03.112308 21883 catalog_manager.cc:5697] T 9cc55bff96734bcea4eaaceb94b1b5e1 P 1628c4aea3fa4198a5bcd65dd74084b7 reported cstate change: term changed from 0 to 1, leader changed from <none> to 1628c4aea3fa4198a5bcd65dd74084b7 (127.21.86.193). New cstate: current_term: 1 leader_uuid: "1628c4aea3fa4198a5bcd65dd74084b7" committed_config { opid_index: -1 OBSOLETE_local: false peers { permanent_uuid: "1628c4aea3fa4198a5bcd65dd74084b7" member_type: VOTER last_known_addr { host: "127.21.86.193" port: 34589 } health_report { overall_health: HEALTHY } } peers { permanent_uuid: "4a8f934b3a634f42a49b6e6ffec84485" member_type: VOTER last_known_addr { host: "127.21.86.194" port: 33355 } health_report { overall_health: UNKNOWN } } peers { permanent_uuid: "1cfaa1c6add44bccae9485166bdee70e" member_type: VOTER last_known_addr { host: "127.21.86.195" port: 42215 } health_report { overall_health: UNKNOWN } } }
I20260710 13:23:03.113721 21883 catalog_manager.cc:5697] T 8b90d4f6796042cd81996fb1fdab4abf P 1628c4aea3fa4198a5bcd65dd74084b7 reported cstate change: term changed from 0 to 1, leader changed from <none> to 1628c4aea3fa4198a5bcd65dd74084b7 (127.21.86.193). New cstate: current_term: 1 leader_uuid: "1628c4aea3fa4198a5bcd65dd74084b7" committed_config { opid_index: -1 OBSOLETE_local: false peers { permanent_uuid: "1628c4aea3fa4198a5bcd65dd74084b7" member_type: VOTER last_known_addr { host: "127.21.86.193" port: 34589 } health_report { overall_health: HEALTHY } } peers { permanent_uuid: "4a8f934b3a634f42a49b6e6ffec84485" member_type: VOTER last_known_addr { host: "127.21.86.194" port: 33355 } health_report { overall_health: UNKNOWN } } peers { permanent_uuid: "1cfaa1c6add44bccae9485166bdee70e" member_type: VOTER last_known_addr { host: "127.21.86.195" port: 42215 } health_report { overall_health: UNKNOWN } } }
I20260710 13:23:03.140349 22227 consensus_queue.cc:1048] T ec2e6ce042cc4c2e9bc6598e83fde588 P 1628c4aea3fa4198a5bcd65dd74084b7 [LEADER]: Connected to new peer: Peer: permanent_uuid: "1cfaa1c6add44bccae9485166bdee70e" member_type: VOTER last_known_addr { host: "127.21.86.195" port: 42215 }, Status: LMP_MISMATCH, Last received: 0.0, Next index: 1, Last known committed idx: 0, Time since last communication: 0.000s
I20260710 13:23:03.148656 22182 consensus_queue.cc:1048] T ec2e6ce042cc4c2e9bc6598e83fde588 P 1628c4aea3fa4198a5bcd65dd74084b7 [LEADER]: Connected to new peer: Peer: permanent_uuid: "4a8f934b3a634f42a49b6e6ffec84485" member_type: VOTER last_known_addr { host: "127.21.86.194" port: 33355 }, Status: LMP_MISMATCH, Last received: 0.0, Next index: 1, Last known committed idx: 0, Time since last communication: 0.000s
I20260710 13:23:03.177728 22193 raft_consensus.cc:493] T 9cc55bff96734bcea4eaaceb94b1b5e1 P 4a8f934b3a634f42a49b6e6ffec84485 [term 0 FOLLOWER]: Starting pre-election (no leader contacted us within the election timeout)
I20260710 13:23:03.178216 22193 raft_consensus.cc:515] T 9cc55bff96734bcea4eaaceb94b1b5e1 P 4a8f934b3a634f42a49b6e6ffec84485 [term 0 FOLLOWER]: Starting pre-election with config: opid_index: -1 OBSOLETE_local: false peers { permanent_uuid: "1628c4aea3fa4198a5bcd65dd74084b7" member_type: VOTER last_known_addr { host: "127.21.86.193" port: 34589 } } peers { permanent_uuid: "4a8f934b3a634f42a49b6e6ffec84485" member_type: VOTER last_known_addr { host: "127.21.86.194" port: 33355 } } peers { permanent_uuid: "1cfaa1c6add44bccae9485166bdee70e" member_type: VOTER last_known_addr { host: "127.21.86.195" port: 42215 } }
I20260710 13:23:03.180258 22193 leader_election.cc:290] T 9cc55bff96734bcea4eaaceb94b1b5e1 P 4a8f934b3a634f42a49b6e6ffec84485 [CANDIDATE]: Term 1 pre-election: Requested pre-vote from peers 1628c4aea3fa4198a5bcd65dd74084b7 (127.21.86.193:34589), 1cfaa1c6add44bccae9485166bdee70e (127.21.86.195:42215)
I20260710 13:23:03.180932 21985 tablet_service.cc:1917] Received RequestConsensusVote() RPC: tablet_id: "9cc55bff96734bcea4eaaceb94b1b5e1" candidate_uuid: "4a8f934b3a634f42a49b6e6ffec84485" candidate_term: 1 candidate_status { last_received { term: 0 index: 0 } } ignore_live_leader: false dest_uuid: "1628c4aea3fa4198a5bcd65dd74084b7" is_pre_election: true
I20260710 13:23:03.181280 22133 tablet_service.cc:1917] Received RequestConsensusVote() RPC: tablet_id: "9cc55bff96734bcea4eaaceb94b1b5e1" candidate_uuid: "4a8f934b3a634f42a49b6e6ffec84485" candidate_term: 1 candidate_status { last_received { term: 0 index: 0 } } ignore_live_leader: false dest_uuid: "1cfaa1c6add44bccae9485166bdee70e" is_pre_election: true
I20260710 13:23:03.182024 22133 raft_consensus.cc:2393] T 9cc55bff96734bcea4eaaceb94b1b5e1 P 1cfaa1c6add44bccae9485166bdee70e [term 1 FOLLOWER]: Leader pre-election vote request: Denying vote to candidate 4a8f934b3a634f42a49b6e6ffec84485 in current term 1: Already voted for candidate 1628c4aea3fa4198a5bcd65dd74084b7 in this term.
I20260710 13:23:03.183342 22027 leader_election.cc:304] T 9cc55bff96734bcea4eaaceb94b1b5e1 P 4a8f934b3a634f42a49b6e6ffec84485 [CANDIDATE]: Term 1 pre-election: Election decided. Result: candidate lost. Election summary: received 3 responses out of 3 voters: 1 yes votes; 2 no votes. yes voters: 4a8f934b3a634f42a49b6e6ffec84485; no voters: 1628c4aea3fa4198a5bcd65dd74084b7, 1cfaa1c6add44bccae9485166bdee70e
I20260710 13:23:03.184259 22193 raft_consensus.cc:3060] T 9cc55bff96734bcea4eaaceb94b1b5e1 P 4a8f934b3a634f42a49b6e6ffec84485 [term 0 FOLLOWER]: Advancing to term 1
I20260710 13:23:03.188405 22193 raft_consensus.cc:2749] T 9cc55bff96734bcea4eaaceb94b1b5e1 P 4a8f934b3a634f42a49b6e6ffec84485 [term 1 FOLLOWER]: Leader pre-election lost for term 1. Reason: could not achieve majority
I20260710 13:23:03.240710 22182 consensus_queue.cc:1048] T 8b9dabc87dc1477cb44b35ae7edae22b P 1628c4aea3fa4198a5bcd65dd74084b7 [LEADER]: Connected to new peer: Peer: permanent_uuid: "4a8f934b3a634f42a49b6e6ffec84485" member_type: VOTER last_known_addr { host: "127.21.86.194" port: 33355 }, Status: LMP_MISMATCH, Last received: 0.0, Next index: 1, Last known committed idx: 0, Time since last communication: 0.000s
I20260710 13:23:03.244130 21985 tablet_service.cc:2072] Received LeaderStepDown RPC: tablet_id: "749b6ba144bf4f8fab2ba4dda2d56d8a"
dest_uuid: "1628c4aea3fa4198a5bcd65dd74084b7"
mode: GRACEFUL
new_leader_uuid: "4a8f934b3a634f42a49b6e6ffec84485"
 from {username='slave'} at 127.0.0.1:58898
I20260710 13:23:03.244985 21985 raft_consensus.cc:606] T 749b6ba144bf4f8fab2ba4dda2d56d8a P 1628c4aea3fa4198a5bcd65dd74084b7 [term 2 LEADER]: Received request to transfer leadership to TS 4a8f934b3a634f42a49b6e6ffec84485
I20260710 13:23:03.253123 22228 consensus_queue.cc:1048] T 8b9dabc87dc1477cb44b35ae7edae22b P 1628c4aea3fa4198a5bcd65dd74084b7 [LEADER]: Connected to new peer: Peer: permanent_uuid: "1cfaa1c6add44bccae9485166bdee70e" member_type: VOTER last_known_addr { host: "127.21.86.195" port: 42215 }, Status: LMP_MISMATCH, Last received: 0.0, Next index: 1, Last known committed idx: 0, Time since last communication: 0.000s
I20260710 13:23:03.255610 21985 tablet_service.cc:2072] Received LeaderStepDown RPC: tablet_id: "8b90d4f6796042cd81996fb1fdab4abf"
dest_uuid: "1628c4aea3fa4198a5bcd65dd74084b7"
mode: GRACEFUL
new_leader_uuid: "4a8f934b3a634f42a49b6e6ffec84485"
 from {username='slave'} at 127.0.0.1:58898
I20260710 13:23:03.257071 21985 raft_consensus.cc:606] T 8b90d4f6796042cd81996fb1fdab4abf P 1628c4aea3fa4198a5bcd65dd74084b7 [term 1 LEADER]: Received request to transfer leadership to TS 4a8f934b3a634f42a49b6e6ffec84485
I20260710 13:23:03.277633 22133 tablet_service.cc:2072] Received LeaderStepDown RPC: tablet_id: "d7f3d539d48245189a5a734fa0da5214"
dest_uuid: "1cfaa1c6add44bccae9485166bdee70e"
mode: GRACEFUL
new_leader_uuid: "4a8f934b3a634f42a49b6e6ffec84485"
 from {username='slave'} at 127.0.0.1:52178
I20260710 13:23:03.278208 22133 raft_consensus.cc:606] T d7f3d539d48245189a5a734fa0da5214 P 1cfaa1c6add44bccae9485166bdee70e [term 1 LEADER]: Received request to transfer leadership to TS 4a8f934b3a634f42a49b6e6ffec84485
I20260710 13:23:03.283334 21985 tablet_service.cc:2072] Received LeaderStepDown RPC: tablet_id: "bc1c079174814337919eef9e0c471812"
dest_uuid: "1628c4aea3fa4198a5bcd65dd74084b7"
mode: GRACEFUL
new_leader_uuid: "4a8f934b3a634f42a49b6e6ffec84485"
 from {username='slave'} at 127.0.0.1:58898
I20260710 13:23:03.283779 21985 raft_consensus.cc:606] T bc1c079174814337919eef9e0c471812 P 1628c4aea3fa4198a5bcd65dd74084b7 [term 1 LEADER]: Received request to transfer leadership to TS 4a8f934b3a634f42a49b6e6ffec84485
I20260710 13:23:03.288771 21985 tablet_service.cc:2072] Received LeaderStepDown RPC: tablet_id: "9cc55bff96734bcea4eaaceb94b1b5e1"
dest_uuid: "1628c4aea3fa4198a5bcd65dd74084b7"
mode: GRACEFUL
new_leader_uuid: "1cfaa1c6add44bccae9485166bdee70e"
 from {username='slave'} at 127.0.0.1:58898
I20260710 13:23:03.289196 21985 raft_consensus.cc:606] T 9cc55bff96734bcea4eaaceb94b1b5e1 P 1628c4aea3fa4198a5bcd65dd74084b7 [term 1 LEADER]: Received request to transfer leadership to TS 1cfaa1c6add44bccae9485166bdee70e
I20260710 13:23:03.363176 22193 raft_consensus.cc:493] T bc1c079174814337919eef9e0c471812 P 4a8f934b3a634f42a49b6e6ffec84485 [term 0 FOLLOWER]: Starting pre-election (no leader contacted us within the election timeout)
I20260710 13:23:03.363680 22193 raft_consensus.cc:515] T bc1c079174814337919eef9e0c471812 P 4a8f934b3a634f42a49b6e6ffec84485 [term 0 FOLLOWER]: Starting pre-election with config: opid_index: -1 OBSOLETE_local: false peers { permanent_uuid: "1628c4aea3fa4198a5bcd65dd74084b7" member_type: VOTER last_known_addr { host: "127.21.86.193" port: 34589 } } peers { permanent_uuid: "4a8f934b3a634f42a49b6e6ffec84485" member_type: VOTER last_known_addr { host: "127.21.86.194" port: 33355 } } peers { permanent_uuid: "1cfaa1c6add44bccae9485166bdee70e" member_type: VOTER last_known_addr { host: "127.21.86.195" port: 42215 } }
I20260710 13:23:03.365454 22193 leader_election.cc:290] T bc1c079174814337919eef9e0c471812 P 4a8f934b3a634f42a49b6e6ffec84485 [CANDIDATE]: Term 1 pre-election: Requested pre-vote from peers 1628c4aea3fa4198a5bcd65dd74084b7 (127.21.86.193:34589), 1cfaa1c6add44bccae9485166bdee70e (127.21.86.195:42215)
I20260710 13:23:03.366322 21985 tablet_service.cc:1917] Received RequestConsensusVote() RPC: tablet_id: "bc1c079174814337919eef9e0c471812" candidate_uuid: "4a8f934b3a634f42a49b6e6ffec84485" candidate_term: 1 candidate_status { last_received { term: 0 index: 0 } } ignore_live_leader: false dest_uuid: "1628c4aea3fa4198a5bcd65dd74084b7" is_pre_election: true
I20260710 13:23:03.366524 22133 tablet_service.cc:1917] Received RequestConsensusVote() RPC: tablet_id: "bc1c079174814337919eef9e0c471812" candidate_uuid: "4a8f934b3a634f42a49b6e6ffec84485" candidate_term: 1 candidate_status { last_received { term: 0 index: 0 } } ignore_live_leader: false dest_uuid: "1cfaa1c6add44bccae9485166bdee70e" is_pre_election: true
I20260710 13:23:03.367378 22133 raft_consensus.cc:2393] T bc1c079174814337919eef9e0c471812 P 1cfaa1c6add44bccae9485166bdee70e [term 1 FOLLOWER]: Leader pre-election vote request: Denying vote to candidate 4a8f934b3a634f42a49b6e6ffec84485 in current term 1: Already voted for candidate 1628c4aea3fa4198a5bcd65dd74084b7 in this term.
I20260710 13:23:03.368340 22027 leader_election.cc:304] T bc1c079174814337919eef9e0c471812 P 4a8f934b3a634f42a49b6e6ffec84485 [CANDIDATE]: Term 1 pre-election: Election decided. Result: candidate lost. Election summary: received 3 responses out of 3 voters: 1 yes votes; 2 no votes. yes voters: 4a8f934b3a634f42a49b6e6ffec84485; no voters: 1628c4aea3fa4198a5bcd65dd74084b7, 1cfaa1c6add44bccae9485166bdee70e
I20260710 13:23:03.369058 22193 raft_consensus.cc:3060] T bc1c079174814337919eef9e0c471812 P 4a8f934b3a634f42a49b6e6ffec84485 [term 0 FOLLOWER]: Advancing to term 1
I20260710 13:23:03.373238 22193 raft_consensus.cc:2749] T bc1c079174814337919eef9e0c471812 P 4a8f934b3a634f42a49b6e6ffec84485 [term 1 FOLLOWER]: Leader pre-election lost for term 1. Reason: could not achieve majority
I20260710 13:23:03.393888 22230 consensus_queue.cc:1048] T 8b90d4f6796042cd81996fb1fdab4abf P 1628c4aea3fa4198a5bcd65dd74084b7 [LEADER]: Connected to new peer: Peer: permanent_uuid: "4a8f934b3a634f42a49b6e6ffec84485" member_type: VOTER last_known_addr { host: "127.21.86.194" port: 33355 }, Status: LMP_MISMATCH, Last received: 0.0, Next index: 1, Last known committed idx: 0, Time since last communication: 0.000s
I20260710 13:23:03.400722 22228 raft_consensus.cc:993] T 8b90d4f6796042cd81996fb1fdab4abf P 1628c4aea3fa4198a5bcd65dd74084b7: : Instructing follower 4a8f934b3a634f42a49b6e6ffec84485 to start an election
I20260710 13:23:03.401173 22228 raft_consensus.cc:1081] T 8b90d4f6796042cd81996fb1fdab4abf P 1628c4aea3fa4198a5bcd65dd74084b7 [term 1 LEADER]: Signalling peer 4a8f934b3a634f42a49b6e6ffec84485 to start an election
I20260710 13:23:03.403326 22059 tablet_service.cc:2044] Received Run Leader Election RPC: tablet_id: "8b90d4f6796042cd81996fb1fdab4abf"
dest_uuid: "4a8f934b3a634f42a49b6e6ffec84485"
 from {username='slave'} at 127.0.0.1:46418
I20260710 13:23:03.403891 22059 raft_consensus.cc:493] T 8b90d4f6796042cd81996fb1fdab4abf P 4a8f934b3a634f42a49b6e6ffec84485 [term 1 FOLLOWER]: Starting forced leader election (received explicit request)
I20260710 13:23:03.404242 22059 raft_consensus.cc:3060] T 8b90d4f6796042cd81996fb1fdab4abf P 4a8f934b3a634f42a49b6e6ffec84485 [term 1 FOLLOWER]: Advancing to term 2
I20260710 13:23:03.410007 22230 consensus_queue.cc:1048] T 8b90d4f6796042cd81996fb1fdab4abf P 1628c4aea3fa4198a5bcd65dd74084b7 [LEADER]: Connected to new peer: Peer: permanent_uuid: "1cfaa1c6add44bccae9485166bdee70e" member_type: VOTER last_known_addr { host: "127.21.86.195" port: 42215 }, Status: LMP_MISMATCH, Last received: 0.0, Next index: 1, Last known committed idx: 0, Time since last communication: 0.000s
I20260710 13:23:03.410727 22059 raft_consensus.cc:515] T 8b90d4f6796042cd81996fb1fdab4abf P 4a8f934b3a634f42a49b6e6ffec84485 [term 2 FOLLOWER]: Starting forced leader election with config: opid_index: -1 OBSOLETE_local: false peers { permanent_uuid: "1628c4aea3fa4198a5bcd65dd74084b7" member_type: VOTER last_known_addr { host: "127.21.86.193" port: 34589 } } peers { permanent_uuid: "4a8f934b3a634f42a49b6e6ffec84485" member_type: VOTER last_known_addr { host: "127.21.86.194" port: 33355 } } peers { permanent_uuid: "1cfaa1c6add44bccae9485166bdee70e" member_type: VOTER last_known_addr { host: "127.21.86.195" port: 42215 } }
I20260710 13:23:03.412019 22060 raft_consensus.cc:1240] T 8b90d4f6796042cd81996fb1fdab4abf P 4a8f934b3a634f42a49b6e6ffec84485 [term 2 FOLLOWER]: Rejecting Update request from peer 1628c4aea3fa4198a5bcd65dd74084b7 for earlier term 1. Current term is 2. Ops: []
I20260710 13:23:03.413405 21985 tablet_service.cc:1917] Received RequestConsensusVote() RPC: tablet_id: "8b90d4f6796042cd81996fb1fdab4abf" candidate_uuid: "4a8f934b3a634f42a49b6e6ffec84485" candidate_term: 2 candidate_status { last_received { term: 1 index: 1 } } ignore_live_leader: true dest_uuid: "1628c4aea3fa4198a5bcd65dd74084b7"
I20260710 13:23:03.413966 21985 raft_consensus.cc:3055] T 8b90d4f6796042cd81996fb1fdab4abf P 1628c4aea3fa4198a5bcd65dd74084b7 [term 1 LEADER]: Stepping down as leader of term 1
I20260710 13:23:03.414276 21985 raft_consensus.cc:740] T 8b90d4f6796042cd81996fb1fdab4abf P 1628c4aea3fa4198a5bcd65dd74084b7 [term 1 LEADER]: Becoming Follower/Learner. State: Replica: 1628c4aea3fa4198a5bcd65dd74084b7, State: Running, Role: LEADER
I20260710 13:23:03.415066 21985 consensus_queue.cc:260] T 8b90d4f6796042cd81996fb1fdab4abf P 1628c4aea3fa4198a5bcd65dd74084b7 [NON_LEADER]: Queue going to NON_LEADER mode. State: All replicated index: 0, Majority replicated index: 1, Committed index: 1, Last appended: 1.1, Last appended by leader: 1, Current term: 1, Majority size: -1, State: 0, Mode: NON_LEADER, active raft config: opid_index: -1 OBSOLETE_local: false peers { permanent_uuid: "1628c4aea3fa4198a5bcd65dd74084b7" member_type: VOTER last_known_addr { host: "127.21.86.193" port: 34589 } } peers { permanent_uuid: "4a8f934b3a634f42a49b6e6ffec84485" member_type: VOTER last_known_addr { host: "127.21.86.194" port: 33355 } } peers { permanent_uuid: "1cfaa1c6add44bccae9485166bdee70e" member_type: VOTER last_known_addr { host: "127.21.86.195" port: 42215 } }
I20260710 13:23:03.415994 21985 raft_consensus.cc:3060] T 8b90d4f6796042cd81996fb1fdab4abf P 1628c4aea3fa4198a5bcd65dd74084b7 [term 1 FOLLOWER]: Advancing to term 2
I20260710 13:23:03.421967 22059 leader_election.cc:290] T 8b90d4f6796042cd81996fb1fdab4abf P 4a8f934b3a634f42a49b6e6ffec84485 [CANDIDATE]: Term 2 election: Requested vote from peers 1628c4aea3fa4198a5bcd65dd74084b7 (127.21.86.193:34589), 1cfaa1c6add44bccae9485166bdee70e (127.21.86.195:42215)
I20260710 13:23:03.422188 22134 tablet_service.cc:1917] Received RequestConsensusVote() RPC: tablet_id: "8b90d4f6796042cd81996fb1fdab4abf" candidate_uuid: "4a8f934b3a634f42a49b6e6ffec84485" candidate_term: 2 candidate_status { last_received { term: 1 index: 1 } } ignore_live_leader: true dest_uuid: "1cfaa1c6add44bccae9485166bdee70e"
I20260710 13:23:03.423072 21985 raft_consensus.cc:2468] T 8b90d4f6796042cd81996fb1fdab4abf P 1628c4aea3fa4198a5bcd65dd74084b7 [term 2 FOLLOWER]: Leader election vote request: Granting yes vote for candidate 4a8f934b3a634f42a49b6e6ffec84485 in term 2.
W20260710 13:23:03.416039 22230 consensus_queue.cc:1175] T 8b90d4f6796042cd81996fb1fdab4abf P 1628c4aea3fa4198a5bcd65dd74084b7 [NON_LEADER]: Queue is closed or peer was untracked, disregarding peer response. Response: responder_uuid: "4a8f934b3a634f42a49b6e6ffec84485" responder_term: 2 status { last_received { term: 1 index: 1 } last_committed_idx: 0 error { code: INVALID_TERM status { code: ILLEGAL_STATE message: "Rejecting Update request from peer 1628c4aea3fa4198a5bcd65dd74084b7 for earlier term 1. Current term is 2. Ops: []" } } last_received_current_leader { term: 0 index: 0 } }
I20260710 13:23:03.424132 22024 leader_election.cc:304] T 8b90d4f6796042cd81996fb1fdab4abf P 4a8f934b3a634f42a49b6e6ffec84485 [CANDIDATE]: Term 2 election: Election decided. Result: candidate won. Election summary: received 3 responses out of 3 voters: 2 yes votes; 1 no votes. yes voters: 1628c4aea3fa4198a5bcd65dd74084b7, 4a8f934b3a634f42a49b6e6ffec84485; no voters: 1cfaa1c6add44bccae9485166bdee70e
I20260710 13:23:03.425175 22193 raft_consensus.cc:2804] T 8b90d4f6796042cd81996fb1fdab4abf P 4a8f934b3a634f42a49b6e6ffec84485 [term 2 FOLLOWER]: Leader election won for term 2
I20260710 13:23:03.430496 22193 raft_consensus.cc:697] T 8b90d4f6796042cd81996fb1fdab4abf P 4a8f934b3a634f42a49b6e6ffec84485 [term 2 LEADER]: Becoming Leader. State: Replica: 4a8f934b3a634f42a49b6e6ffec84485, State: Running, Role: LEADER
I20260710 13:23:03.431314 22193 consensus_queue.cc:237] T 8b90d4f6796042cd81996fb1fdab4abf P 4a8f934b3a634f42a49b6e6ffec84485 [LEADER]: Queue going to LEADER mode. State: All replicated index: 0, Majority replicated index: 0, Committed index: 0, Last appended: 1.1, Last appended by leader: 1, Current term: 2, Majority size: 2, State: 0, Mode: LEADER, active raft config: opid_index: -1 OBSOLETE_local: false peers { permanent_uuid: "1628c4aea3fa4198a5bcd65dd74084b7" member_type: VOTER last_known_addr { host: "127.21.86.193" port: 34589 } } peers { permanent_uuid: "4a8f934b3a634f42a49b6e6ffec84485" member_type: VOTER last_known_addr { host: "127.21.86.194" port: 33355 } } peers { permanent_uuid: "1cfaa1c6add44bccae9485166bdee70e" member_type: VOTER last_known_addr { host: "127.21.86.195" port: 42215 } }
I20260710 13:23:03.438223 21882 catalog_manager.cc:5697] T 8b90d4f6796042cd81996fb1fdab4abf P 4a8f934b3a634f42a49b6e6ffec84485 reported cstate change: term changed from 1 to 2, leader changed from 1628c4aea3fa4198a5bcd65dd74084b7 (127.21.86.193) to 4a8f934b3a634f42a49b6e6ffec84485 (127.21.86.194). New cstate: current_term: 2 leader_uuid: "4a8f934b3a634f42a49b6e6ffec84485" committed_config { opid_index: -1 OBSOLETE_local: false peers { permanent_uuid: "1628c4aea3fa4198a5bcd65dd74084b7" member_type: VOTER last_known_addr { host: "127.21.86.193" port: 34589 } health_report { overall_health: UNKNOWN } } peers { permanent_uuid: "4a8f934b3a634f42a49b6e6ffec84485" member_type: VOTER last_known_addr { host: "127.21.86.194" port: 33355 } health_report { overall_health: HEALTHY } } peers { permanent_uuid: "1cfaa1c6add44bccae9485166bdee70e" member_type: VOTER last_known_addr { host: "127.21.86.195" port: 42215 } health_report { overall_health: UNKNOWN } } }
I20260710 13:23:03.443332 22187 consensus_queue.cc:1048] T d7f3d539d48245189a5a734fa0da5214 P 1cfaa1c6add44bccae9485166bdee70e [LEADER]: Connected to new peer: Peer: permanent_uuid: "1628c4aea3fa4198a5bcd65dd74084b7" member_type: VOTER last_known_addr { host: "127.21.86.193" port: 34589 }, Status: LMP_MISMATCH, Last received: 0.0, Next index: 1, Last known committed idx: 0, Time since last communication: 0.001s
I20260710 13:23:03.452467 22230 consensus_queue.cc:1048] T bc1c079174814337919eef9e0c471812 P 1628c4aea3fa4198a5bcd65dd74084b7 [LEADER]: Connected to new peer: Peer: permanent_uuid: "1cfaa1c6add44bccae9485166bdee70e" member_type: VOTER last_known_addr { host: "127.21.86.195" port: 42215 }, Status: LMP_MISMATCH, Last received: 0.0, Next index: 1, Last known committed idx: 0, Time since last communication: 0.000s
I20260710 13:23:03.456234 22230 consensus_queue.cc:1048] T b22e2f06b9dd48339afc812dfb527945 P 1628c4aea3fa4198a5bcd65dd74084b7 [LEADER]: Connected to new peer: Peer: permanent_uuid: "4a8f934b3a634f42a49b6e6ffec84485" member_type: VOTER last_known_addr { host: "127.21.86.194" port: 33355 }, Status: LMP_MISMATCH, Last received: 0.0, Next index: 1, Last known committed idx: 0, Time since last communication: 0.000s
I20260710 13:23:03.456537 22187 consensus_queue.cc:1048] T d7f3d539d48245189a5a734fa0da5214 P 1cfaa1c6add44bccae9485166bdee70e [LEADER]: Connected to new peer: Peer: permanent_uuid: "4a8f934b3a634f42a49b6e6ffec84485" member_type: VOTER last_known_addr { host: "127.21.86.194" port: 33355 }, Status: LMP_MISMATCH, Last received: 0.0, Next index: 1, Last known committed idx: 0, Time since last communication: 0.000s
I20260710 13:23:03.484696 22228 consensus_queue.cc:1048] T b22e2f06b9dd48339afc812dfb527945 P 1628c4aea3fa4198a5bcd65dd74084b7 [LEADER]: Connected to new peer: Peer: permanent_uuid: "1cfaa1c6add44bccae9485166bdee70e" member_type: VOTER last_known_addr { host: "127.21.86.195" port: 42215 }, Status: LMP_MISMATCH, Last received: 0.0, Next index: 1, Last known committed idx: 0, Time since last communication: 0.000s
I20260710 13:23:03.491582 22234 raft_consensus.cc:993] T d7f3d539d48245189a5a734fa0da5214 P 1cfaa1c6add44bccae9485166bdee70e: : Instructing follower 4a8f934b3a634f42a49b6e6ffec84485 to start an election
I20260710 13:23:03.492022 22234 raft_consensus.cc:1081] T d7f3d539d48245189a5a734fa0da5214 P 1cfaa1c6add44bccae9485166bdee70e [term 1 LEADER]: Signalling peer 4a8f934b3a634f42a49b6e6ffec84485 to start an election
I20260710 13:23:03.494397 22060 tablet_service.cc:2044] Received Run Leader Election RPC: tablet_id: "d7f3d539d48245189a5a734fa0da5214"
dest_uuid: "4a8f934b3a634f42a49b6e6ffec84485"
 from {username='slave'} at 127.0.0.1:46422
I20260710 13:23:03.494944 22135 raft_consensus.cc:3055] T 749b6ba144bf4f8fab2ba4dda2d56d8a P 1cfaa1c6add44bccae9485166bdee70e [term 1 LEADER]: Stepping down as leader of term 1
I20260710 13:23:03.495337 22135 raft_consensus.cc:740] T 749b6ba144bf4f8fab2ba4dda2d56d8a P 1cfaa1c6add44bccae9485166bdee70e [term 1 LEADER]: Becoming Follower/Learner. State: Replica: 1cfaa1c6add44bccae9485166bdee70e, State: Running, Role: LEADER
I20260710 13:23:03.496095 22135 consensus_queue.cc:260] T 749b6ba144bf4f8fab2ba4dda2d56d8a P 1cfaa1c6add44bccae9485166bdee70e [NON_LEADER]: Queue going to NON_LEADER mode. State: All replicated index: 0, Majority replicated index: 0, Committed index: 0, Last appended: 1.1, Last appended by leader: 1, Current term: 1, Majority size: -1, State: 0, Mode: NON_LEADER, active raft config: opid_index: -1 OBSOLETE_local: false peers { permanent_uuid: "1628c4aea3fa4198a5bcd65dd74084b7" member_type: VOTER last_known_addr { host: "127.21.86.193" port: 34589 } } peers { permanent_uuid: "4a8f934b3a634f42a49b6e6ffec84485" member_type: VOTER last_known_addr { host: "127.21.86.194" port: 33355 } } peers { permanent_uuid: "1cfaa1c6add44bccae9485166bdee70e" member_type: VOTER last_known_addr { host: "127.21.86.195" port: 42215 } }
I20260710 13:23:03.497165 22135 raft_consensus.cc:3060] T 749b6ba144bf4f8fab2ba4dda2d56d8a P 1cfaa1c6add44bccae9485166bdee70e [term 1 FOLLOWER]: Advancing to term 2
I20260710 13:23:03.494941 22060 raft_consensus.cc:493] T d7f3d539d48245189a5a734fa0da5214 P 4a8f934b3a634f42a49b6e6ffec84485 [term 1 FOLLOWER]: Starting forced leader election (received explicit request)
I20260710 13:23:03.499351 22060 raft_consensus.cc:3060] T d7f3d539d48245189a5a734fa0da5214 P 4a8f934b3a634f42a49b6e6ffec84485 [term 1 FOLLOWER]: Advancing to term 2
I20260710 13:23:03.500052 22230 consensus_queue.cc:1048] T bc1c079174814337919eef9e0c471812 P 1628c4aea3fa4198a5bcd65dd74084b7 [LEADER]: Connected to new peer: Peer: permanent_uuid: "4a8f934b3a634f42a49b6e6ffec84485" member_type: VOTER last_known_addr { host: "127.21.86.194" port: 33355 }, Status: LMP_MISMATCH, Last received: 0.0, Next index: 1, Last known committed idx: 0, Time since last communication: 0.000s
I20260710 13:23:03.503499 22057 raft_consensus.cc:1275] T 749b6ba144bf4f8fab2ba4dda2d56d8a P 4a8f934b3a634f42a49b6e6ffec84485 [term 2 FOLLOWER]: Refusing update from remote peer 1628c4aea3fa4198a5bcd65dd74084b7: Log matching property violated. Preceding OpId in replica: term: 0 index: 0. Preceding OpId from leader: term: 2 index: 1. (index mismatch)
I20260710 13:23:03.507157 22230 consensus_queue.cc:1048] T 749b6ba144bf4f8fab2ba4dda2d56d8a P 1628c4aea3fa4198a5bcd65dd74084b7 [LEADER]: Connected to new peer: Peer: permanent_uuid: "4a8f934b3a634f42a49b6e6ffec84485" member_type: VOTER last_known_addr { host: "127.21.86.194" port: 33355 }, Status: LMP_MISMATCH, Last received: 0.0, Next index: 1, Last known committed idx: 0, Time since last communication: 0.001s
I20260710 13:23:03.509111 22060 raft_consensus.cc:515] T d7f3d539d48245189a5a734fa0da5214 P 4a8f934b3a634f42a49b6e6ffec84485 [term 2 FOLLOWER]: Starting forced leader election with config: opid_index: -1 OBSOLETE_local: false peers { permanent_uuid: "1628c4aea3fa4198a5bcd65dd74084b7" member_type: VOTER last_known_addr { host: "127.21.86.193" port: 34589 } } peers { permanent_uuid: "4a8f934b3a634f42a49b6e6ffec84485" member_type: VOTER last_known_addr { host: "127.21.86.194" port: 33355 } } peers { permanent_uuid: "1cfaa1c6add44bccae9485166bdee70e" member_type: VOTER last_known_addr { host: "127.21.86.195" port: 42215 } }
I20260710 13:23:03.511143 22060 leader_election.cc:290] T d7f3d539d48245189a5a734fa0da5214 P 4a8f934b3a634f42a49b6e6ffec84485 [CANDIDATE]: Term 2 election: Requested vote from peers 1628c4aea3fa4198a5bcd65dd74084b7 (127.21.86.193:34589), 1cfaa1c6add44bccae9485166bdee70e (127.21.86.195:42215)
I20260710 13:23:03.512144 22133 tablet_service.cc:1917] Received RequestConsensusVote() RPC: tablet_id: "d7f3d539d48245189a5a734fa0da5214" candidate_uuid: "4a8f934b3a634f42a49b6e6ffec84485" candidate_term: 2 candidate_status { last_received { term: 1 index: 1 } } ignore_live_leader: true dest_uuid: "1cfaa1c6add44bccae9485166bdee70e"
I20260710 13:23:03.512750 22133 raft_consensus.cc:3055] T d7f3d539d48245189a5a734fa0da5214 P 1cfaa1c6add44bccae9485166bdee70e [term 1 LEADER]: Stepping down as leader of term 1
I20260710 13:23:03.513044 22133 raft_consensus.cc:740] T d7f3d539d48245189a5a734fa0da5214 P 1cfaa1c6add44bccae9485166bdee70e [term 1 LEADER]: Becoming Follower/Learner. State: Replica: 1cfaa1c6add44bccae9485166bdee70e, State: Running, Role: LEADER
I20260710 13:23:03.513548 21985 tablet_service.cc:1917] Received RequestConsensusVote() RPC: tablet_id: "d7f3d539d48245189a5a734fa0da5214" candidate_uuid: "4a8f934b3a634f42a49b6e6ffec84485" candidate_term: 2 candidate_status { last_received { term: 1 index: 1 } } ignore_live_leader: true dest_uuid: "1628c4aea3fa4198a5bcd65dd74084b7"
I20260710 13:23:03.514078 21985 raft_consensus.cc:3060] T d7f3d539d48245189a5a734fa0da5214 P 1628c4aea3fa4198a5bcd65dd74084b7 [term 1 FOLLOWER]: Advancing to term 2
I20260710 13:23:03.513896 22133 consensus_queue.cc:260] T d7f3d539d48245189a5a734fa0da5214 P 1cfaa1c6add44bccae9485166bdee70e [NON_LEADER]: Queue going to NON_LEADER mode. State: All replicated index: 0, Majority replicated index: 1, Committed index: 1, Last appended: 1.1, Last appended by leader: 1, Current term: 1, Majority size: -1, State: 0, Mode: NON_LEADER, active raft config: opid_index: -1 OBSOLETE_local: false peers { permanent_uuid: "1628c4aea3fa4198a5bcd65dd74084b7" member_type: VOTER last_known_addr { host: "127.21.86.193" port: 34589 } } peers { permanent_uuid: "4a8f934b3a634f42a49b6e6ffec84485" member_type: VOTER last_known_addr { host: "127.21.86.194" port: 33355 } } peers { permanent_uuid: "1cfaa1c6add44bccae9485166bdee70e" member_type: VOTER last_known_addr { host: "127.21.86.195" port: 42215 } }
I20260710 13:23:03.515130 22133 raft_consensus.cc:3060] T d7f3d539d48245189a5a734fa0da5214 P 1cfaa1c6add44bccae9485166bdee70e [term 1 FOLLOWER]: Advancing to term 2
I20260710 13:23:03.516422 22135 raft_consensus.cc:1275] T 749b6ba144bf4f8fab2ba4dda2d56d8a P 1cfaa1c6add44bccae9485166bdee70e [term 2 FOLLOWER]: Refusing update from remote peer 1628c4aea3fa4198a5bcd65dd74084b7: Log matching property violated. Preceding OpId in replica: term: 1 index: 1. Preceding OpId from leader: term: 2 index: 1. (term mismatch)
I20260710 13:23:03.518967 22135 pending_rounds.cc:85] T 749b6ba144bf4f8fab2ba4dda2d56d8a P 1cfaa1c6add44bccae9485166bdee70e: Aborting all ops after (but not including) 0
I20260710 13:23:03.519642 22135 pending_rounds.cc:107] T 749b6ba144bf4f8fab2ba4dda2d56d8a P 1cfaa1c6add44bccae9485166bdee70e: Aborting uncommitted NO_OP operation due to leader change: 1.1
I20260710 13:23:03.520476 22135 raft_consensus.cc:2889] T 749b6ba144bf4f8fab2ba4dda2d56d8a P 1cfaa1c6add44bccae9485166bdee70e [term 2 FOLLOWER]: NO_OP replication failed: Aborted: Op aborted by new leader
I20260710 13:23:03.522684 22228 consensus_queue.cc:1048] T 749b6ba144bf4f8fab2ba4dda2d56d8a P 1628c4aea3fa4198a5bcd65dd74084b7 [LEADER]: Connected to new peer: Peer: permanent_uuid: "1cfaa1c6add44bccae9485166bdee70e" member_type: VOTER last_known_addr { host: "127.21.86.195" port: 42215 }, Status: LMP_MISMATCH, Last received: 0.0, Next index: 1, Last known committed idx: 0, Time since last communication: 0.000s
I20260710 13:23:03.523886 22133 raft_consensus.cc:2468] T d7f3d539d48245189a5a734fa0da5214 P 1cfaa1c6add44bccae9485166bdee70e [term 2 FOLLOWER]: Leader election vote request: Granting yes vote for candidate 4a8f934b3a634f42a49b6e6ffec84485 in term 2.
I20260710 13:23:03.525614 22027 leader_election.cc:304] T d7f3d539d48245189a5a734fa0da5214 P 4a8f934b3a634f42a49b6e6ffec84485 [CANDIDATE]: Term 2 election: Election decided. Result: candidate won. Election summary: received 2 responses out of 3 voters: 2 yes votes; 0 no votes. yes voters: 1cfaa1c6add44bccae9485166bdee70e, 4a8f934b3a634f42a49b6e6ffec84485; no voters: 
I20260710 13:23:03.526404 22193 raft_consensus.cc:2804] T d7f3d539d48245189a5a734fa0da5214 P 4a8f934b3a634f42a49b6e6ffec84485 [term 2 FOLLOWER]: Leader election won for term 2
I20260710 13:23:03.526881 22193 raft_consensus.cc:697] T d7f3d539d48245189a5a734fa0da5214 P 4a8f934b3a634f42a49b6e6ffec84485 [term 2 LEADER]: Becoming Leader. State: Replica: 4a8f934b3a634f42a49b6e6ffec84485, State: Running, Role: LEADER
I20260710 13:23:03.527781 22193 consensus_queue.cc:237] T d7f3d539d48245189a5a734fa0da5214 P 4a8f934b3a634f42a49b6e6ffec84485 [LEADER]: Queue going to LEADER mode. State: All replicated index: 0, Majority replicated index: 1, Committed index: 1, Last appended: 1.1, Last appended by leader: 1, Current term: 2, Majority size: 2, State: 0, Mode: LEADER, active raft config: opid_index: -1 OBSOLETE_local: false peers { permanent_uuid: "1628c4aea3fa4198a5bcd65dd74084b7" member_type: VOTER last_known_addr { host: "127.21.86.193" port: 34589 } } peers { permanent_uuid: "4a8f934b3a634f42a49b6e6ffec84485" member_type: VOTER last_known_addr { host: "127.21.86.194" port: 33355 } } peers { permanent_uuid: "1cfaa1c6add44bccae9485166bdee70e" member_type: VOTER last_known_addr { host: "127.21.86.195" port: 42215 } }
I20260710 13:23:03.533219 22230 raft_consensus.cc:993] T 749b6ba144bf4f8fab2ba4dda2d56d8a P 1628c4aea3fa4198a5bcd65dd74084b7: : Instructing follower 4a8f934b3a634f42a49b6e6ffec84485 to start an election
I20260710 13:23:03.533668 22230 raft_consensus.cc:1081] T 749b6ba144bf4f8fab2ba4dda2d56d8a P 1628c4aea3fa4198a5bcd65dd74084b7 [term 2 LEADER]: Signalling peer 4a8f934b3a634f42a49b6e6ffec84485 to start an election
I20260710 13:23:03.536067 22058 tablet_service.cc:2044] Received Run Leader Election RPC: tablet_id: "749b6ba144bf4f8fab2ba4dda2d56d8a"
dest_uuid: "4a8f934b3a634f42a49b6e6ffec84485"
 from {username='slave'} at 127.0.0.1:46418
I20260710 13:23:03.536588 22058 raft_consensus.cc:493] T 749b6ba144bf4f8fab2ba4dda2d56d8a P 4a8f934b3a634f42a49b6e6ffec84485 [term 2 FOLLOWER]: Starting forced leader election (received explicit request)
I20260710 13:23:03.536934 22058 raft_consensus.cc:3060] T 749b6ba144bf4f8fab2ba4dda2d56d8a P 4a8f934b3a634f42a49b6e6ffec84485 [term 2 FOLLOWER]: Advancing to term 3
I20260710 13:23:03.544134 22058 raft_consensus.cc:515] T 749b6ba144bf4f8fab2ba4dda2d56d8a P 4a8f934b3a634f42a49b6e6ffec84485 [term 3 FOLLOWER]: Starting forced leader election with config: opid_index: -1 OBSOLETE_local: false peers { permanent_uuid: "1628c4aea3fa4198a5bcd65dd74084b7" member_type: VOTER last_known_addr { host: "127.21.86.193" port: 34589 } } peers { permanent_uuid: "4a8f934b3a634f42a49b6e6ffec84485" member_type: VOTER last_known_addr { host: "127.21.86.194" port: 33355 } } peers { permanent_uuid: "1cfaa1c6add44bccae9485166bdee70e" member_type: VOTER last_known_addr { host: "127.21.86.195" port: 42215 } }
I20260710 13:23:03.545123 22057 raft_consensus.cc:1240] T 749b6ba144bf4f8fab2ba4dda2d56d8a P 4a8f934b3a634f42a49b6e6ffec84485 [term 3 FOLLOWER]: Rejecting Update request from peer 1628c4aea3fa4198a5bcd65dd74084b7 for earlier term 2. Current term is 3. Ops: []
I20260710 13:23:03.545905 21985 raft_consensus.cc:2468] T d7f3d539d48245189a5a734fa0da5214 P 1628c4aea3fa4198a5bcd65dd74084b7 [term 2 FOLLOWER]: Leader election vote request: Granting yes vote for candidate 4a8f934b3a634f42a49b6e6ffec84485 in term 2.
I20260710 13:23:03.549605 22230 consensus_queue.cc:1059] T 749b6ba144bf4f8fab2ba4dda2d56d8a P 1628c4aea3fa4198a5bcd65dd74084b7 [LEADER]: Peer responded invalid term: Peer: permanent_uuid: "4a8f934b3a634f42a49b6e6ffec84485" member_type: VOTER last_known_addr { host: "127.21.86.194" port: 33355 }, Status: INVALID_TERM, Last received: 2.1, Next index: 2, Last known committed idx: 0, Time since last communication: 0.001s
I20260710 13:23:03.550894 22228 raft_consensus.cc:3055] T 749b6ba144bf4f8fab2ba4dda2d56d8a P 1628c4aea3fa4198a5bcd65dd74084b7 [term 2 LEADER]: Stepping down as leader of term 2
I20260710 13:23:03.551251 22228 raft_consensus.cc:740] T 749b6ba144bf4f8fab2ba4dda2d56d8a P 1628c4aea3fa4198a5bcd65dd74084b7 [term 2 LEADER]: Becoming Follower/Learner. State: Replica: 1628c4aea3fa4198a5bcd65dd74084b7, State: Running, Role: LEADER
I20260710 13:23:03.552313 22228 consensus_queue.cc:260] T 749b6ba144bf4f8fab2ba4dda2d56d8a P 1628c4aea3fa4198a5bcd65dd74084b7 [NON_LEADER]: Queue going to NON_LEADER mode. State: All replicated index: 0, Majority replicated index: 1, Committed index: 1, Last appended: 2.1, Last appended by leader: 1, Current term: 2, Majority size: -1, State: 0, Mode: NON_LEADER, active raft config: opid_index: -1 OBSOLETE_local: false peers { permanent_uuid: "1628c4aea3fa4198a5bcd65dd74084b7" member_type: VOTER last_known_addr { host: "127.21.86.193" port: 34589 } } peers { permanent_uuid: "4a8f934b3a634f42a49b6e6ffec84485" member_type: VOTER last_known_addr { host: "127.21.86.194" port: 33355 } } peers { permanent_uuid: "1cfaa1c6add44bccae9485166bdee70e" member_type: VOTER last_known_addr { host: "127.21.86.195" port: 42215 } }
I20260710 13:23:03.553853 22228 raft_consensus.cc:3060] T 749b6ba144bf4f8fab2ba4dda2d56d8a P 1628c4aea3fa4198a5bcd65dd74084b7 [term 2 FOLLOWER]: Advancing to term 3
I20260710 13:23:03.554009 22058 leader_election.cc:290] T 749b6ba144bf4f8fab2ba4dda2d56d8a P 4a8f934b3a634f42a49b6e6ffec84485 [CANDIDATE]: Term 3 election: Requested vote from peers 1628c4aea3fa4198a5bcd65dd74084b7 (127.21.86.193:34589), 1cfaa1c6add44bccae9485166bdee70e (127.21.86.195:42215)
I20260710 13:23:03.555101 22134 tablet_service.cc:1917] Received RequestConsensusVote() RPC: tablet_id: "749b6ba144bf4f8fab2ba4dda2d56d8a" candidate_uuid: "4a8f934b3a634f42a49b6e6ffec84485" candidate_term: 3 candidate_status { last_received { term: 2 index: 1 } } ignore_live_leader: true dest_uuid: "1cfaa1c6add44bccae9485166bdee70e"
I20260710 13:23:03.555646 22134 raft_consensus.cc:3060] T 749b6ba144bf4f8fab2ba4dda2d56d8a P 1cfaa1c6add44bccae9485166bdee70e [term 2 FOLLOWER]: Advancing to term 3
I20260710 13:23:03.563825 21985 tablet_service.cc:1917] Received RequestConsensusVote() RPC: tablet_id: "749b6ba144bf4f8fab2ba4dda2d56d8a" candidate_uuid: "4a8f934b3a634f42a49b6e6ffec84485" candidate_term: 3 candidate_status { last_received { term: 2 index: 1 } } ignore_live_leader: true dest_uuid: "1628c4aea3fa4198a5bcd65dd74084b7"
