[==========] Running 8 tests from 2 test suites.
[----------] Global test environment set-up.
[----------] 6 tests from LeaderRebalancerTest
[ RUN      ] LeaderRebalancerTest.FunctionalTestForDivided
WARNING: Logging before InitGoogleLogging() is written to STDERR
I20260710 13:22:59.359653 16564 internal_mini_cluster.cc:156] Creating distributed mini masters. Addrs: 127.16.45.62:43147
I20260710 13:22:59.361270 16564 env_posix.cc:2285] Not raising this process' open files per process limit of 1048576; it is already as high as it can go
I20260710 13:22:59.362341 16564 file_cache.cc:504] Constructed file cache file cache with capacity 419430
W20260710 13:22:59.380034 16570 instance_detector.cc:116] could not retrieve AWS instance metadata: Network error: curl error: HTTP response code said error: The requested URL returned error: 404
I20260710 13:22:59.381438 16564 server_base.cc:1061] running on GCE node
W20260710 13:22:59.380041 16571 instance_detector.cc:116] could not retrieve Azure instance metadata: Network error: curl error: HTTP response code said error: The requested URL returned error: 404
W20260710 13:22:59.380342 16573 instance_detector.cc:116] could not retrieve OpenStack instance metadata: Network error: curl error: HTTP response code said error: The requested URL returned error: 404
I20260710 13:23:00.608482 16564 hybrid_clock.cc:584] initializing the hybrid clock with 'system_unsync' time source
W20260710 13:23:00.608841 16564 system_unsync_time.cc:38] NTP support is disabled. Clock error bounds will not be accurate. This configuration is not suitable for distributed clusters.
I20260710 13:23:00.609211 16564 hybrid_clock.cc:648] HybridClock initialized: now 1783689780609178 us; error 0 us; skew 500 ppm
I20260710 13:23:00.610376 16564 server_base.cc:861] Flag tcmalloc_max_total_thread_cache_bytes is not working since tcmalloc is not enabled.
I20260710 13:23:00.617933 16564 webserver.cc:533] Webserver started at http://127.16.45.62:35065/ using document root <none> and password file <none>
I20260710 13:23:00.619025 16564 fs_manager.cc:362] Metadata directory not provided
I20260710 13:23:00.619321 16564 fs_manager.cc:368] Using write-ahead log directory (fs_wal_dir) as metadata directory
I20260710 13:23:00.619860 16564 server_base.cc:909] This appears to be a new deployment of Kudu; creating new FS layout
I20260710 13:23:00.626295 16564 fs_manager.cc:1068] Generated new instance metadata in path /tmp/dist-test-task4T_2Vd/test-tmp/auto_leader_rebalancer-test.0.LeaderRebalancerTest.FunctionalTestForDivided.1783689779189184-16564-0/minicluster-data/master-0-root/instance:
uuid: "2f612cf833da449f8fe5fb22bfba123c"
format_stamp: "Formatted at 2026-07-10 13:23:00 on dist-test-slave-930g"
I20260710 13:23:00.634611 16564 fs_manager.cc:696] Time spent creating directory manager: real 0.007s	user 0.006s	sys 0.001s
I20260710 13:23:00.640547 16579 log_block_manager.cc:4127] Time spent loading block containers with low live blocks: real 0.000s	user 0.000s	sys 0.000s
I20260710 13:23:00.641988 16564 fs_manager.cc:730] Time spent opening block manager: real 0.004s	user 0.002s	sys 0.004s
I20260710 13:23:00.642510 16564 fs_manager.cc:647] Opened local filesystem: /tmp/dist-test-task4T_2Vd/test-tmp/auto_leader_rebalancer-test.0.LeaderRebalancerTest.FunctionalTestForDivided.1783689779189184-16564-0/minicluster-data/master-0-root
uuid: "2f612cf833da449f8fe5fb22bfba123c"
format_stamp: "Formatted at 2026-07-10 13:23:00 on dist-test-slave-930g"
I20260710 13:23:00.642937 16564 fs_report.cc:389] FS layout report
--------------------
wal directory: /tmp/dist-test-task4T_2Vd/test-tmp/auto_leader_rebalancer-test.0.LeaderRebalancerTest.FunctionalTestForDivided.1783689779189184-16564-0/minicluster-data/master-0-root
metadata directory: /tmp/dist-test-task4T_2Vd/test-tmp/auto_leader_rebalancer-test.0.LeaderRebalancerTest.FunctionalTestForDivided.1783689779189184-16564-0/minicluster-data/master-0-root
1 data directories: /tmp/dist-test-task4T_2Vd/test-tmp/auto_leader_rebalancer-test.0.LeaderRebalancerTest.FunctionalTestForDivided.1783689779189184-16564-0/minicluster-data/master-0-root/data
Total live blocks: 0
Total live bytes: 0
Total live bytes (after alignment): 0
Total number of LBM containers: 0 (0 full)
Did not check for missing blocks
Did not check for orphaned blocks
Total full LBM containers with extra space: 0 (0 repaired)
Total full LBM container extra space in bytes: 0 (0 repaired)
Total incomplete LBM containers: 0 (0 repaired)
Total LBM partial records: 0 (0 repaired)
Total corrupted LBM metadata records in RocksDB: 0 (0 repaired)
I20260710 13:23:00.731084 16564 rpc_server.cc:225] running with OpenSSL 1.1.1  11 Sep 2018
I20260710 13:23:00.732698 16564 env_posix.cc:2285] Not raising this process' running threads per effective uid limit of 18446744073709551615; it is already as high as it can go
I20260710 13:23:00.733278 16564 kserver.cc:163] Server-wide thread pool size limit: 3276
I20260710 13:23:00.807313 16564 rpc_server.cc:307] RPC server started. Bound to: 127.16.45.62:43147
I20260710 13:23:00.807410 16630 acceptor_pool.cc:272] collecting diagnostics on the listening RPC socket 127.16.45.62:43147 every 8 connection(s)
I20260710 13:23:00.815554 16631 data_dirs.cc:400] Could only allocate 1 dirs of requested 3 for tablet 00000000000000000000000000000000. 1 dirs total, 0 dirs full, 0 dirs failed
I20260710 13:23:00.837662 16631 tablet_bootstrap.cc:492] T 00000000000000000000000000000000 P 2f612cf833da449f8fe5fb22bfba123c: Bootstrap starting.
I20260710 13:23:00.843770 16631 tablet_bootstrap.cc:654] T 00000000000000000000000000000000 P 2f612cf833da449f8fe5fb22bfba123c: Neither blocks nor log segments found. Creating new log.
I20260710 13:23:00.845645 16631 log.cc:826] T 00000000000000000000000000000000 P 2f612cf833da449f8fe5fb22bfba123c: Log is configured to *not* fsync() on all Append() calls
I20260710 13:23:00.850438 16631 tablet_bootstrap.cc:492] T 00000000000000000000000000000000 P 2f612cf833da449f8fe5fb22bfba123c: No bootstrap required, opened a new log
I20260710 13:23:00.871273 16631 raft_consensus.cc:359] T 00000000000000000000000000000000 P 2f612cf833da449f8fe5fb22bfba123c [term 0 FOLLOWER]: Replica starting. Triggering 0 pending ops. Active config: opid_index: -1 OBSOLETE_local: true peers { permanent_uuid: "2f612cf833da449f8fe5fb22bfba123c" member_type: VOTER }
I20260710 13:23:00.871852 16631 raft_consensus.cc:385] T 00000000000000000000000000000000 P 2f612cf833da449f8fe5fb22bfba123c [term 0 FOLLOWER]: Consensus starting up: Expiring failure detector timer to make a prompt election more likely
I20260710 13:23:00.872057 16631 raft_consensus.cc:740] T 00000000000000000000000000000000 P 2f612cf833da449f8fe5fb22bfba123c [term 0 FOLLOWER]: Becoming Follower/Learner. State: Replica: 2f612cf833da449f8fe5fb22bfba123c, State: Initialized, Role: FOLLOWER
I20260710 13:23:00.872920 16631 consensus_queue.cc:260] T 00000000000000000000000000000000 P 2f612cf833da449f8fe5fb22bfba123c [NON_LEADER]: Queue going to NON_LEADER mode. State: All replicated index: 0, Majority replicated index: 0, Committed index: 0, Last appended: 0.0, Last appended by leader: 0, Current term: 0, Majority size: -1, State: 0, Mode: NON_LEADER, active raft config: opid_index: -1 OBSOLETE_local: true peers { permanent_uuid: "2f612cf833da449f8fe5fb22bfba123c" member_type: VOTER }
I20260710 13:23:00.873420 16631 raft_consensus.cc:399] T 00000000000000000000000000000000 P 2f612cf833da449f8fe5fb22bfba123c [term 0 FOLLOWER]: Only one voter in the Raft config. Triggering election immediately
I20260710 13:23:00.873677 16631 raft_consensus.cc:493] T 00000000000000000000000000000000 P 2f612cf833da449f8fe5fb22bfba123c [term 0 FOLLOWER]: Starting leader election (initial election of a single-replica configuration)
I20260710 13:23:00.873980 16631 raft_consensus.cc:3060] T 00000000000000000000000000000000 P 2f612cf833da449f8fe5fb22bfba123c [term 0 FOLLOWER]: Advancing to term 1
I20260710 13:23:00.878368 16631 raft_consensus.cc:515] T 00000000000000000000000000000000 P 2f612cf833da449f8fe5fb22bfba123c [term 1 FOLLOWER]: Starting leader election with config: opid_index: -1 OBSOLETE_local: true peers { permanent_uuid: "2f612cf833da449f8fe5fb22bfba123c" member_type: VOTER }
I20260710 13:23:00.879136 16631 leader_election.cc:304] T 00000000000000000000000000000000 P 2f612cf833da449f8fe5fb22bfba123c [CANDIDATE]: Term 1 election: Election decided. Result: candidate won. Election summary: received 1 responses out of 1 voters: 1 yes votes; 0 no votes. yes voters: 2f612cf833da449f8fe5fb22bfba123c; no voters: 
I20260710 13:23:00.881317 16631 leader_election.cc:290] T 00000000000000000000000000000000 P 2f612cf833da449f8fe5fb22bfba123c [CANDIDATE]: Term 1 election: Requested vote from peers 
I20260710 13:23:00.881588 16634 raft_consensus.cc:2804] T 00000000000000000000000000000000 P 2f612cf833da449f8fe5fb22bfba123c [term 1 FOLLOWER]: Leader election won for term 1
I20260710 13:23:00.884328 16634 raft_consensus.cc:697] T 00000000000000000000000000000000 P 2f612cf833da449f8fe5fb22bfba123c [term 1 LEADER]: Becoming Leader. State: Replica: 2f612cf833da449f8fe5fb22bfba123c, State: Running, Role: LEADER
I20260710 13:23:00.885421 16634 consensus_queue.cc:237] T 00000000000000000000000000000000 P 2f612cf833da449f8fe5fb22bfba123c [LEADER]: Queue going to LEADER mode. State: All replicated index: 0, Majority replicated index: 0, Committed index: 0, Last appended: 0.0, Last appended by leader: 0, Current term: 1, Majority size: 1, State: 0, Mode: LEADER, active raft config: opid_index: -1 OBSOLETE_local: true peers { permanent_uuid: "2f612cf833da449f8fe5fb22bfba123c" member_type: VOTER }
I20260710 13:23:00.889031 16631 sys_catalog.cc:565] T 00000000000000000000000000000000 P 2f612cf833da449f8fe5fb22bfba123c [sys.catalog]: configured and running, proceeding with master startup.
I20260710 13:23:00.897378 16635 sys_catalog.cc:455] T 00000000000000000000000000000000 P 2f612cf833da449f8fe5fb22bfba123c [sys.catalog]: SysCatalogTable state changed. Reason: New leader 2f612cf833da449f8fe5fb22bfba123c. Latest consensus state: current_term: 1 leader_uuid: "2f612cf833da449f8fe5fb22bfba123c" committed_config { opid_index: -1 OBSOLETE_local: true peers { permanent_uuid: "2f612cf833da449f8fe5fb22bfba123c" member_type: VOTER } }
I20260710 13:23:00.897372 16636 sys_catalog.cc:455] T 00000000000000000000000000000000 P 2f612cf833da449f8fe5fb22bfba123c [sys.catalog]: SysCatalogTable state changed. Reason: RaftConsensus started. Latest consensus state: current_term: 1 leader_uuid: "2f612cf833da449f8fe5fb22bfba123c" committed_config { opid_index: -1 OBSOLETE_local: true peers { permanent_uuid: "2f612cf833da449f8fe5fb22bfba123c" member_type: VOTER } }
I20260710 13:23:00.898276 16636 sys_catalog.cc:458] T 00000000000000000000000000000000 P 2f612cf833da449f8fe5fb22bfba123c [sys.catalog]: This master's current role is: LEADER
I20260710 13:23:00.898247 16635 sys_catalog.cc:458] T 00000000000000000000000000000000 P 2f612cf833da449f8fe5fb22bfba123c [sys.catalog]: This master's current role is: LEADER
I20260710 13:23:00.901574 16641 catalog_manager.cc:1511] Loading table and tablet metadata into memory...
I20260710 13:23:00.913431 16641 catalog_manager.cc:1520] Initializing Kudu cluster ID...
I20260710 13:23:00.920857 16564 internal_mini_cluster.cc:184] Waiting to initialize catalog manager on master 0
I20260710 13:23:00.935601 16641 catalog_manager.cc:1383] Generated new cluster ID: dc4bda8dcb314f5db8bf46dd1179f8e6
I20260710 13:23:00.935953 16641 catalog_manager.cc:1531] Initializing Kudu internal certificate authority...
I20260710 13:23:00.956337 16641 catalog_manager.cc:1406] Generated new certificate authority record
I20260710 13:23:00.958874 16641 catalog_manager.cc:1540] Loading token signing keys...
I20260710 13:23:00.982945 16641 catalog_manager.cc:6070] T 00000000000000000000000000000000 P 2f612cf833da449f8fe5fb22bfba123c: Generated new TSK 0
I20260710 13:23:00.984059 16641 catalog_manager.cc:1550] Initializing in-progress tserver states...
I20260710 13:23:01.053017 16564 file_cache.cc:504] Constructed file cache file cache with capacity 419430
W20260710 13:23:01.063855 16653 instance_detector.cc:116] could not retrieve AWS instance metadata: Network error: curl error: HTTP response code said error: The requested URL returned error: 404
W20260710 13:23:01.065512 16654 instance_detector.cc:116] could not retrieve Azure instance metadata: Network error: curl error: HTTP response code said error: The requested URL returned error: 404
W20260710 13:23:01.069643 16656 instance_detector.cc:116] could not retrieve OpenStack instance metadata: Network error: curl error: HTTP response code said error: The requested URL returned error: 404
I20260710 13:23:01.069892 16564 server_base.cc:1061] running on GCE node
I20260710 13:23:01.071275 16564 hybrid_clock.cc:584] initializing the hybrid clock with 'system_unsync' time source
W20260710 13:23:01.071605 16564 system_unsync_time.cc:38] NTP support is disabled. Clock error bounds will not be accurate. This configuration is not suitable for distributed clusters.
I20260710 13:23:01.071856 16564 hybrid_clock.cc:648] HybridClock initialized: now 1783689781071836 us; error 0 us; skew 500 ppm
I20260710 13:23:01.072774 16564 server_base.cc:861] Flag tcmalloc_max_total_thread_cache_bytes is not working since tcmalloc is not enabled.
I20260710 13:23:01.077762 16564 webserver.cc:533] Webserver started at http://127.16.45.1:38463/ using document root <none> and password file <none>
I20260710 13:23:01.078656 16564 fs_manager.cc:362] Metadata directory not provided
I20260710 13:23:01.078958 16564 fs_manager.cc:368] Using write-ahead log directory (fs_wal_dir) as metadata directory
I20260710 13:23:01.079340 16564 server_base.cc:909] This appears to be a new deployment of Kudu; creating new FS layout
I20260710 13:23:01.081099 16564 fs_manager.cc:1068] Generated new instance metadata in path /tmp/dist-test-task4T_2Vd/test-tmp/auto_leader_rebalancer-test.0.LeaderRebalancerTest.FunctionalTestForDivided.1783689779189184-16564-0/minicluster-data/ts-0-root/instance:
uuid: "597cb25d1f554956b8531a0b6672a0ae"
format_stamp: "Formatted at 2026-07-10 13:23:01 on dist-test-slave-930g"
I20260710 13:23:01.089197 16564 fs_manager.cc:696] Time spent creating directory manager: real 0.007s	user 0.010s	sys 0.000s
I20260710 13:23:01.095289 16661 log_block_manager.cc:4127] Time spent loading block containers with low live blocks: real 0.000s	user 0.000s	sys 0.000s
I20260710 13:23:01.096287 16564 fs_manager.cc:730] Time spent opening block manager: real 0.004s	user 0.003s	sys 0.002s
I20260710 13:23:01.096695 16564 fs_manager.cc:647] Opened local filesystem: /tmp/dist-test-task4T_2Vd/test-tmp/auto_leader_rebalancer-test.0.LeaderRebalancerTest.FunctionalTestForDivided.1783689779189184-16564-0/minicluster-data/ts-0-root
uuid: "597cb25d1f554956b8531a0b6672a0ae"
format_stamp: "Formatted at 2026-07-10 13:23:01 on dist-test-slave-930g"
I20260710 13:23:01.097129 16564 fs_report.cc:389] FS layout report
--------------------
wal directory: /tmp/dist-test-task4T_2Vd/test-tmp/auto_leader_rebalancer-test.0.LeaderRebalancerTest.FunctionalTestForDivided.1783689779189184-16564-0/minicluster-data/ts-0-root
metadata directory: /tmp/dist-test-task4T_2Vd/test-tmp/auto_leader_rebalancer-test.0.LeaderRebalancerTest.FunctionalTestForDivided.1783689779189184-16564-0/minicluster-data/ts-0-root
1 data directories: /tmp/dist-test-task4T_2Vd/test-tmp/auto_leader_rebalancer-test.0.LeaderRebalancerTest.FunctionalTestForDivided.1783689779189184-16564-0/minicluster-data/ts-0-root/data
Total live blocks: 0
Total live bytes: 0
Total live bytes (after alignment): 0
Total number of LBM containers: 0 (0 full)
Did not check for missing blocks
Did not check for orphaned blocks
Total full LBM containers with extra space: 0 (0 repaired)
Total full LBM container extra space in bytes: 0 (0 repaired)
Total incomplete LBM containers: 0 (0 repaired)
Total LBM partial records: 0 (0 repaired)
Total corrupted LBM metadata records in RocksDB: 0 (0 repaired)
I20260710 13:23:01.138989 16564 rpc_server.cc:225] running with OpenSSL 1.1.1  11 Sep 2018
I20260710 13:23:01.140910 16564 kserver.cc:163] Server-wide thread pool size limit: 3276
I20260710 13:23:01.143270 16564 txn_system_client.cc:432] TxnSystemClient initialization is disabled...
I20260710 13:23:01.148183 16564 ts_tablet_manager.cc:585] Loaded tablet metadata (0 total tablets, 0 live tablets)
I20260710 13:23:01.148510 16564 ts_tablet_manager.cc:531] Time spent load tablet metadata: real 0.000s	user 0.000s	sys 0.000s
I20260710 13:23:01.148818 16564 ts_tablet_manager.cc:616] Registered 0 tablets
I20260710 13:23:01.149044 16564 ts_tablet_manager.cc:595] Time spent register tablets: real 0.000s	user 0.000s	sys 0.000s
I20260710 13:23:01.254282 16564 rpc_server.cc:307] RPC server started. Bound to: 127.16.45.1:36949
I20260710 13:23:01.254385 16723 acceptor_pool.cc:272] collecting diagnostics on the listening RPC socket 127.16.45.1:36949 every 8 connection(s)
I20260710 13:23:01.262085 16564 file_cache.cc:504] Constructed file cache file cache with capacity 419430
W20260710 13:23:01.272531 16728 instance_detector.cc:116] could not retrieve AWS instance metadata: Network error: curl error: HTTP response code said error: The requested URL returned error: 404
W20260710 13:23:01.276166 16729 instance_detector.cc:116] could not retrieve Azure instance metadata: Network error: curl error: HTTP response code said error: The requested URL returned error: 404
W20260710 13:23:01.285820 16731 instance_detector.cc:116] could not retrieve OpenStack instance metadata: Network error: curl error: HTTP response code said error: The requested URL returned error: 404
I20260710 13:23:01.286046 16564 server_base.cc:1061] running on GCE node
I20260710 13:23:01.287133 16564 hybrid_clock.cc:584] initializing the hybrid clock with 'system_unsync' time source
W20260710 13:23:01.287418 16564 system_unsync_time.cc:38] NTP support is disabled. Clock error bounds will not be accurate. This configuration is not suitable for distributed clusters.
I20260710 13:23:01.287623 16564 hybrid_clock.cc:648] HybridClock initialized: now 1783689781287604 us; error 0 us; skew 500 ppm
I20260710 13:23:01.288242 16564 server_base.cc:861] Flag tcmalloc_max_total_thread_cache_bytes is not working since tcmalloc is not enabled.
I20260710 13:23:01.291306 16564 webserver.cc:533] Webserver started at http://127.16.45.2:35545/ using document root <none> and password file <none>
I20260710 13:23:01.291918 16564 fs_manager.cc:362] Metadata directory not provided
I20260710 13:23:01.292204 16564 fs_manager.cc:368] Using write-ahead log directory (fs_wal_dir) as metadata directory
I20260710 13:23:01.292573 16564 server_base.cc:909] This appears to be a new deployment of Kudu; creating new FS layout
I20260710 13:23:01.293848 16564 fs_manager.cc:1068] Generated new instance metadata in path /tmp/dist-test-task4T_2Vd/test-tmp/auto_leader_rebalancer-test.0.LeaderRebalancerTest.FunctionalTestForDivided.1783689779189184-16564-0/minicluster-data/ts-1-root/instance:
uuid: "dc1c4549822943be82a6d6a2ec5ca4e7"
format_stamp: "Formatted at 2026-07-10 13:23:01 on dist-test-slave-930g"
I20260710 13:23:01.300025 16724 heartbeater.cc:344] Connected to a master server at 127.16.45.62:43147
I20260710 13:23:01.300534 16724 heartbeater.cc:461] Registering TS with master...
I20260710 13:23:01.300581 16564 fs_manager.cc:696] Time spent creating directory manager: real 0.006s	user 0.005s	sys 0.000s
I20260710 13:23:01.301578 16724 heartbeater.cc:507] Master 127.16.45.62:43147 requested a full tablet report, sending...
I20260710 13:23:01.305137 16596 ts_manager.cc:194] Registered new tserver with Master: 597cb25d1f554956b8531a0b6672a0ae (127.16.45.1:36949)
I20260710 13:23:01.306319 16736 log_block_manager.cc:4127] Time spent loading block containers with low live blocks: real 0.000s	user 0.000s	sys 0.000s
I20260710 13:23:01.307499 16564 fs_manager.cc:730] Time spent opening block manager: real 0.004s	user 0.003s	sys 0.000s
I20260710 13:23:01.307876 16564 fs_manager.cc:647] Opened local filesystem: /tmp/dist-test-task4T_2Vd/test-tmp/auto_leader_rebalancer-test.0.LeaderRebalancerTest.FunctionalTestForDivided.1783689779189184-16564-0/minicluster-data/ts-1-root
uuid: "dc1c4549822943be82a6d6a2ec5ca4e7"
format_stamp: "Formatted at 2026-07-10 13:23:01 on dist-test-slave-930g"
I20260710 13:23:01.308176 16564 fs_report.cc:389] FS layout report
--------------------
wal directory: /tmp/dist-test-task4T_2Vd/test-tmp/auto_leader_rebalancer-test.0.LeaderRebalancerTest.FunctionalTestForDivided.1783689779189184-16564-0/minicluster-data/ts-1-root
metadata directory: /tmp/dist-test-task4T_2Vd/test-tmp/auto_leader_rebalancer-test.0.LeaderRebalancerTest.FunctionalTestForDivided.1783689779189184-16564-0/minicluster-data/ts-1-root
1 data directories: /tmp/dist-test-task4T_2Vd/test-tmp/auto_leader_rebalancer-test.0.LeaderRebalancerTest.FunctionalTestForDivided.1783689779189184-16564-0/minicluster-data/ts-1-root/data
Total live blocks: 0
Total live bytes: 0
Total live bytes (after alignment): 0
Total number of LBM containers: 0 (0 full)
Did not check for missing blocks
Did not check for orphaned blocks
Total full LBM containers with extra space: 0 (0 repaired)
Total full LBM container extra space in bytes: 0 (0 repaired)
Total incomplete LBM containers: 0 (0 repaired)
Total LBM partial records: 0 (0 repaired)
Total corrupted LBM metadata records in RocksDB: 0 (0 repaired)
I20260710 13:23:01.308658 16596 master_service.cc:502] Signed X509 certificate for tserver {username='slave'} at 127.0.0.1:33100
I20260710 13:23:01.347892 16564 rpc_server.cc:225] running with OpenSSL 1.1.1  11 Sep 2018
I20260710 13:23:01.349443 16564 kserver.cc:163] Server-wide thread pool size limit: 3276
I20260710 13:23:01.350932 16564 txn_system_client.cc:432] TxnSystemClient initialization is disabled...
I20260710 13:23:01.353863 16564 ts_tablet_manager.cc:585] Loaded tablet metadata (0 total tablets, 0 live tablets)
I20260710 13:23:01.354141 16564 ts_tablet_manager.cc:531] Time spent load tablet metadata: real 0.000s	user 0.000s	sys 0.000s
I20260710 13:23:01.354445 16564 ts_tablet_manager.cc:616] Registered 0 tablets
I20260710 13:23:01.354629 16564 ts_tablet_manager.cc:595] Time spent register tablets: real 0.000s	user 0.000s	sys 0.000s
I20260710 13:23:01.449873 16564 rpc_server.cc:307] RPC server started. Bound to: 127.16.45.2:38725
I20260710 13:23:01.450551 16798 acceptor_pool.cc:272] collecting diagnostics on the listening RPC socket 127.16.45.2:38725 every 8 connection(s)
I20260710 13:23:01.456907 16564 file_cache.cc:504] Constructed file cache file cache with capacity 419430
W20260710 13:23:01.466475 16802 instance_detector.cc:116] could not retrieve AWS instance metadata: Network error: curl error: HTTP response code said error: The requested URL returned error: 404
W20260710 13:23:01.467502 16803 instance_detector.cc:116] could not retrieve Azure instance metadata: Network error: curl error: HTTP response code said error: The requested URL returned error: 404
I20260710 13:23:01.473917 16799 heartbeater.cc:344] Connected to a master server at 127.16.45.62:43147
I20260710 13:23:01.474447 16799 heartbeater.cc:461] Registering TS with master...
I20260710 13:23:01.475487 16799 heartbeater.cc:507] Master 127.16.45.62:43147 requested a full tablet report, sending...
I20260710 13:23:01.478305 16596 ts_manager.cc:194] Registered new tserver with Master: dc1c4549822943be82a6d6a2ec5ca4e7 (127.16.45.2:38725)
W20260710 13:23:01.478281 16805 instance_detector.cc:116] could not retrieve OpenStack instance metadata: Network error: curl error: HTTP response code said error: The requested URL returned error: 404
I20260710 13:23:01.480477 16596 master_service.cc:502] Signed X509 certificate for tserver {username='slave'} at 127.0.0.1:33102
I20260710 13:23:01.481699 16564 server_base.cc:1061] running on GCE node
I20260710 13:23:01.483045 16564 hybrid_clock.cc:584] initializing the hybrid clock with 'system_unsync' time source
W20260710 13:23:01.483389 16564 system_unsync_time.cc:38] NTP support is disabled. Clock error bounds will not be accurate. This configuration is not suitable for distributed clusters.
I20260710 13:23:01.483660 16564 hybrid_clock.cc:648] HybridClock initialized: now 1783689781483637 us; error 0 us; skew 500 ppm
I20260710 13:23:01.484352 16564 server_base.cc:861] Flag tcmalloc_max_total_thread_cache_bytes is not working since tcmalloc is not enabled.
I20260710 13:23:01.487625 16564 webserver.cc:533] Webserver started at http://127.16.45.3:33679/ using document root <none> and password file <none>
I20260710 13:23:01.488384 16564 fs_manager.cc:362] Metadata directory not provided
I20260710 13:23:01.488718 16564 fs_manager.cc:368] Using write-ahead log directory (fs_wal_dir) as metadata directory
I20260710 13:23:01.489037 16564 server_base.cc:909] This appears to be a new deployment of Kudu; creating new FS layout
I20260710 13:23:01.490330 16564 fs_manager.cc:1068] Generated new instance metadata in path /tmp/dist-test-task4T_2Vd/test-tmp/auto_leader_rebalancer-test.0.LeaderRebalancerTest.FunctionalTestForDivided.1783689779189184-16564-0/minicluster-data/ts-2-root/instance:
uuid: "b9792e97ec7c440a9b1aa3ff69c952e1"
format_stamp: "Formatted at 2026-07-10 13:23:01 on dist-test-slave-930g"
I20260710 13:23:01.495867 16564 fs_manager.cc:696] Time spent creating directory manager: real 0.005s	user 0.005s	sys 0.000s
I20260710 13:23:01.499817 16810 log_block_manager.cc:4127] Time spent loading block containers with low live blocks: real 0.000s	user 0.000s	sys 0.000s
I20260710 13:23:01.500818 16564 fs_manager.cc:730] Time spent opening block manager: real 0.003s	user 0.003s	sys 0.000s
I20260710 13:23:01.501169 16564 fs_manager.cc:647] Opened local filesystem: /tmp/dist-test-task4T_2Vd/test-tmp/auto_leader_rebalancer-test.0.LeaderRebalancerTest.FunctionalTestForDivided.1783689779189184-16564-0/minicluster-data/ts-2-root
uuid: "b9792e97ec7c440a9b1aa3ff69c952e1"
format_stamp: "Formatted at 2026-07-10 13:23:01 on dist-test-slave-930g"
I20260710 13:23:01.501477 16564 fs_report.cc:389] FS layout report
--------------------
wal directory: /tmp/dist-test-task4T_2Vd/test-tmp/auto_leader_rebalancer-test.0.LeaderRebalancerTest.FunctionalTestForDivided.1783689779189184-16564-0/minicluster-data/ts-2-root
metadata directory: /tmp/dist-test-task4T_2Vd/test-tmp/auto_leader_rebalancer-test.0.LeaderRebalancerTest.FunctionalTestForDivided.1783689779189184-16564-0/minicluster-data/ts-2-root
1 data directories: /tmp/dist-test-task4T_2Vd/test-tmp/auto_leader_rebalancer-test.0.LeaderRebalancerTest.FunctionalTestForDivided.1783689779189184-16564-0/minicluster-data/ts-2-root/data
Total live blocks: 0
Total live bytes: 0
Total live bytes (after alignment): 0
Total number of LBM containers: 0 (0 full)
Did not check for missing blocks
Did not check for orphaned blocks
Total full LBM containers with extra space: 0 (0 repaired)
Total full LBM container extra space in bytes: 0 (0 repaired)
Total incomplete LBM containers: 0 (0 repaired)
Total LBM partial records: 0 (0 repaired)
Total corrupted LBM metadata records in RocksDB: 0 (0 repaired)
I20260710 13:23:01.516901 16564 rpc_server.cc:225] running with OpenSSL 1.1.1  11 Sep 2018
I20260710 13:23:01.518301 16564 kserver.cc:163] Server-wide thread pool size limit: 3276
I20260710 13:23:01.520159 16564 txn_system_client.cc:432] TxnSystemClient initialization is disabled...
I20260710 13:23:01.522750 16564 ts_tablet_manager.cc:585] Loaded tablet metadata (0 total tablets, 0 live tablets)
I20260710 13:23:01.523000 16564 ts_tablet_manager.cc:531] Time spent load tablet metadata: real 0.000s	user 0.000s	sys 0.000s
I20260710 13:23:01.523283 16564 ts_tablet_manager.cc:616] Registered 0 tablets
I20260710 13:23:01.523463 16564 ts_tablet_manager.cc:595] Time spent register tablets: real 0.000s	user 0.000s	sys 0.000s
I20260710 13:23:01.627668 16564 rpc_server.cc:307] RPC server started. Bound to: 127.16.45.3:42957
I20260710 13:23:01.627851 16872 acceptor_pool.cc:272] collecting diagnostics on the listening RPC socket 127.16.45.3:42957 every 8 connection(s)
I20260710 13:23:01.646914 16873 heartbeater.cc:344] Connected to a master server at 127.16.45.62:43147
I20260710 13:23:01.647300 16873 heartbeater.cc:461] Registering TS with master...
I20260710 13:23:01.648213 16873 heartbeater.cc:507] Master 127.16.45.62:43147 requested a full tablet report, sending...
I20260710 13:23:01.650420 16596 ts_manager.cc:194] Registered new tserver with Master: b9792e97ec7c440a9b1aa3ff69c952e1 (127.16.45.3:42957)
I20260710 13:23:01.650576 16564 internal_mini_cluster.cc:371] 3 TS(s) registered with all masters after 0.015067975s
I20260710 13:23:01.652290 16596 master_service.cc:502] Signed X509 certificate for tserver {username='slave'} at 127.0.0.1:33108
I20260710 13:23:01.703567 16596 catalog_manager.cc:2283] Servicing CreateTable request from {username='slave'} at 127.0.0.1:33114:
name: "test-workload"
schema {
  columns {
    name: "key"
    type: INT32
    is_key: true
    is_nullable: false
    encoding: AUTO_ENCODING
    compression: DEFAULT_COMPRESSION
    cfile_block_size: 0
    immutable: false
  }
  columns {
    name: "int_val"
    type: INT32
    is_key: false
    is_nullable: false
    encoding: AUTO_ENCODING
    compression: DEFAULT_COMPRESSION
    cfile_block_size: 0
    immutable: false
  }
  columns {
    name: "string_val"
    type: STRING
    is_key: false
    is_nullable: true
    encoding: AUTO_ENCODING
    compression: DEFAULT_COMPRESSION
    cfile_block_size: 0
    immutable: false
  }
}
num_replicas: 3
split_rows_range_bounds {
  rows: "\004\001\000\216\3438\016\004\001\000\034\307q\034\004\001\000\252\252\252*\004\001\0008\216\3438\004\001\000\306q\034G\004\001\000TUUU\004\001\000\3428\216c\004\001\000p\034\307q""\004\001\000\216\3438\016\004\001\000\034\307q\034\004\001\000\252\252\252*\004\001\0008\216\3438\004\001\000\306q\034G\004\001\000TUUU\004\001\000\3428\216c\004\001\000p\034\307q"
  indirect_data: """"
}
partition_schema {
  range_schema {
    columns {
      name: "key"
    }
  }
}
W20260710 13:23:01.707350 16596 catalog_manager.cc:7077] The number of live tablet servers is not enough to re-replicate a tablet replica of the newly created table test-workload in case of a server failure: 4 tablet servers would be needed, 3 are available. Consider bringing up more tablet servers.
I20260710 13:23:01.828517 16835 tablet_service.cc:1511] Processing CreateTablet for tablet cc6280061e1046249dee7cf97b6ee102 (DEFAULT_TABLE table=test-workload [id=bf790b2b9cfc4f24b36020b6206b749e]), partition=RANGE (key) PARTITION 715827882 <= VALUES < 954437176
I20260710 13:23:01.830356 16835 data_dirs.cc:400] Could only allocate 1 dirs of requested 3 for tablet cc6280061e1046249dee7cf97b6ee102. 1 dirs total, 0 dirs full, 0 dirs failed
I20260710 13:23:01.831976 16838 tablet_service.cc:1511] Processing CreateTablet for tablet 8f20aa191d414d99a34b4bea7486c3aa (DEFAULT_TABLE table=test-workload [id=bf790b2b9cfc4f24b36020b6206b749e]), partition=RANGE (key) PARTITION VALUES < 238609294
I20260710 13:23:01.832720 16764 tablet_service.cc:1511] Processing CreateTablet for tablet 8f20aa191d414d99a34b4bea7486c3aa (DEFAULT_TABLE table=test-workload [id=bf790b2b9cfc4f24b36020b6206b749e]), partition=RANGE (key) PARTITION VALUES < 238609294
I20260710 13:23:01.833626 16836 tablet_service.cc:1511] Processing CreateTablet for tablet 9239cfae2b9e4459b38677bab2f15650 (DEFAULT_TABLE table=test-workload [id=bf790b2b9cfc4f24b36020b6206b749e]), partition=RANGE (key) PARTITION 477218588 <= VALUES < 715827882
I20260710 13:23:01.835042 16836 data_dirs.cc:400] Could only allocate 1 dirs of requested 3 for tablet 9239cfae2b9e4459b38677bab2f15650. 1 dirs total, 0 dirs full, 0 dirs failed
I20260710 13:23:01.835448 16762 tablet_service.cc:1511] Processing CreateTablet for tablet 9239cfae2b9e4459b38677bab2f15650 (DEFAULT_TABLE table=test-workload [id=bf790b2b9cfc4f24b36020b6206b749e]), partition=RANGE (key) PARTITION 477218588 <= VALUES < 715827882
I20260710 13:23:01.828379 16837 tablet_service.cc:1511] Processing CreateTablet for tablet 59f4f658707944cea043225bed1bcad6 (DEFAULT_TABLE table=test-workload [id=bf790b2b9cfc4f24b36020b6206b749e]), partition=RANGE (key) PARTITION 238609294 <= VALUES < 477218588
I20260710 13:23:01.837920 16763 tablet_service.cc:1511] Processing CreateTablet for tablet 59f4f658707944cea043225bed1bcad6 (DEFAULT_TABLE table=test-workload [id=bf790b2b9cfc4f24b36020b6206b749e]), partition=RANGE (key) PARTITION 238609294 <= VALUES < 477218588
I20260710 13:23:01.839442 16764 data_dirs.cc:400] Could only allocate 1 dirs of requested 3 for tablet 8f20aa191d414d99a34b4bea7486c3aa. 1 dirs total, 0 dirs full, 0 dirs failed
I20260710 13:23:01.842724 16838 data_dirs.cc:400] Could only allocate 1 dirs of requested 3 for tablet 8f20aa191d414d99a34b4bea7486c3aa. 1 dirs total, 0 dirs full, 0 dirs failed
I20260710 13:23:01.851428 16834 tablet_service.cc:1511] Processing CreateTablet for tablet 583047bb477a42ea82e9cf0963079331 (DEFAULT_TABLE table=test-workload [id=bf790b2b9cfc4f24b36020b6206b749e]), partition=RANGE (key) PARTITION 954437176 <= VALUES < 1193046470
I20260710 13:23:01.852763 16763 data_dirs.cc:400] Could only allocate 1 dirs of requested 3 for tablet 59f4f658707944cea043225bed1bcad6. 1 dirs total, 0 dirs full, 0 dirs failed
I20260710 13:23:01.854542 16762 data_dirs.cc:400] Could only allocate 1 dirs of requested 3 for tablet 9239cfae2b9e4459b38677bab2f15650. 1 dirs total, 0 dirs full, 0 dirs failed
I20260710 13:23:01.848937 16760 tablet_service.cc:1511] Processing CreateTablet for tablet 583047bb477a42ea82e9cf0963079331 (DEFAULT_TABLE table=test-workload [id=bf790b2b9cfc4f24b36020b6206b749e]), partition=RANGE (key) PARTITION 954437176 <= VALUES < 1193046470
I20260710 13:23:01.855139 16761 tablet_service.cc:1511] Processing CreateTablet for tablet cc6280061e1046249dee7cf97b6ee102 (DEFAULT_TABLE table=test-workload [id=bf790b2b9cfc4f24b36020b6206b749e]), partition=RANGE (key) PARTITION 715827882 <= VALUES < 954437176
I20260710 13:23:01.858295 16760 data_dirs.cc:400] Could only allocate 1 dirs of requested 3 for tablet 583047bb477a42ea82e9cf0963079331. 1 dirs total, 0 dirs full, 0 dirs failed
I20260710 13:23:01.859073 16837 data_dirs.cc:400] Could only allocate 1 dirs of requested 3 for tablet 59f4f658707944cea043225bed1bcad6. 1 dirs total, 0 dirs full, 0 dirs failed
I20260710 13:23:01.860431 16761 data_dirs.cc:400] Could only allocate 1 dirs of requested 3 for tablet cc6280061e1046249dee7cf97b6ee102. 1 dirs total, 0 dirs full, 0 dirs failed
I20260710 13:23:01.863755 16834 data_dirs.cc:400] Could only allocate 1 dirs of requested 3 for tablet 583047bb477a42ea82e9cf0963079331. 1 dirs total, 0 dirs full, 0 dirs failed
I20260710 13:23:01.887687 16689 tablet_service.cc:1511] Processing CreateTablet for tablet 8f20aa191d414d99a34b4bea7486c3aa (DEFAULT_TABLE table=test-workload [id=bf790b2b9cfc4f24b36020b6206b749e]), partition=RANGE (key) PARTITION VALUES < 238609294
I20260710 13:23:01.909498 16686 tablet_service.cc:1511] Processing CreateTablet for tablet cc6280061e1046249dee7cf97b6ee102 (DEFAULT_TABLE table=test-workload [id=bf790b2b9cfc4f24b36020b6206b749e]), partition=RANGE (key) PARTITION 715827882 <= VALUES < 954437176
I20260710 13:23:01.912612 16689 data_dirs.cc:400] Could only allocate 1 dirs of requested 3 for tablet 8f20aa191d414d99a34b4bea7486c3aa. 1 dirs total, 0 dirs full, 0 dirs failed
I20260710 13:23:01.915560 16759 tablet_service.cc:1511] Processing CreateTablet for tablet 746e6644551641f4a0f1408d60d4dc06 (DEFAULT_TABLE table=test-workload [id=bf790b2b9cfc4f24b36020b6206b749e]), partition=RANGE (key) PARTITION 1193046470 <= VALUES < 1431655764
I20260710 13:23:01.916978 16833 tablet_service.cc:1511] Processing CreateTablet for tablet 746e6644551641f4a0f1408d60d4dc06 (DEFAULT_TABLE table=test-workload [id=bf790b2b9cfc4f24b36020b6206b749e]), partition=RANGE (key) PARTITION 1193046470 <= VALUES < 1431655764
I20260710 13:23:01.917709 16687 tablet_service.cc:1511] Processing CreateTablet for tablet 9239cfae2b9e4459b38677bab2f15650 (DEFAULT_TABLE table=test-workload [id=bf790b2b9cfc4f24b36020b6206b749e]), partition=RANGE (key) PARTITION 477218588 <= VALUES < 715827882
I20260710 13:23:01.924700 16686 data_dirs.cc:400] Could only allocate 1 dirs of requested 3 for tablet cc6280061e1046249dee7cf97b6ee102. 1 dirs total, 0 dirs full, 0 dirs failed
I20260710 13:23:01.929117 16688 tablet_service.cc:1511] Processing CreateTablet for tablet 59f4f658707944cea043225bed1bcad6 (DEFAULT_TABLE table=test-workload [id=bf790b2b9cfc4f24b36020b6206b749e]), partition=RANGE (key) PARTITION 238609294 <= VALUES < 477218588
I20260710 13:23:01.932596 16759 data_dirs.cc:400] Could only allocate 1 dirs of requested 3 for tablet 746e6644551641f4a0f1408d60d4dc06. 1 dirs total, 0 dirs full, 0 dirs failed
I20260710 13:23:01.929971 16758 tablet_service.cc:1511] Processing CreateTablet for tablet 0e1631fd630846529c79b0de847fda72 (DEFAULT_TABLE table=test-workload [id=bf790b2b9cfc4f24b36020b6206b749e]), partition=RANGE (key) PARTITION 1431655764 <= VALUES < 1670265058
I20260710 13:23:01.927644 16685 tablet_service.cc:1511] Processing CreateTablet for tablet 583047bb477a42ea82e9cf0963079331 (DEFAULT_TABLE table=test-workload [id=bf790b2b9cfc4f24b36020b6206b749e]), partition=RANGE (key) PARTITION 954437176 <= VALUES < 1193046470
I20260710 13:23:01.932469 16683 tablet_service.cc:1511] Processing CreateTablet for tablet 0e1631fd630846529c79b0de847fda72 (DEFAULT_TABLE table=test-workload [id=bf790b2b9cfc4f24b36020b6206b749e]), partition=RANGE (key) PARTITION 1431655764 <= VALUES < 1670265058
I20260710 13:23:01.932627 16684 tablet_service.cc:1511] Processing CreateTablet for tablet 746e6644551641f4a0f1408d60d4dc06 (DEFAULT_TABLE table=test-workload [id=bf790b2b9cfc4f24b36020b6206b749e]), partition=RANGE (key) PARTITION 1193046470 <= VALUES < 1431655764
I20260710 13:23:01.944516 16687 data_dirs.cc:400] Could only allocate 1 dirs of requested 3 for tablet 9239cfae2b9e4459b38677bab2f15650. 1 dirs total, 0 dirs full, 0 dirs failed
I20260710 13:23:01.940971 16833 data_dirs.cc:400] Could only allocate 1 dirs of requested 3 for tablet 746e6644551641f4a0f1408d60d4dc06. 1 dirs total, 0 dirs full, 0 dirs failed
W20260710 13:23:01.941583 16644 auto_rebalancer.cc:288] Could not retrieve cluster info: Service unavailable: Tablet not running
I20260710 13:23:01.960951 16832 tablet_service.cc:1511] Processing CreateTablet for tablet 0e1631fd630846529c79b0de847fda72 (DEFAULT_TABLE table=test-workload [id=bf790b2b9cfc4f24b36020b6206b749e]), partition=RANGE (key) PARTITION 1431655764 <= VALUES < 1670265058
I20260710 13:23:01.963137 16832 data_dirs.cc:400] Could only allocate 1 dirs of requested 3 for tablet 0e1631fd630846529c79b0de847fda72. 1 dirs total, 0 dirs full, 0 dirs failed
I20260710 13:23:01.964596 16683 data_dirs.cc:400] Could only allocate 1 dirs of requested 3 for tablet 0e1631fd630846529c79b0de847fda72. 1 dirs total, 0 dirs full, 0 dirs failed
I20260710 13:23:01.976817 16684 data_dirs.cc:400] Could only allocate 1 dirs of requested 3 for tablet 746e6644551641f4a0f1408d60d4dc06. 1 dirs total, 0 dirs full, 0 dirs failed
I20260710 13:23:01.974514 16758 data_dirs.cc:400] Could only allocate 1 dirs of requested 3 for tablet 0e1631fd630846529c79b0de847fda72. 1 dirs total, 0 dirs full, 0 dirs failed
I20260710 13:23:01.978641 16688 data_dirs.cc:400] Could only allocate 1 dirs of requested 3 for tablet 59f4f658707944cea043225bed1bcad6. 1 dirs total, 0 dirs full, 0 dirs failed
I20260710 13:23:01.992266 16685 data_dirs.cc:400] Could only allocate 1 dirs of requested 3 for tablet 583047bb477a42ea82e9cf0963079331. 1 dirs total, 0 dirs full, 0 dirs failed
I20260710 13:23:02.010008 16682 tablet_service.cc:1511] Processing CreateTablet for tablet ea9ef8ecbf1b4f9eb403af240341adfc (DEFAULT_TABLE table=test-workload [id=bf790b2b9cfc4f24b36020b6206b749e]), partition=RANGE (key) PARTITION 1670265058 <= VALUES < 1908874352
I20260710 13:23:02.015797 16682 data_dirs.cc:400] Could only allocate 1 dirs of requested 3 for tablet ea9ef8ecbf1b4f9eb403af240341adfc. 1 dirs total, 0 dirs full, 0 dirs failed
I20260710 13:23:02.024397 16891 tablet_bootstrap.cc:492] T cc6280061e1046249dee7cf97b6ee102 P b9792e97ec7c440a9b1aa3ff69c952e1: Bootstrap starting.
I20260710 13:23:02.043781 16764 tablet_service.cc:1511] Processing CreateTablet for tablet ea9ef8ecbf1b4f9eb403af240341adfc (DEFAULT_TABLE table=test-workload [id=bf790b2b9cfc4f24b36020b6206b749e]), partition=RANGE (key) PARTITION 1670265058 <= VALUES < 1908874352
I20260710 13:23:02.049510 16892 tablet_bootstrap.cc:492] T 59f4f658707944cea043225bed1bcad6 P dc1c4549822943be82a6d6a2ec5ca4e7: Bootstrap starting.
I20260710 13:23:02.056144 16893 tablet_bootstrap.cc:492] T 8f20aa191d414d99a34b4bea7486c3aa P 597cb25d1f554956b8531a0b6672a0ae: Bootstrap starting.
I20260710 13:23:02.061573 16764 data_dirs.cc:400] Could only allocate 1 dirs of requested 3 for tablet ea9ef8ecbf1b4f9eb403af240341adfc. 1 dirs total, 0 dirs full, 0 dirs failed
I20260710 13:23:02.078662 16893 tablet_bootstrap.cc:654] T 8f20aa191d414d99a34b4bea7486c3aa P 597cb25d1f554956b8531a0b6672a0ae: Neither blocks nor log segments found. Creating new log.
I20260710 13:23:02.083259 16891 tablet_bootstrap.cc:654] T cc6280061e1046249dee7cf97b6ee102 P b9792e97ec7c440a9b1aa3ff69c952e1: Neither blocks nor log segments found. Creating new log.
I20260710 13:23:02.084125 16689 tablet_service.cc:1511] Processing CreateTablet for tablet a122d6b425e1400593963f8660aba415 (DEFAULT_TABLE table=test-workload [id=bf790b2b9cfc4f24b36020b6206b749e]), partition=RANGE (key) PARTITION 1908874352 <= VALUES
I20260710 13:23:02.086558 16689 data_dirs.cc:400] Could only allocate 1 dirs of requested 3 for tablet a122d6b425e1400593963f8660aba415. 1 dirs total, 0 dirs full, 0 dirs failed
I20260710 13:23:02.093699 16761 tablet_service.cc:1511] Processing CreateTablet for tablet a122d6b425e1400593963f8660aba415 (DEFAULT_TABLE table=test-workload [id=bf790b2b9cfc4f24b36020b6206b749e]), partition=RANGE (key) PARTITION 1908874352 <= VALUES
I20260710 13:23:02.078807 16832 tablet_service.cc:1511] Processing CreateTablet for tablet ea9ef8ecbf1b4f9eb403af240341adfc (DEFAULT_TABLE table=test-workload [id=bf790b2b9cfc4f24b36020b6206b749e]), partition=RANGE (key) PARTITION 1670265058 <= VALUES < 1908874352
I20260710 13:23:02.095127 16761 data_dirs.cc:400] Could only allocate 1 dirs of requested 3 for tablet a122d6b425e1400593963f8660aba415. 1 dirs total, 0 dirs full, 0 dirs failed
I20260710 13:23:02.095448 16832 data_dirs.cc:400] Could only allocate 1 dirs of requested 3 for tablet ea9ef8ecbf1b4f9eb403af240341adfc. 1 dirs total, 0 dirs full, 0 dirs failed
I20260710 13:23:02.095216 16834 tablet_service.cc:1511] Processing CreateTablet for tablet a122d6b425e1400593963f8660aba415 (DEFAULT_TABLE table=test-workload [id=bf790b2b9cfc4f24b36020b6206b749e]), partition=RANGE (key) PARTITION 1908874352 <= VALUES
I20260710 13:23:02.096488 16834 data_dirs.cc:400] Could only allocate 1 dirs of requested 3 for tablet a122d6b425e1400593963f8660aba415. 1 dirs total, 0 dirs full, 0 dirs failed
I20260710 13:23:02.175223 16892 tablet_bootstrap.cc:654] T 59f4f658707944cea043225bed1bcad6 P dc1c4549822943be82a6d6a2ec5ca4e7: Neither blocks nor log segments found. Creating new log.
I20260710 13:23:02.206585 16893 tablet_bootstrap.cc:492] T 8f20aa191d414d99a34b4bea7486c3aa P 597cb25d1f554956b8531a0b6672a0ae: No bootstrap required, opened a new log
I20260710 13:23:02.207197 16893 ts_tablet_manager.cc:1403] T 8f20aa191d414d99a34b4bea7486c3aa P 597cb25d1f554956b8531a0b6672a0ae: Time spent bootstrapping tablet: real 0.153s	user 0.039s	sys 0.048s
I20260710 13:23:02.209445 16891 tablet_bootstrap.cc:492] T cc6280061e1046249dee7cf97b6ee102 P b9792e97ec7c440a9b1aa3ff69c952e1: No bootstrap required, opened a new log
I20260710 13:23:02.209975 16891 ts_tablet_manager.cc:1403] T cc6280061e1046249dee7cf97b6ee102 P b9792e97ec7c440a9b1aa3ff69c952e1: Time spent bootstrapping tablet: real 0.229s	user 0.034s	sys 0.040s
I20260710 13:23:02.211251 16893 raft_consensus.cc:359] T 8f20aa191d414d99a34b4bea7486c3aa P 597cb25d1f554956b8531a0b6672a0ae [term 0 FOLLOWER]: Replica starting. Triggering 0 pending ops. Active config: opid_index: -1 OBSOLETE_local: false peers { permanent_uuid: "b9792e97ec7c440a9b1aa3ff69c952e1" member_type: VOTER last_known_addr { host: "127.16.45.3" port: 42957 } } peers { permanent_uuid: "597cb25d1f554956b8531a0b6672a0ae" member_type: VOTER last_known_addr { host: "127.16.45.1" port: 36949 } } peers { permanent_uuid: "dc1c4549822943be82a6d6a2ec5ca4e7" member_type: VOTER last_known_addr { host: "127.16.45.2" port: 38725 } }
I20260710 13:23:02.212195 16893 raft_consensus.cc:385] T 8f20aa191d414d99a34b4bea7486c3aa P 597cb25d1f554956b8531a0b6672a0ae [term 0 FOLLOWER]: Consensus starting up: Expiring failure detector timer to make a prompt election more likely
I20260710 13:23:02.212574 16893 raft_consensus.cc:740] T 8f20aa191d414d99a34b4bea7486c3aa P 597cb25d1f554956b8531a0b6672a0ae [term 0 FOLLOWER]: Becoming Follower/Learner. State: Replica: 597cb25d1f554956b8531a0b6672a0ae, State: Initialized, Role: FOLLOWER
I20260710 13:23:02.212736 16892 tablet_bootstrap.cc:492] T 59f4f658707944cea043225bed1bcad6 P dc1c4549822943be82a6d6a2ec5ca4e7: No bootstrap required, opened a new log
I20260710 13:23:02.213459 16892 ts_tablet_manager.cc:1403] T 59f4f658707944cea043225bed1bcad6 P dc1c4549822943be82a6d6a2ec5ca4e7: Time spent bootstrapping tablet: real 0.179s	user 0.012s	sys 0.007s
I20260710 13:23:02.213208 16891 raft_consensus.cc:359] T cc6280061e1046249dee7cf97b6ee102 P b9792e97ec7c440a9b1aa3ff69c952e1 [term 0 FOLLOWER]: Replica starting. Triggering 0 pending ops. Active config: opid_index: -1 OBSOLETE_local: false peers { permanent_uuid: "597cb25d1f554956b8531a0b6672a0ae" member_type: VOTER last_known_addr { host: "127.16.45.1" port: 36949 } } peers { permanent_uuid: "dc1c4549822943be82a6d6a2ec5ca4e7" member_type: VOTER last_known_addr { host: "127.16.45.2" port: 38725 } } peers { permanent_uuid: "b9792e97ec7c440a9b1aa3ff69c952e1" member_type: VOTER last_known_addr { host: "127.16.45.3" port: 42957 } }
I20260710 13:23:02.214012 16891 raft_consensus.cc:385] T cc6280061e1046249dee7cf97b6ee102 P b9792e97ec7c440a9b1aa3ff69c952e1 [term 0 FOLLOWER]: Consensus starting up: Expiring failure detector timer to make a prompt election more likely
I20260710 13:23:02.213591 16893 consensus_queue.cc:260] T 8f20aa191d414d99a34b4bea7486c3aa P 597cb25d1f554956b8531a0b6672a0ae [NON_LEADER]: Queue going to NON_LEADER mode. State: All replicated index: 0, Majority replicated index: 0, Committed index: 0, Last appended: 0.0, Last appended by leader: 0, Current term: 0, Majority size: -1, State: 0, Mode: NON_LEADER, active raft config: opid_index: -1 OBSOLETE_local: false peers { permanent_uuid: "b9792e97ec7c440a9b1aa3ff69c952e1" member_type: VOTER last_known_addr { host: "127.16.45.3" port: 42957 } } peers { permanent_uuid: "597cb25d1f554956b8531a0b6672a0ae" member_type: VOTER last_known_addr { host: "127.16.45.1" port: 36949 } } peers { permanent_uuid: "dc1c4549822943be82a6d6a2ec5ca4e7" member_type: VOTER last_known_addr { host: "127.16.45.2" port: 38725 } }
I20260710 13:23:02.214391 16891 raft_consensus.cc:740] T cc6280061e1046249dee7cf97b6ee102 P b9792e97ec7c440a9b1aa3ff69c952e1 [term 0 FOLLOWER]: Becoming Follower/Learner. State: Replica: b9792e97ec7c440a9b1aa3ff69c952e1, State: Initialized, Role: FOLLOWER
I20260710 13:23:02.215310 16891 consensus_queue.cc:260] T cc6280061e1046249dee7cf97b6ee102 P b9792e97ec7c440a9b1aa3ff69c952e1 [NON_LEADER]: Queue going to NON_LEADER mode. State: All replicated index: 0, Majority replicated index: 0, Committed index: 0, Last appended: 0.0, Last appended by leader: 0, Current term: 0, Majority size: -1, State: 0, Mode: NON_LEADER, active raft config: opid_index: -1 OBSOLETE_local: false peers { permanent_uuid: "597cb25d1f554956b8531a0b6672a0ae" member_type: VOTER last_known_addr { host: "127.16.45.1" port: 36949 } } peers { permanent_uuid: "dc1c4549822943be82a6d6a2ec5ca4e7" member_type: VOTER last_known_addr { host: "127.16.45.2" port: 38725 } } peers { permanent_uuid: "b9792e97ec7c440a9b1aa3ff69c952e1" member_type: VOTER last_known_addr { host: "127.16.45.3" port: 42957 } }
I20260710 13:23:02.217335 16892 raft_consensus.cc:359] T 59f4f658707944cea043225bed1bcad6 P dc1c4549822943be82a6d6a2ec5ca4e7 [term 0 FOLLOWER]: Replica starting. Triggering 0 pending ops. Active config: opid_index: -1 OBSOLETE_local: false peers { permanent_uuid: "597cb25d1f554956b8531a0b6672a0ae" member_type: VOTER last_known_addr { host: "127.16.45.1" port: 36949 } } peers { permanent_uuid: "dc1c4549822943be82a6d6a2ec5ca4e7" member_type: VOTER last_known_addr { host: "127.16.45.2" port: 38725 } } peers { permanent_uuid: "b9792e97ec7c440a9b1aa3ff69c952e1" member_type: VOTER last_known_addr { host: "127.16.45.3" port: 42957 } }
I20260710 13:23:02.218463 16892 raft_consensus.cc:385] T 59f4f658707944cea043225bed1bcad6 P dc1c4549822943be82a6d6a2ec5ca4e7 [term 0 FOLLOWER]: Consensus starting up: Expiring failure detector timer to make a prompt election more likely
I20260710 13:23:02.218916 16892 raft_consensus.cc:740] T 59f4f658707944cea043225bed1bcad6 P dc1c4549822943be82a6d6a2ec5ca4e7 [term 0 FOLLOWER]: Becoming Follower/Learner. State: Replica: dc1c4549822943be82a6d6a2ec5ca4e7, State: Initialized, Role: FOLLOWER
