I20260710 13:23:42.804415 23803 raft_consensus.cc:359] T bd416fa9ea3f474488bd6381c1f70e7f P 4d58943194bf46b88031dddfdc137558 [term 1 LEARNER]: Replica starting. Triggering 0 pending ops. Active config: opid_index: 2 OBSOLETE_local: false peers { permanent_uuid: "200fe07314194c95b71c6c4569bacc61" member_type: VOTER last_known_addr { host: "127.21.102.1" port: 42701 } attrs { replace: true } } peers { permanent_uuid: "790ca2f1fed74ecfb9ccb05300f7fb48" member_type: VOTER last_known_addr { host: "127.21.102.2" port: 45227 } } peers { permanent_uuid: "c88552401bfb4b99a39281e55fe8a5bb" member_type: VOTER last_known_addr { host: "127.21.102.3" port: 42167 } } peers { permanent_uuid: "4d58943194bf46b88031dddfdc137558" member_type: NON_VOTER last_known_addr { host: "127.21.102.4" port: 40405 } attrs { promote: true } }
I20260710 13:23:42.805488 23803 raft_consensus.cc:740] T bd416fa9ea3f474488bd6381c1f70e7f P 4d58943194bf46b88031dddfdc137558 [term 1 LEARNER]: Becoming Follower/Learner. State: Replica: 4d58943194bf46b88031dddfdc137558, State: Initialized, Role: LEARNER
I20260710 13:23:42.806269 23803 consensus_queue.cc:260] T bd416fa9ea3f474488bd6381c1f70e7f P 4d58943194bf46b88031dddfdc137558 [NON_LEADER]: Queue going to NON_LEADER mode. State: All replicated index: 0, Majority replicated index: 0, Committed index: 2, Last appended: 1.2, Last appended by leader: 2, Current term: 0, Majority size: -1, State: 0, Mode: NON_LEADER, active raft config: opid_index: 2 OBSOLETE_local: false peers { permanent_uuid: "200fe07314194c95b71c6c4569bacc61" member_type: VOTER last_known_addr { host: "127.21.102.1" port: 42701 } attrs { replace: true } } peers { permanent_uuid: "790ca2f1fed74ecfb9ccb05300f7fb48" member_type: VOTER last_known_addr { host: "127.21.102.2" port: 45227 } } peers { permanent_uuid: "c88552401bfb4b99a39281e55fe8a5bb" member_type: VOTER last_known_addr { host: "127.21.102.3" port: 42167 } } peers { permanent_uuid: "4d58943194bf46b88031dddfdc137558" member_type: NON_VOTER last_known_addr { host: "127.21.102.4" port: 40405 } attrs { promote: true } }
I20260710 13:23:42.810308 23803 ts_tablet_manager.cc:1434] T bd416fa9ea3f474488bd6381c1f70e7f P 4d58943194bf46b88031dddfdc137558: Time spent starting tablet: real 0.009s	user 0.007s	sys 0.000s
I20260710 13:23:42.812888 23217 tablet_copy_service.cc:342] P c88552401bfb4b99a39281e55fe8a5bb: Request end of tablet copy session 4d58943194bf46b88031dddfdc137558-bd416fa9ea3f474488bd6381c1f70e7f received from {username='slave'} at 127.0.0.1:54014
I20260710 13:23:42.813313 23217 tablet_copy_service.cc:434] P c88552401bfb4b99a39281e55fe8a5bb: ending tablet copy session 4d58943194bf46b88031dddfdc137558-bd416fa9ea3f474488bd6381c1f70e7f on tablet bd416fa9ea3f474488bd6381c1f70e7f with peer 4d58943194bf46b88031dddfdc137558
I20260710 13:23:42.827617 23803 ts_tablet_manager.cc:933] T 9198237ca039467aa4d494d5858d05bc P 4d58943194bf46b88031dddfdc137558: Initiating tablet copy from peer 790ca2f1fed74ecfb9ccb05300f7fb48 (127.21.102.2:45227)
I20260710 13:23:42.829946 23803 tablet_copy_client.cc:323] T 9198237ca039467aa4d494d5858d05bc P 4d58943194bf46b88031dddfdc137558: tablet copy: Beginning tablet copy session from remote peer at address 127.21.102.2:45227
I20260710 13:23:42.832337 23143 tablet_copy_service.cc:140] P 790ca2f1fed74ecfb9ccb05300f7fb48: Received BeginTabletCopySession request for tablet 9198237ca039467aa4d494d5858d05bc from peer 4d58943194bf46b88031dddfdc137558 ({username='slave'} at 127.0.0.1:56422)
I20260710 13:23:42.832976 23143 tablet_copy_service.cc:161] P 790ca2f1fed74ecfb9ccb05300f7fb48: Beginning new tablet copy session on tablet 9198237ca039467aa4d494d5858d05bc from peer 4d58943194bf46b88031dddfdc137558 at {username='slave'} at 127.0.0.1:56422: session id = 4d58943194bf46b88031dddfdc137558-9198237ca039467aa4d494d5858d05bc
I20260710 13:23:42.842272 23143 tablet_copy_source_session.cc:215] T 9198237ca039467aa4d494d5858d05bc P 790ca2f1fed74ecfb9ccb05300f7fb48: Tablet Copy: opened 0 blocks and 1 log segments
I20260710 13:23:42.846356 23803 data_dirs.cc:400] Could only allocate 1 dirs of requested 3 for tablet 9198237ca039467aa4d494d5858d05bc. 1 dirs total, 0 dirs full, 0 dirs failed
I20260710 13:23:42.866133 23803 tablet_copy_client.cc:806] T 9198237ca039467aa4d494d5858d05bc P 4d58943194bf46b88031dddfdc137558: tablet copy: Starting download of 0 data blocks...
I20260710 13:23:42.866936 23803 tablet_copy_client.cc:670] T 9198237ca039467aa4d494d5858d05bc P 4d58943194bf46b88031dddfdc137558: tablet copy: Starting download of 1 WAL segments...
I20260710 13:23:42.871565 23803 tablet_copy_client.cc:538] T 9198237ca039467aa4d494d5858d05bc P 4d58943194bf46b88031dddfdc137558: tablet copy: Tablet Copy complete. Replacing tablet superblock.
I20260710 13:23:42.883932 23803 tablet_bootstrap.cc:492] T 9198237ca039467aa4d494d5858d05bc P 4d58943194bf46b88031dddfdc137558: Bootstrap starting.
I20260710 13:23:42.908569 23803 tablet_bootstrap.cc:492] T 9198237ca039467aa4d494d5858d05bc P 4d58943194bf46b88031dddfdc137558: Bootstrap replayed 1/1 log segments. Stats: ops{read=2 overwritten=0 applied=2 ignored=0} inserts{seen=0 ignored=0} mutations{seen=0 ignored=0} orphaned_commits=0. Pending: 0 replicates
I20260710 13:23:42.909646 23803 tablet_bootstrap.cc:492] T 9198237ca039467aa4d494d5858d05bc P 4d58943194bf46b88031dddfdc137558: Bootstrap complete.
I20260710 13:23:42.910434 23803 ts_tablet_manager.cc:1403] T 9198237ca039467aa4d494d5858d05bc P 4d58943194bf46b88031dddfdc137558: Time spent bootstrapping tablet: real 0.027s	user 0.023s	sys 0.000s
I20260710 13:23:42.913916 23803 raft_consensus.cc:359] T 9198237ca039467aa4d494d5858d05bc P 4d58943194bf46b88031dddfdc137558 [term 1 LEARNER]: Replica starting. Triggering 0 pending ops. Active config: opid_index: 2 OBSOLETE_local: false peers { permanent_uuid: "200fe07314194c95b71c6c4569bacc61" member_type: VOTER last_known_addr { host: "127.21.102.1" port: 42701 } } peers { permanent_uuid: "790ca2f1fed74ecfb9ccb05300f7fb48" member_type: VOTER last_known_addr { host: "127.21.102.2" port: 45227 } } peers { permanent_uuid: "c88552401bfb4b99a39281e55fe8a5bb" member_type: VOTER last_known_addr { host: "127.21.102.3" port: 42167 } attrs { replace: true } } peers { permanent_uuid: "4d58943194bf46b88031dddfdc137558" member_type: NON_VOTER last_known_addr { host: "127.21.102.4" port: 40405 } attrs { promote: true } }
I20260710 13:23:42.914839 23803 raft_consensus.cc:740] T 9198237ca039467aa4d494d5858d05bc P 4d58943194bf46b88031dddfdc137558 [term 1 LEARNER]: Becoming Follower/Learner. State: Replica: 4d58943194bf46b88031dddfdc137558, State: Initialized, Role: LEARNER
I20260710 13:23:42.915568 23803 consensus_queue.cc:260] T 9198237ca039467aa4d494d5858d05bc P 4d58943194bf46b88031dddfdc137558 [NON_LEADER]: Queue going to NON_LEADER mode. State: All replicated index: 0, Majority replicated index: 0, Committed index: 2, Last appended: 1.2, Last appended by leader: 2, Current term: 0, Majority size: -1, State: 0, Mode: NON_LEADER, active raft config: opid_index: 2 OBSOLETE_local: false peers { permanent_uuid: "200fe07314194c95b71c6c4569bacc61" member_type: VOTER last_known_addr { host: "127.21.102.1" port: 42701 } } peers { permanent_uuid: "790ca2f1fed74ecfb9ccb05300f7fb48" member_type: VOTER last_known_addr { host: "127.21.102.2" port: 45227 } } peers { permanent_uuid: "c88552401bfb4b99a39281e55fe8a5bb" member_type: VOTER last_known_addr { host: "127.21.102.3" port: 42167 } attrs { replace: true } } peers { permanent_uuid: "4d58943194bf46b88031dddfdc137558" member_type: NON_VOTER last_known_addr { host: "127.21.102.4" port: 40405 } attrs { promote: true } }
I20260710 13:23:42.918303 23803 ts_tablet_manager.cc:1434] T 9198237ca039467aa4d494d5858d05bc P 4d58943194bf46b88031dddfdc137558: Time spent starting tablet: real 0.008s	user 0.005s	sys 0.003s
I20260710 13:23:42.920593 23143 tablet_copy_service.cc:342] P 790ca2f1fed74ecfb9ccb05300f7fb48: Request end of tablet copy session 4d58943194bf46b88031dddfdc137558-9198237ca039467aa4d494d5858d05bc received from {username='slave'} at 127.0.0.1:56422
I20260710 13:23:42.921069 23143 tablet_copy_service.cc:434] P 790ca2f1fed74ecfb9ccb05300f7fb48: ending tablet copy session 4d58943194bf46b88031dddfdc137558-9198237ca039467aa4d494d5858d05bc on tablet 9198237ca039467aa4d494d5858d05bc with peer 4d58943194bf46b88031dddfdc137558
I20260710 13:23:43.093161 23479 raft_consensus.cc:1217] T bd416fa9ea3f474488bd6381c1f70e7f P 4d58943194bf46b88031dddfdc137558 [term 1 LEARNER]: Deduplicated request from leader. Original: 1.1->[1.2-1.2]   Dedup: 1.2->[]
I20260710 13:23:43.255431 23479 raft_consensus.cc:1217] T 9198237ca039467aa4d494d5858d05bc P 4d58943194bf46b88031dddfdc137558 [term 1 LEARNER]: Deduplicated request from leader. Original: 1.1->[1.2-1.2]   Dedup: 1.2->[]
I20260710 13:23:43.501495 23792 raft_consensus.cc:1064] T bd416fa9ea3f474488bd6381c1f70e7f P c88552401bfb4b99a39281e55fe8a5bb: attempting to promote NON_VOTER 4d58943194bf46b88031dddfdc137558 to VOTER
I20260710 13:23:43.504949 23792 consensus_queue.cc:237] T bd416fa9ea3f474488bd6381c1f70e7f P c88552401bfb4b99a39281e55fe8a5bb [LEADER]: Queue going to LEADER mode. State: All replicated index: 0, Majority replicated index: 2, Committed index: 2, Last appended: 1.2, Last appended by leader: 0, Current term: 1, Majority size: 3, State: 0, Mode: LEADER, active raft config: opid_index: 3 OBSOLETE_local: false peers { permanent_uuid: "200fe07314194c95b71c6c4569bacc61" member_type: VOTER last_known_addr { host: "127.21.102.1" port: 42701 } attrs { replace: true } } peers { permanent_uuid: "790ca2f1fed74ecfb9ccb05300f7fb48" member_type: VOTER last_known_addr { host: "127.21.102.2" port: 45227 } } peers { permanent_uuid: "c88552401bfb4b99a39281e55fe8a5bb" member_type: VOTER last_known_addr { host: "127.21.102.3" port: 42167 } } peers { permanent_uuid: "4d58943194bf46b88031dddfdc137558" member_type: VOTER last_known_addr { host: "127.21.102.4" port: 40405 } attrs { promote: false } }
I20260710 13:23:43.515101 23479 raft_consensus.cc:1275] T bd416fa9ea3f474488bd6381c1f70e7f P 4d58943194bf46b88031dddfdc137558 [term 1 LEARNER]: Refusing update from remote peer c88552401bfb4b99a39281e55fe8a5bb: Log matching property violated. Preceding OpId in replica: term: 1 index: 2. Preceding OpId from leader: term: 1 index: 3. (index mismatch)
I20260710 13:23:43.515136 23133 raft_consensus.cc:1275] T bd416fa9ea3f474488bd6381c1f70e7f P 790ca2f1fed74ecfb9ccb05300f7fb48 [term 1 FOLLOWER]: Refusing update from remote peer c88552401bfb4b99a39281e55fe8a5bb: Log matching property violated. Preceding OpId in replica: term: 1 index: 2. Preceding OpId from leader: term: 1 index: 3. (index mismatch)
I20260710 13:23:43.518342 23758 consensus_queue.cc:1048] T bd416fa9ea3f474488bd6381c1f70e7f P c88552401bfb4b99a39281e55fe8a5bb [LEADER]: Connected to new peer: Peer: permanent_uuid: "4d58943194bf46b88031dddfdc137558" member_type: VOTER last_known_addr { host: "127.21.102.4" port: 40405 } attrs { promote: false }, Status: LMP_MISMATCH, Last received: 0.0, Next index: 3, Last known committed idx: 2, Time since last communication: 0.001s
I20260710 13:23:43.520658 23808 consensus_queue.cc:1048] T bd416fa9ea3f474488bd6381c1f70e7f P c88552401bfb4b99a39281e55fe8a5bb [LEADER]: Connected to new peer: Peer: permanent_uuid: "790ca2f1fed74ecfb9ccb05300f7fb48" member_type: VOTER last_known_addr { host: "127.21.102.2" port: 45227 }, Status: LMP_MISMATCH, Last received: 0.0, Next index: 3, Last known committed idx: 2, Time since last communication: 0.000s
I20260710 13:23:43.521425 23056 raft_consensus.cc:1275] T bd416fa9ea3f474488bd6381c1f70e7f P 200fe07314194c95b71c6c4569bacc61 [term 1 FOLLOWER]: Refusing update from remote peer c88552401bfb4b99a39281e55fe8a5bb: Log matching property violated. Preceding OpId in replica: term: 1 index: 2. Preceding OpId from leader: term: 1 index: 3. (index mismatch)
I20260710 13:23:43.524592 23758 consensus_queue.cc:1048] T bd416fa9ea3f474488bd6381c1f70e7f P c88552401bfb4b99a39281e55fe8a5bb [LEADER]: Connected to new peer: Peer: permanent_uuid: "200fe07314194c95b71c6c4569bacc61" member_type: VOTER last_known_addr { host: "127.21.102.1" port: 42701 } attrs { replace: true }, Status: LMP_MISMATCH, Last received: 0.0, Next index: 3, Last known committed idx: 2, Time since last communication: 0.001s
I20260710 13:23:43.555045 23808 raft_consensus.cc:2955] T bd416fa9ea3f474488bd6381c1f70e7f P c88552401bfb4b99a39281e55fe8a5bb [term 1 LEADER]: Committing config change with OpId 1.3: config changed from index 2 to 3, 4d58943194bf46b88031dddfdc137558 (127.21.102.4) changed from NON_VOTER to VOTER. New config: { opid_index: 3 OBSOLETE_local: false peers { permanent_uuid: "200fe07314194c95b71c6c4569bacc61" member_type: VOTER last_known_addr { host: "127.21.102.1" port: 42701 } attrs { replace: true } } peers { permanent_uuid: "790ca2f1fed74ecfb9ccb05300f7fb48" member_type: VOTER last_known_addr { host: "127.21.102.2" port: 45227 } } peers { permanent_uuid: "c88552401bfb4b99a39281e55fe8a5bb" member_type: VOTER last_known_addr { host: "127.21.102.3" port: 42167 } } peers { permanent_uuid: "4d58943194bf46b88031dddfdc137558" member_type: VOTER last_known_addr { host: "127.21.102.4" port: 40405 } attrs { promote: false } } }
I20260710 13:23:43.578776 23056 raft_consensus.cc:2955] T bd416fa9ea3f474488bd6381c1f70e7f P 200fe07314194c95b71c6c4569bacc61 [term 1 FOLLOWER]: Committing config change with OpId 1.3: config changed from index 2 to 3, 4d58943194bf46b88031dddfdc137558 (127.21.102.4) changed from NON_VOTER to VOTER. New config: { opid_index: 3 OBSOLETE_local: false peers { permanent_uuid: "200fe07314194c95b71c6c4569bacc61" member_type: VOTER last_known_addr { host: "127.21.102.1" port: 42701 } attrs { replace: true } } peers { permanent_uuid: "790ca2f1fed74ecfb9ccb05300f7fb48" member_type: VOTER last_known_addr { host: "127.21.102.2" port: 45227 } } peers { permanent_uuid: "c88552401bfb4b99a39281e55fe8a5bb" member_type: VOTER last_known_addr { host: "127.21.102.3" port: 42167 } } peers { permanent_uuid: "4d58943194bf46b88031dddfdc137558" member_type: VOTER last_known_addr { host: "127.21.102.4" port: 40405 } attrs { promote: false } } }
I20260710 13:23:43.588905 23479 raft_consensus.cc:2955] T bd416fa9ea3f474488bd6381c1f70e7f P 4d58943194bf46b88031dddfdc137558 [term 1 FOLLOWER]: Committing config change with OpId 1.3: config changed from index 2 to 3, 4d58943194bf46b88031dddfdc137558 (127.21.102.4) changed from NON_VOTER to VOTER. New config: { opid_index: 3 OBSOLETE_local: false peers { permanent_uuid: "200fe07314194c95b71c6c4569bacc61" member_type: VOTER last_known_addr { host: "127.21.102.1" port: 42701 } attrs { replace: true } } peers { permanent_uuid: "790ca2f1fed74ecfb9ccb05300f7fb48" member_type: VOTER last_known_addr { host: "127.21.102.2" port: 45227 } } peers { permanent_uuid: "c88552401bfb4b99a39281e55fe8a5bb" member_type: VOTER last_known_addr { host: "127.21.102.3" port: 42167 } } peers { permanent_uuid: "4d58943194bf46b88031dddfdc137558" member_type: VOTER last_known_addr { host: "127.21.102.4" port: 40405 } attrs { promote: false } } }
I20260710 13:23:43.612344 23133 raft_consensus.cc:2955] T bd416fa9ea3f474488bd6381c1f70e7f P 790ca2f1fed74ecfb9ccb05300f7fb48 [term 1 FOLLOWER]: Committing config change with OpId 1.3: config changed from index 2 to 3, 4d58943194bf46b88031dddfdc137558 (127.21.102.4) changed from NON_VOTER to VOTER. New config: { opid_index: 3 OBSOLETE_local: false peers { permanent_uuid: "200fe07314194c95b71c6c4569bacc61" member_type: VOTER last_known_addr { host: "127.21.102.1" port: 42701 } attrs { replace: true } } peers { permanent_uuid: "790ca2f1fed74ecfb9ccb05300f7fb48" member_type: VOTER last_known_addr { host: "127.21.102.2" port: 45227 } } peers { permanent_uuid: "c88552401bfb4b99a39281e55fe8a5bb" member_type: VOTER last_known_addr { host: "127.21.102.3" port: 42167 } } peers { permanent_uuid: "4d58943194bf46b88031dddfdc137558" member_type: VOTER last_known_addr { host: "127.21.102.4" port: 40405 } attrs { promote: false } } }
I20260710 13:23:43.612972 22953 catalog_manager.cc:5697] T bd416fa9ea3f474488bd6381c1f70e7f P c88552401bfb4b99a39281e55fe8a5bb reported cstate change: config changed from index 2 to 3, 4d58943194bf46b88031dddfdc137558 (127.21.102.4) changed from NON_VOTER to VOTER. New cstate: current_term: 1 leader_uuid: "c88552401bfb4b99a39281e55fe8a5bb" committed_config { opid_index: 3 OBSOLETE_local: false peers { permanent_uuid: "200fe07314194c95b71c6c4569bacc61" member_type: VOTER last_known_addr { host: "127.21.102.1" port: 42701 } attrs { replace: true } health_report { overall_health: HEALTHY } } peers { permanent_uuid: "790ca2f1fed74ecfb9ccb05300f7fb48" member_type: VOTER last_known_addr { host: "127.21.102.2" port: 45227 } health_report { overall_health: UNKNOWN } } peers { permanent_uuid: "c88552401bfb4b99a39281e55fe8a5bb" member_type: VOTER last_known_addr { host: "127.21.102.3" port: 42167 } health_report { overall_health: HEALTHY } } peers { permanent_uuid: "4d58943194bf46b88031dddfdc137558" member_type: VOTER last_known_addr { host: "127.21.102.4" port: 40405 } attrs { promote: false } health_report { overall_health: HEALTHY } } }
I20260710 13:23:43.669840 23207 consensus_queue.cc:237] T bd416fa9ea3f474488bd6381c1f70e7f P c88552401bfb4b99a39281e55fe8a5bb [LEADER]: Queue going to LEADER mode. State: All replicated index: 0, Majority replicated index: 3, Committed index: 3, Last appended: 1.3, Last appended by leader: 0, Current term: 1, Majority size: 2, State: 0, Mode: LEADER, active raft config: opid_index: 4 OBSOLETE_local: false peers { permanent_uuid: "790ca2f1fed74ecfb9ccb05300f7fb48" member_type: VOTER last_known_addr { host: "127.21.102.2" port: 45227 } } peers { permanent_uuid: "c88552401bfb4b99a39281e55fe8a5bb" member_type: VOTER last_known_addr { host: "127.21.102.3" port: 42167 } } peers { permanent_uuid: "4d58943194bf46b88031dddfdc137558" member_type: VOTER last_known_addr { host: "127.21.102.4" port: 40405 } attrs { promote: false } }
I20260710 13:23:43.676134 23478 raft_consensus.cc:1275] T bd416fa9ea3f474488bd6381c1f70e7f P 4d58943194bf46b88031dddfdc137558 [term 1 FOLLOWER]: Refusing update from remote peer c88552401bfb4b99a39281e55fe8a5bb: Log matching property violated. Preceding OpId in replica: term: 1 index: 3. Preceding OpId from leader: term: 1 index: 4. (index mismatch)
I20260710 13:23:43.676640 23133 raft_consensus.cc:1275] T bd416fa9ea3f474488bd6381c1f70e7f P 790ca2f1fed74ecfb9ccb05300f7fb48 [term 1 FOLLOWER]: Refusing update from remote peer c88552401bfb4b99a39281e55fe8a5bb: Log matching property violated. Preceding OpId in replica: term: 1 index: 3. Preceding OpId from leader: term: 1 index: 4. (index mismatch)
I20260710 13:23:43.678222 23792 consensus_queue.cc:1048] T bd416fa9ea3f474488bd6381c1f70e7f P c88552401bfb4b99a39281e55fe8a5bb [LEADER]: Connected to new peer: Peer: permanent_uuid: "790ca2f1fed74ecfb9ccb05300f7fb48" member_type: VOTER last_known_addr { host: "127.21.102.2" port: 45227 }, Status: LMP_MISMATCH, Last received: 0.0, Next index: 4, Last known committed idx: 3, Time since last communication: 0.000s
I20260710 13:23:43.679211 23818 consensus_queue.cc:1048] T bd416fa9ea3f474488bd6381c1f70e7f P c88552401bfb4b99a39281e55fe8a5bb [LEADER]: Connected to new peer: Peer: permanent_uuid: "4d58943194bf46b88031dddfdc137558" member_type: VOTER last_known_addr { host: "127.21.102.4" port: 40405 } attrs { promote: false }, Status: LMP_MISMATCH, Last received: 0.0, Next index: 4, Last known committed idx: 3, Time since last communication: 0.000s
I20260710 13:23:43.689687 23808 raft_consensus.cc:2955] T bd416fa9ea3f474488bd6381c1f70e7f P c88552401bfb4b99a39281e55fe8a5bb [term 1 LEADER]: Committing config change with OpId 1.4: config changed from index 3 to 4, VOTER 200fe07314194c95b71c6c4569bacc61 (127.21.102.1) evicted. New config: { opid_index: 4 OBSOLETE_local: false peers { permanent_uuid: "790ca2f1fed74ecfb9ccb05300f7fb48" member_type: VOTER last_known_addr { host: "127.21.102.2" port: 45227 } } peers { permanent_uuid: "c88552401bfb4b99a39281e55fe8a5bb" member_type: VOTER last_known_addr { host: "127.21.102.3" port: 42167 } } peers { permanent_uuid: "4d58943194bf46b88031dddfdc137558" member_type: VOTER last_known_addr { host: "127.21.102.4" port: 40405 } attrs { promote: false } } }
I20260710 13:23:43.692390 23478 raft_consensus.cc:2955] T bd416fa9ea3f474488bd6381c1f70e7f P 4d58943194bf46b88031dddfdc137558 [term 1 FOLLOWER]: Committing config change with OpId 1.4: config changed from index 3 to 4, VOTER 200fe07314194c95b71c6c4569bacc61 (127.21.102.1) evicted. New config: { opid_index: 4 OBSOLETE_local: false peers { permanent_uuid: "790ca2f1fed74ecfb9ccb05300f7fb48" member_type: VOTER last_known_addr { host: "127.21.102.2" port: 45227 } } peers { permanent_uuid: "c88552401bfb4b99a39281e55fe8a5bb" member_type: VOTER last_known_addr { host: "127.21.102.3" port: 42167 } } peers { permanent_uuid: "4d58943194bf46b88031dddfdc137558" member_type: VOTER last_known_addr { host: "127.21.102.4" port: 40405 } attrs { promote: false } } }
I20260710 13:23:43.700116 23133 raft_consensus.cc:2955] T bd416fa9ea3f474488bd6381c1f70e7f P 790ca2f1fed74ecfb9ccb05300f7fb48 [term 1 FOLLOWER]: Committing config change with OpId 1.4: config changed from index 3 to 4, VOTER 200fe07314194c95b71c6c4569bacc61 (127.21.102.1) evicted. New config: { opid_index: 4 OBSOLETE_local: false peers { permanent_uuid: "790ca2f1fed74ecfb9ccb05300f7fb48" member_type: VOTER last_known_addr { host: "127.21.102.2" port: 45227 } } peers { permanent_uuid: "c88552401bfb4b99a39281e55fe8a5bb" member_type: VOTER last_known_addr { host: "127.21.102.3" port: 42167 } } peers { permanent_uuid: "4d58943194bf46b88031dddfdc137558" member_type: VOTER last_known_addr { host: "127.21.102.4" port: 40405 } attrs { promote: false } } }
I20260710 13:23:43.705578 22942 catalog_manager.cc:5210] ChangeConfig:REMOVE_PEER RPC for tablet bd416fa9ea3f474488bd6381c1f70e7f with cas_config_opid_index 3: ChangeConfig:REMOVE_PEER succeeded (attempt 1)
I20260710 13:23:43.712455 23801 raft_consensus.cc:1064] T 9198237ca039467aa4d494d5858d05bc P 790ca2f1fed74ecfb9ccb05300f7fb48: attempting to promote NON_VOTER 4d58943194bf46b88031dddfdc137558 to VOTER
I20260710 13:23:43.712478 22954 catalog_manager.cc:5697] T bd416fa9ea3f474488bd6381c1f70e7f P c88552401bfb4b99a39281e55fe8a5bb reported cstate change: config changed from index 3 to 4, VOTER 200fe07314194c95b71c6c4569bacc61 (127.21.102.1) evicted. New cstate: current_term: 1 leader_uuid: "c88552401bfb4b99a39281e55fe8a5bb" committed_config { opid_index: 4 OBSOLETE_local: false peers { permanent_uuid: "790ca2f1fed74ecfb9ccb05300f7fb48" member_type: VOTER last_known_addr { host: "127.21.102.2" port: 45227 } health_report { overall_health: HEALTHY } } peers { permanent_uuid: "c88552401bfb4b99a39281e55fe8a5bb" member_type: VOTER last_known_addr { host: "127.21.102.3" port: 42167 } health_report { overall_health: HEALTHY } } peers { permanent_uuid: "4d58943194bf46b88031dddfdc137558" member_type: VOTER last_known_addr { host: "127.21.102.4" port: 40405 } attrs { promote: false } health_report { overall_health: HEALTHY } } }
I20260710 13:23:43.723135 23801 consensus_queue.cc:237] T 9198237ca039467aa4d494d5858d05bc P 790ca2f1fed74ecfb9ccb05300f7fb48 [LEADER]: Queue going to LEADER mode. State: All replicated index: 0, Majority replicated index: 2, Committed index: 2, Last appended: 1.2, Last appended by leader: 0, Current term: 1, Majority size: 3, State: 0, Mode: LEADER, active raft config: opid_index: 3 OBSOLETE_local: false peers { permanent_uuid: "200fe07314194c95b71c6c4569bacc61" member_type: VOTER last_known_addr { host: "127.21.102.1" port: 42701 } } peers { permanent_uuid: "790ca2f1fed74ecfb9ccb05300f7fb48" member_type: VOTER last_known_addr { host: "127.21.102.2" port: 45227 } } peers { permanent_uuid: "c88552401bfb4b99a39281e55fe8a5bb" member_type: VOTER last_known_addr { host: "127.21.102.3" port: 42167 } attrs { replace: true } } peers { permanent_uuid: "4d58943194bf46b88031dddfdc137558" member_type: VOTER last_known_addr { host: "127.21.102.4" port: 40405 } attrs { promote: false } }
I20260710 13:23:43.728415 23040 tablet_service.cc:1558] Processing DeleteTablet for tablet bd416fa9ea3f474488bd6381c1f70e7f with delete_type TABLET_DATA_TOMBSTONED (TS 200fe07314194c95b71c6c4569bacc61 not found in new config with opid_index 4) from {username='slave'} at 127.0.0.1:43104
I20260710 13:23:43.744346 23207 raft_consensus.cc:1275] T 9198237ca039467aa4d494d5858d05bc P c88552401bfb4b99a39281e55fe8a5bb [term 1 FOLLOWER]: Refusing update from remote peer 790ca2f1fed74ecfb9ccb05300f7fb48: Log matching property violated. Preceding OpId in replica: term: 1 index: 2. Preceding OpId from leader: term: 1 index: 3. (index mismatch)
I20260710 13:23:43.745440 23479 raft_consensus.cc:1275] T 9198237ca039467aa4d494d5858d05bc P 4d58943194bf46b88031dddfdc137558 [term 1 LEARNER]: Refusing update from remote peer 790ca2f1fed74ecfb9ccb05300f7fb48: Log matching property violated. Preceding OpId in replica: term: 1 index: 2. Preceding OpId from leader: term: 1 index: 3. (index mismatch)
I20260710 13:23:43.747251 23056 raft_consensus.cc:1275] T 9198237ca039467aa4d494d5858d05bc P 200fe07314194c95b71c6c4569bacc61 [term 1 FOLLOWER]: Refusing update from remote peer 790ca2f1fed74ecfb9ccb05300f7fb48: Log matching property violated. Preceding OpId in replica: term: 1 index: 2. Preceding OpId from leader: term: 1 index: 3. (index mismatch)
I20260710 13:23:43.747313 23812 consensus_queue.cc:1048] T 9198237ca039467aa4d494d5858d05bc P 790ca2f1fed74ecfb9ccb05300f7fb48 [LEADER]: Connected to new peer: Peer: permanent_uuid: "4d58943194bf46b88031dddfdc137558" member_type: VOTER last_known_addr { host: "127.21.102.4" port: 40405 } attrs { promote: false }, Status: LMP_MISMATCH, Last received: 0.0, Next index: 3, Last known committed idx: 2, Time since last communication: 0.007s
I20260710 13:23:43.755283 23811 consensus_queue.cc:1048] T 9198237ca039467aa4d494d5858d05bc P 790ca2f1fed74ecfb9ccb05300f7fb48 [LEADER]: Connected to new peer: Peer: permanent_uuid: "c88552401bfb4b99a39281e55fe8a5bb" member_type: VOTER last_known_addr { host: "127.21.102.3" port: 42167 } attrs { replace: true }, Status: LMP_MISMATCH, Last received: 0.0, Next index: 3, Last known committed idx: 2, Time since last communication: 0.001s
I20260710 13:23:43.759447 23823 tablet_replica.cc:333] T bd416fa9ea3f474488bd6381c1f70e7f P 200fe07314194c95b71c6c4569bacc61: stopping tablet replica
I20260710 13:23:43.760805 23823 raft_consensus.cc:2243] T bd416fa9ea3f474488bd6381c1f70e7f P 200fe07314194c95b71c6c4569bacc61 [term 1 FOLLOWER]: Raft consensus shutting down.
I20260710 13:23:43.762060 23823 raft_consensus.cc:2272] T bd416fa9ea3f474488bd6381c1f70e7f P 200fe07314194c95b71c6c4569bacc61 [term 1 FOLLOWER]: Raft consensus is shut down!
I20260710 13:23:43.766469 23823 ts_tablet_manager.cc:1916] T bd416fa9ea3f474488bd6381c1f70e7f P 200fe07314194c95b71c6c4569bacc61: Deleting tablet data with delete state TABLET_DATA_TOMBSTONED
I20260710 13:23:43.787070 23801 consensus_queue.cc:1048] T 9198237ca039467aa4d494d5858d05bc P 790ca2f1fed74ecfb9ccb05300f7fb48 [LEADER]: Connected to new peer: Peer: permanent_uuid: "200fe07314194c95b71c6c4569bacc61" member_type: VOTER last_known_addr { host: "127.21.102.1" port: 42701 }, Status: LMP_MISMATCH, Last received: 0.0, Next index: 3, Last known committed idx: 2, Time since last communication: 0.002s
I20260710 13:23:43.809115 23825 raft_consensus.cc:2955] T 9198237ca039467aa4d494d5858d05bc P 790ca2f1fed74ecfb9ccb05300f7fb48 [term 1 LEADER]: Committing config change with OpId 1.3: config changed from index 2 to 3, 4d58943194bf46b88031dddfdc137558 (127.21.102.4) changed from NON_VOTER to VOTER. New config: { opid_index: 3 OBSOLETE_local: false peers { permanent_uuid: "200fe07314194c95b71c6c4569bacc61" member_type: VOTER last_known_addr { host: "127.21.102.1" port: 42701 } } peers { permanent_uuid: "790ca2f1fed74ecfb9ccb05300f7fb48" member_type: VOTER last_known_addr { host: "127.21.102.2" port: 45227 } } peers { permanent_uuid: "c88552401bfb4b99a39281e55fe8a5bb" member_type: VOTER last_known_addr { host: "127.21.102.3" port: 42167 } attrs { replace: true } } peers { permanent_uuid: "4d58943194bf46b88031dddfdc137558" member_type: VOTER last_known_addr { host: "127.21.102.4" port: 40405 } attrs { promote: false } } }
I20260710 13:23:43.816041 23203 raft_consensus.cc:2955] T 9198237ca039467aa4d494d5858d05bc P c88552401bfb4b99a39281e55fe8a5bb [term 1 FOLLOWER]: Committing config change with OpId 1.3: config changed from index 2 to 3, 4d58943194bf46b88031dddfdc137558 (127.21.102.4) changed from NON_VOTER to VOTER. New config: { opid_index: 3 OBSOLETE_local: false peers { permanent_uuid: "200fe07314194c95b71c6c4569bacc61" member_type: VOTER last_known_addr { host: "127.21.102.1" port: 42701 } } peers { permanent_uuid: "790ca2f1fed74ecfb9ccb05300f7fb48" member_type: VOTER last_known_addr { host: "127.21.102.2" port: 45227 } } peers { permanent_uuid: "c88552401bfb4b99a39281e55fe8a5bb" member_type: VOTER last_known_addr { host: "127.21.102.3" port: 42167 } attrs { replace: true } } peers { permanent_uuid: "4d58943194bf46b88031dddfdc137558" member_type: VOTER last_known_addr { host: "127.21.102.4" port: 40405 } attrs { promote: false } } }
I20260710 13:23:43.823827 23478 raft_consensus.cc:2955] T 9198237ca039467aa4d494d5858d05bc P 4d58943194bf46b88031dddfdc137558 [term 1 FOLLOWER]: Committing config change with OpId 1.3: config changed from index 2 to 3, 4d58943194bf46b88031dddfdc137558 (127.21.102.4) changed from NON_VOTER to VOTER. New config: { opid_index: 3 OBSOLETE_local: false peers { permanent_uuid: "200fe07314194c95b71c6c4569bacc61" member_type: VOTER last_known_addr { host: "127.21.102.1" port: 42701 } } peers { permanent_uuid: "790ca2f1fed74ecfb9ccb05300f7fb48" member_type: VOTER last_known_addr { host: "127.21.102.2" port: 45227 } } peers { permanent_uuid: "c88552401bfb4b99a39281e55fe8a5bb" member_type: VOTER last_known_addr { host: "127.21.102.3" port: 42167 } attrs { replace: true } } peers { permanent_uuid: "4d58943194bf46b88031dddfdc137558" member_type: VOTER last_known_addr { host: "127.21.102.4" port: 40405 } attrs { promote: false } } }
I20260710 13:23:43.841704 23823 ts_tablet_manager.cc:1929] T bd416fa9ea3f474488bd6381c1f70e7f P 200fe07314194c95b71c6c4569bacc61: tablet deleted with delete type TABLET_DATA_TOMBSTONED: last-logged OpId 1.3
I20260710 13:23:43.842562 23823 log.cc:1199] T bd416fa9ea3f474488bd6381c1f70e7f P 200fe07314194c95b71c6c4569bacc61: Deleting WAL directory at /tmp/dist-test-tasky3A9Eb/test-tmp/auto_leader_rebalancer-test.0.LeaderRebalancerTest.AddTserver.1783689778826550-21912-0/minicluster-data/ts-0-root/wals/bd416fa9ea3f474488bd6381c1f70e7f
I20260710 13:23:43.845870 22954 catalog_manager.cc:5697] T 9198237ca039467aa4d494d5858d05bc P c88552401bfb4b99a39281e55fe8a5bb reported cstate change: config changed from index 2 to 3, 4d58943194bf46b88031dddfdc137558 (127.21.102.4) changed from NON_VOTER to VOTER. New cstate: current_term: 1 leader_uuid: "790ca2f1fed74ecfb9ccb05300f7fb48" committed_config { opid_index: 3 OBSOLETE_local: false peers { permanent_uuid: "200fe07314194c95b71c6c4569bacc61" member_type: VOTER last_known_addr { host: "127.21.102.1" port: 42701 } } peers { permanent_uuid: "790ca2f1fed74ecfb9ccb05300f7fb48" member_type: VOTER last_known_addr { host: "127.21.102.2" port: 45227 } } peers { permanent_uuid: "c88552401bfb4b99a39281e55fe8a5bb" member_type: VOTER last_known_addr { host: "127.21.102.3" port: 42167 } attrs { replace: true } } peers { permanent_uuid: "4d58943194bf46b88031dddfdc137558" member_type: VOTER last_known_addr { host: "127.21.102.4" port: 40405 } attrs { promote: false } } }
I20260710 13:23:43.851728 23056 raft_consensus.cc:2955] T 9198237ca039467aa4d494d5858d05bc P 200fe07314194c95b71c6c4569bacc61 [term 1 FOLLOWER]: Committing config change with OpId 1.3: config changed from index 2 to 3, 4d58943194bf46b88031dddfdc137558 (127.21.102.4) changed from NON_VOTER to VOTER. New config: { opid_index: 3 OBSOLETE_local: false peers { permanent_uuid: "200fe07314194c95b71c6c4569bacc61" member_type: VOTER last_known_addr { host: "127.21.102.1" port: 42701 } } peers { permanent_uuid: "790ca2f1fed74ecfb9ccb05300f7fb48" member_type: VOTER last_known_addr { host: "127.21.102.2" port: 45227 } } peers { permanent_uuid: "c88552401bfb4b99a39281e55fe8a5bb" member_type: VOTER last_known_addr { host: "127.21.102.3" port: 42167 } attrs { replace: true } } peers { permanent_uuid: "4d58943194bf46b88031dddfdc137558" member_type: VOTER last_known_addr { host: "127.21.102.4" port: 40405 } attrs { promote: false } } }
I20260710 13:23:43.855262 22943 catalog_manager.cc:5028] TS 200fe07314194c95b71c6c4569bacc61 (127.21.102.1:42701): tablet bd416fa9ea3f474488bd6381c1f70e7f (table test-workload [id=8e6b12daaf894155bf9ab51e82d06b57]) successfully deleted
I20260710 13:23:43.881855 23133 consensus_queue.cc:237] T 9198237ca039467aa4d494d5858d05bc P 790ca2f1fed74ecfb9ccb05300f7fb48 [LEADER]: Queue going to LEADER mode. State: All replicated index: 0, Majority replicated index: 3, Committed index: 3, Last appended: 1.3, Last appended by leader: 0, Current term: 1, Majority size: 2, State: 0, Mode: LEADER, active raft config: opid_index: 4 OBSOLETE_local: false peers { permanent_uuid: "200fe07314194c95b71c6c4569bacc61" member_type: VOTER last_known_addr { host: "127.21.102.1" port: 42701 } } peers { permanent_uuid: "790ca2f1fed74ecfb9ccb05300f7fb48" member_type: VOTER last_known_addr { host: "127.21.102.2" port: 45227 } } peers { permanent_uuid: "4d58943194bf46b88031dddfdc137558" member_type: VOTER last_known_addr { host: "127.21.102.4" port: 40405 } attrs { promote: false } }
I20260710 13:23:43.893791 23056 raft_consensus.cc:1275] T 9198237ca039467aa4d494d5858d05bc P 200fe07314194c95b71c6c4569bacc61 [term 1 FOLLOWER]: Refusing update from remote peer 790ca2f1fed74ecfb9ccb05300f7fb48: Log matching property violated. Preceding OpId in replica: term: 1 index: 3. Preceding OpId from leader: term: 1 index: 4. (index mismatch)
I20260710 13:23:43.894330 23478 raft_consensus.cc:1275] T 9198237ca039467aa4d494d5858d05bc P 4d58943194bf46b88031dddfdc137558 [term 1 FOLLOWER]: Refusing update from remote peer 790ca2f1fed74ecfb9ccb05300f7fb48: Log matching property violated. Preceding OpId in replica: term: 1 index: 3. Preceding OpId from leader: term: 1 index: 4. (index mismatch)
I20260710 13:23:43.895965 23825 consensus_queue.cc:1048] T 9198237ca039467aa4d494d5858d05bc P 790ca2f1fed74ecfb9ccb05300f7fb48 [LEADER]: Connected to new peer: Peer: permanent_uuid: "200fe07314194c95b71c6c4569bacc61" member_type: VOTER last_known_addr { host: "127.21.102.1" port: 42701 }, Status: LMP_MISMATCH, Last received: 0.0, Next index: 4, Last known committed idx: 3, Time since last communication: 0.000s
I20260710 13:23:43.898069 23825 consensus_queue.cc:1048] T 9198237ca039467aa4d494d5858d05bc P 790ca2f1fed74ecfb9ccb05300f7fb48 [LEADER]: Connected to new peer: Peer: permanent_uuid: "4d58943194bf46b88031dddfdc137558" member_type: VOTER last_known_addr { host: "127.21.102.4" port: 40405 } attrs { promote: false }, Status: LMP_MISMATCH, Last received: 0.0, Next index: 4, Last known committed idx: 3, Time since last communication: 0.000s
I20260710 13:23:43.911145 23801 raft_consensus.cc:2955] T 9198237ca039467aa4d494d5858d05bc P 790ca2f1fed74ecfb9ccb05300f7fb48 [term 1 LEADER]: Committing config change with OpId 1.4: config changed from index 3 to 4, VOTER c88552401bfb4b99a39281e55fe8a5bb (127.21.102.3) evicted. New config: { opid_index: 4 OBSOLETE_local: false peers { permanent_uuid: "200fe07314194c95b71c6c4569bacc61" member_type: VOTER last_known_addr { host: "127.21.102.1" port: 42701 } } peers { permanent_uuid: "790ca2f1fed74ecfb9ccb05300f7fb48" member_type: VOTER last_known_addr { host: "127.21.102.2" port: 45227 } } peers { permanent_uuid: "4d58943194bf46b88031dddfdc137558" member_type: VOTER last_known_addr { host: "127.21.102.4" port: 40405 } attrs { promote: false } } }
I20260710 13:23:43.913273 23058 raft_consensus.cc:2955] T 9198237ca039467aa4d494d5858d05bc P 200fe07314194c95b71c6c4569bacc61 [term 1 FOLLOWER]: Committing config change with OpId 1.4: config changed from index 3 to 4, VOTER c88552401bfb4b99a39281e55fe8a5bb (127.21.102.3) evicted. New config: { opid_index: 4 OBSOLETE_local: false peers { permanent_uuid: "200fe07314194c95b71c6c4569bacc61" member_type: VOTER last_known_addr { host: "127.21.102.1" port: 42701 } } peers { permanent_uuid: "790ca2f1fed74ecfb9ccb05300f7fb48" member_type: VOTER last_known_addr { host: "127.21.102.2" port: 45227 } } peers { permanent_uuid: "4d58943194bf46b88031dddfdc137558" member_type: VOTER last_known_addr { host: "127.21.102.4" port: 40405 } attrs { promote: false } } }
I20260710 13:23:43.921900 23478 raft_consensus.cc:2955] T 9198237ca039467aa4d494d5858d05bc P 4d58943194bf46b88031dddfdc137558 [term 1 FOLLOWER]: Committing config change with OpId 1.4: config changed from index 3 to 4, VOTER c88552401bfb4b99a39281e55fe8a5bb (127.21.102.3) evicted. New config: { opid_index: 4 OBSOLETE_local: false peers { permanent_uuid: "200fe07314194c95b71c6c4569bacc61" member_type: VOTER last_known_addr { host: "127.21.102.1" port: 42701 } } peers { permanent_uuid: "790ca2f1fed74ecfb9ccb05300f7fb48" member_type: VOTER last_known_addr { host: "127.21.102.2" port: 45227 } } peers { permanent_uuid: "4d58943194bf46b88031dddfdc137558" member_type: VOTER last_known_addr { host: "127.21.102.4" port: 40405 } attrs { promote: false } } }
I20260710 13:23:43.931733 22943 catalog_manager.cc:5210] ChangeConfig:REMOVE_PEER RPC for tablet 9198237ca039467aa4d494d5858d05bc with cas_config_opid_index 3: ChangeConfig:REMOVE_PEER succeeded (attempt 1)
I20260710 13:23:43.937433 22952 catalog_manager.cc:5697] T 9198237ca039467aa4d494d5858d05bc P 790ca2f1fed74ecfb9ccb05300f7fb48 reported cstate change: config changed from index 3 to 4, VOTER c88552401bfb4b99a39281e55fe8a5bb (127.21.102.3) evicted. New cstate: current_term: 1 leader_uuid: "790ca2f1fed74ecfb9ccb05300f7fb48" committed_config { opid_index: 4 OBSOLETE_local: false peers { permanent_uuid: "200fe07314194c95b71c6c4569bacc61" member_type: VOTER last_known_addr { host: "127.21.102.1" port: 42701 } health_report { overall_health: HEALTHY } } peers { permanent_uuid: "790ca2f1fed74ecfb9ccb05300f7fb48" member_type: VOTER last_known_addr { host: "127.21.102.2" port: 45227 } health_report { overall_health: HEALTHY } } peers { permanent_uuid: "4d58943194bf46b88031dddfdc137558" member_type: VOTER last_known_addr { host: "127.21.102.4" port: 40405 } attrs { promote: false } health_report { overall_health: HEALTHY } } }
I20260710 13:23:43.953461 23195 tablet_service.cc:1558] Processing DeleteTablet for tablet 9198237ca039467aa4d494d5858d05bc with delete_type TABLET_DATA_TOMBSTONED (TS c88552401bfb4b99a39281e55fe8a5bb not found in new config with opid_index 4) from {username='slave'} at 127.0.0.1:53978
I20260710 13:23:43.956187 23830 tablet_replica.cc:333] T 9198237ca039467aa4d494d5858d05bc P c88552401bfb4b99a39281e55fe8a5bb: stopping tablet replica
I20260710 13:23:43.957103 23830 raft_consensus.cc:2243] T 9198237ca039467aa4d494d5858d05bc P c88552401bfb4b99a39281e55fe8a5bb [term 1 FOLLOWER]: Raft consensus shutting down.
I20260710 13:23:43.957782 23830 raft_consensus.cc:2272] T 9198237ca039467aa4d494d5858d05bc P c88552401bfb4b99a39281e55fe8a5bb [term 1 FOLLOWER]: Raft consensus is shut down!
I20260710 13:23:43.961570 23830 ts_tablet_manager.cc:1916] T 9198237ca039467aa4d494d5858d05bc P c88552401bfb4b99a39281e55fe8a5bb: Deleting tablet data with delete state TABLET_DATA_TOMBSTONED
I20260710 13:23:43.977430 23830 ts_tablet_manager.cc:1929] T 9198237ca039467aa4d494d5858d05bc P c88552401bfb4b99a39281e55fe8a5bb: tablet deleted with delete type TABLET_DATA_TOMBSTONED: last-logged OpId 1.3
I20260710 13:23:43.977859 23830 log.cc:1199] T 9198237ca039467aa4d494d5858d05bc P c88552401bfb4b99a39281e55fe8a5bb: Deleting WAL directory at /tmp/dist-test-tasky3A9Eb/test-tmp/auto_leader_rebalancer-test.0.LeaderRebalancerTest.AddTserver.1783689778826550-21912-0/minicluster-data/ts-2-root/wals/9198237ca039467aa4d494d5858d05bc
I20260710 13:23:43.979604 22942 catalog_manager.cc:5028] TS c88552401bfb4b99a39281e55fe8a5bb (127.21.102.3:42167): tablet 9198237ca039467aa4d494d5858d05bc (table test-workload [id=8e6b12daaf894155bf9ab51e82d06b57]) successfully deleted
W20260710 13:23:47.228422 23154 debug-util.cc:398] Leaking SignalData structure 0x7b08001d1080 after lost signal to thread 21915
W20260710 13:23:47.229476 23154 debug-util.cc:398] Leaking SignalData structure 0x7b0800086b60 after lost signal to thread 22990
W20260710 13:23:47.230692 23154 debug-util.cc:398] Leaking SignalData structure 0x7b0800290220 after lost signal to thread 23082
W20260710 13:23:47.231776 23154 debug-util.cc:398] Leaking SignalData structure 0x7b08000da6e0 after lost signal to thread 23157
W20260710 13:23:47.232832 23154 debug-util.cc:398] Leaking SignalData structure 0x7b08002925e0 after lost signal to thread 23231
W20260710 13:23:47.234066 23154 debug-util.cc:398] Leaking SignalData structure 0x7b0800130d20 after lost signal to thread 23503
I20260710 13:23:49.408568 21912 auto_leader_rebalancer.cc:141] leader rebalance for table test-workload
I20260710 13:23:49.519886 23207 tablet_service.cc:2072] Received LeaderStepDown RPC: tablet_id: "4856eba170b244a18b25b75c5d30034b"
dest_uuid: "c88552401bfb4b99a39281e55fe8a5bb"
mode: GRACEFUL
new_leader_uuid: "4d58943194bf46b88031dddfdc137558"
 from {username='slave'} at 127.0.0.1:56596
I20260710 13:23:49.520941 23207 raft_consensus.cc:606] T 4856eba170b244a18b25b75c5d30034b P c88552401bfb4b99a39281e55fe8a5bb [term 1 LEADER]: Received request to transfer leadership to TS 4d58943194bf46b88031dddfdc137558
I20260710 13:23:49.524310 23207 tablet_service.cc:2072] Received LeaderStepDown RPC: tablet_id: "54009f75a0b04511b94b286092731e47"
dest_uuid: "c88552401bfb4b99a39281e55fe8a5bb"
mode: GRACEFUL
new_leader_uuid: "4d58943194bf46b88031dddfdc137558"
 from {username='slave'} at 127.0.0.1:56596
I20260710 13:23:49.524957 23207 raft_consensus.cc:606] T 54009f75a0b04511b94b286092731e47 P c88552401bfb4b99a39281e55fe8a5bb [term 1 LEADER]: Received request to transfer leadership to TS 4d58943194bf46b88031dddfdc137558
I20260710 13:23:49.544566 23054 tablet_service.cc:2072] Received LeaderStepDown RPC: tablet_id: "a5421e5ca98a47af852adc4ad4dcc661"
dest_uuid: "200fe07314194c95b71c6c4569bacc61"
mode: GRACEFUL
new_leader_uuid: "4d58943194bf46b88031dddfdc137558"
 from {username='slave'} at 127.0.0.1:60498
I20260710 13:23:49.545411 23054 raft_consensus.cc:606] T a5421e5ca98a47af852adc4ad4dcc661 P 200fe07314194c95b71c6c4569bacc61 [term 1 LEADER]: Received request to transfer leadership to TS 4d58943194bf46b88031dddfdc137558
I20260710 13:23:49.548919 23207 tablet_service.cc:2072] Received LeaderStepDown RPC: tablet_id: "b6d05f52d44b429b8a3c0ecdba1bdadd"
dest_uuid: "c88552401bfb4b99a39281e55fe8a5bb"
mode: GRACEFUL
new_leader_uuid: "200fe07314194c95b71c6c4569bacc61"
 from {username='slave'} at 127.0.0.1:56596
I20260710 13:23:49.549688 23207 raft_consensus.cc:606] T b6d05f52d44b429b8a3c0ecdba1bdadd P c88552401bfb4b99a39281e55fe8a5bb [term 1 LEADER]: Received request to transfer leadership to TS 200fe07314194c95b71c6c4569bacc61
I20260710 13:23:49.553373 23207 tablet_service.cc:2072] Received LeaderStepDown RPC: tablet_id: "bd416fa9ea3f474488bd6381c1f70e7f"
dest_uuid: "c88552401bfb4b99a39281e55fe8a5bb"
mode: GRACEFUL
new_leader_uuid: "4d58943194bf46b88031dddfdc137558"
 from {username='slave'} at 127.0.0.1:56596
I20260710 13:23:49.554001 23207 raft_consensus.cc:606] T bd416fa9ea3f474488bd6381c1f70e7f P c88552401bfb4b99a39281e55fe8a5bb [term 1 LEADER]: Received request to transfer leadership to TS 4d58943194bf46b88031dddfdc137558
I20260710 13:23:49.555687 21912 auto_leader_rebalancer.cc:479] table: test-workload, leader rebalance finish, leader transfer count: 5
I20260710 13:23:49.556555 21912 auto_leader_rebalancer.cc:554] All tables' leader rebalancing finished this round
I20260710 13:23:49.710870 23837 raft_consensus.cc:993] T bd416fa9ea3f474488bd6381c1f70e7f P c88552401bfb4b99a39281e55fe8a5bb: : Instructing follower 4d58943194bf46b88031dddfdc137558 to start an election
I20260710 13:23:49.711728 23852 raft_consensus.cc:1081] T bd416fa9ea3f474488bd6381c1f70e7f P c88552401bfb4b99a39281e55fe8a5bb [term 1 LEADER]: Signalling peer 4d58943194bf46b88031dddfdc137558 to start an election
I20260710 13:23:49.713694 23474 tablet_service.cc:2044] Received Run Leader Election RPC: tablet_id: "bd416fa9ea3f474488bd6381c1f70e7f"
dest_uuid: "4d58943194bf46b88031dddfdc137558"
 from {username='slave'} at 127.0.0.1:40436
I20260710 13:23:49.714329 23474 raft_consensus.cc:493] T bd416fa9ea3f474488bd6381c1f70e7f P 4d58943194bf46b88031dddfdc137558 [term 1 FOLLOWER]: Starting forced leader election (received explicit request)
I20260710 13:23:49.714747 23474 raft_consensus.cc:3060] T bd416fa9ea3f474488bd6381c1f70e7f P 4d58943194bf46b88031dddfdc137558 [term 1 FOLLOWER]: Advancing to term 2
I20260710 13:23:49.723095 23474 raft_consensus.cc:515] T bd416fa9ea3f474488bd6381c1f70e7f P 4d58943194bf46b88031dddfdc137558 [term 2 FOLLOWER]: Starting forced leader election with config: opid_index: 4 OBSOLETE_local: false peers { permanent_uuid: "790ca2f1fed74ecfb9ccb05300f7fb48" member_type: VOTER last_known_addr { host: "127.21.102.2" port: 45227 } } peers { permanent_uuid: "c88552401bfb4b99a39281e55fe8a5bb" member_type: VOTER last_known_addr { host: "127.21.102.3" port: 42167 } } peers { permanent_uuid: "4d58943194bf46b88031dddfdc137558" member_type: VOTER last_known_addr { host: "127.21.102.4" port: 40405 } attrs { promote: false } }
I20260710 13:23:49.725770 23474 leader_election.cc:290] T bd416fa9ea3f474488bd6381c1f70e7f P 4d58943194bf46b88031dddfdc137558 [CANDIDATE]: Term 2 election: Requested vote from peers 790ca2f1fed74ecfb9ccb05300f7fb48 (127.21.102.2:45227), c88552401bfb4b99a39281e55fe8a5bb (127.21.102.3:42167)
I20260710 13:23:49.727248 23207 tablet_service.cc:1917] Received RequestConsensusVote() RPC: tablet_id: "bd416fa9ea3f474488bd6381c1f70e7f" candidate_uuid: "4d58943194bf46b88031dddfdc137558" candidate_term: 2 candidate_status { last_received { term: 1 index: 4 } } ignore_live_leader: true dest_uuid: "c88552401bfb4b99a39281e55fe8a5bb"
I20260710 13:23:49.727393 23128 tablet_service.cc:1917] Received RequestConsensusVote() RPC: tablet_id: "bd416fa9ea3f474488bd6381c1f70e7f" candidate_uuid: "4d58943194bf46b88031dddfdc137558" candidate_term: 2 candidate_status { last_received { term: 1 index: 4 } } ignore_live_leader: true dest_uuid: "790ca2f1fed74ecfb9ccb05300f7fb48"
I20260710 13:23:49.728344 23207 raft_consensus.cc:3055] T bd416fa9ea3f474488bd6381c1f70e7f P c88552401bfb4b99a39281e55fe8a5bb [term 1 LEADER]: Stepping down as leader of term 1
I20260710 13:23:49.728590 23128 raft_consensus.cc:3060] T bd416fa9ea3f474488bd6381c1f70e7f P 790ca2f1fed74ecfb9ccb05300f7fb48 [term 1 FOLLOWER]: Advancing to term 2
I20260710 13:23:49.728704 23207 raft_consensus.cc:740] T bd416fa9ea3f474488bd6381c1f70e7f P c88552401bfb4b99a39281e55fe8a5bb [term 1 LEADER]: Becoming Follower/Learner. State: Replica: c88552401bfb4b99a39281e55fe8a5bb, State: Running, Role: LEADER
I20260710 13:23:49.729760 23207 consensus_queue.cc:260] T bd416fa9ea3f474488bd6381c1f70e7f P c88552401bfb4b99a39281e55fe8a5bb [NON_LEADER]: Queue going to NON_LEADER mode. State: All replicated index: 0, Majority replicated index: 4, Committed index: 4, Last appended: 1.4, Last appended by leader: 4, Current term: 1, Majority size: -1, State: 0, Mode: NON_LEADER, active raft config: opid_index: 4 OBSOLETE_local: false peers { permanent_uuid: "790ca2f1fed74ecfb9ccb05300f7fb48" member_type: VOTER last_known_addr { host: "127.21.102.2" port: 45227 } } peers { permanent_uuid: "c88552401bfb4b99a39281e55fe8a5bb" member_type: VOTER last_known_addr { host: "127.21.102.3" port: 42167 } } peers { permanent_uuid: "4d58943194bf46b88031dddfdc137558" member_type: VOTER last_known_addr { host: "127.21.102.4" port: 40405 } attrs { promote: false } }
I20260710 13:23:49.731139 23207 raft_consensus.cc:3060] T bd416fa9ea3f474488bd6381c1f70e7f P c88552401bfb4b99a39281e55fe8a5bb [term 1 FOLLOWER]: Advancing to term 2
I20260710 13:23:49.736882 23128 raft_consensus.cc:2468] T bd416fa9ea3f474488bd6381c1f70e7f P 790ca2f1fed74ecfb9ccb05300f7fb48 [term 2 FOLLOWER]: Leader election vote request: Granting yes vote for candidate 4d58943194bf46b88031dddfdc137558 in term 2.
I20260710 13:23:49.738523 23445 leader_election.cc:304] T bd416fa9ea3f474488bd6381c1f70e7f P 4d58943194bf46b88031dddfdc137558 [CANDIDATE]: Term 2 election: Election decided. Result: candidate won. Election summary: received 2 responses out of 3 voters: 2 yes votes; 0 no votes. yes voters: 4d58943194bf46b88031dddfdc137558, 790ca2f1fed74ecfb9ccb05300f7fb48; no voters: 
I20260710 13:23:49.740754 23859 raft_consensus.cc:2804] T bd416fa9ea3f474488bd6381c1f70e7f P 4d58943194bf46b88031dddfdc137558 [term 2 FOLLOWER]: Leader election won for term 2
I20260710 13:23:49.741024 23207 raft_consensus.cc:2468] T bd416fa9ea3f474488bd6381c1f70e7f P c88552401bfb4b99a39281e55fe8a5bb [term 2 FOLLOWER]: Leader election vote request: Granting yes vote for candidate 4d58943194bf46b88031dddfdc137558 in term 2.
I20260710 13:23:49.743062 23859 raft_consensus.cc:697] T bd416fa9ea3f474488bd6381c1f70e7f P 4d58943194bf46b88031dddfdc137558 [term 2 LEADER]: Becoming Leader. State: Replica: 4d58943194bf46b88031dddfdc137558, State: Running, Role: LEADER
