I20260710 13:23:26.513093 17850 raft_consensus.cc:2468] T e9fdae739fbc4173a2bba27e21f0b23e P 5cdab486d82b4e1e98311225a9012690 [term 1 FOLLOWER]: Leader election vote request: Granting yes vote for candidate 3b44d7e8c66a4fca8806e5629b809d40 in term 1.
I20260710 13:23:26.520964 18130 leader_election.cc:290] T e9fdae739fbc4173a2bba27e21f0b23e P 3b44d7e8c66a4fca8806e5629b809d40 [CANDIDATE]: Term 1 election: Requested vote from peers 5cdab486d82b4e1e98311225a9012690 (127.16.90.193:41033), 0ba55a2fc56a45d3a558db556ec00512 (127.16.90.195:33049)
I20260710 13:23:26.521709 17999 tablet_service.cc:1917] Received RequestConsensusVote() RPC: tablet_id: "e9fdae739fbc4173a2bba27e21f0b23e" candidate_uuid: "3b44d7e8c66a4fca8806e5629b809d40" candidate_term: 1 candidate_status { last_received { term: 0 index: 0 } } ignore_live_leader: false dest_uuid: "0ba55a2fc56a45d3a558db556ec00512"
I20260710 13:23:26.522351 17999 raft_consensus.cc:3060] T e9fdae739fbc4173a2bba27e21f0b23e P 0ba55a2fc56a45d3a558db556ec00512 [term 0 FOLLOWER]: Advancing to term 1
I20260710 13:23:26.522432 17891 leader_election.cc:304] T e9fdae739fbc4173a2bba27e21f0b23e P 3b44d7e8c66a4fca8806e5629b809d40 [CANDIDATE]: Term 1 election: Election decided. Result: candidate won. Election summary: received 2 responses out of 3 voters: 2 yes votes; 0 no votes. yes voters: 3b44d7e8c66a4fca8806e5629b809d40, 5cdab486d82b4e1e98311225a9012690; no voters: 
I20260710 13:23:26.524398 18040 tablet_bootstrap.cc:492] T c58a6db80170453b9e99de99df5f857d P 0ba55a2fc56a45d3a558db556ec00512: No bootstrap required, opened a new log
I20260710 13:23:26.525599 18040 ts_tablet_manager.cc:1403] T c58a6db80170453b9e99de99df5f857d P 0ba55a2fc56a45d3a558db556ec00512: Time spent bootstrapping tablet: real 0.085s	user 0.007s	sys 0.005s
I20260710 13:23:26.526242 18130 raft_consensus.cc:2804] T e9fdae739fbc4173a2bba27e21f0b23e P 3b44d7e8c66a4fca8806e5629b809d40 [term 1 FOLLOWER]: Leader election won for term 1
I20260710 13:23:26.527974 18130 raft_consensus.cc:697] T e9fdae739fbc4173a2bba27e21f0b23e P 3b44d7e8c66a4fca8806e5629b809d40 [term 1 LEADER]: Becoming Leader. State: Replica: 3b44d7e8c66a4fca8806e5629b809d40, State: Running, Role: LEADER
I20260710 13:23:26.529282 17999 raft_consensus.cc:2468] T e9fdae739fbc4173a2bba27e21f0b23e P 0ba55a2fc56a45d3a558db556ec00512 [term 1 FOLLOWER]: Leader election vote request: Granting yes vote for candidate 3b44d7e8c66a4fca8806e5629b809d40 in term 1.
I20260710 13:23:26.530979 17746 catalog_manager.cc:5697] T 5a4341cbb5994ef2acc87ca80dce0390 P 5cdab486d82b4e1e98311225a9012690 reported cstate change: term changed from 0 to 1, leader changed from <none> to 5cdab486d82b4e1e98311225a9012690 (127.16.90.193). New cstate: current_term: 1 leader_uuid: "5cdab486d82b4e1e98311225a9012690" committed_config { opid_index: -1 OBSOLETE_local: false peers { permanent_uuid: "5cdab486d82b4e1e98311225a9012690" member_type: VOTER last_known_addr { host: "127.16.90.193" port: 41033 } health_report { overall_health: HEALTHY } } peers { permanent_uuid: "3b44d7e8c66a4fca8806e5629b809d40" member_type: VOTER last_known_addr { host: "127.16.90.194" port: 34939 } health_report { overall_health: UNKNOWN } } peers { permanent_uuid: "0ba55a2fc56a45d3a558db556ec00512" member_type: VOTER last_known_addr { host: "127.16.90.195" port: 33049 } health_report { overall_health: UNKNOWN } } }
I20260710 13:23:26.533097 18041 tablet_bootstrap.cc:654] T e55004f6231a45f690071d3222af6269 P 3b44d7e8c66a4fca8806e5629b809d40: Neither blocks nor log segments found. Creating new log.
I20260710 13:23:26.532413 18130 consensus_queue.cc:237] T e9fdae739fbc4173a2bba27e21f0b23e P 3b44d7e8c66a4fca8806e5629b809d40 [LEADER]: Queue going to LEADER mode. State: All replicated index: 0, Majority replicated index: 0, Committed index: 0, Last appended: 0.0, Last appended by leader: 0, Current term: 1, Majority size: 2, State: 0, Mode: LEADER, active raft config: opid_index: -1 OBSOLETE_local: false peers { permanent_uuid: "5cdab486d82b4e1e98311225a9012690" member_type: VOTER last_known_addr { host: "127.16.90.193" port: 41033 } } peers { permanent_uuid: "3b44d7e8c66a4fca8806e5629b809d40" member_type: VOTER last_known_addr { host: "127.16.90.194" port: 34939 } } peers { permanent_uuid: "0ba55a2fc56a45d3a558db556ec00512" member_type: VOTER last_known_addr { host: "127.16.90.195" port: 33049 } }
I20260710 13:23:26.535740 18045 tablet_bootstrap.cc:492] T 3a7a4ba298c44533bceebbf4673aa9c0 P 5cdab486d82b4e1e98311225a9012690: No bootstrap required, opened a new log
I20260710 13:23:26.536228 18045 ts_tablet_manager.cc:1403] T 3a7a4ba298c44533bceebbf4673aa9c0 P 5cdab486d82b4e1e98311225a9012690: Time spent bootstrapping tablet: real 0.090s	user 0.023s	sys 0.055s
I20260710 13:23:26.539961 18045 raft_consensus.cc:359] T 3a7a4ba298c44533bceebbf4673aa9c0 P 5cdab486d82b4e1e98311225a9012690 [term 0 FOLLOWER]: Replica starting. Triggering 0 pending ops. Active config: opid_index: -1 OBSOLETE_local: false peers { permanent_uuid: "5cdab486d82b4e1e98311225a9012690" member_type: VOTER last_known_addr { host: "127.16.90.193" port: 41033 } } peers { permanent_uuid: "3b44d7e8c66a4fca8806e5629b809d40" member_type: VOTER last_known_addr { host: "127.16.90.194" port: 34939 } } peers { permanent_uuid: "0ba55a2fc56a45d3a558db556ec00512" member_type: VOTER last_known_addr { host: "127.16.90.195" port: 33049 } }
I20260710 13:23:26.540638 18045 raft_consensus.cc:385] T 3a7a4ba298c44533bceebbf4673aa9c0 P 5cdab486d82b4e1e98311225a9012690 [term 0 FOLLOWER]: Consensus starting up: Expiring failure detector timer to make a prompt election more likely
I20260710 13:23:26.540890 18045 raft_consensus.cc:740] T 3a7a4ba298c44533bceebbf4673aa9c0 P 5cdab486d82b4e1e98311225a9012690 [term 0 FOLLOWER]: Becoming Follower/Learner. State: Replica: 5cdab486d82b4e1e98311225a9012690, State: Initialized, Role: FOLLOWER
I20260710 13:23:26.541566 18045 consensus_queue.cc:260] T 3a7a4ba298c44533bceebbf4673aa9c0 P 5cdab486d82b4e1e98311225a9012690 [NON_LEADER]: Queue going to NON_LEADER mode. State: All replicated index: 0, Majority replicated index: 0, Committed index: 0, Last appended: 0.0, Last appended by leader: 0, Current term: 0, Majority size: -1, State: 0, Mode: NON_LEADER, active raft config: opid_index: -1 OBSOLETE_local: false peers { permanent_uuid: "5cdab486d82b4e1e98311225a9012690" member_type: VOTER last_known_addr { host: "127.16.90.193" port: 41033 } } peers { permanent_uuid: "3b44d7e8c66a4fca8806e5629b809d40" member_type: VOTER last_known_addr { host: "127.16.90.194" port: 34939 } } peers { permanent_uuid: "0ba55a2fc56a45d3a558db556ec00512" member_type: VOTER last_known_addr { host: "127.16.90.195" port: 33049 } }
I20260710 13:23:26.543756 18045 ts_tablet_manager.cc:1434] T 3a7a4ba298c44533bceebbf4673aa9c0 P 5cdab486d82b4e1e98311225a9012690: Time spent starting tablet: real 0.007s	user 0.007s	sys 0.000s
I20260710 13:23:26.544796 18045 tablet_bootstrap.cc:492] T 0fdc4019d8ca40299ea9a9d5494caa47 P 5cdab486d82b4e1e98311225a9012690: Bootstrap starting.
I20260710 13:23:26.548017 18040 raft_consensus.cc:359] T c58a6db80170453b9e99de99df5f857d P 0ba55a2fc56a45d3a558db556ec00512 [term 0 FOLLOWER]: Replica starting. Triggering 0 pending ops. Active config: opid_index: -1 OBSOLETE_local: false peers { permanent_uuid: "5cdab486d82b4e1e98311225a9012690" member_type: VOTER last_known_addr { host: "127.16.90.193" port: 41033 } } peers { permanent_uuid: "3b44d7e8c66a4fca8806e5629b809d40" member_type: VOTER last_known_addr { host: "127.16.90.194" port: 34939 } } peers { permanent_uuid: "0ba55a2fc56a45d3a558db556ec00512" member_type: VOTER last_known_addr { host: "127.16.90.195" port: 33049 } }
I20260710 13:23:26.550410 18040 raft_consensus.cc:385] T c58a6db80170453b9e99de99df5f857d P 0ba55a2fc56a45d3a558db556ec00512 [term 0 FOLLOWER]: Consensus starting up: Expiring failure detector timer to make a prompt election more likely
I20260710 13:23:26.550729 18045 tablet_bootstrap.cc:654] T 0fdc4019d8ca40299ea9a9d5494caa47 P 5cdab486d82b4e1e98311225a9012690: Neither blocks nor log segments found. Creating new log.
I20260710 13:23:26.550698 18040 raft_consensus.cc:740] T c58a6db80170453b9e99de99df5f857d P 0ba55a2fc56a45d3a558db556ec00512 [term 0 FOLLOWER]: Becoming Follower/Learner. State: Replica: 0ba55a2fc56a45d3a558db556ec00512, State: Initialized, Role: FOLLOWER
I20260710 13:23:26.551357 18041 tablet_bootstrap.cc:492] T e55004f6231a45f690071d3222af6269 P 3b44d7e8c66a4fca8806e5629b809d40: No bootstrap required, opened a new log
I20260710 13:23:26.551926 18041 ts_tablet_manager.cc:1403] T e55004f6231a45f690071d3222af6269 P 3b44d7e8c66a4fca8806e5629b809d40: Time spent bootstrapping tablet: real 0.068s	user 0.019s	sys 0.006s
I20260710 13:23:26.551513 18040 consensus_queue.cc:260] T c58a6db80170453b9e99de99df5f857d P 0ba55a2fc56a45d3a558db556ec00512 [NON_LEADER]: Queue going to NON_LEADER mode. State: All replicated index: 0, Majority replicated index: 0, Committed index: 0, Last appended: 0.0, Last appended by leader: 0, Current term: 0, Majority size: -1, State: 0, Mode: NON_LEADER, active raft config: opid_index: -1 OBSOLETE_local: false peers { permanent_uuid: "5cdab486d82b4e1e98311225a9012690" member_type: VOTER last_known_addr { host: "127.16.90.193" port: 41033 } } peers { permanent_uuid: "3b44d7e8c66a4fca8806e5629b809d40" member_type: VOTER last_known_addr { host: "127.16.90.194" port: 34939 } } peers { permanent_uuid: "0ba55a2fc56a45d3a558db556ec00512" member_type: VOTER last_known_addr { host: "127.16.90.195" port: 33049 } }
I20260710 13:23:26.553833 18040 ts_tablet_manager.cc:1434] T c58a6db80170453b9e99de99df5f857d P 0ba55a2fc56a45d3a558db556ec00512: Time spent starting tablet: real 0.027s	user 0.006s	sys 0.000s
I20260710 13:23:26.554559 18086 raft_consensus.cc:493] T 069142a5d7f94f4da4802e6c0c012526 P 3b44d7e8c66a4fca8806e5629b809d40 [term 0 FOLLOWER]: Starting pre-election (no leader contacted us within the election timeout)
I20260710 13:23:26.555054 18086 raft_consensus.cc:515] T 069142a5d7f94f4da4802e6c0c012526 P 3b44d7e8c66a4fca8806e5629b809d40 [term 0 FOLLOWER]: Starting pre-election with config: opid_index: -1 OBSOLETE_local: false peers { permanent_uuid: "5cdab486d82b4e1e98311225a9012690" member_type: VOTER last_known_addr { host: "127.16.90.193" port: 41033 } } peers { permanent_uuid: "3b44d7e8c66a4fca8806e5629b809d40" member_type: VOTER last_known_addr { host: "127.16.90.194" port: 34939 } } peers { permanent_uuid: "0ba55a2fc56a45d3a558db556ec00512" member_type: VOTER last_known_addr { host: "127.16.90.195" port: 33049 } }
I20260710 13:23:26.555292 18041 raft_consensus.cc:359] T e55004f6231a45f690071d3222af6269 P 3b44d7e8c66a4fca8806e5629b809d40 [term 0 FOLLOWER]: Replica starting. Triggering 0 pending ops. Active config: opid_index: -1 OBSOLETE_local: false peers { permanent_uuid: "5cdab486d82b4e1e98311225a9012690" member_type: VOTER last_known_addr { host: "127.16.90.193" port: 41033 } } peers { permanent_uuid: "3b44d7e8c66a4fca8806e5629b809d40" member_type: VOTER last_known_addr { host: "127.16.90.194" port: 34939 } } peers { permanent_uuid: "0ba55a2fc56a45d3a558db556ec00512" member_type: VOTER last_known_addr { host: "127.16.90.195" port: 33049 } }
I20260710 13:23:26.555753 18040 tablet_bootstrap.cc:492] T 511a049f189545a2a0b3fdc4f8a71656 P 0ba55a2fc56a45d3a558db556ec00512: Bootstrap starting.
I20260710 13:23:26.555915 18041 raft_consensus.cc:385] T e55004f6231a45f690071d3222af6269 P 3b44d7e8c66a4fca8806e5629b809d40 [term 0 FOLLOWER]: Consensus starting up: Expiring failure detector timer to make a prompt election more likely
I20260710 13:23:26.556219 18041 raft_consensus.cc:740] T e55004f6231a45f690071d3222af6269 P 3b44d7e8c66a4fca8806e5629b809d40 [term 0 FOLLOWER]: Becoming Follower/Learner. State: Replica: 3b44d7e8c66a4fca8806e5629b809d40, State: Initialized, Role: FOLLOWER
I20260710 13:23:26.557099 18086 leader_election.cc:290] T 069142a5d7f94f4da4802e6c0c012526 P 3b44d7e8c66a4fca8806e5629b809d40 [CANDIDATE]: Term 1 pre-election: Requested pre-vote from peers 5cdab486d82b4e1e98311225a9012690 (127.16.90.193:41033), 0ba55a2fc56a45d3a558db556ec00512 (127.16.90.195:33049)
I20260710 13:23:26.556972 18041 consensus_queue.cc:260] T e55004f6231a45f690071d3222af6269 P 3b44d7e8c66a4fca8806e5629b809d40 [NON_LEADER]: Queue going to NON_LEADER mode. State: All replicated index: 0, Majority replicated index: 0, Committed index: 0, Last appended: 0.0, Last appended by leader: 0, Current term: 0, Majority size: -1, State: 0, Mode: NON_LEADER, active raft config: opid_index: -1 OBSOLETE_local: false peers { permanent_uuid: "5cdab486d82b4e1e98311225a9012690" member_type: VOTER last_known_addr { host: "127.16.90.193" port: 41033 } } peers { permanent_uuid: "3b44d7e8c66a4fca8806e5629b809d40" member_type: VOTER last_known_addr { host: "127.16.90.194" port: 34939 } } peers { permanent_uuid: "0ba55a2fc56a45d3a558db556ec00512" member_type: VOTER last_known_addr { host: "127.16.90.195" port: 33049 } }
I20260710 13:23:26.559015 18041 ts_tablet_manager.cc:1434] T e55004f6231a45f690071d3222af6269 P 3b44d7e8c66a4fca8806e5629b809d40: Time spent starting tablet: real 0.007s	user 0.006s	sys 0.000s
I20260710 13:23:26.559082 17999 tablet_service.cc:1917] Received RequestConsensusVote() RPC: tablet_id: "069142a5d7f94f4da4802e6c0c012526" candidate_uuid: "3b44d7e8c66a4fca8806e5629b809d40" candidate_term: 1 candidate_status { last_received { term: 0 index: 0 } } ignore_live_leader: false dest_uuid: "0ba55a2fc56a45d3a558db556ec00512" is_pre_election: true
I20260710 13:23:26.559814 17999 raft_consensus.cc:2468] T 069142a5d7f94f4da4802e6c0c012526 P 0ba55a2fc56a45d3a558db556ec00512 [term 0 FOLLOWER]: Leader pre-election vote request: Granting yes vote for candidate 3b44d7e8c66a4fca8806e5629b809d40 in term 0.
I20260710 13:23:26.560138 18041 tablet_bootstrap.cc:492] T 0fdc4019d8ca40299ea9a9d5494caa47 P 3b44d7e8c66a4fca8806e5629b809d40: Bootstrap starting.
I20260710 13:23:26.561582 17850 tablet_service.cc:1917] Received RequestConsensusVote() RPC: tablet_id: "069142a5d7f94f4da4802e6c0c012526" candidate_uuid: "3b44d7e8c66a4fca8806e5629b809d40" candidate_term: 1 candidate_status { last_received { term: 0 index: 0 } } ignore_live_leader: false dest_uuid: "5cdab486d82b4e1e98311225a9012690" is_pre_election: true
I20260710 13:23:26.561923 17892 leader_election.cc:304] T 069142a5d7f94f4da4802e6c0c012526 P 3b44d7e8c66a4fca8806e5629b809d40 [CANDIDATE]: Term 1 pre-election: Election decided. Result: candidate won. Election summary: received 2 responses out of 3 voters: 2 yes votes; 0 no votes. yes voters: 0ba55a2fc56a45d3a558db556ec00512, 3b44d7e8c66a4fca8806e5629b809d40; no voters: 
W20260710 13:23:26.563119 17891 leader_election.cc:343] T 069142a5d7f94f4da4802e6c0c012526 P 3b44d7e8c66a4fca8806e5629b809d40 [CANDIDATE]: Term 1 pre-election: Tablet error from VoteRequest() call to peer 5cdab486d82b4e1e98311225a9012690 (127.16.90.193:41033): Illegal state: must be running to vote when last-logged opid is not known
I20260710 13:23:26.563120 18125 raft_consensus.cc:2804] T 069142a5d7f94f4da4802e6c0c012526 P 3b44d7e8c66a4fca8806e5629b809d40 [term 0 FOLLOWER]: Leader pre-election won for term 1
I20260710 13:23:26.564241 18125 raft_consensus.cc:493] T 069142a5d7f94f4da4802e6c0c012526 P 3b44d7e8c66a4fca8806e5629b809d40 [term 0 FOLLOWER]: Starting leader election (no leader contacted us within the election timeout)
I20260710 13:23:26.564543 18125 raft_consensus.cc:3060] T 069142a5d7f94f4da4802e6c0c012526 P 3b44d7e8c66a4fca8806e5629b809d40 [term 0 FOLLOWER]: Advancing to term 1
I20260710 13:23:26.562713 18040 tablet_bootstrap.cc:654] T 511a049f189545a2a0b3fdc4f8a71656 P 0ba55a2fc56a45d3a558db556ec00512: Neither blocks nor log segments found. Creating new log.
I20260710 13:23:26.571655 18125 raft_consensus.cc:515] T 069142a5d7f94f4da4802e6c0c012526 P 3b44d7e8c66a4fca8806e5629b809d40 [term 1 FOLLOWER]: Starting leader election with config: opid_index: -1 OBSOLETE_local: false peers { permanent_uuid: "5cdab486d82b4e1e98311225a9012690" member_type: VOTER last_known_addr { host: "127.16.90.193" port: 41033 } } peers { permanent_uuid: "3b44d7e8c66a4fca8806e5629b809d40" member_type: VOTER last_known_addr { host: "127.16.90.194" port: 34939 } } peers { permanent_uuid: "0ba55a2fc56a45d3a558db556ec00512" member_type: VOTER last_known_addr { host: "127.16.90.195" port: 33049 } }
I20260710 13:23:26.574350 17850 tablet_service.cc:1917] Received RequestConsensusVote() RPC: tablet_id: "069142a5d7f94f4da4802e6c0c012526" candidate_uuid: "3b44d7e8c66a4fca8806e5629b809d40" candidate_term: 1 candidate_status { last_received { term: 0 index: 0 } } ignore_live_leader: false dest_uuid: "5cdab486d82b4e1e98311225a9012690"
W20260710 13:23:26.575690 17891 leader_election.cc:343] T 069142a5d7f94f4da4802e6c0c012526 P 3b44d7e8c66a4fca8806e5629b809d40 [CANDIDATE]: Term 1 election: Tablet error from VoteRequest() call to peer 5cdab486d82b4e1e98311225a9012690 (127.16.90.193:41033): Illegal state: must be running to vote when last-logged opid is not known
I20260710 13:23:26.578540 18040 tablet_bootstrap.cc:492] T 511a049f189545a2a0b3fdc4f8a71656 P 0ba55a2fc56a45d3a558db556ec00512: No bootstrap required, opened a new log
I20260710 13:23:26.579051 18040 ts_tablet_manager.cc:1403] T 511a049f189545a2a0b3fdc4f8a71656 P 0ba55a2fc56a45d3a558db556ec00512: Time spent bootstrapping tablet: real 0.024s	user 0.013s	sys 0.000s
I20260710 13:23:26.580935 17999 tablet_service.cc:1917] Received RequestConsensusVote() RPC: tablet_id: "069142a5d7f94f4da4802e6c0c012526" candidate_uuid: "3b44d7e8c66a4fca8806e5629b809d40" candidate_term: 1 candidate_status { last_received { term: 0 index: 0 } } ignore_live_leader: false dest_uuid: "0ba55a2fc56a45d3a558db556ec00512"
I20260710 13:23:26.581552 17999 raft_consensus.cc:3060] T 069142a5d7f94f4da4802e6c0c012526 P 0ba55a2fc56a45d3a558db556ec00512 [term 0 FOLLOWER]: Advancing to term 1
I20260710 13:23:26.582686 18125 leader_election.cc:290] T 069142a5d7f94f4da4802e6c0c012526 P 3b44d7e8c66a4fca8806e5629b809d40 [CANDIDATE]: Term 1 election: Requested vote from peers 5cdab486d82b4e1e98311225a9012690 (127.16.90.193:41033), 0ba55a2fc56a45d3a558db556ec00512 (127.16.90.195:33049)
I20260710 13:23:26.583986 18045 tablet_bootstrap.cc:492] T 0fdc4019d8ca40299ea9a9d5494caa47 P 5cdab486d82b4e1e98311225a9012690: No bootstrap required, opened a new log
I20260710 13:23:26.584444 18045 ts_tablet_manager.cc:1403] T 0fdc4019d8ca40299ea9a9d5494caa47 P 5cdab486d82b4e1e98311225a9012690: Time spent bootstrapping tablet: real 0.040s	user 0.016s	sys 0.016s
I20260710 13:23:26.585327 18041 tablet_bootstrap.cc:654] T 0fdc4019d8ca40299ea9a9d5494caa47 P 3b44d7e8c66a4fca8806e5629b809d40: Neither blocks nor log segments found. Creating new log.
I20260710 13:23:26.585256 17748 catalog_manager.cc:5697] T e9fdae739fbc4173a2bba27e21f0b23e P 3b44d7e8c66a4fca8806e5629b809d40 reported cstate change: term changed from 0 to 1, leader changed from <none> to 3b44d7e8c66a4fca8806e5629b809d40 (127.16.90.194). New cstate: current_term: 1 leader_uuid: "3b44d7e8c66a4fca8806e5629b809d40" committed_config { opid_index: -1 OBSOLETE_local: false peers { permanent_uuid: "5cdab486d82b4e1e98311225a9012690" member_type: VOTER last_known_addr { host: "127.16.90.193" port: 41033 } health_report { overall_health: UNKNOWN } } peers { permanent_uuid: "3b44d7e8c66a4fca8806e5629b809d40" member_type: VOTER last_known_addr { host: "127.16.90.194" port: 34939 } health_report { overall_health: HEALTHY } } peers { permanent_uuid: "0ba55a2fc56a45d3a558db556ec00512" member_type: VOTER last_known_addr { host: "127.16.90.195" port: 33049 } health_report { overall_health: UNKNOWN } } }
I20260710 13:23:26.587083 18040 raft_consensus.cc:359] T 511a049f189545a2a0b3fdc4f8a71656 P 0ba55a2fc56a45d3a558db556ec00512 [term 0 FOLLOWER]: Replica starting. Triggering 0 pending ops. Active config: opid_index: -1 OBSOLETE_local: false peers { permanent_uuid: "5cdab486d82b4e1e98311225a9012690" member_type: VOTER last_known_addr { host: "127.16.90.193" port: 41033 } } peers { permanent_uuid: "3b44d7e8c66a4fca8806e5629b809d40" member_type: VOTER last_known_addr { host: "127.16.90.194" port: 34939 } } peers { permanent_uuid: "0ba55a2fc56a45d3a558db556ec00512" member_type: VOTER last_known_addr { host: "127.16.90.195" port: 33049 } }
I20260710 13:23:26.587716 18040 raft_consensus.cc:385] T 511a049f189545a2a0b3fdc4f8a71656 P 0ba55a2fc56a45d3a558db556ec00512 [term 0 FOLLOWER]: Consensus starting up: Expiring failure detector timer to make a prompt election more likely
I20260710 13:23:26.587987 18040 raft_consensus.cc:740] T 511a049f189545a2a0b3fdc4f8a71656 P 0ba55a2fc56a45d3a558db556ec00512 [term 0 FOLLOWER]: Becoming Follower/Learner. State: Replica: 0ba55a2fc56a45d3a558db556ec00512, State: Initialized, Role: FOLLOWER
I20260710 13:23:26.588310 17999 raft_consensus.cc:2468] T 069142a5d7f94f4da4802e6c0c012526 P 0ba55a2fc56a45d3a558db556ec00512 [term 1 FOLLOWER]: Leader election vote request: Granting yes vote for candidate 3b44d7e8c66a4fca8806e5629b809d40 in term 1.
I20260710 13:23:26.588646 18040 consensus_queue.cc:260] T 511a049f189545a2a0b3fdc4f8a71656 P 0ba55a2fc56a45d3a558db556ec00512 [NON_LEADER]: Queue going to NON_LEADER mode. State: All replicated index: 0, Majority replicated index: 0, Committed index: 0, Last appended: 0.0, Last appended by leader: 0, Current term: 0, Majority size: -1, State: 0, Mode: NON_LEADER, active raft config: opid_index: -1 OBSOLETE_local: false peers { permanent_uuid: "5cdab486d82b4e1e98311225a9012690" member_type: VOTER last_known_addr { host: "127.16.90.193" port: 41033 } } peers { permanent_uuid: "3b44d7e8c66a4fca8806e5629b809d40" member_type: VOTER last_known_addr { host: "127.16.90.194" port: 34939 } } peers { permanent_uuid: "0ba55a2fc56a45d3a558db556ec00512" member_type: VOTER last_known_addr { host: "127.16.90.195" port: 33049 } }
I20260710 13:23:26.589932 17892 leader_election.cc:304] T 069142a5d7f94f4da4802e6c0c012526 P 3b44d7e8c66a4fca8806e5629b809d40 [CANDIDATE]: Term 1 election: Election decided. Result: candidate won. Election summary: received 3 responses out of 3 voters: 2 yes votes; 1 no votes. yes voters: 0ba55a2fc56a45d3a558db556ec00512, 3b44d7e8c66a4fca8806e5629b809d40; no voters: 5cdab486d82b4e1e98311225a9012690
I20260710 13:23:26.590034 18045 raft_consensus.cc:359] T 0fdc4019d8ca40299ea9a9d5494caa47 P 5cdab486d82b4e1e98311225a9012690 [term 0 FOLLOWER]: Replica starting. Triggering 0 pending ops. Active config: opid_index: -1 OBSOLETE_local: false peers { permanent_uuid: "5cdab486d82b4e1e98311225a9012690" member_type: VOTER last_known_addr { host: "127.16.90.193" port: 41033 } } peers { permanent_uuid: "3b44d7e8c66a4fca8806e5629b809d40" member_type: VOTER last_known_addr { host: "127.16.90.194" port: 34939 } } peers { permanent_uuid: "0ba55a2fc56a45d3a558db556ec00512" member_type: VOTER last_known_addr { host: "127.16.90.195" port: 33049 } }
I20260710 13:23:26.590732 18045 raft_consensus.cc:385] T 0fdc4019d8ca40299ea9a9d5494caa47 P 5cdab486d82b4e1e98311225a9012690 [term 0 FOLLOWER]: Consensus starting up: Expiring failure detector timer to make a prompt election more likely
I20260710 13:23:26.591019 18045 raft_consensus.cc:740] T 0fdc4019d8ca40299ea9a9d5494caa47 P 5cdab486d82b4e1e98311225a9012690 [term 0 FOLLOWER]: Becoming Follower/Learner. State: Replica: 5cdab486d82b4e1e98311225a9012690, State: Initialized, Role: FOLLOWER
I20260710 13:23:26.591156 18125 raft_consensus.cc:2804] T 069142a5d7f94f4da4802e6c0c012526 P 3b44d7e8c66a4fca8806e5629b809d40 [term 1 FOLLOWER]: Leader election won for term 1
I20260710 13:23:26.591704 18125 raft_consensus.cc:697] T 069142a5d7f94f4da4802e6c0c012526 P 3b44d7e8c66a4fca8806e5629b809d40 [term 1 LEADER]: Becoming Leader. State: Replica: 3b44d7e8c66a4fca8806e5629b809d40, State: Running, Role: LEADER
I20260710 13:23:26.592605 18125 consensus_queue.cc:237] T 069142a5d7f94f4da4802e6c0c012526 P 3b44d7e8c66a4fca8806e5629b809d40 [LEADER]: Queue going to LEADER mode. State: All replicated index: 0, Majority replicated index: 0, Committed index: 0, Last appended: 0.0, Last appended by leader: 0, Current term: 1, Majority size: 2, State: 0, Mode: LEADER, active raft config: opid_index: -1 OBSOLETE_local: false peers { permanent_uuid: "5cdab486d82b4e1e98311225a9012690" member_type: VOTER last_known_addr { host: "127.16.90.193" port: 41033 } } peers { permanent_uuid: "3b44d7e8c66a4fca8806e5629b809d40" member_type: VOTER last_known_addr { host: "127.16.90.194" port: 34939 } } peers { permanent_uuid: "0ba55a2fc56a45d3a558db556ec00512" member_type: VOTER last_known_addr { host: "127.16.90.195" port: 33049 } }
I20260710 13:23:26.591671 18045 consensus_queue.cc:260] T 0fdc4019d8ca40299ea9a9d5494caa47 P 5cdab486d82b4e1e98311225a9012690 [NON_LEADER]: Queue going to NON_LEADER mode. State: All replicated index: 0, Majority replicated index: 0, Committed index: 0, Last appended: 0.0, Last appended by leader: 0, Current term: 0, Majority size: -1, State: 0, Mode: NON_LEADER, active raft config: opid_index: -1 OBSOLETE_local: false peers { permanent_uuid: "5cdab486d82b4e1e98311225a9012690" member_type: VOTER last_known_addr { host: "127.16.90.193" port: 41033 } } peers { permanent_uuid: "3b44d7e8c66a4fca8806e5629b809d40" member_type: VOTER last_known_addr { host: "127.16.90.194" port: 34939 } } peers { permanent_uuid: "0ba55a2fc56a45d3a558db556ec00512" member_type: VOTER last_known_addr { host: "127.16.90.195" port: 33049 } }
I20260710 13:23:26.596187 18040 ts_tablet_manager.cc:1434] T 511a049f189545a2a0b3fdc4f8a71656 P 0ba55a2fc56a45d3a558db556ec00512: Time spent starting tablet: real 0.017s	user 0.005s	sys 0.000s
I20260710 13:23:26.597085 18040 tablet_bootstrap.cc:492] T 0fdc4019d8ca40299ea9a9d5494caa47 P 0ba55a2fc56a45d3a558db556ec00512: Bootstrap starting.
I20260710 13:23:26.597846 18045 ts_tablet_manager.cc:1434] T 0fdc4019d8ca40299ea9a9d5494caa47 P 5cdab486d82b4e1e98311225a9012690: Time spent starting tablet: real 0.013s	user 0.007s	sys 0.000s
I20260710 13:23:26.598728 18045 tablet_bootstrap.cc:492] T a895633780d2456c8ddf993c18ec1604 P 5cdab486d82b4e1e98311225a9012690: Bootstrap starting.
I20260710 13:23:26.602929 18040 tablet_bootstrap.cc:654] T 0fdc4019d8ca40299ea9a9d5494caa47 P 0ba55a2fc56a45d3a558db556ec00512: Neither blocks nor log segments found. Creating new log.
I20260710 13:23:26.604358 18045 tablet_bootstrap.cc:654] T a895633780d2456c8ddf993c18ec1604 P 5cdab486d82b4e1e98311225a9012690: Neither blocks nor log segments found. Creating new log.
I20260710 13:23:26.609429 17999 raft_consensus.cc:3060] T 511a049f189545a2a0b3fdc4f8a71656 P 0ba55a2fc56a45d3a558db556ec00512 [term 0 FOLLOWER]: Advancing to term 1
I20260710 13:23:26.611945 18041 tablet_bootstrap.cc:492] T 0fdc4019d8ca40299ea9a9d5494caa47 P 3b44d7e8c66a4fca8806e5629b809d40: No bootstrap required, opened a new log
I20260710 13:23:26.612457 18041 ts_tablet_manager.cc:1403] T 0fdc4019d8ca40299ea9a9d5494caa47 P 3b44d7e8c66a4fca8806e5629b809d40: Time spent bootstrapping tablet: real 0.053s	user 0.015s	sys 0.000s
I20260710 13:23:26.616310 18040 tablet_bootstrap.cc:492] T 0fdc4019d8ca40299ea9a9d5494caa47 P 0ba55a2fc56a45d3a558db556ec00512: No bootstrap required, opened a new log
I20260710 13:23:26.616761 18040 ts_tablet_manager.cc:1403] T 0fdc4019d8ca40299ea9a9d5494caa47 P 0ba55a2fc56a45d3a558db556ec00512: Time spent bootstrapping tablet: real 0.020s	user 0.015s	sys 0.001s
I20260710 13:23:26.618381 18041 raft_consensus.cc:359] T 0fdc4019d8ca40299ea9a9d5494caa47 P 3b44d7e8c66a4fca8806e5629b809d40 [term 0 FOLLOWER]: Replica starting. Triggering 0 pending ops. Active config: opid_index: -1 OBSOLETE_local: false peers { permanent_uuid: "5cdab486d82b4e1e98311225a9012690" member_type: VOTER last_known_addr { host: "127.16.90.193" port: 41033 } } peers { permanent_uuid: "3b44d7e8c66a4fca8806e5629b809d40" member_type: VOTER last_known_addr { host: "127.16.90.194" port: 34939 } } peers { permanent_uuid: "0ba55a2fc56a45d3a558db556ec00512" member_type: VOTER last_known_addr { host: "127.16.90.195" port: 33049 } }
I20260710 13:23:26.619161 18041 raft_consensus.cc:385] T 0fdc4019d8ca40299ea9a9d5494caa47 P 3b44d7e8c66a4fca8806e5629b809d40 [term 0 FOLLOWER]: Consensus starting up: Expiring failure detector timer to make a prompt election more likely
I20260710 13:23:26.619470 18041 raft_consensus.cc:740] T 0fdc4019d8ca40299ea9a9d5494caa47 P 3b44d7e8c66a4fca8806e5629b809d40 [term 0 FOLLOWER]: Becoming Follower/Learner. State: Replica: 3b44d7e8c66a4fca8806e5629b809d40, State: Initialized, Role: FOLLOWER
I20260710 13:23:26.620150 18041 consensus_queue.cc:260] T 0fdc4019d8ca40299ea9a9d5494caa47 P 3b44d7e8c66a4fca8806e5629b809d40 [NON_LEADER]: Queue going to NON_LEADER mode. State: All replicated index: 0, Majority replicated index: 0, Committed index: 0, Last appended: 0.0, Last appended by leader: 0, Current term: 0, Majority size: -1, State: 0, Mode: NON_LEADER, active raft config: opid_index: -1 OBSOLETE_local: false peers { permanent_uuid: "5cdab486d82b4e1e98311225a9012690" member_type: VOTER last_known_addr { host: "127.16.90.193" port: 41033 } } peers { permanent_uuid: "3b44d7e8c66a4fca8806e5629b809d40" member_type: VOTER last_known_addr { host: "127.16.90.194" port: 34939 } } peers { permanent_uuid: "0ba55a2fc56a45d3a558db556ec00512" member_type: VOTER last_known_addr { host: "127.16.90.195" port: 33049 } }
I20260710 13:23:26.621711 18130 consensus_queue.cc:1048] T 511a049f189545a2a0b3fdc4f8a71656 P 3b44d7e8c66a4fca8806e5629b809d40 [LEADER]: Connected to new peer: Peer: permanent_uuid: "0ba55a2fc56a45d3a558db556ec00512" member_type: VOTER last_known_addr { host: "127.16.90.195" port: 33049 }, Status: LMP_MISMATCH, Last received: 0.0, Next index: 1, Last known committed idx: 0, Time since last communication: 0.000s
I20260710 13:23:26.623721 18040 raft_consensus.cc:359] T 0fdc4019d8ca40299ea9a9d5494caa47 P 0ba55a2fc56a45d3a558db556ec00512 [term 0 FOLLOWER]: Replica starting. Triggering 0 pending ops. Active config: opid_index: -1 OBSOLETE_local: false peers { permanent_uuid: "5cdab486d82b4e1e98311225a9012690" member_type: VOTER last_known_addr { host: "127.16.90.193" port: 41033 } } peers { permanent_uuid: "3b44d7e8c66a4fca8806e5629b809d40" member_type: VOTER last_known_addr { host: "127.16.90.194" port: 34939 } } peers { permanent_uuid: "0ba55a2fc56a45d3a558db556ec00512" member_type: VOTER last_known_addr { host: "127.16.90.195" port: 33049 } }
I20260710 13:23:26.624328 17746 catalog_manager.cc:5697] T 069142a5d7f94f4da4802e6c0c012526 P 3b44d7e8c66a4fca8806e5629b809d40 reported cstate change: term changed from 0 to 1, leader changed from <none> to 3b44d7e8c66a4fca8806e5629b809d40 (127.16.90.194). New cstate: current_term: 1 leader_uuid: "3b44d7e8c66a4fca8806e5629b809d40" committed_config { opid_index: -1 OBSOLETE_local: false peers { permanent_uuid: "5cdab486d82b4e1e98311225a9012690" member_type: VOTER last_known_addr { host: "127.16.90.193" port: 41033 } health_report { overall_health: UNKNOWN } } peers { permanent_uuid: "3b44d7e8c66a4fca8806e5629b809d40" member_type: VOTER last_known_addr { host: "127.16.90.194" port: 34939 } health_report { overall_health: HEALTHY } } peers { permanent_uuid: "0ba55a2fc56a45d3a558db556ec00512" member_type: VOTER last_known_addr { host: "127.16.90.195" port: 33049 } health_report { overall_health: UNKNOWN } } }
I20260710 13:23:26.625062 18041 ts_tablet_manager.cc:1434] T 0fdc4019d8ca40299ea9a9d5494caa47 P 3b44d7e8c66a4fca8806e5629b809d40: Time spent starting tablet: real 0.012s	user 0.008s	sys 0.000s
I20260710 13:23:26.626055 18041 tablet_bootstrap.cc:492] T 5930ea139f664dc2a662d0e6170ce1c7 P 3b44d7e8c66a4fca8806e5629b809d40: Bootstrap starting.
I20260710 13:23:26.624368 18040 raft_consensus.cc:385] T 0fdc4019d8ca40299ea9a9d5494caa47 P 0ba55a2fc56a45d3a558db556ec00512 [term 0 FOLLOWER]: Consensus starting up: Expiring failure detector timer to make a prompt election more likely
I20260710 13:23:26.627666 18040 raft_consensus.cc:740] T 0fdc4019d8ca40299ea9a9d5494caa47 P 0ba55a2fc56a45d3a558db556ec00512 [term 0 FOLLOWER]: Becoming Follower/Learner. State: Replica: 0ba55a2fc56a45d3a558db556ec00512, State: Initialized, Role: FOLLOWER
I20260710 13:23:26.628463 18045 tablet_bootstrap.cc:492] T a895633780d2456c8ddf993c18ec1604 P 5cdab486d82b4e1e98311225a9012690: No bootstrap required, opened a new log
I20260710 13:23:26.628275 18040 consensus_queue.cc:260] T 0fdc4019d8ca40299ea9a9d5494caa47 P 0ba55a2fc56a45d3a558db556ec00512 [NON_LEADER]: Queue going to NON_LEADER mode. State: All replicated index: 0, Majority replicated index: 0, Committed index: 0, Last appended: 0.0, Last appended by leader: 0, Current term: 0, Majority size: -1, State: 0, Mode: NON_LEADER, active raft config: opid_index: -1 OBSOLETE_local: false peers { permanent_uuid: "5cdab486d82b4e1e98311225a9012690" member_type: VOTER last_known_addr { host: "127.16.90.193" port: 41033 } } peers { permanent_uuid: "3b44d7e8c66a4fca8806e5629b809d40" member_type: VOTER last_known_addr { host: "127.16.90.194" port: 34939 } } peers { permanent_uuid: "0ba55a2fc56a45d3a558db556ec00512" member_type: VOTER last_known_addr { host: "127.16.90.195" port: 33049 } }
I20260710 13:23:26.628899 18045 ts_tablet_manager.cc:1403] T a895633780d2456c8ddf993c18ec1604 P 5cdab486d82b4e1e98311225a9012690: Time spent bootstrapping tablet: real 0.030s	user 0.003s	sys 0.008s
I20260710 13:23:26.630347 18040 ts_tablet_manager.cc:1434] T 0fdc4019d8ca40299ea9a9d5494caa47 P 0ba55a2fc56a45d3a558db556ec00512: Time spent starting tablet: real 0.013s	user 0.006s	sys 0.001s
I20260710 13:23:26.631273 18040 tablet_bootstrap.cc:492] T 3a7a4ba298c44533bceebbf4673aa9c0 P 0ba55a2fc56a45d3a558db556ec00512: Bootstrap starting.
I20260710 13:23:26.631640 18045 raft_consensus.cc:359] T a895633780d2456c8ddf993c18ec1604 P 5cdab486d82b4e1e98311225a9012690 [term 0 FOLLOWER]: Replica starting. Triggering 0 pending ops. Active config: opid_index: -1 OBSOLETE_local: false peers { permanent_uuid: "5cdab486d82b4e1e98311225a9012690" member_type: VOTER last_known_addr { host: "127.16.90.193" port: 41033 } } peers { permanent_uuid: "3b44d7e8c66a4fca8806e5629b809d40" member_type: VOTER last_known_addr { host: "127.16.90.194" port: 34939 } } peers { permanent_uuid: "0ba55a2fc56a45d3a558db556ec00512" member_type: VOTER last_known_addr { host: "127.16.90.195" port: 33049 } }
I20260710 13:23:26.632262 18045 raft_consensus.cc:385] T a895633780d2456c8ddf993c18ec1604 P 5cdab486d82b4e1e98311225a9012690 [term 0 FOLLOWER]: Consensus starting up: Expiring failure detector timer to make a prompt election more likely
I20260710 13:23:26.632596 18045 raft_consensus.cc:740] T a895633780d2456c8ddf993c18ec1604 P 5cdab486d82b4e1e98311225a9012690 [term 0 FOLLOWER]: Becoming Follower/Learner. State: Replica: 5cdab486d82b4e1e98311225a9012690, State: Initialized, Role: FOLLOWER
I20260710 13:23:26.633252 18045 consensus_queue.cc:260] T a895633780d2456c8ddf993c18ec1604 P 5cdab486d82b4e1e98311225a9012690 [NON_LEADER]: Queue going to NON_LEADER mode. State: All replicated index: 0, Majority replicated index: 0, Committed index: 0, Last appended: 0.0, Last appended by leader: 0, Current term: 0, Majority size: -1, State: 0, Mode: NON_LEADER, active raft config: opid_index: -1 OBSOLETE_local: false peers { permanent_uuid: "5cdab486d82b4e1e98311225a9012690" member_type: VOTER last_known_addr { host: "127.16.90.193" port: 41033 } } peers { permanent_uuid: "3b44d7e8c66a4fca8806e5629b809d40" member_type: VOTER last_known_addr { host: "127.16.90.194" port: 34939 } } peers { permanent_uuid: "0ba55a2fc56a45d3a558db556ec00512" member_type: VOTER last_known_addr { host: "127.16.90.195" port: 33049 } }
I20260710 13:23:26.634681 18125 raft_consensus.cc:493] T e55004f6231a45f690071d3222af6269 P 3b44d7e8c66a4fca8806e5629b809d40 [term 0 FOLLOWER]: Starting pre-election (no leader contacted us within the election timeout)
I20260710 13:23:26.635212 18045 ts_tablet_manager.cc:1434] T a895633780d2456c8ddf993c18ec1604 P 5cdab486d82b4e1e98311225a9012690: Time spent starting tablet: real 0.006s	user 0.008s	sys 0.000s
I20260710 13:23:26.635174 18125 raft_consensus.cc:515] T e55004f6231a45f690071d3222af6269 P 3b44d7e8c66a4fca8806e5629b809d40 [term 0 FOLLOWER]: Starting pre-election with config: opid_index: -1 OBSOLETE_local: false peers { permanent_uuid: "5cdab486d82b4e1e98311225a9012690" member_type: VOTER last_known_addr { host: "127.16.90.193" port: 41033 } } peers { permanent_uuid: "3b44d7e8c66a4fca8806e5629b809d40" member_type: VOTER last_known_addr { host: "127.16.90.194" port: 34939 } } peers { permanent_uuid: "0ba55a2fc56a45d3a558db556ec00512" member_type: VOTER last_known_addr { host: "127.16.90.195" port: 33049 } }
I20260710 13:23:26.636133 18045 tablet_bootstrap.cc:492] T c58a6db80170453b9e99de99df5f857d P 5cdab486d82b4e1e98311225a9012690: Bootstrap starting.
I20260710 13:23:26.637912 17850 tablet_service.cc:1917] Received RequestConsensusVote() RPC: tablet_id: "e55004f6231a45f690071d3222af6269" candidate_uuid: "3b44d7e8c66a4fca8806e5629b809d40" candidate_term: 1 candidate_status { last_received { term: 0 index: 0 } } ignore_live_leader: false dest_uuid: "5cdab486d82b4e1e98311225a9012690" is_pre_election: true
I20260710 13:23:26.641888 18040 tablet_bootstrap.cc:654] T 3a7a4ba298c44533bceebbf4673aa9c0 P 0ba55a2fc56a45d3a558db556ec00512: Neither blocks nor log segments found. Creating new log.
I20260710 13:23:26.641773 18125 leader_election.cc:290] T e55004f6231a45f690071d3222af6269 P 3b44d7e8c66a4fca8806e5629b809d40 [CANDIDATE]: Term 1 pre-election: Requested pre-vote from peers 5cdab486d82b4e1e98311225a9012690 (127.16.90.193:41033), 0ba55a2fc56a45d3a558db556ec00512 (127.16.90.195:33049)
I20260710 13:23:26.642310 17997 tablet_service.cc:1917] Received RequestConsensusVote() RPC: tablet_id: "e55004f6231a45f690071d3222af6269" candidate_uuid: "3b44d7e8c66a4fca8806e5629b809d40" candidate_term: 1 candidate_status { last_received { term: 0 index: 0 } } ignore_live_leader: false dest_uuid: "0ba55a2fc56a45d3a558db556ec00512" is_pre_election: true
I20260710 13:23:26.643474 17997 raft_consensus.cc:2393] T e55004f6231a45f690071d3222af6269 P 0ba55a2fc56a45d3a558db556ec00512 [term 1 FOLLOWER]: Leader pre-election vote request: Denying vote to candidate 3b44d7e8c66a4fca8806e5629b809d40 in current term 1: Already voted for candidate 5cdab486d82b4e1e98311225a9012690 in this term.
I20260710 13:23:26.652659 18041 tablet_bootstrap.cc:654] T 5930ea139f664dc2a662d0e6170ce1c7 P 3b44d7e8c66a4fca8806e5629b809d40: Neither blocks nor log segments found. Creating new log.
I20260710 13:23:26.654181 18045 tablet_bootstrap.cc:654] T c58a6db80170453b9e99de99df5f857d P 5cdab486d82b4e1e98311225a9012690: Neither blocks nor log segments found. Creating new log.
I20260710 13:23:26.661559 17892 leader_election.cc:304] T e55004f6231a45f690071d3222af6269 P 3b44d7e8c66a4fca8806e5629b809d40 [CANDIDATE]: Term 1 pre-election: Election decided. Result: candidate lost. Election summary: received 3 responses out of 3 voters: 1 yes votes; 2 no votes. yes voters: 3b44d7e8c66a4fca8806e5629b809d40; no voters: 0ba55a2fc56a45d3a558db556ec00512, 5cdab486d82b4e1e98311225a9012690
I20260710 13:23:26.662446 18130 raft_consensus.cc:3060] T e55004f6231a45f690071d3222af6269 P 3b44d7e8c66a4fca8806e5629b809d40 [term 0 FOLLOWER]: Advancing to term 1
I20260710 13:23:26.670882 18125 consensus_queue.cc:1048] T 511a049f189545a2a0b3fdc4f8a71656 P 3b44d7e8c66a4fca8806e5629b809d40 [LEADER]: Connected to new peer: Peer: permanent_uuid: "5cdab486d82b4e1e98311225a9012690" member_type: VOTER last_known_addr { host: "127.16.90.193" port: 41033 }, Status: LMP_MISMATCH, Last received: 0.0, Next index: 1, Last known committed idx: 0, Time since last communication: 0.000s
I20260710 13:23:26.672669 18041 tablet_bootstrap.cc:492] T 5930ea139f664dc2a662d0e6170ce1c7 P 3b44d7e8c66a4fca8806e5629b809d40: No bootstrap required, opened a new log
I20260710 13:23:26.673067 18041 ts_tablet_manager.cc:1403] T 5930ea139f664dc2a662d0e6170ce1c7 P 3b44d7e8c66a4fca8806e5629b809d40: Time spent bootstrapping tablet: real 0.047s	user 0.011s	sys 0.004s
I20260710 13:23:26.675650 18041 raft_consensus.cc:359] T 5930ea139f664dc2a662d0e6170ce1c7 P 3b44d7e8c66a4fca8806e5629b809d40 [term 0 FOLLOWER]: Replica starting. Triggering 0 pending ops. Active config: opid_index: -1 OBSOLETE_local: false peers { permanent_uuid: "5cdab486d82b4e1e98311225a9012690" member_type: VOTER last_known_addr { host: "127.16.90.193" port: 41033 } } peers { permanent_uuid: "3b44d7e8c66a4fca8806e5629b809d40" member_type: VOTER last_known_addr { host: "127.16.90.194" port: 34939 } } peers { permanent_uuid: "0ba55a2fc56a45d3a558db556ec00512" member_type: VOTER last_known_addr { host: "127.16.90.195" port: 33049 } }
I20260710 13:23:26.676296 18041 raft_consensus.cc:385] T 5930ea139f664dc2a662d0e6170ce1c7 P 3b44d7e8c66a4fca8806e5629b809d40 [term 0 FOLLOWER]: Consensus starting up: Expiring failure detector timer to make a prompt election more likely
I20260710 13:23:26.676568 18041 raft_consensus.cc:740] T 5930ea139f664dc2a662d0e6170ce1c7 P 3b44d7e8c66a4fca8806e5629b809d40 [term 0 FOLLOWER]: Becoming Follower/Learner. State: Replica: 3b44d7e8c66a4fca8806e5629b809d40, State: Initialized, Role: FOLLOWER
I20260710 13:23:26.677188 18041 consensus_queue.cc:260] T 5930ea139f664dc2a662d0e6170ce1c7 P 3b44d7e8c66a4fca8806e5629b809d40 [NON_LEADER]: Queue going to NON_LEADER mode. State: All replicated index: 0, Majority replicated index: 0, Committed index: 0, Last appended: 0.0, Last appended by leader: 0, Current term: 0, Majority size: -1, State: 0, Mode: NON_LEADER, active raft config: opid_index: -1 OBSOLETE_local: false peers { permanent_uuid: "5cdab486d82b4e1e98311225a9012690" member_type: VOTER last_known_addr { host: "127.16.90.193" port: 41033 } } peers { permanent_uuid: "3b44d7e8c66a4fca8806e5629b809d40" member_type: VOTER last_known_addr { host: "127.16.90.194" port: 34939 } } peers { permanent_uuid: "0ba55a2fc56a45d3a558db556ec00512" member_type: VOTER last_known_addr { host: "127.16.90.195" port: 33049 } }
I20260710 13:23:26.678937 18041 ts_tablet_manager.cc:1434] T 5930ea139f664dc2a662d0e6170ce1c7 P 3b44d7e8c66a4fca8806e5629b809d40: Time spent starting tablet: real 0.006s	user 0.003s	sys 0.001s
I20260710 13:23:26.679821 18041 tablet_bootstrap.cc:492] T 5a4341cbb5994ef2acc87ca80dce0390 P 3b44d7e8c66a4fca8806e5629b809d40: Bootstrap starting.
I20260710 13:23:26.687417 18041 tablet_bootstrap.cc:654] T 5a4341cbb5994ef2acc87ca80dce0390 P 3b44d7e8c66a4fca8806e5629b809d40: Neither blocks nor log segments found. Creating new log.
I20260710 13:23:26.689205 18130 raft_consensus.cc:2749] T e55004f6231a45f690071d3222af6269 P 3b44d7e8c66a4fca8806e5629b809d40 [term 1 FOLLOWER]: Leader pre-election lost for term 1. Reason: could not achieve majority
W20260710 13:23:26.690240 17892 outbound_call.cc:321] RPC callback for RPC call kudu.consensus.ConsensusService.RequestConsensusVote -> {remote=127.16.90.195:33049, user_credentials={real_user=slave}} blocked reactor thread for 45595.5us
I20260710 13:23:26.691409 18041 tablet_bootstrap.cc:492] T 5a4341cbb5994ef2acc87ca80dce0390 P 3b44d7e8c66a4fca8806e5629b809d40: No bootstrap required, opened a new log
I20260710 13:23:26.691864 18041 ts_tablet_manager.cc:1403] T 5a4341cbb5994ef2acc87ca80dce0390 P 3b44d7e8c66a4fca8806e5629b809d40: Time spent bootstrapping tablet: real 0.012s	user 0.008s	sys 0.000s
I20260710 13:23:26.692013 17924 raft_consensus.cc:3060] T 5930ea139f664dc2a662d0e6170ce1c7 P 3b44d7e8c66a4fca8806e5629b809d40 [term 0 FOLLOWER]: Advancing to term 1
I20260710 13:23:26.694598 18041 raft_consensus.cc:359] T 5a4341cbb5994ef2acc87ca80dce0390 P 3b44d7e8c66a4fca8806e5629b809d40 [term 0 FOLLOWER]: Replica starting. Triggering 0 pending ops. Active config: opid_index: -1 OBSOLETE_local: false peers { permanent_uuid: "5cdab486d82b4e1e98311225a9012690" member_type: VOTER last_known_addr { host: "127.16.90.193" port: 41033 } } peers { permanent_uuid: "3b44d7e8c66a4fca8806e5629b809d40" member_type: VOTER last_known_addr { host: "127.16.90.194" port: 34939 } } peers { permanent_uuid: "0ba55a2fc56a45d3a558db556ec00512" member_type: VOTER last_known_addr { host: "127.16.90.195" port: 33049 } }
I20260710 13:23:26.695264 18041 raft_consensus.cc:385] T 5a4341cbb5994ef2acc87ca80dce0390 P 3b44d7e8c66a4fca8806e5629b809d40 [term 0 FOLLOWER]: Consensus starting up: Expiring failure detector timer to make a prompt election more likely
I20260710 13:23:26.695533 18041 raft_consensus.cc:740] T 5a4341cbb5994ef2acc87ca80dce0390 P 3b44d7e8c66a4fca8806e5629b809d40 [term 0 FOLLOWER]: Becoming Follower/Learner. State: Replica: 3b44d7e8c66a4fca8806e5629b809d40, State: Initialized, Role: FOLLOWER
I20260710 13:23:26.696175 18041 consensus_queue.cc:260] T 5a4341cbb5994ef2acc87ca80dce0390 P 3b44d7e8c66a4fca8806e5629b809d40 [NON_LEADER]: Queue going to NON_LEADER mode. State: All replicated index: 0, Majority replicated index: 0, Committed index: 0, Last appended: 0.0, Last appended by leader: 0, Current term: 0, Majority size: -1, State: 0, Mode: NON_LEADER, active raft config: opid_index: -1 OBSOLETE_local: false peers { permanent_uuid: "5cdab486d82b4e1e98311225a9012690" member_type: VOTER last_known_addr { host: "127.16.90.193" port: 41033 } } peers { permanent_uuid: "3b44d7e8c66a4fca8806e5629b809d40" member_type: VOTER last_known_addr { host: "127.16.90.194" port: 34939 } } peers { permanent_uuid: "0ba55a2fc56a45d3a558db556ec00512" member_type: VOTER last_known_addr { host: "127.16.90.195" port: 33049 } }
I20260710 13:23:26.709427 18041 ts_tablet_manager.cc:1434] T 5a4341cbb5994ef2acc87ca80dce0390 P 3b44d7e8c66a4fca8806e5629b809d40: Time spent starting tablet: real 0.017s	user 0.007s	sys 0.000s
I20260710 13:23:26.719667 18045 tablet_bootstrap.cc:492] T c58a6db80170453b9e99de99df5f857d P 5cdab486d82b4e1e98311225a9012690: No bootstrap required, opened a new log
I20260710 13:23:26.720196 18045 ts_tablet_manager.cc:1403] T c58a6db80170453b9e99de99df5f857d P 5cdab486d82b4e1e98311225a9012690: Time spent bootstrapping tablet: real 0.084s	user 0.022s	sys 0.018s
I20260710 13:23:26.724036 18045 raft_consensus.cc:359] T c58a6db80170453b9e99de99df5f857d P 5cdab486d82b4e1e98311225a9012690 [term 0 FOLLOWER]: Replica starting. Triggering 0 pending ops. Active config: opid_index: -1 OBSOLETE_local: false peers { permanent_uuid: "5cdab486d82b4e1e98311225a9012690" member_type: VOTER last_known_addr { host: "127.16.90.193" port: 41033 } } peers { permanent_uuid: "3b44d7e8c66a4fca8806e5629b809d40" member_type: VOTER last_known_addr { host: "127.16.90.194" port: 34939 } } peers { permanent_uuid: "0ba55a2fc56a45d3a558db556ec00512" member_type: VOTER last_known_addr { host: "127.16.90.195" port: 33049 } }
I20260710 13:23:26.724725 18045 raft_consensus.cc:385] T c58a6db80170453b9e99de99df5f857d P 5cdab486d82b4e1e98311225a9012690 [term 0 FOLLOWER]: Consensus starting up: Expiring failure detector timer to make a prompt election more likely
I20260710 13:23:26.724445 18049 consensus_queue.cc:1048] T a895633780d2456c8ddf993c18ec1604 P 3b44d7e8c66a4fca8806e5629b809d40 [LEADER]: Connected to new peer: Peer: permanent_uuid: "0ba55a2fc56a45d3a558db556ec00512" member_type: VOTER last_known_addr { host: "127.16.90.195" port: 33049 }, Status: LMP_MISMATCH, Last received: 0.0, Next index: 1, Last known committed idx: 0, Time since last communication: 0.000s
I20260710 13:23:26.725807 18045 raft_consensus.cc:740] T c58a6db80170453b9e99de99df5f857d P 5cdab486d82b4e1e98311225a9012690 [term 0 FOLLOWER]: Becoming Follower/Learner. State: Replica: 5cdab486d82b4e1e98311225a9012690, State: Initialized, Role: FOLLOWER
I20260710 13:23:26.726581 18045 consensus_queue.cc:260] T c58a6db80170453b9e99de99df5f857d P 5cdab486d82b4e1e98311225a9012690 [NON_LEADER]: Queue going to NON_LEADER mode. State: All replicated index: 0, Majority replicated index: 0, Committed index: 0, Last appended: 0.0, Last appended by leader: 0, Current term: 0, Majority size: -1, State: 0, Mode: NON_LEADER, active raft config: opid_index: -1 OBSOLETE_local: false peers { permanent_uuid: "5cdab486d82b4e1e98311225a9012690" member_type: VOTER last_known_addr { host: "127.16.90.193" port: 41033 } } peers { permanent_uuid: "3b44d7e8c66a4fca8806e5629b809d40" member_type: VOTER last_known_addr { host: "127.16.90.194" port: 34939 } } peers { permanent_uuid: "0ba55a2fc56a45d3a558db556ec00512" member_type: VOTER last_known_addr { host: "127.16.90.195" port: 33049 } }
I20260710 13:23:26.728767 18045 ts_tablet_manager.cc:1434] T c58a6db80170453b9e99de99df5f857d P 5cdab486d82b4e1e98311225a9012690: Time spent starting tablet: real 0.008s	user 0.006s	sys 0.000s
I20260710 13:23:26.729702 18045 tablet_bootstrap.cc:492] T 069142a5d7f94f4da4802e6c0c012526 P 5cdab486d82b4e1e98311225a9012690: Bootstrap starting.
I20260710 13:23:26.731184 18040 tablet_bootstrap.cc:492] T 3a7a4ba298c44533bceebbf4673aa9c0 P 0ba55a2fc56a45d3a558db556ec00512: No bootstrap required, opened a new log
I20260710 13:23:26.731663 18040 ts_tablet_manager.cc:1403] T 3a7a4ba298c44533bceebbf4673aa9c0 P 0ba55a2fc56a45d3a558db556ec00512: Time spent bootstrapping tablet: real 0.101s	user 0.031s	sys 0.010s
I20260710 13:23:26.734544 18040 raft_consensus.cc:359] T 3a7a4ba298c44533bceebbf4673aa9c0 P 0ba55a2fc56a45d3a558db556ec00512 [term 0 FOLLOWER]: Replica starting. Triggering 0 pending ops. Active config: opid_index: -1 OBSOLETE_local: false peers { permanent_uuid: "5cdab486d82b4e1e98311225a9012690" member_type: VOTER last_known_addr { host: "127.16.90.193" port: 41033 } } peers { permanent_uuid: "3b44d7e8c66a4fca8806e5629b809d40" member_type: VOTER last_known_addr { host: "127.16.90.194" port: 34939 } } peers { permanent_uuid: "0ba55a2fc56a45d3a558db556ec00512" member_type: VOTER last_known_addr { host: "127.16.90.195" port: 33049 } }
