I20260710 13:23:36.223564 23863 tablet_bootstrap.cc:492] T 4e815aa62b5647eda1362252176b5bf5 P 8240a59ef0304c9f94e24853a7507fb8: Bootstrap replayed 1/1 log segments. Stats: ops{read=2 overwritten=0 applied=2 ignored=0} inserts{seen=0 ignored=0} mutations{seen=0 ignored=0} orphaned_commits=0. Pending: 0 replicates
I20260710 13:23:36.224484 23863 tablet_bootstrap.cc:492] T 4e815aa62b5647eda1362252176b5bf5 P 8240a59ef0304c9f94e24853a7507fb8: Bootstrap complete.
I20260710 13:23:36.225169 23863 ts_tablet_manager.cc:1403] T 4e815aa62b5647eda1362252176b5bf5 P 8240a59ef0304c9f94e24853a7507fb8: Time spent bootstrapping tablet: real 0.019s	user 0.014s	sys 0.005s
I20260710 13:23:36.228025 23863 raft_consensus.cc:359] T 4e815aa62b5647eda1362252176b5bf5 P 8240a59ef0304c9f94e24853a7507fb8 [term 1 LEARNER]: Replica starting. Triggering 0 pending ops. Active config: opid_index: 2 OBSOLETE_local: false peers { permanent_uuid: "c752db4a4300446cb7311bd1e54cdf14" member_type: VOTER last_known_addr { host: "127.21.135.1" port: 32865 } } peers { permanent_uuid: "fa4a41ba3afd48d6b06c61d26a2816a5" member_type: VOTER last_known_addr { host: "127.21.135.2" port: 37165 } attrs { replace: true } } peers { permanent_uuid: "97e2b088c52448a9aa7b24d29eccb9d9" member_type: VOTER last_known_addr { host: "127.21.135.3" port: 45675 } } peers { permanent_uuid: "8240a59ef0304c9f94e24853a7507fb8" member_type: NON_VOTER last_known_addr { host: "127.21.135.4" port: 37223 } attrs { promote: true } }
I20260710 13:23:36.228879 23863 raft_consensus.cc:740] T 4e815aa62b5647eda1362252176b5bf5 P 8240a59ef0304c9f94e24853a7507fb8 [term 1 LEARNER]: Becoming Follower/Learner. State: Replica: 8240a59ef0304c9f94e24853a7507fb8, State: Initialized, Role: LEARNER
I20260710 13:23:36.229525 23863 consensus_queue.cc:260] T 4e815aa62b5647eda1362252176b5bf5 P 8240a59ef0304c9f94e24853a7507fb8 [NON_LEADER]: Queue going to NON_LEADER mode. State: All replicated index: 0, Majority replicated index: 0, Committed index: 2, Last appended: 1.2, Last appended by leader: 2, Current term: 0, Majority size: -1, State: 0, Mode: NON_LEADER, active raft config: opid_index: 2 OBSOLETE_local: false peers { permanent_uuid: "c752db4a4300446cb7311bd1e54cdf14" member_type: VOTER last_known_addr { host: "127.21.135.1" port: 32865 } } peers { permanent_uuid: "fa4a41ba3afd48d6b06c61d26a2816a5" member_type: VOTER last_known_addr { host: "127.21.135.2" port: 37165 } attrs { replace: true } } peers { permanent_uuid: "97e2b088c52448a9aa7b24d29eccb9d9" member_type: VOTER last_known_addr { host: "127.21.135.3" port: 45675 } } peers { permanent_uuid: "8240a59ef0304c9f94e24853a7507fb8" member_type: NON_VOTER last_known_addr { host: "127.21.135.4" port: 37223 } attrs { promote: true } }
I20260710 13:23:36.231839 23863 ts_tablet_manager.cc:1434] T 4e815aa62b5647eda1362252176b5bf5 P 8240a59ef0304c9f94e24853a7507fb8: Time spent starting tablet: real 0.006s	user 0.004s	sys 0.000s
I20260710 13:23:36.233414 23342 tablet_copy_service.cc:342] P 97e2b088c52448a9aa7b24d29eccb9d9: Request end of tablet copy session 8240a59ef0304c9f94e24853a7507fb8-4e815aa62b5647eda1362252176b5bf5 received from {username='slave'} at 127.0.0.1:39084
I20260710 13:23:36.233816 23342 tablet_copy_service.cc:434] P 97e2b088c52448a9aa7b24d29eccb9d9: ending tablet copy session 8240a59ef0304c9f94e24853a7507fb8-4e815aa62b5647eda1362252176b5bf5 on tablet 4e815aa62b5647eda1362252176b5bf5 with peer 8240a59ef0304c9f94e24853a7507fb8
I20260710 13:23:36.242249 23863 ts_tablet_manager.cc:933] T 45155b9db19941738893b5bd1682e3c9 P 8240a59ef0304c9f94e24853a7507fb8: Initiating tablet copy from peer 97e2b088c52448a9aa7b24d29eccb9d9 (127.21.135.3:45675)
I20260710 13:23:36.243827 23863 tablet_copy_client.cc:323] T 45155b9db19941738893b5bd1682e3c9 P 8240a59ef0304c9f94e24853a7507fb8: tablet copy: Beginning tablet copy session from remote peer at address 127.21.135.3:45675
I20260710 13:23:36.245344 23342 tablet_copy_service.cc:140] P 97e2b088c52448a9aa7b24d29eccb9d9: Received BeginTabletCopySession request for tablet 45155b9db19941738893b5bd1682e3c9 from peer 8240a59ef0304c9f94e24853a7507fb8 ({username='slave'} at 127.0.0.1:39084)
I20260710 13:23:36.245914 23342 tablet_copy_service.cc:161] P 97e2b088c52448a9aa7b24d29eccb9d9: Beginning new tablet copy session on tablet 45155b9db19941738893b5bd1682e3c9 from peer 8240a59ef0304c9f94e24853a7507fb8 at {username='slave'} at 127.0.0.1:39084: session id = 8240a59ef0304c9f94e24853a7507fb8-45155b9db19941738893b5bd1682e3c9
I20260710 13:23:36.252115 23342 tablet_copy_source_session.cc:215] T 45155b9db19941738893b5bd1682e3c9 P 97e2b088c52448a9aa7b24d29eccb9d9: Tablet Copy: opened 0 blocks and 1 log segments
I20260710 13:23:36.254777 23863 data_dirs.cc:400] Could only allocate 1 dirs of requested 3 for tablet 45155b9db19941738893b5bd1682e3c9. 1 dirs total, 0 dirs full, 0 dirs failed
I20260710 13:23:36.269645 23863 tablet_copy_client.cc:806] T 45155b9db19941738893b5bd1682e3c9 P 8240a59ef0304c9f94e24853a7507fb8: tablet copy: Starting download of 0 data blocks...
I20260710 13:23:36.270159 23863 tablet_copy_client.cc:670] T 45155b9db19941738893b5bd1682e3c9 P 8240a59ef0304c9f94e24853a7507fb8: tablet copy: Starting download of 1 WAL segments...
I20260710 13:23:36.274447 23863 tablet_copy_client.cc:538] T 45155b9db19941738893b5bd1682e3c9 P 8240a59ef0304c9f94e24853a7507fb8: tablet copy: Tablet Copy complete. Replacing tablet superblock.
I20260710 13:23:36.280632 23863 tablet_bootstrap.cc:492] T 45155b9db19941738893b5bd1682e3c9 P 8240a59ef0304c9f94e24853a7507fb8: Bootstrap starting.
I20260710 13:23:36.294893 23863 tablet_bootstrap.cc:492] T 45155b9db19941738893b5bd1682e3c9 P 8240a59ef0304c9f94e24853a7507fb8: Bootstrap replayed 1/1 log segments. Stats: ops{read=2 overwritten=0 applied=2 ignored=0} inserts{seen=0 ignored=0} mutations{seen=0 ignored=0} orphaned_commits=0. Pending: 0 replicates
I20260710 13:23:36.295666 23863 tablet_bootstrap.cc:492] T 45155b9db19941738893b5bd1682e3c9 P 8240a59ef0304c9f94e24853a7507fb8: Bootstrap complete.
I20260710 13:23:36.296241 23863 ts_tablet_manager.cc:1403] T 45155b9db19941738893b5bd1682e3c9 P 8240a59ef0304c9f94e24853a7507fb8: Time spent bootstrapping tablet: real 0.016s	user 0.011s	sys 0.004s
I20260710 13:23:36.298622 23863 raft_consensus.cc:359] T 45155b9db19941738893b5bd1682e3c9 P 8240a59ef0304c9f94e24853a7507fb8 [term 1 LEARNER]: Replica starting. Triggering 0 pending ops. Active config: opid_index: 2 OBSOLETE_local: false peers { permanent_uuid: "c752db4a4300446cb7311bd1e54cdf14" member_type: VOTER last_known_addr { host: "127.21.135.1" port: 32865 } } peers { permanent_uuid: "fa4a41ba3afd48d6b06c61d26a2816a5" member_type: VOTER last_known_addr { host: "127.21.135.2" port: 37165 } attrs { replace: true } } peers { permanent_uuid: "97e2b088c52448a9aa7b24d29eccb9d9" member_type: VOTER last_known_addr { host: "127.21.135.3" port: 45675 } } peers { permanent_uuid: "8240a59ef0304c9f94e24853a7507fb8" member_type: NON_VOTER last_known_addr { host: "127.21.135.4" port: 37223 } attrs { promote: true } }
I20260710 13:23:36.299212 23863 raft_consensus.cc:740] T 45155b9db19941738893b5bd1682e3c9 P 8240a59ef0304c9f94e24853a7507fb8 [term 1 LEARNER]: Becoming Follower/Learner. State: Replica: 8240a59ef0304c9f94e24853a7507fb8, State: Initialized, Role: LEARNER
I20260710 13:23:36.299654 23863 consensus_queue.cc:260] T 45155b9db19941738893b5bd1682e3c9 P 8240a59ef0304c9f94e24853a7507fb8 [NON_LEADER]: Queue going to NON_LEADER mode. State: All replicated index: 0, Majority replicated index: 0, Committed index: 2, Last appended: 1.2, Last appended by leader: 2, Current term: 0, Majority size: -1, State: 0, Mode: NON_LEADER, active raft config: opid_index: 2 OBSOLETE_local: false peers { permanent_uuid: "c752db4a4300446cb7311bd1e54cdf14" member_type: VOTER last_known_addr { host: "127.21.135.1" port: 32865 } } peers { permanent_uuid: "fa4a41ba3afd48d6b06c61d26a2816a5" member_type: VOTER last_known_addr { host: "127.21.135.2" port: 37165 } attrs { replace: true } } peers { permanent_uuid: "97e2b088c52448a9aa7b24d29eccb9d9" member_type: VOTER last_known_addr { host: "127.21.135.3" port: 45675 } } peers { permanent_uuid: "8240a59ef0304c9f94e24853a7507fb8" member_type: NON_VOTER last_known_addr { host: "127.21.135.4" port: 37223 } attrs { promote: true } }
I20260710 13:23:36.301198 23863 ts_tablet_manager.cc:1434] T 45155b9db19941738893b5bd1682e3c9 P 8240a59ef0304c9f94e24853a7507fb8: Time spent starting tablet: real 0.005s	user 0.008s	sys 0.000s
I20260710 13:23:36.303077 23342 tablet_copy_service.cc:342] P 97e2b088c52448a9aa7b24d29eccb9d9: Request end of tablet copy session 8240a59ef0304c9f94e24853a7507fb8-45155b9db19941738893b5bd1682e3c9 received from {username='slave'} at 127.0.0.1:39084
I20260710 13:23:36.303434 23342 tablet_copy_service.cc:434] P 97e2b088c52448a9aa7b24d29eccb9d9: ending tablet copy session 8240a59ef0304c9f94e24853a7507fb8-45155b9db19941738893b5bd1682e3c9 on tablet 45155b9db19941738893b5bd1682e3c9 with peer 8240a59ef0304c9f94e24853a7507fb8
I20260710 13:23:36.454187 23604 raft_consensus.cc:1217] T 3645c44e61c845ba81c60d746963741f P 8240a59ef0304c9f94e24853a7507fb8 [term 1 LEARNER]: Deduplicated request from leader. Original: 1.1->[1.2-1.2]   Dedup: 1.2->[]
I20260710 13:23:36.597848 23604 raft_consensus.cc:1217] T 4e815aa62b5647eda1362252176b5bf5 P 8240a59ef0304c9f94e24853a7507fb8 [term 1 LEARNER]: Deduplicated request from leader. Original: 1.1->[1.2-1.2]   Dedup: 1.2->[]
I20260710 13:23:36.617002 23604 raft_consensus.cc:1217] T 361c40b54c1448baad1ad2498481b014 P 8240a59ef0304c9f94e24853a7507fb8 [term 1 LEARNER]: Deduplicated request from leader. Original: 1.1->[1.2-1.2]   Dedup: 1.2->[]
I20260710 13:23:36.839469 23604 raft_consensus.cc:1217] T 45155b9db19941738893b5bd1682e3c9 P 8240a59ef0304c9f94e24853a7507fb8 [term 1 LEARNER]: Deduplicated request from leader. Original: 1.1->[1.2-1.2]   Dedup: 1.2->[]
I20260710 13:23:36.954879 23855 raft_consensus.cc:1064] T 3645c44e61c845ba81c60d746963741f P 97e2b088c52448a9aa7b24d29eccb9d9: attempting to promote NON_VOTER 8240a59ef0304c9f94e24853a7507fb8 to VOTER
I20260710 13:23:36.957288 23855 consensus_queue.cc:237] T 3645c44e61c845ba81c60d746963741f P 97e2b088c52448a9aa7b24d29eccb9d9 [LEADER]: Queue going to LEADER mode. State: All replicated index: 0, Majority replicated index: 2, Committed index: 2, Last appended: 1.2, Last appended by leader: 0, Current term: 1, Majority size: 3, State: 0, Mode: LEADER, active raft config: opid_index: 3 OBSOLETE_local: false peers { permanent_uuid: "c752db4a4300446cb7311bd1e54cdf14" member_type: VOTER last_known_addr { host: "127.21.135.1" port: 32865 } attrs { replace: true } } peers { permanent_uuid: "fa4a41ba3afd48d6b06c61d26a2816a5" member_type: VOTER last_known_addr { host: "127.21.135.2" port: 37165 } } peers { permanent_uuid: "97e2b088c52448a9aa7b24d29eccb9d9" member_type: VOTER last_known_addr { host: "127.21.135.3" port: 45675 } } peers { permanent_uuid: "8240a59ef0304c9f94e24853a7507fb8" member_type: VOTER last_known_addr { host: "127.21.135.4" port: 37223 } attrs { promote: false } }
I20260710 13:23:36.963526 23604 raft_consensus.cc:1275] T 3645c44e61c845ba81c60d746963741f P 8240a59ef0304c9f94e24853a7507fb8 [term 1 LEARNER]: Refusing update from remote peer 97e2b088c52448a9aa7b24d29eccb9d9: Log matching property violated. Preceding OpId in replica: term: 1 index: 2. Preceding OpId from leader: term: 1 index: 3. (index mismatch)
I20260710 13:23:36.963696 23255 raft_consensus.cc:1275] T 3645c44e61c845ba81c60d746963741f P fa4a41ba3afd48d6b06c61d26a2816a5 [term 1 FOLLOWER]: Refusing update from remote peer 97e2b088c52448a9aa7b24d29eccb9d9: Log matching property violated. Preceding OpId in replica: term: 1 index: 2. Preceding OpId from leader: term: 1 index: 3. (index mismatch)
I20260710 13:23:36.965016 23183 raft_consensus.cc:1275] T 3645c44e61c845ba81c60d746963741f P c752db4a4300446cb7311bd1e54cdf14 [term 1 FOLLOWER]: Refusing update from remote peer 97e2b088c52448a9aa7b24d29eccb9d9: Log matching property violated. Preceding OpId in replica: term: 1 index: 2. Preceding OpId from leader: term: 1 index: 3. (index mismatch)
I20260710 13:23:36.965104 23823 consensus_queue.cc:1048] T 3645c44e61c845ba81c60d746963741f P 97e2b088c52448a9aa7b24d29eccb9d9 [LEADER]: Connected to new peer: Peer: permanent_uuid: "fa4a41ba3afd48d6b06c61d26a2816a5" member_type: VOTER last_known_addr { host: "127.21.135.2" port: 37165 }, Status: LMP_MISMATCH, Last received: 0.0, Next index: 3, Last known committed idx: 2, Time since last communication: 0.001s
I20260710 13:23:36.966324 23855 consensus_queue.cc:1048] T 3645c44e61c845ba81c60d746963741f P 97e2b088c52448a9aa7b24d29eccb9d9 [LEADER]: Connected to new peer: Peer: permanent_uuid: "8240a59ef0304c9f94e24853a7507fb8" member_type: VOTER last_known_addr { host: "127.21.135.4" port: 37223 } attrs { promote: false }, Status: LMP_MISMATCH, Last received: 0.0, Next index: 3, Last known committed idx: 2, Time since last communication: 0.000s
I20260710 13:23:36.967130 23850 consensus_queue.cc:1048] T 3645c44e61c845ba81c60d746963741f P 97e2b088c52448a9aa7b24d29eccb9d9 [LEADER]: Connected to new peer: Peer: permanent_uuid: "c752db4a4300446cb7311bd1e54cdf14" member_type: VOTER last_known_addr { host: "127.21.135.1" port: 32865 } attrs { replace: true }, Status: LMP_MISMATCH, Last received: 0.0, Next index: 3, Last known committed idx: 2, Time since last communication: 0.000s
I20260710 13:23:36.978014 23823 raft_consensus.cc:2955] T 3645c44e61c845ba81c60d746963741f P 97e2b088c52448a9aa7b24d29eccb9d9 [term 1 LEADER]: Committing config change with OpId 1.3: config changed from index 2 to 3, 8240a59ef0304c9f94e24853a7507fb8 (127.21.135.4) changed from NON_VOTER to VOTER. New config: { opid_index: 3 OBSOLETE_local: false peers { permanent_uuid: "c752db4a4300446cb7311bd1e54cdf14" member_type: VOTER last_known_addr { host: "127.21.135.1" port: 32865 } attrs { replace: true } } peers { permanent_uuid: "fa4a41ba3afd48d6b06c61d26a2816a5" member_type: VOTER last_known_addr { host: "127.21.135.2" port: 37165 } } peers { permanent_uuid: "97e2b088c52448a9aa7b24d29eccb9d9" member_type: VOTER last_known_addr { host: "127.21.135.3" port: 45675 } } peers { permanent_uuid: "8240a59ef0304c9f94e24853a7507fb8" member_type: VOTER last_known_addr { host: "127.21.135.4" port: 37223 } attrs { promote: false } } }
I20260710 13:23:36.979854 23604 raft_consensus.cc:2955] T 3645c44e61c845ba81c60d746963741f P 8240a59ef0304c9f94e24853a7507fb8 [term 1 FOLLOWER]: Committing config change with OpId 1.3: config changed from index 2 to 3, 8240a59ef0304c9f94e24853a7507fb8 (127.21.135.4) changed from NON_VOTER to VOTER. New config: { opid_index: 3 OBSOLETE_local: false peers { permanent_uuid: "c752db4a4300446cb7311bd1e54cdf14" member_type: VOTER last_known_addr { host: "127.21.135.1" port: 32865 } attrs { replace: true } } peers { permanent_uuid: "fa4a41ba3afd48d6b06c61d26a2816a5" member_type: VOTER last_known_addr { host: "127.21.135.2" port: 37165 } } peers { permanent_uuid: "97e2b088c52448a9aa7b24d29eccb9d9" member_type: VOTER last_known_addr { host: "127.21.135.3" port: 45675 } } peers { permanent_uuid: "8240a59ef0304c9f94e24853a7507fb8" member_type: VOTER last_known_addr { host: "127.21.135.4" port: 37223 } attrs { promote: false } } }
I20260710 13:23:36.986882 23257 raft_consensus.cc:2955] T 3645c44e61c845ba81c60d746963741f P fa4a41ba3afd48d6b06c61d26a2816a5 [term 1 FOLLOWER]: Committing config change with OpId 1.3: config changed from index 2 to 3, 8240a59ef0304c9f94e24853a7507fb8 (127.21.135.4) changed from NON_VOTER to VOTER. New config: { opid_index: 3 OBSOLETE_local: false peers { permanent_uuid: "c752db4a4300446cb7311bd1e54cdf14" member_type: VOTER last_known_addr { host: "127.21.135.1" port: 32865 } attrs { replace: true } } peers { permanent_uuid: "fa4a41ba3afd48d6b06c61d26a2816a5" member_type: VOTER last_known_addr { host: "127.21.135.2" port: 37165 } } peers { permanent_uuid: "97e2b088c52448a9aa7b24d29eccb9d9" member_type: VOTER last_known_addr { host: "127.21.135.3" port: 45675 } } peers { permanent_uuid: "8240a59ef0304c9f94e24853a7507fb8" member_type: VOTER last_known_addr { host: "127.21.135.4" port: 37223 } attrs { promote: false } } }
I20260710 13:23:36.991645 23079 catalog_manager.cc:5697] T 3645c44e61c845ba81c60d746963741f P 8240a59ef0304c9f94e24853a7507fb8 reported cstate change: config changed from index 2 to 3, 8240a59ef0304c9f94e24853a7507fb8 (127.21.135.4) changed from NON_VOTER to VOTER. New cstate: current_term: 1 leader_uuid: "97e2b088c52448a9aa7b24d29eccb9d9" committed_config { opid_index: 3 OBSOLETE_local: false peers { permanent_uuid: "c752db4a4300446cb7311bd1e54cdf14" member_type: VOTER last_known_addr { host: "127.21.135.1" port: 32865 } attrs { replace: true } } peers { permanent_uuid: "fa4a41ba3afd48d6b06c61d26a2816a5" member_type: VOTER last_known_addr { host: "127.21.135.2" port: 37165 } } peers { permanent_uuid: "97e2b088c52448a9aa7b24d29eccb9d9" member_type: VOTER last_known_addr { host: "127.21.135.3" port: 45675 } } peers { permanent_uuid: "8240a59ef0304c9f94e24853a7507fb8" member_type: VOTER last_known_addr { host: "127.21.135.4" port: 37223 } attrs { promote: false } } }
I20260710 13:23:36.993898 23183 raft_consensus.cc:2955] T 3645c44e61c845ba81c60d746963741f P c752db4a4300446cb7311bd1e54cdf14 [term 1 FOLLOWER]: Committing config change with OpId 1.3: config changed from index 2 to 3, 8240a59ef0304c9f94e24853a7507fb8 (127.21.135.4) changed from NON_VOTER to VOTER. New config: { opid_index: 3 OBSOLETE_local: false peers { permanent_uuid: "c752db4a4300446cb7311bd1e54cdf14" member_type: VOTER last_known_addr { host: "127.21.135.1" port: 32865 } attrs { replace: true } } peers { permanent_uuid: "fa4a41ba3afd48d6b06c61d26a2816a5" member_type: VOTER last_known_addr { host: "127.21.135.2" port: 37165 } } peers { permanent_uuid: "97e2b088c52448a9aa7b24d29eccb9d9" member_type: VOTER last_known_addr { host: "127.21.135.3" port: 45675 } } peers { permanent_uuid: "8240a59ef0304c9f94e24853a7507fb8" member_type: VOTER last_known_addr { host: "127.21.135.4" port: 37223 } attrs { promote: false } } }
I20260710 13:23:37.017740 23332 consensus_queue.cc:237] T 3645c44e61c845ba81c60d746963741f P 97e2b088c52448a9aa7b24d29eccb9d9 [LEADER]: Queue going to LEADER mode. State: All replicated index: 0, Majority replicated index: 3, Committed index: 3, Last appended: 1.3, Last appended by leader: 0, Current term: 1, Majority size: 2, State: 0, Mode: LEADER, active raft config: opid_index: 4 OBSOLETE_local: false peers { permanent_uuid: "fa4a41ba3afd48d6b06c61d26a2816a5" member_type: VOTER last_known_addr { host: "127.21.135.2" port: 37165 } } peers { permanent_uuid: "97e2b088c52448a9aa7b24d29eccb9d9" member_type: VOTER last_known_addr { host: "127.21.135.3" port: 45675 } } peers { permanent_uuid: "8240a59ef0304c9f94e24853a7507fb8" member_type: VOTER last_known_addr { host: "127.21.135.4" port: 37223 } attrs { promote: false } }
I20260710 13:23:37.022544 23604 raft_consensus.cc:1275] T 3645c44e61c845ba81c60d746963741f P 8240a59ef0304c9f94e24853a7507fb8 [term 1 FOLLOWER]: Refusing update from remote peer 97e2b088c52448a9aa7b24d29eccb9d9: Log matching property violated. Preceding OpId in replica: term: 1 index: 3. Preceding OpId from leader: term: 1 index: 4. (index mismatch)
I20260710 13:23:37.023638 23257 raft_consensus.cc:1275] T 3645c44e61c845ba81c60d746963741f P fa4a41ba3afd48d6b06c61d26a2816a5 [term 1 FOLLOWER]: Refusing update from remote peer 97e2b088c52448a9aa7b24d29eccb9d9: Log matching property violated. Preceding OpId in replica: term: 1 index: 3. Preceding OpId from leader: term: 1 index: 4. (index mismatch)
I20260710 13:23:37.023856 23855 consensus_queue.cc:1048] T 3645c44e61c845ba81c60d746963741f P 97e2b088c52448a9aa7b24d29eccb9d9 [LEADER]: Connected to new peer: Peer: permanent_uuid: "8240a59ef0304c9f94e24853a7507fb8" member_type: VOTER last_known_addr { host: "127.21.135.4" port: 37223 } attrs { promote: false }, Status: LMP_MISMATCH, Last received: 0.0, Next index: 4, Last known committed idx: 3, Time since last communication: 0.000s
I20260710 13:23:37.025858 23823 consensus_queue.cc:1048] T 3645c44e61c845ba81c60d746963741f P 97e2b088c52448a9aa7b24d29eccb9d9 [LEADER]: Connected to new peer: Peer: permanent_uuid: "fa4a41ba3afd48d6b06c61d26a2816a5" member_type: VOTER last_known_addr { host: "127.21.135.2" port: 37165 }, Status: LMP_MISMATCH, Last received: 0.0, Next index: 4, Last known committed idx: 3, Time since last communication: 0.000s
I20260710 13:23:37.030488 23823 raft_consensus.cc:2955] T 3645c44e61c845ba81c60d746963741f P 97e2b088c52448a9aa7b24d29eccb9d9 [term 1 LEADER]: Committing config change with OpId 1.4: config changed from index 3 to 4, VOTER c752db4a4300446cb7311bd1e54cdf14 (127.21.135.1) evicted. New config: { opid_index: 4 OBSOLETE_local: false peers { permanent_uuid: "fa4a41ba3afd48d6b06c61d26a2816a5" member_type: VOTER last_known_addr { host: "127.21.135.2" port: 37165 } } peers { permanent_uuid: "97e2b088c52448a9aa7b24d29eccb9d9" member_type: VOTER last_known_addr { host: "127.21.135.3" port: 45675 } } peers { permanent_uuid: "8240a59ef0304c9f94e24853a7507fb8" member_type: VOTER last_known_addr { host: "127.21.135.4" port: 37223 } attrs { promote: false } } }
I20260710 13:23:37.032996 23604 raft_consensus.cc:2955] T 3645c44e61c845ba81c60d746963741f P 8240a59ef0304c9f94e24853a7507fb8 [term 1 FOLLOWER]: Committing config change with OpId 1.4: config changed from index 3 to 4, VOTER c752db4a4300446cb7311bd1e54cdf14 (127.21.135.1) evicted. New config: { opid_index: 4 OBSOLETE_local: false peers { permanent_uuid: "fa4a41ba3afd48d6b06c61d26a2816a5" member_type: VOTER last_known_addr { host: "127.21.135.2" port: 37165 } } peers { permanent_uuid: "97e2b088c52448a9aa7b24d29eccb9d9" member_type: VOTER last_known_addr { host: "127.21.135.3" port: 45675 } } peers { permanent_uuid: "8240a59ef0304c9f94e24853a7507fb8" member_type: VOTER last_known_addr { host: "127.21.135.4" port: 37223 } attrs { promote: false } } }
I20260710 13:23:37.036224 23257 raft_consensus.cc:2955] T 3645c44e61c845ba81c60d746963741f P fa4a41ba3afd48d6b06c61d26a2816a5 [term 1 FOLLOWER]: Committing config change with OpId 1.4: config changed from index 3 to 4, VOTER c752db4a4300446cb7311bd1e54cdf14 (127.21.135.1) evicted. New config: { opid_index: 4 OBSOLETE_local: false peers { permanent_uuid: "fa4a41ba3afd48d6b06c61d26a2816a5" member_type: VOTER last_known_addr { host: "127.21.135.2" port: 37165 } } peers { permanent_uuid: "97e2b088c52448a9aa7b24d29eccb9d9" member_type: VOTER last_known_addr { host: "127.21.135.3" port: 45675 } } peers { permanent_uuid: "8240a59ef0304c9f94e24853a7507fb8" member_type: VOTER last_known_addr { host: "127.21.135.4" port: 37223 } attrs { promote: false } } }
I20260710 13:23:37.040161 23066 catalog_manager.cc:5210] ChangeConfig:REMOVE_PEER RPC for tablet 3645c44e61c845ba81c60d746963741f with cas_config_opid_index 3: ChangeConfig:REMOVE_PEER succeeded (attempt 1)
I20260710 13:23:37.046662 23079 catalog_manager.cc:5697] T 3645c44e61c845ba81c60d746963741f P 8240a59ef0304c9f94e24853a7507fb8 reported cstate change: config changed from index 3 to 4, VOTER c752db4a4300446cb7311bd1e54cdf14 (127.21.135.1) evicted. New cstate: current_term: 1 leader_uuid: "97e2b088c52448a9aa7b24d29eccb9d9" committed_config { opid_index: 4 OBSOLETE_local: false peers { permanent_uuid: "fa4a41ba3afd48d6b06c61d26a2816a5" member_type: VOTER last_known_addr { host: "127.21.135.2" port: 37165 } } peers { permanent_uuid: "97e2b088c52448a9aa7b24d29eccb9d9" member_type: VOTER last_known_addr { host: "127.21.135.3" port: 45675 } } peers { permanent_uuid: "8240a59ef0304c9f94e24853a7507fb8" member_type: VOTER last_known_addr { host: "127.21.135.4" port: 37223 } attrs { promote: false } } }
I20260710 13:23:37.057030 23169 tablet_service.cc:1558] Processing DeleteTablet for tablet 3645c44e61c845ba81c60d746963741f with delete_type TABLET_DATA_TOMBSTONED (TS c752db4a4300446cb7311bd1e54cdf14 not found in new config with opid_index 4) from {username='slave'} at 127.0.0.1:54244
I20260710 13:23:37.061697 23887 tablet_replica.cc:333] T 3645c44e61c845ba81c60d746963741f P c752db4a4300446cb7311bd1e54cdf14: stopping tablet replica
I20260710 13:23:37.062598 23887 raft_consensus.cc:2243] T 3645c44e61c845ba81c60d746963741f P c752db4a4300446cb7311bd1e54cdf14 [term 1 FOLLOWER]: Raft consensus shutting down.
I20260710 13:23:37.063265 23887 raft_consensus.cc:2272] T 3645c44e61c845ba81c60d746963741f P c752db4a4300446cb7311bd1e54cdf14 [term 1 FOLLOWER]: Raft consensus is shut down!
I20260710 13:23:37.066429 23887 ts_tablet_manager.cc:1916] T 3645c44e61c845ba81c60d746963741f P c752db4a4300446cb7311bd1e54cdf14: Deleting tablet data with delete state TABLET_DATA_TOMBSTONED
I20260710 13:23:37.077849 23887 ts_tablet_manager.cc:1929] T 3645c44e61c845ba81c60d746963741f P c752db4a4300446cb7311bd1e54cdf14: tablet deleted with delete type TABLET_DATA_TOMBSTONED: last-logged OpId 1.3
I20260710 13:23:37.078213 23887 log.cc:1199] T 3645c44e61c845ba81c60d746963741f P c752db4a4300446cb7311bd1e54cdf14: Deleting WAL directory at /tmp/dist-test-taskj7leWu/test-tmp/auto_leader_rebalancer-test.0.LeaderRebalancerTest.AddTserver.1783689777262703-22044-0/minicluster-data/ts-0-root/wals/3645c44e61c845ba81c60d746963741f
I20260710 13:23:37.079653 23068 catalog_manager.cc:5028] TS c752db4a4300446cb7311bd1e54cdf14 (127.21.135.1:32865): tablet 3645c44e61c845ba81c60d746963741f (table test-workload [id=ca128245fd2e4e2a96715f47868edfd9]) successfully deleted
I20260710 13:23:37.133572 23875 raft_consensus.cc:1064] T 361c40b54c1448baad1ad2498481b014 P c752db4a4300446cb7311bd1e54cdf14: attempting to promote NON_VOTER 8240a59ef0304c9f94e24853a7507fb8 to VOTER
I20260710 13:23:37.135991 23875 consensus_queue.cc:237] T 361c40b54c1448baad1ad2498481b014 P c752db4a4300446cb7311bd1e54cdf14 [LEADER]: Queue going to LEADER mode. State: All replicated index: 0, Majority replicated index: 2, Committed index: 2, Last appended: 1.2, Last appended by leader: 0, Current term: 1, Majority size: 3, State: 0, Mode: LEADER, active raft config: opid_index: 3 OBSOLETE_local: false peers { permanent_uuid: "c752db4a4300446cb7311bd1e54cdf14" member_type: VOTER last_known_addr { host: "127.21.135.1" port: 32865 } } peers { permanent_uuid: "fa4a41ba3afd48d6b06c61d26a2816a5" member_type: VOTER last_known_addr { host: "127.21.135.2" port: 37165 } } peers { permanent_uuid: "97e2b088c52448a9aa7b24d29eccb9d9" member_type: VOTER last_known_addr { host: "127.21.135.3" port: 45675 } attrs { replace: true } } peers { permanent_uuid: "8240a59ef0304c9f94e24853a7507fb8" member_type: VOTER last_known_addr { host: "127.21.135.4" port: 37223 } attrs { promote: false } }
I20260710 13:23:37.144884 23332 raft_consensus.cc:1275] T 361c40b54c1448baad1ad2498481b014 P 97e2b088c52448a9aa7b24d29eccb9d9 [term 1 FOLLOWER]: Refusing update from remote peer c752db4a4300446cb7311bd1e54cdf14: Log matching property violated. Preceding OpId in replica: term: 1 index: 2. Preceding OpId from leader: term: 1 index: 3. (index mismatch)
I20260710 13:23:37.145861 23607 raft_consensus.cc:1275] T 361c40b54c1448baad1ad2498481b014 P 8240a59ef0304c9f94e24853a7507fb8 [term 1 LEARNER]: Refusing update from remote peer c752db4a4300446cb7311bd1e54cdf14: Log matching property violated. Preceding OpId in replica: term: 1 index: 2. Preceding OpId from leader: term: 1 index: 3. (index mismatch)
I20260710 13:23:37.146382 23257 raft_consensus.cc:1275] T 361c40b54c1448baad1ad2498481b014 P fa4a41ba3afd48d6b06c61d26a2816a5 [term 1 FOLLOWER]: Refusing update from remote peer c752db4a4300446cb7311bd1e54cdf14: Log matching property violated. Preceding OpId in replica: term: 1 index: 2. Preceding OpId from leader: term: 1 index: 3. (index mismatch)
I20260710 13:23:37.146292 23875 consensus_queue.cc:1048] T 361c40b54c1448baad1ad2498481b014 P c752db4a4300446cb7311bd1e54cdf14 [LEADER]: Connected to new peer: Peer: permanent_uuid: "97e2b088c52448a9aa7b24d29eccb9d9" member_type: VOTER last_known_addr { host: "127.21.135.3" port: 45675 } attrs { replace: true }, Status: LMP_MISMATCH, Last received: 0.0, Next index: 3, Last known committed idx: 2, Time since last communication: 0.000s
I20260710 13:23:37.148241 23875 consensus_queue.cc:1048] T 361c40b54c1448baad1ad2498481b014 P c752db4a4300446cb7311bd1e54cdf14 [LEADER]: Connected to new peer: Peer: permanent_uuid: "8240a59ef0304c9f94e24853a7507fb8" member_type: VOTER last_known_addr { host: "127.21.135.4" port: 37223 } attrs { promote: false }, Status: LMP_MISMATCH, Last received: 0.0, Next index: 3, Last known committed idx: 2, Time since last communication: 0.000s
I20260710 13:23:37.149745 23876 consensus_queue.cc:1048] T 361c40b54c1448baad1ad2498481b014 P c752db4a4300446cb7311bd1e54cdf14 [LEADER]: Connected to new peer: Peer: permanent_uuid: "fa4a41ba3afd48d6b06c61d26a2816a5" member_type: VOTER last_known_addr { host: "127.21.135.2" port: 37165 }, Status: LMP_MISMATCH, Last received: 0.0, Next index: 3, Last known committed idx: 2, Time since last communication: 0.000s
I20260710 13:23:37.164336 23889 raft_consensus.cc:2955] T 361c40b54c1448baad1ad2498481b014 P c752db4a4300446cb7311bd1e54cdf14 [term 1 LEADER]: Committing config change with OpId 1.3: config changed from index 2 to 3, 8240a59ef0304c9f94e24853a7507fb8 (127.21.135.4) changed from NON_VOTER to VOTER. New config: { opid_index: 3 OBSOLETE_local: false peers { permanent_uuid: "c752db4a4300446cb7311bd1e54cdf14" member_type: VOTER last_known_addr { host: "127.21.135.1" port: 32865 } } peers { permanent_uuid: "fa4a41ba3afd48d6b06c61d26a2816a5" member_type: VOTER last_known_addr { host: "127.21.135.2" port: 37165 } } peers { permanent_uuid: "97e2b088c52448a9aa7b24d29eccb9d9" member_type: VOTER last_known_addr { host: "127.21.135.3" port: 45675 } attrs { replace: true } } peers { permanent_uuid: "8240a59ef0304c9f94e24853a7507fb8" member_type: VOTER last_known_addr { host: "127.21.135.4" port: 37223 } attrs { promote: false } } }
I20260710 13:23:37.166054 23332 raft_consensus.cc:2955] T 361c40b54c1448baad1ad2498481b014 P 97e2b088c52448a9aa7b24d29eccb9d9 [term 1 FOLLOWER]: Committing config change with OpId 1.3: config changed from index 2 to 3, 8240a59ef0304c9f94e24853a7507fb8 (127.21.135.4) changed from NON_VOTER to VOTER. New config: { opid_index: 3 OBSOLETE_local: false peers { permanent_uuid: "c752db4a4300446cb7311bd1e54cdf14" member_type: VOTER last_known_addr { host: "127.21.135.1" port: 32865 } } peers { permanent_uuid: "fa4a41ba3afd48d6b06c61d26a2816a5" member_type: VOTER last_known_addr { host: "127.21.135.2" port: 37165 } } peers { permanent_uuid: "97e2b088c52448a9aa7b24d29eccb9d9" member_type: VOTER last_known_addr { host: "127.21.135.3" port: 45675 } attrs { replace: true } } peers { permanent_uuid: "8240a59ef0304c9f94e24853a7507fb8" member_type: VOTER last_known_addr { host: "127.21.135.4" port: 37223 } attrs { promote: false } } }
I20260710 13:23:37.177846 23607 raft_consensus.cc:2955] T 361c40b54c1448baad1ad2498481b014 P 8240a59ef0304c9f94e24853a7507fb8 [term 1 FOLLOWER]: Committing config change with OpId 1.3: config changed from index 2 to 3, 8240a59ef0304c9f94e24853a7507fb8 (127.21.135.4) changed from NON_VOTER to VOTER. New config: { opid_index: 3 OBSOLETE_local: false peers { permanent_uuid: "c752db4a4300446cb7311bd1e54cdf14" member_type: VOTER last_known_addr { host: "127.21.135.1" port: 32865 } } peers { permanent_uuid: "fa4a41ba3afd48d6b06c61d26a2816a5" member_type: VOTER last_known_addr { host: "127.21.135.2" port: 37165 } } peers { permanent_uuid: "97e2b088c52448a9aa7b24d29eccb9d9" member_type: VOTER last_known_addr { host: "127.21.135.3" port: 45675 } attrs { replace: true } } peers { permanent_uuid: "8240a59ef0304c9f94e24853a7507fb8" member_type: VOTER last_known_addr { host: "127.21.135.4" port: 37223 } attrs { promote: false } } }
I20260710 13:23:37.189081 23855 raft_consensus.cc:1064] T 4e815aa62b5647eda1362252176b5bf5 P 97e2b088c52448a9aa7b24d29eccb9d9: attempting to promote NON_VOTER 8240a59ef0304c9f94e24853a7507fb8 to VOTER
I20260710 13:23:37.190817 23081 catalog_manager.cc:5697] T 361c40b54c1448baad1ad2498481b014 P 97e2b088c52448a9aa7b24d29eccb9d9 reported cstate change: config changed from index 2 to 3, 8240a59ef0304c9f94e24853a7507fb8 (127.21.135.4) changed from NON_VOTER to VOTER. New cstate: current_term: 1 leader_uuid: "c752db4a4300446cb7311bd1e54cdf14" committed_config { opid_index: 3 OBSOLETE_local: false peers { permanent_uuid: "c752db4a4300446cb7311bd1e54cdf14" member_type: VOTER last_known_addr { host: "127.21.135.1" port: 32865 } } peers { permanent_uuid: "fa4a41ba3afd48d6b06c61d26a2816a5" member_type: VOTER last_known_addr { host: "127.21.135.2" port: 37165 } } peers { permanent_uuid: "97e2b088c52448a9aa7b24d29eccb9d9" member_type: VOTER last_known_addr { host: "127.21.135.3" port: 45675 } attrs { replace: true } } peers { permanent_uuid: "8240a59ef0304c9f94e24853a7507fb8" member_type: VOTER last_known_addr { host: "127.21.135.4" port: 37223 } attrs { promote: false } } }
I20260710 13:23:37.191747 23855 consensus_queue.cc:237] T 4e815aa62b5647eda1362252176b5bf5 P 97e2b088c52448a9aa7b24d29eccb9d9 [LEADER]: Queue going to LEADER mode. State: All replicated index: 0, Majority replicated index: 2, Committed index: 2, Last appended: 1.2, Last appended by leader: 0, Current term: 1, Majority size: 3, State: 0, Mode: LEADER, active raft config: opid_index: 3 OBSOLETE_local: false peers { permanent_uuid: "c752db4a4300446cb7311bd1e54cdf14" member_type: VOTER last_known_addr { host: "127.21.135.1" port: 32865 } } peers { permanent_uuid: "fa4a41ba3afd48d6b06c61d26a2816a5" member_type: VOTER last_known_addr { host: "127.21.135.2" port: 37165 } attrs { replace: true } } peers { permanent_uuid: "97e2b088c52448a9aa7b24d29eccb9d9" member_type: VOTER last_known_addr { host: "127.21.135.3" port: 45675 } } peers { permanent_uuid: "8240a59ef0304c9f94e24853a7507fb8" member_type: VOTER last_known_addr { host: "127.21.135.4" port: 37223 } attrs { promote: false } }
I20260710 13:23:37.198894 23257 raft_consensus.cc:2955] T 361c40b54c1448baad1ad2498481b014 P fa4a41ba3afd48d6b06c61d26a2816a5 [term 1 FOLLOWER]: Committing config change with OpId 1.3: config changed from index 2 to 3, 8240a59ef0304c9f94e24853a7507fb8 (127.21.135.4) changed from NON_VOTER to VOTER. New config: { opid_index: 3 OBSOLETE_local: false peers { permanent_uuid: "c752db4a4300446cb7311bd1e54cdf14" member_type: VOTER last_known_addr { host: "127.21.135.1" port: 32865 } } peers { permanent_uuid: "fa4a41ba3afd48d6b06c61d26a2816a5" member_type: VOTER last_known_addr { host: "127.21.135.2" port: 37165 } } peers { permanent_uuid: "97e2b088c52448a9aa7b24d29eccb9d9" member_type: VOTER last_known_addr { host: "127.21.135.3" port: 45675 } attrs { replace: true } } peers { permanent_uuid: "8240a59ef0304c9f94e24853a7507fb8" member_type: VOTER last_known_addr { host: "127.21.135.4" port: 37223 } attrs { promote: false } } }
I20260710 13:23:37.213408 23183 consensus_queue.cc:237] T 361c40b54c1448baad1ad2498481b014 P c752db4a4300446cb7311bd1e54cdf14 [LEADER]: Queue going to LEADER mode. State: All replicated index: 0, Majority replicated index: 3, Committed index: 3, Last appended: 1.3, Last appended by leader: 0, Current term: 1, Majority size: 2, State: 0, Mode: LEADER, active raft config: opid_index: 4 OBSOLETE_local: false peers { permanent_uuid: "c752db4a4300446cb7311bd1e54cdf14" member_type: VOTER last_known_addr { host: "127.21.135.1" port: 32865 } } peers { permanent_uuid: "fa4a41ba3afd48d6b06c61d26a2816a5" member_type: VOTER last_known_addr { host: "127.21.135.2" port: 37165 } } peers { permanent_uuid: "8240a59ef0304c9f94e24853a7507fb8" member_type: VOTER last_known_addr { host: "127.21.135.4" port: 37223 } attrs { promote: false } }
I20260710 13:23:37.223942 23607 raft_consensus.cc:1275] T 361c40b54c1448baad1ad2498481b014 P 8240a59ef0304c9f94e24853a7507fb8 [term 1 FOLLOWER]: Refusing update from remote peer c752db4a4300446cb7311bd1e54cdf14: Log matching property violated. Preceding OpId in replica: term: 1 index: 3. Preceding OpId from leader: term: 1 index: 4. (index mismatch)
I20260710 13:23:37.225463 23876 consensus_queue.cc:1048] T 361c40b54c1448baad1ad2498481b014 P c752db4a4300446cb7311bd1e54cdf14 [LEADER]: Connected to new peer: Peer: permanent_uuid: "8240a59ef0304c9f94e24853a7507fb8" member_type: VOTER last_known_addr { host: "127.21.135.4" port: 37223 } attrs { promote: false }, Status: LMP_MISMATCH, Last received: 0.0, Next index: 4, Last known committed idx: 3, Time since last communication: 0.000s
I20260710 13:23:37.229763 23257 raft_consensus.cc:1275] T 361c40b54c1448baad1ad2498481b014 P fa4a41ba3afd48d6b06c61d26a2816a5 [term 1 FOLLOWER]: Refusing update from remote peer c752db4a4300446cb7311bd1e54cdf14: Log matching property violated. Preceding OpId in replica: term: 1 index: 3. Preceding OpId from leader: term: 1 index: 4. (index mismatch)
I20260710 13:23:37.232707 23876 consensus_queue.cc:1048] T 361c40b54c1448baad1ad2498481b014 P c752db4a4300446cb7311bd1e54cdf14 [LEADER]: Connected to new peer: Peer: permanent_uuid: "fa4a41ba3afd48d6b06c61d26a2816a5" member_type: VOTER last_known_addr { host: "127.21.135.2" port: 37165 }, Status: LMP_MISMATCH, Last received: 0.0, Next index: 4, Last known committed idx: 3, Time since last communication: 0.000s
I20260710 13:23:37.234050 23823 raft_consensus.cc:1064] T 45155b9db19941738893b5bd1682e3c9 P 97e2b088c52448a9aa7b24d29eccb9d9: attempting to promote NON_VOTER 8240a59ef0304c9f94e24853a7507fb8 to VOTER
I20260710 13:23:37.236267 23823 consensus_queue.cc:237] T 45155b9db19941738893b5bd1682e3c9 P 97e2b088c52448a9aa7b24d29eccb9d9 [LEADER]: Queue going to LEADER mode. State: All replicated index: 0, Majority replicated index: 2, Committed index: 2, Last appended: 1.2, Last appended by leader: 0, Current term: 1, Majority size: 3, State: 0, Mode: LEADER, active raft config: opid_index: 3 OBSOLETE_local: false peers { permanent_uuid: "c752db4a4300446cb7311bd1e54cdf14" member_type: VOTER last_known_addr { host: "127.21.135.1" port: 32865 } } peers { permanent_uuid: "fa4a41ba3afd48d6b06c61d26a2816a5" member_type: VOTER last_known_addr { host: "127.21.135.2" port: 37165 } attrs { replace: true } } peers { permanent_uuid: "97e2b088c52448a9aa7b24d29eccb9d9" member_type: VOTER last_known_addr { host: "127.21.135.3" port: 45675 } } peers { permanent_uuid: "8240a59ef0304c9f94e24853a7507fb8" member_type: VOTER last_known_addr { host: "127.21.135.4" port: 37223 } attrs { promote: false } }
I20260710 13:23:37.243701 23183 raft_consensus.cc:1275] T 4e815aa62b5647eda1362252176b5bf5 P c752db4a4300446cb7311bd1e54cdf14 [term 1 FOLLOWER]: Refusing update from remote peer 97e2b088c52448a9aa7b24d29eccb9d9: Log matching property violated. Preceding OpId in replica: term: 1 index: 2. Preceding OpId from leader: term: 1 index: 3. (index mismatch)
I20260710 13:23:37.245467 23604 raft_consensus.cc:1275] T 4e815aa62b5647eda1362252176b5bf5 P 8240a59ef0304c9f94e24853a7507fb8 [term 1 LEARNER]: Refusing update from remote peer 97e2b088c52448a9aa7b24d29eccb9d9: Log matching property violated. Preceding OpId in replica: term: 1 index: 2. Preceding OpId from leader: term: 1 index: 3. (index mismatch)
I20260710 13:23:37.245573 23257 raft_consensus.cc:1275] T 4e815aa62b5647eda1362252176b5bf5 P fa4a41ba3afd48d6b06c61d26a2816a5 [term 1 FOLLOWER]: Refusing update from remote peer 97e2b088c52448a9aa7b24d29eccb9d9: Log matching property violated. Preceding OpId in replica: term: 1 index: 2. Preceding OpId from leader: term: 1 index: 3. (index mismatch)
I20260710 13:23:37.247390 23850 consensus_queue.cc:1048] T 4e815aa62b5647eda1362252176b5bf5 P 97e2b088c52448a9aa7b24d29eccb9d9 [LEADER]: Connected to new peer: Peer: permanent_uuid: "c752db4a4300446cb7311bd1e54cdf14" member_type: VOTER last_known_addr { host: "127.21.135.1" port: 32865 }, Status: LMP_MISMATCH, Last received: 0.0, Next index: 3, Last known committed idx: 2, Time since last communication: 0.001s
I20260710 13:23:37.247779 23257 raft_consensus.cc:2955] T 361c40b54c1448baad1ad2498481b014 P fa4a41ba3afd48d6b06c61d26a2816a5 [term 1 FOLLOWER]: Committing config change with OpId 1.4: config changed from index 3 to 4, VOTER 97e2b088c52448a9aa7b24d29eccb9d9 (127.21.135.3) evicted. New config: { opid_index: 4 OBSOLETE_local: false peers { permanent_uuid: "c752db4a4300446cb7311bd1e54cdf14" member_type: VOTER last_known_addr { host: "127.21.135.1" port: 32865 } } peers { permanent_uuid: "fa4a41ba3afd48d6b06c61d26a2816a5" member_type: VOTER last_known_addr { host: "127.21.135.2" port: 37165 } } peers { permanent_uuid: "8240a59ef0304c9f94e24853a7507fb8" member_type: VOTER last_known_addr { host: "127.21.135.4" port: 37223 } attrs { promote: false } } }
I20260710 13:23:37.244243 23893 raft_consensus.cc:2955] T 361c40b54c1448baad1ad2498481b014 P c752db4a4300446cb7311bd1e54cdf14 [term 1 LEADER]: Committing config change with OpId 1.4: config changed from index 3 to 4, VOTER 97e2b088c52448a9aa7b24d29eccb9d9 (127.21.135.3) evicted. New config: { opid_index: 4 OBSOLETE_local: false peers { permanent_uuid: "c752db4a4300446cb7311bd1e54cdf14" member_type: VOTER last_known_addr { host: "127.21.135.1" port: 32865 } } peers { permanent_uuid: "fa4a41ba3afd48d6b06c61d26a2816a5" member_type: VOTER last_known_addr { host: "127.21.135.2" port: 37165 } } peers { permanent_uuid: "8240a59ef0304c9f94e24853a7507fb8" member_type: VOTER last_known_addr { host: "127.21.135.4" port: 37223 } attrs { promote: false } } }
I20260710 13:23:37.262686 23850 consensus_queue.cc:1048] T 4e815aa62b5647eda1362252176b5bf5 P 97e2b088c52448a9aa7b24d29eccb9d9 [LEADER]: Connected to new peer: Peer: permanent_uuid: "fa4a41ba3afd48d6b06c61d26a2816a5" member_type: VOTER last_known_addr { host: "127.21.135.2" port: 37165 } attrs { replace: true }, Status: LMP_MISMATCH, Last received: 0.0, Next index: 3, Last known committed idx: 2, Time since last communication: 0.004s
I20260710 13:23:37.267311 23895 consensus_queue.cc:1048] T 4e815aa62b5647eda1362252176b5bf5 P 97e2b088c52448a9aa7b24d29eccb9d9 [LEADER]: Connected to new peer: Peer: permanent_uuid: "8240a59ef0304c9f94e24853a7507fb8" member_type: VOTER last_known_addr { host: "127.21.135.4" port: 37223 } attrs { promote: false }, Status: LMP_MISMATCH, Last received: 0.0, Next index: 3, Last known committed idx: 2, Time since last communication: 0.000s
I20260710 13:23:37.266785 23607 raft_consensus.cc:2955] T 361c40b54c1448baad1ad2498481b014 P 8240a59ef0304c9f94e24853a7507fb8 [term 1 FOLLOWER]: Committing config change with OpId 1.4: config changed from index 3 to 4, VOTER 97e2b088c52448a9aa7b24d29eccb9d9 (127.21.135.3) evicted. New config: { opid_index: 4 OBSOLETE_local: false peers { permanent_uuid: "c752db4a4300446cb7311bd1e54cdf14" member_type: VOTER last_known_addr { host: "127.21.135.1" port: 32865 } } peers { permanent_uuid: "fa4a41ba3afd48d6b06c61d26a2816a5" member_type: VOTER last_known_addr { host: "127.21.135.2" port: 37165 } } peers { permanent_uuid: "8240a59ef0304c9f94e24853a7507fb8" member_type: VOTER last_known_addr { host: "127.21.135.4" port: 37223 } attrs { promote: false } } }
I20260710 13:23:37.300892 23079 catalog_manager.cc:5697] T 361c40b54c1448baad1ad2498481b014 P 8240a59ef0304c9f94e24853a7507fb8 reported cstate change: config changed from index 3 to 4, VOTER 97e2b088c52448a9aa7b24d29eccb9d9 (127.21.135.3) evicted. New cstate: current_term: 1 leader_uuid: "c752db4a4300446cb7311bd1e54cdf14" committed_config { opid_index: 4 OBSOLETE_local: false peers { permanent_uuid: "c752db4a4300446cb7311bd1e54cdf14" member_type: VOTER last_known_addr { host: "127.21.135.1" port: 32865 } } peers { permanent_uuid: "fa4a41ba3afd48d6b06c61d26a2816a5" member_type: VOTER last_known_addr { host: "127.21.135.2" port: 37165 } } peers { permanent_uuid: "8240a59ef0304c9f94e24853a7507fb8" member_type: VOTER last_known_addr { host: "127.21.135.4" port: 37223 } attrs { promote: false } } }
I20260710 13:23:37.306979 23068 catalog_manager.cc:5210] ChangeConfig:REMOVE_PEER RPC for tablet 361c40b54c1448baad1ad2498481b014 with cas_config_opid_index 3: ChangeConfig:REMOVE_PEER succeeded (attempt 1)
I20260710 13:23:37.315552 23183 raft_consensus.cc:2955] T 4e815aa62b5647eda1362252176b5bf5 P c752db4a4300446cb7311bd1e54cdf14 [term 1 FOLLOWER]: Committing config change with OpId 1.3: config changed from index 2 to 3, 8240a59ef0304c9f94e24853a7507fb8 (127.21.135.4) changed from NON_VOTER to VOTER. New config: { opid_index: 3 OBSOLETE_local: false peers { permanent_uuid: "c752db4a4300446cb7311bd1e54cdf14" member_type: VOTER last_known_addr { host: "127.21.135.1" port: 32865 } } peers { permanent_uuid: "fa4a41ba3afd48d6b06c61d26a2816a5" member_type: VOTER last_known_addr { host: "127.21.135.2" port: 37165 } attrs { replace: true } } peers { permanent_uuid: "97e2b088c52448a9aa7b24d29eccb9d9" member_type: VOTER last_known_addr { host: "127.21.135.3" port: 45675 } } peers { permanent_uuid: "8240a59ef0304c9f94e24853a7507fb8" member_type: VOTER last_known_addr { host: "127.21.135.4" port: 37223 } attrs { promote: false } } }
I20260710 13:23:37.311394 23895 raft_consensus.cc:2955] T 4e815aa62b5647eda1362252176b5bf5 P 97e2b088c52448a9aa7b24d29eccb9d9 [term 1 LEADER]: Committing config change with OpId 1.3: config changed from index 2 to 3, 8240a59ef0304c9f94e24853a7507fb8 (127.21.135.4) changed from NON_VOTER to VOTER. New config: { opid_index: 3 OBSOLETE_local: false peers { permanent_uuid: "c752db4a4300446cb7311bd1e54cdf14" member_type: VOTER last_known_addr { host: "127.21.135.1" port: 32865 } } peers { permanent_uuid: "fa4a41ba3afd48d6b06c61d26a2816a5" member_type: VOTER last_known_addr { host: "127.21.135.2" port: 37165 } attrs { replace: true } } peers { permanent_uuid: "97e2b088c52448a9aa7b24d29eccb9d9" member_type: VOTER last_known_addr { host: "127.21.135.3" port: 45675 } } peers { permanent_uuid: "8240a59ef0304c9f94e24853a7507fb8" member_type: VOTER last_known_addr { host: "127.21.135.4" port: 37223 } attrs { promote: false } } }
I20260710 13:23:37.321480 23255 raft_consensus.cc:2955] T 4e815aa62b5647eda1362252176b5bf5 P fa4a41ba3afd48d6b06c61d26a2816a5 [term 1 FOLLOWER]: Committing config change with OpId 1.3: config changed from index 2 to 3, 8240a59ef0304c9f94e24853a7507fb8 (127.21.135.4) changed from NON_VOTER to VOTER. New config: { opid_index: 3 OBSOLETE_local: false peers { permanent_uuid: "c752db4a4300446cb7311bd1e54cdf14" member_type: VOTER last_known_addr { host: "127.21.135.1" port: 32865 } } peers { permanent_uuid: "fa4a41ba3afd48d6b06c61d26a2816a5" member_type: VOTER last_known_addr { host: "127.21.135.2" port: 37165 } attrs { replace: true } } peers { permanent_uuid: "97e2b088c52448a9aa7b24d29eccb9d9" member_type: VOTER last_known_addr { host: "127.21.135.3" port: 45675 } } peers { permanent_uuid: "8240a59ef0304c9f94e24853a7507fb8" member_type: VOTER last_known_addr { host: "127.21.135.4" port: 37223 } attrs { promote: false } } }
I20260710 13:23:37.324433 23319 tablet_service.cc:1558] Processing DeleteTablet for tablet 361c40b54c1448baad1ad2498481b014 with delete_type TABLET_DATA_TOMBSTONED (TS 97e2b088c52448a9aa7b24d29eccb9d9 not found in new config with opid_index 4) from {username='slave'} at 127.0.0.1:39056
I20260710 13:23:37.331789 23607 raft_consensus.cc:2955] T 4e815aa62b5647eda1362252176b5bf5 P 8240a59ef0304c9f94e24853a7507fb8 [term 1 FOLLOWER]: Committing config change with OpId 1.3: config changed from index 2 to 3, 8240a59ef0304c9f94e24853a7507fb8 (127.21.135.4) changed from NON_VOTER to VOTER. New config: { opid_index: 3 OBSOLETE_local: false peers { permanent_uuid: "c752db4a4300446cb7311bd1e54cdf14" member_type: VOTER last_known_addr { host: "127.21.135.1" port: 32865 } } peers { permanent_uuid: "fa4a41ba3afd48d6b06c61d26a2816a5" member_type: VOTER last_known_addr { host: "127.21.135.2" port: 37165 } attrs { replace: true } } peers { permanent_uuid: "97e2b088c52448a9aa7b24d29eccb9d9" member_type: VOTER last_known_addr { host: "127.21.135.3" port: 45675 } } peers { permanent_uuid: "8240a59ef0304c9f94e24853a7507fb8" member_type: VOTER last_known_addr { host: "127.21.135.4" port: 37223 } attrs { promote: false } } }
I20260710 13:23:37.334944 23900 tablet_replica.cc:333] T 361c40b54c1448baad1ad2498481b014 P 97e2b088c52448a9aa7b24d29eccb9d9: stopping tablet replica
I20260710 13:23:37.335939 23900 raft_consensus.cc:2243] T 361c40b54c1448baad1ad2498481b014 P 97e2b088c52448a9aa7b24d29eccb9d9 [term 1 FOLLOWER]: Raft consensus shutting down.
I20260710 13:23:37.336699 23900 raft_consensus.cc:2272] T 361c40b54c1448baad1ad2498481b014 P 97e2b088c52448a9aa7b24d29eccb9d9 [term 1 FOLLOWER]: Raft consensus is shut down!
I20260710 13:23:37.342536 23900 ts_tablet_manager.cc:1916] T 361c40b54c1448baad1ad2498481b014 P 97e2b088c52448a9aa7b24d29eccb9d9: Deleting tablet data with delete state TABLET_DATA_TOMBSTONED
I20260710 13:23:37.363306 23900 ts_tablet_manager.cc:1929] T 361c40b54c1448baad1ad2498481b014 P 97e2b088c52448a9aa7b24d29eccb9d9: tablet deleted with delete type TABLET_DATA_TOMBSTONED: last-logged OpId 1.3
I20260710 13:23:37.363777 23900 log.cc:1199] T 361c40b54c1448baad1ad2498481b014 P 97e2b088c52448a9aa7b24d29eccb9d9: Deleting WAL directory at /tmp/dist-test-taskj7leWu/test-tmp/auto_leader_rebalancer-test.0.LeaderRebalancerTest.AddTserver.1783689777262703-22044-0/minicluster-data/ts-2-root/wals/361c40b54c1448baad1ad2498481b014
I20260710 13:23:37.365448 23066 catalog_manager.cc:5028] TS 97e2b088c52448a9aa7b24d29eccb9d9 (127.21.135.3:45675): tablet 361c40b54c1448baad1ad2498481b014 (table test-workload [id=ca128245fd2e4e2a96715f47868edfd9]) successfully deleted
