I20260710 13:23:08.792284 17180 raft_consensus.cc:740] T cf4e5b37503643e89a77e2cb4f78a2cc P 97d1671c44af4689a06bb446bd0ac466 [term 0 FOLLOWER]: Becoming Follower/Learner. State: Replica: 97d1671c44af4689a06bb446bd0ac466, State: Initialized, Role: FOLLOWER
I20260710 13:23:08.794442 17180 consensus_queue.cc:260] T cf4e5b37503643e89a77e2cb4f78a2cc P 97d1671c44af4689a06bb446bd0ac466 [NON_LEADER]: Queue going to NON_LEADER mode. State: All replicated index: 0, Majority replicated index: 0, Committed index: 0, Last appended: 0.0, Last appended by leader: 0, Current term: 0, Majority size: -1, State: 0, Mode: NON_LEADER, active raft config: opid_index: -1 OBSOLETE_local: false peers { permanent_uuid: "97d1671c44af4689a06bb446bd0ac466" member_type: VOTER last_known_addr { host: "127.15.250.129" port: 34501 } } peers { permanent_uuid: "fab84b488dd440b98467c3b5a80734e5" member_type: VOTER last_known_addr { host: "127.15.250.130" port: 42831 } } peers { permanent_uuid: "56fcaf114aba43bc8977a89da1a12361" member_type: VOTER last_known_addr { host: "127.15.250.131" port: 43587 } }
I20260710 13:23:08.802907 17090 heartbeater.cc:499] Master 127.15.250.190:44735 was elected leader, sending a full tablet report...
I20260710 13:23:08.803774 17179 ts_tablet_manager.cc:1434] T 6077cb9e38b741cfac07b23d324e7ae3 P fab84b488dd440b98467c3b5a80734e5: Time spent starting tablet: real 0.050s	user 0.016s	sys 0.018s
I20260710 13:23:08.803568 17126 tablet_service.cc:1511] Processing CreateTablet for tablet b921334081114f4aa556344fa3ceb019 (DEFAULT_TABLE table=test-workload [id=87bba2bb50f84eb5906cc75a11a37f55]), partition=RANGE (key) PARTITION 1932735276 <= VALUES
I20260710 13:23:08.804836 17179 tablet_bootstrap.cc:492] T 232fca8a64184241af9299d5dafe07b2 P fab84b488dd440b98467c3b5a80734e5: Bootstrap starting.
I20260710 13:23:08.804836 17126 data_dirs.cc:400] Could only allocate 1 dirs of requested 3 for tablet b921334081114f4aa556344fa3ceb019. 1 dirs total, 0 dirs full, 0 dirs failed
I20260710 13:23:08.811199 17179 tablet_bootstrap.cc:654] T 232fca8a64184241af9299d5dafe07b2 P fab84b488dd440b98467c3b5a80734e5: Neither blocks nor log segments found. Creating new log.
I20260710 13:23:08.816052 17015 heartbeater.cc:499] Master 127.15.250.190:44735 was elected leader, sending a full tablet report...
I20260710 13:23:08.822481 17182 tablet_bootstrap.cc:492] T cf4e5b37503643e89a77e2cb4f78a2cc P 56fcaf114aba43bc8977a89da1a12361: No bootstrap required, opened a new log
I20260710 13:23:08.822926 17180 ts_tablet_manager.cc:1434] T cf4e5b37503643e89a77e2cb4f78a2cc P 97d1671c44af4689a06bb446bd0ac466: Time spent starting tablet: real 0.040s	user 0.006s	sys 0.001s
I20260710 13:23:08.824113 17180 tablet_bootstrap.cc:492] T 94b29b9c1f904935a168c52e3801e395 P 97d1671c44af4689a06bb446bd0ac466: Bootstrap starting.
I20260710 13:23:08.822942 17182 ts_tablet_manager.cc:1403] T cf4e5b37503643e89a77e2cb4f78a2cc P 56fcaf114aba43bc8977a89da1a12361: Time spent bootstrapping tablet: real 0.090s	user 0.003s	sys 0.009s
I20260710 13:23:08.828105 17182 raft_consensus.cc:359] T cf4e5b37503643e89a77e2cb4f78a2cc P 56fcaf114aba43bc8977a89da1a12361 [term 0 FOLLOWER]: Replica starting. Triggering 0 pending ops. Active config: opid_index: -1 OBSOLETE_local: false peers { permanent_uuid: "97d1671c44af4689a06bb446bd0ac466" member_type: VOTER last_known_addr { host: "127.15.250.129" port: 34501 } } peers { permanent_uuid: "fab84b488dd440b98467c3b5a80734e5" member_type: VOTER last_known_addr { host: "127.15.250.130" port: 42831 } } peers { permanent_uuid: "56fcaf114aba43bc8977a89da1a12361" member_type: VOTER last_known_addr { host: "127.15.250.131" port: 43587 } }
I20260710 13:23:08.828621 17182 raft_consensus.cc:385] T cf4e5b37503643e89a77e2cb4f78a2cc P 56fcaf114aba43bc8977a89da1a12361 [term 0 FOLLOWER]: Consensus starting up: Expiring failure detector timer to make a prompt election more likely
I20260710 13:23:08.828879 17182 raft_consensus.cc:740] T cf4e5b37503643e89a77e2cb4f78a2cc P 56fcaf114aba43bc8977a89da1a12361 [term 0 FOLLOWER]: Becoming Follower/Learner. State: Replica: 56fcaf114aba43bc8977a89da1a12361, State: Initialized, Role: FOLLOWER
I20260710 13:23:08.829602 17182 consensus_queue.cc:260] T cf4e5b37503643e89a77e2cb4f78a2cc P 56fcaf114aba43bc8977a89da1a12361 [NON_LEADER]: Queue going to NON_LEADER mode. State: All replicated index: 0, Majority replicated index: 0, Committed index: 0, Last appended: 0.0, Last appended by leader: 0, Current term: 0, Majority size: -1, State: 0, Mode: NON_LEADER, active raft config: opid_index: -1 OBSOLETE_local: false peers { permanent_uuid: "97d1671c44af4689a06bb446bd0ac466" member_type: VOTER last_known_addr { host: "127.15.250.129" port: 34501 } } peers { permanent_uuid: "fab84b488dd440b98467c3b5a80734e5" member_type: VOTER last_known_addr { host: "127.15.250.130" port: 42831 } } peers { permanent_uuid: "56fcaf114aba43bc8977a89da1a12361" member_type: VOTER last_known_addr { host: "127.15.250.131" port: 43587 } }
I20260710 13:23:08.837201 17179 tablet_bootstrap.cc:492] T 232fca8a64184241af9299d5dafe07b2 P fab84b488dd440b98467c3b5a80734e5: No bootstrap required, opened a new log
I20260710 13:23:08.837749 17179 ts_tablet_manager.cc:1403] T 232fca8a64184241af9299d5dafe07b2 P fab84b488dd440b98467c3b5a80734e5: Time spent bootstrapping tablet: real 0.033s	user 0.023s	sys 0.008s
I20260710 13:23:08.840574 17179 raft_consensus.cc:359] T 232fca8a64184241af9299d5dafe07b2 P fab84b488dd440b98467c3b5a80734e5 [term 0 FOLLOWER]: Replica starting. Triggering 0 pending ops. Active config: opid_index: -1 OBSOLETE_local: false peers { permanent_uuid: "fab84b488dd440b98467c3b5a80734e5" member_type: VOTER last_known_addr { host: "127.15.250.130" port: 42831 } } peers { permanent_uuid: "97d1671c44af4689a06bb446bd0ac466" member_type: VOTER last_known_addr { host: "127.15.250.129" port: 34501 } } peers { permanent_uuid: "56fcaf114aba43bc8977a89da1a12361" member_type: VOTER last_known_addr { host: "127.15.250.131" port: 43587 } }
I20260710 13:23:08.841282 17179 raft_consensus.cc:385] T 232fca8a64184241af9299d5dafe07b2 P fab84b488dd440b98467c3b5a80734e5 [term 0 FOLLOWER]: Consensus starting up: Expiring failure detector timer to make a prompt election more likely
I20260710 13:23:08.841617 17179 raft_consensus.cc:740] T 232fca8a64184241af9299d5dafe07b2 P fab84b488dd440b98467c3b5a80734e5 [term 0 FOLLOWER]: Becoming Follower/Learner. State: Replica: fab84b488dd440b98467c3b5a80734e5, State: Initialized, Role: FOLLOWER
I20260710 13:23:08.841804 17180 tablet_bootstrap.cc:654] T 94b29b9c1f904935a168c52e3801e395 P 97d1671c44af4689a06bb446bd0ac466: Neither blocks nor log segments found. Creating new log.
I20260710 13:23:08.842554 17179 consensus_queue.cc:260] T 232fca8a64184241af9299d5dafe07b2 P fab84b488dd440b98467c3b5a80734e5 [NON_LEADER]: Queue going to NON_LEADER mode. State: All replicated index: 0, Majority replicated index: 0, Committed index: 0, Last appended: 0.0, Last appended by leader: 0, Current term: 0, Majority size: -1, State: 0, Mode: NON_LEADER, active raft config: opid_index: -1 OBSOLETE_local: false peers { permanent_uuid: "fab84b488dd440b98467c3b5a80734e5" member_type: VOTER last_known_addr { host: "127.15.250.130" port: 42831 } } peers { permanent_uuid: "97d1671c44af4689a06bb446bd0ac466" member_type: VOTER last_known_addr { host: "127.15.250.129" port: 34501 } } peers { permanent_uuid: "56fcaf114aba43bc8977a89da1a12361" member_type: VOTER last_known_addr { host: "127.15.250.131" port: 43587 } }
I20260710 13:23:08.845248 17179 ts_tablet_manager.cc:1434] T 232fca8a64184241af9299d5dafe07b2 P fab84b488dd440b98467c3b5a80734e5: Time spent starting tablet: real 0.007s	user 0.004s	sys 0.002s
I20260710 13:23:08.845691 17164 heartbeater.cc:499] Master 127.15.250.190:44735 was elected leader, sending a full tablet report...
I20260710 13:23:08.846450 17179 tablet_bootstrap.cc:492] T a35844f4b186471080ef152429efd409 P fab84b488dd440b98467c3b5a80734e5: Bootstrap starting.
I20260710 13:23:08.852730 17182 ts_tablet_manager.cc:1434] T cf4e5b37503643e89a77e2cb4f78a2cc P 56fcaf114aba43bc8977a89da1a12361: Time spent starting tablet: real 0.027s	user 0.002s	sys 0.013s
I20260710 13:23:08.853708 17182 tablet_bootstrap.cc:492] T 232fca8a64184241af9299d5dafe07b2 P 56fcaf114aba43bc8977a89da1a12361: Bootstrap starting.
I20260710 13:23:08.855180 17179 tablet_bootstrap.cc:654] T a35844f4b186471080ef152429efd409 P fab84b488dd440b98467c3b5a80734e5: Neither blocks nor log segments found. Creating new log.
I20260710 13:23:08.860024 17182 tablet_bootstrap.cc:654] T 232fca8a64184241af9299d5dafe07b2 P 56fcaf114aba43bc8977a89da1a12361: Neither blocks nor log segments found. Creating new log.
I20260710 13:23:08.868803 17179 tablet_bootstrap.cc:492] T a35844f4b186471080ef152429efd409 P fab84b488dd440b98467c3b5a80734e5: No bootstrap required, opened a new log
I20260710 13:23:08.869464 17179 ts_tablet_manager.cc:1403] T a35844f4b186471080ef152429efd409 P fab84b488dd440b98467c3b5a80734e5: Time spent bootstrapping tablet: real 0.023s	user 0.022s	sys 0.000s
I20260710 13:23:08.871299 17180 tablet_bootstrap.cc:492] T 94b29b9c1f904935a168c52e3801e395 P 97d1671c44af4689a06bb446bd0ac466: No bootstrap required, opened a new log
I20260710 13:23:08.871814 17180 ts_tablet_manager.cc:1403] T 94b29b9c1f904935a168c52e3801e395 P 97d1671c44af4689a06bb446bd0ac466: Time spent bootstrapping tablet: real 0.048s	user 0.020s	sys 0.016s
I20260710 13:23:08.872285 17179 raft_consensus.cc:359] T a35844f4b186471080ef152429efd409 P fab84b488dd440b98467c3b5a80734e5 [term 0 FOLLOWER]: Replica starting. Triggering 0 pending ops. Active config: opid_index: -1 OBSOLETE_local: false peers { permanent_uuid: "97d1671c44af4689a06bb446bd0ac466" member_type: VOTER last_known_addr { host: "127.15.250.129" port: 34501 } } peers { permanent_uuid: "fab84b488dd440b98467c3b5a80734e5" member_type: VOTER last_known_addr { host: "127.15.250.130" port: 42831 } } peers { permanent_uuid: "56fcaf114aba43bc8977a89da1a12361" member_type: VOTER last_known_addr { host: "127.15.250.131" port: 43587 } }
I20260710 13:23:08.873057 17179 raft_consensus.cc:385] T a35844f4b186471080ef152429efd409 P fab84b488dd440b98467c3b5a80734e5 [term 0 FOLLOWER]: Consensus starting up: Expiring failure detector timer to make a prompt election more likely
I20260710 13:23:08.873428 17179 raft_consensus.cc:740] T a35844f4b186471080ef152429efd409 P fab84b488dd440b98467c3b5a80734e5 [term 0 FOLLOWER]: Becoming Follower/Learner. State: Replica: fab84b488dd440b98467c3b5a80734e5, State: Initialized, Role: FOLLOWER
I20260710 13:23:08.874622 17182 tablet_bootstrap.cc:492] T 232fca8a64184241af9299d5dafe07b2 P 56fcaf114aba43bc8977a89da1a12361: No bootstrap required, opened a new log
I20260710 13:23:08.874367 17179 consensus_queue.cc:260] T a35844f4b186471080ef152429efd409 P fab84b488dd440b98467c3b5a80734e5 [NON_LEADER]: Queue going to NON_LEADER mode. State: All replicated index: 0, Majority replicated index: 0, Committed index: 0, Last appended: 0.0, Last appended by leader: 0, Current term: 0, Majority size: -1, State: 0, Mode: NON_LEADER, active raft config: opid_index: -1 OBSOLETE_local: false peers { permanent_uuid: "97d1671c44af4689a06bb446bd0ac466" member_type: VOTER last_known_addr { host: "127.15.250.129" port: 34501 } } peers { permanent_uuid: "fab84b488dd440b98467c3b5a80734e5" member_type: VOTER last_known_addr { host: "127.15.250.130" port: 42831 } } peers { permanent_uuid: "56fcaf114aba43bc8977a89da1a12361" member_type: VOTER last_known_addr { host: "127.15.250.131" port: 43587 } }
I20260710 13:23:08.874749 17180 raft_consensus.cc:359] T 94b29b9c1f904935a168c52e3801e395 P 97d1671c44af4689a06bb446bd0ac466 [term 0 FOLLOWER]: Replica starting. Triggering 0 pending ops. Active config: opid_index: -1 OBSOLETE_local: false peers { permanent_uuid: "97d1671c44af4689a06bb446bd0ac466" member_type: VOTER last_known_addr { host: "127.15.250.129" port: 34501 } } peers { permanent_uuid: "fab84b488dd440b98467c3b5a80734e5" member_type: VOTER last_known_addr { host: "127.15.250.130" port: 42831 } } peers { permanent_uuid: "56fcaf114aba43bc8977a89da1a12361" member_type: VOTER last_known_addr { host: "127.15.250.131" port: 43587 } }
I20260710 13:23:08.875279 17182 ts_tablet_manager.cc:1403] T 232fca8a64184241af9299d5dafe07b2 P 56fcaf114aba43bc8977a89da1a12361: Time spent bootstrapping tablet: real 0.022s	user 0.008s	sys 0.009s
I20260710 13:23:08.875458 17180 raft_consensus.cc:385] T 94b29b9c1f904935a168c52e3801e395 P 97d1671c44af4689a06bb446bd0ac466 [term 0 FOLLOWER]: Consensus starting up: Expiring failure detector timer to make a prompt election more likely
I20260710 13:23:08.875841 17180 raft_consensus.cc:740] T 94b29b9c1f904935a168c52e3801e395 P 97d1671c44af4689a06bb446bd0ac466 [term 0 FOLLOWER]: Becoming Follower/Learner. State: Replica: 97d1671c44af4689a06bb446bd0ac466, State: Initialized, Role: FOLLOWER
I20260710 13:23:08.876685 17180 consensus_queue.cc:260] T 94b29b9c1f904935a168c52e3801e395 P 97d1671c44af4689a06bb446bd0ac466 [NON_LEADER]: Queue going to NON_LEADER mode. State: All replicated index: 0, Majority replicated index: 0, Committed index: 0, Last appended: 0.0, Last appended by leader: 0, Current term: 0, Majority size: -1, State: 0, Mode: NON_LEADER, active raft config: opid_index: -1 OBSOLETE_local: false peers { permanent_uuid: "97d1671c44af4689a06bb446bd0ac466" member_type: VOTER last_known_addr { host: "127.15.250.129" port: 34501 } } peers { permanent_uuid: "fab84b488dd440b98467c3b5a80734e5" member_type: VOTER last_known_addr { host: "127.15.250.130" port: 42831 } } peers { permanent_uuid: "56fcaf114aba43bc8977a89da1a12361" member_type: VOTER last_known_addr { host: "127.15.250.131" port: 43587 } }
I20260710 13:23:08.879295 17179 ts_tablet_manager.cc:1434] T a35844f4b186471080ef152429efd409 P fab84b488dd440b98467c3b5a80734e5: Time spent starting tablet: real 0.010s	user 0.004s	sys 0.001s
I20260710 13:23:08.879354 17182 raft_consensus.cc:359] T 232fca8a64184241af9299d5dafe07b2 P 56fcaf114aba43bc8977a89da1a12361 [term 0 FOLLOWER]: Replica starting. Triggering 0 pending ops. Active config: opid_index: -1 OBSOLETE_local: false peers { permanent_uuid: "fab84b488dd440b98467c3b5a80734e5" member_type: VOTER last_known_addr { host: "127.15.250.130" port: 42831 } } peers { permanent_uuid: "97d1671c44af4689a06bb446bd0ac466" member_type: VOTER last_known_addr { host: "127.15.250.129" port: 34501 } } peers { permanent_uuid: "56fcaf114aba43bc8977a89da1a12361" member_type: VOTER last_known_addr { host: "127.15.250.131" port: 43587 } }
I20260710 13:23:08.880386 17179 tablet_bootstrap.cc:492] T 94b29b9c1f904935a168c52e3801e395 P fab84b488dd440b98467c3b5a80734e5: Bootstrap starting.
I20260710 13:23:08.880327 17182 raft_consensus.cc:385] T 232fca8a64184241af9299d5dafe07b2 P 56fcaf114aba43bc8977a89da1a12361 [term 0 FOLLOWER]: Consensus starting up: Expiring failure detector timer to make a prompt election more likely
I20260710 13:23:08.880857 17182 raft_consensus.cc:740] T 232fca8a64184241af9299d5dafe07b2 P 56fcaf114aba43bc8977a89da1a12361 [term 0 FOLLOWER]: Becoming Follower/Learner. State: Replica: 56fcaf114aba43bc8977a89da1a12361, State: Initialized, Role: FOLLOWER
I20260710 13:23:08.881858 17182 consensus_queue.cc:260] T 232fca8a64184241af9299d5dafe07b2 P 56fcaf114aba43bc8977a89da1a12361 [NON_LEADER]: Queue going to NON_LEADER mode. State: All replicated index: 0, Majority replicated index: 0, Committed index: 0, Last appended: 0.0, Last appended by leader: 0, Current term: 0, Majority size: -1, State: 0, Mode: NON_LEADER, active raft config: opid_index: -1 OBSOLETE_local: false peers { permanent_uuid: "fab84b488dd440b98467c3b5a80734e5" member_type: VOTER last_known_addr { host: "127.15.250.130" port: 42831 } } peers { permanent_uuid: "97d1671c44af4689a06bb446bd0ac466" member_type: VOTER last_known_addr { host: "127.15.250.129" port: 34501 } } peers { permanent_uuid: "56fcaf114aba43bc8977a89da1a12361" member_type: VOTER last_known_addr { host: "127.15.250.131" port: 43587 } }
I20260710 13:23:08.883940 17182 ts_tablet_manager.cc:1434] T 232fca8a64184241af9299d5dafe07b2 P 56fcaf114aba43bc8977a89da1a12361: Time spent starting tablet: real 0.008s	user 0.005s	sys 0.000s
I20260710 13:23:08.884897 17182 tablet_bootstrap.cc:492] T 6077cb9e38b741cfac07b23d324e7ae3 P 56fcaf114aba43bc8977a89da1a12361: Bootstrap starting.
I20260710 13:23:08.884984 17180 ts_tablet_manager.cc:1434] T 94b29b9c1f904935a168c52e3801e395 P 97d1671c44af4689a06bb446bd0ac466: Time spent starting tablet: real 0.013s	user 0.003s	sys 0.003s
I20260710 13:23:08.887125 17179 tablet_bootstrap.cc:654] T 94b29b9c1f904935a168c52e3801e395 P fab84b488dd440b98467c3b5a80734e5: Neither blocks nor log segments found. Creating new log.
I20260710 13:23:08.892576 17182 tablet_bootstrap.cc:654] T 6077cb9e38b741cfac07b23d324e7ae3 P 56fcaf114aba43bc8977a89da1a12361: Neither blocks nor log segments found. Creating new log.
I20260710 13:23:08.892855 17180 tablet_bootstrap.cc:492] T a35844f4b186471080ef152429efd409 P 97d1671c44af4689a06bb446bd0ac466: Bootstrap starting.
I20260710 13:23:08.898598 17179 tablet_bootstrap.cc:492] T 94b29b9c1f904935a168c52e3801e395 P fab84b488dd440b98467c3b5a80734e5: No bootstrap required, opened a new log
I20260710 13:23:08.899124 17179 ts_tablet_manager.cc:1403] T 94b29b9c1f904935a168c52e3801e395 P fab84b488dd440b98467c3b5a80734e5: Time spent bootstrapping tablet: real 0.019s	user 0.010s	sys 0.008s
I20260710 13:23:08.900385 17180 tablet_bootstrap.cc:654] T a35844f4b186471080ef152429efd409 P 97d1671c44af4689a06bb446bd0ac466: Neither blocks nor log segments found. Creating new log.
I20260710 13:23:08.901932 17182 tablet_bootstrap.cc:492] T 6077cb9e38b741cfac07b23d324e7ae3 P 56fcaf114aba43bc8977a89da1a12361: No bootstrap required, opened a new log
I20260710 13:23:08.902429 17182 ts_tablet_manager.cc:1403] T 6077cb9e38b741cfac07b23d324e7ae3 P 56fcaf114aba43bc8977a89da1a12361: Time spent bootstrapping tablet: real 0.018s	user 0.008s	sys 0.006s
I20260710 13:23:08.903307 17179 raft_consensus.cc:359] T 94b29b9c1f904935a168c52e3801e395 P fab84b488dd440b98467c3b5a80734e5 [term 0 FOLLOWER]: Replica starting. Triggering 0 pending ops. Active config: opid_index: -1 OBSOLETE_local: false peers { permanent_uuid: "97d1671c44af4689a06bb446bd0ac466" member_type: VOTER last_known_addr { host: "127.15.250.129" port: 34501 } } peers { permanent_uuid: "fab84b488dd440b98467c3b5a80734e5" member_type: VOTER last_known_addr { host: "127.15.250.130" port: 42831 } } peers { permanent_uuid: "56fcaf114aba43bc8977a89da1a12361" member_type: VOTER last_known_addr { host: "127.15.250.131" port: 43587 } }
I20260710 13:23:08.904316 17179 raft_consensus.cc:385] T 94b29b9c1f904935a168c52e3801e395 P fab84b488dd440b98467c3b5a80734e5 [term 0 FOLLOWER]: Consensus starting up: Expiring failure detector timer to make a prompt election more likely
I20260710 13:23:08.904752 17179 raft_consensus.cc:740] T 94b29b9c1f904935a168c52e3801e395 P fab84b488dd440b98467c3b5a80734e5 [term 0 FOLLOWER]: Becoming Follower/Learner. State: Replica: fab84b488dd440b98467c3b5a80734e5, State: Initialized, Role: FOLLOWER
I20260710 13:23:08.905323 17182 raft_consensus.cc:359] T 6077cb9e38b741cfac07b23d324e7ae3 P 56fcaf114aba43bc8977a89da1a12361 [term 0 FOLLOWER]: Replica starting. Triggering 0 pending ops. Active config: opid_index: -1 OBSOLETE_local: false peers { permanent_uuid: "97d1671c44af4689a06bb446bd0ac466" member_type: VOTER last_known_addr { host: "127.15.250.129" port: 34501 } } peers { permanent_uuid: "fab84b488dd440b98467c3b5a80734e5" member_type: VOTER last_known_addr { host: "127.15.250.130" port: 42831 } } peers { permanent_uuid: "56fcaf114aba43bc8977a89da1a12361" member_type: VOTER last_known_addr { host: "127.15.250.131" port: 43587 } }
I20260710 13:23:08.906173 17182 raft_consensus.cc:385] T 6077cb9e38b741cfac07b23d324e7ae3 P 56fcaf114aba43bc8977a89da1a12361 [term 0 FOLLOWER]: Consensus starting up: Expiring failure detector timer to make a prompt election more likely
I20260710 13:23:08.906561 17182 raft_consensus.cc:740] T 6077cb9e38b741cfac07b23d324e7ae3 P 56fcaf114aba43bc8977a89da1a12361 [term 0 FOLLOWER]: Becoming Follower/Learner. State: Replica: 56fcaf114aba43bc8977a89da1a12361, State: Initialized, Role: FOLLOWER
I20260710 13:23:08.905942 17179 consensus_queue.cc:260] T 94b29b9c1f904935a168c52e3801e395 P fab84b488dd440b98467c3b5a80734e5 [NON_LEADER]: Queue going to NON_LEADER mode. State: All replicated index: 0, Majority replicated index: 0, Committed index: 0, Last appended: 0.0, Last appended by leader: 0, Current term: 0, Majority size: -1, State: 0, Mode: NON_LEADER, active raft config: opid_index: -1 OBSOLETE_local: false peers { permanent_uuid: "97d1671c44af4689a06bb446bd0ac466" member_type: VOTER last_known_addr { host: "127.15.250.129" port: 34501 } } peers { permanent_uuid: "fab84b488dd440b98467c3b5a80734e5" member_type: VOTER last_known_addr { host: "127.15.250.130" port: 42831 } } peers { permanent_uuid: "56fcaf114aba43bc8977a89da1a12361" member_type: VOTER last_known_addr { host: "127.15.250.131" port: 43587 } }
I20260710 13:23:08.907464 17182 consensus_queue.cc:260] T 6077cb9e38b741cfac07b23d324e7ae3 P 56fcaf114aba43bc8977a89da1a12361 [NON_LEADER]: Queue going to NON_LEADER mode. State: All replicated index: 0, Majority replicated index: 0, Committed index: 0, Last appended: 0.0, Last appended by leader: 0, Current term: 0, Majority size: -1, State: 0, Mode: NON_LEADER, active raft config: opid_index: -1 OBSOLETE_local: false peers { permanent_uuid: "97d1671c44af4689a06bb446bd0ac466" member_type: VOTER last_known_addr { host: "127.15.250.129" port: 34501 } } peers { permanent_uuid: "fab84b488dd440b98467c3b5a80734e5" member_type: VOTER last_known_addr { host: "127.15.250.130" port: 42831 } } peers { permanent_uuid: "56fcaf114aba43bc8977a89da1a12361" member_type: VOTER last_known_addr { host: "127.15.250.131" port: 43587 } }
I20260710 13:23:08.909492 17179 ts_tablet_manager.cc:1434] T 94b29b9c1f904935a168c52e3801e395 P fab84b488dd440b98467c3b5a80734e5: Time spent starting tablet: real 0.010s	user 0.005s	sys 0.003s
I20260710 13:23:08.910926 17179 tablet_bootstrap.cc:492] T 4979f18b56e94b0e9fb3fadd5963773c P fab84b488dd440b98467c3b5a80734e5: Bootstrap starting.
I20260710 13:23:08.912520 17182 ts_tablet_manager.cc:1434] T 6077cb9e38b741cfac07b23d324e7ae3 P 56fcaf114aba43bc8977a89da1a12361: Time spent starting tablet: real 0.010s	user 0.005s	sys 0.000s
I20260710 13:23:08.913545 17182 tablet_bootstrap.cc:492] T 94b29b9c1f904935a168c52e3801e395 P 56fcaf114aba43bc8977a89da1a12361: Bootstrap starting.
I20260710 13:23:08.918622 17180 tablet_bootstrap.cc:492] T a35844f4b186471080ef152429efd409 P 97d1671c44af4689a06bb446bd0ac466: No bootstrap required, opened a new log
I20260710 13:23:08.919111 17180 ts_tablet_manager.cc:1403] T a35844f4b186471080ef152429efd409 P 97d1671c44af4689a06bb446bd0ac466: Time spent bootstrapping tablet: real 0.027s	user 0.020s	sys 0.002s
I20260710 13:23:08.919186 17179 tablet_bootstrap.cc:654] T 4979f18b56e94b0e9fb3fadd5963773c P fab84b488dd440b98467c3b5a80734e5: Neither blocks nor log segments found. Creating new log.
I20260710 13:23:08.919903 17182 tablet_bootstrap.cc:654] T 94b29b9c1f904935a168c52e3801e395 P 56fcaf114aba43bc8977a89da1a12361: Neither blocks nor log segments found. Creating new log.
I20260710 13:23:08.922227 17180 raft_consensus.cc:359] T a35844f4b186471080ef152429efd409 P 97d1671c44af4689a06bb446bd0ac466 [term 0 FOLLOWER]: Replica starting. Triggering 0 pending ops. Active config: opid_index: -1 OBSOLETE_local: false peers { permanent_uuid: "97d1671c44af4689a06bb446bd0ac466" member_type: VOTER last_known_addr { host: "127.15.250.129" port: 34501 } } peers { permanent_uuid: "fab84b488dd440b98467c3b5a80734e5" member_type: VOTER last_known_addr { host: "127.15.250.130" port: 42831 } } peers { permanent_uuid: "56fcaf114aba43bc8977a89da1a12361" member_type: VOTER last_known_addr { host: "127.15.250.131" port: 43587 } }
I20260710 13:23:08.923177 17180 raft_consensus.cc:385] T a35844f4b186471080ef152429efd409 P 97d1671c44af4689a06bb446bd0ac466 [term 0 FOLLOWER]: Consensus starting up: Expiring failure detector timer to make a prompt election more likely
I20260710 13:23:08.923545 17180 raft_consensus.cc:740] T a35844f4b186471080ef152429efd409 P 97d1671c44af4689a06bb446bd0ac466 [term 0 FOLLOWER]: Becoming Follower/Learner. State: Replica: 97d1671c44af4689a06bb446bd0ac466, State: Initialized, Role: FOLLOWER
I20260710 13:23:08.924428 17180 consensus_queue.cc:260] T a35844f4b186471080ef152429efd409 P 97d1671c44af4689a06bb446bd0ac466 [NON_LEADER]: Queue going to NON_LEADER mode. State: All replicated index: 0, Majority replicated index: 0, Committed index: 0, Last appended: 0.0, Last appended by leader: 0, Current term: 0, Majority size: -1, State: 0, Mode: NON_LEADER, active raft config: opid_index: -1 OBSOLETE_local: false peers { permanent_uuid: "97d1671c44af4689a06bb446bd0ac466" member_type: VOTER last_known_addr { host: "127.15.250.129" port: 34501 } } peers { permanent_uuid: "fab84b488dd440b98467c3b5a80734e5" member_type: VOTER last_known_addr { host: "127.15.250.130" port: 42831 } } peers { permanent_uuid: "56fcaf114aba43bc8977a89da1a12361" member_type: VOTER last_known_addr { host: "127.15.250.131" port: 43587 } }
I20260710 13:23:08.930717 17180 ts_tablet_manager.cc:1434] T a35844f4b186471080ef152429efd409 P 97d1671c44af4689a06bb446bd0ac466: Time spent starting tablet: real 0.011s	user 0.006s	sys 0.002s
I20260710 13:23:08.931550 17182 tablet_bootstrap.cc:492] T 94b29b9c1f904935a168c52e3801e395 P 56fcaf114aba43bc8977a89da1a12361: No bootstrap required, opened a new log
I20260710 13:23:08.931674 17180 tablet_bootstrap.cc:492] T 0f0fd5e000294b4780159e8d0edb3941 P 97d1671c44af4689a06bb446bd0ac466: Bootstrap starting.
I20260710 13:23:08.932008 17182 ts_tablet_manager.cc:1403] T 94b29b9c1f904935a168c52e3801e395 P 56fcaf114aba43bc8977a89da1a12361: Time spent bootstrapping tablet: real 0.019s	user 0.006s	sys 0.009s
I20260710 13:23:08.934439 17182 raft_consensus.cc:359] T 94b29b9c1f904935a168c52e3801e395 P 56fcaf114aba43bc8977a89da1a12361 [term 0 FOLLOWER]: Replica starting. Triggering 0 pending ops. Active config: opid_index: -1 OBSOLETE_local: false peers { permanent_uuid: "97d1671c44af4689a06bb446bd0ac466" member_type: VOTER last_known_addr { host: "127.15.250.129" port: 34501 } } peers { permanent_uuid: "fab84b488dd440b98467c3b5a80734e5" member_type: VOTER last_known_addr { host: "127.15.250.130" port: 42831 } } peers { permanent_uuid: "56fcaf114aba43bc8977a89da1a12361" member_type: VOTER last_known_addr { host: "127.15.250.131" port: 43587 } }
I20260710 13:23:08.935113 17182 raft_consensus.cc:385] T 94b29b9c1f904935a168c52e3801e395 P 56fcaf114aba43bc8977a89da1a12361 [term 0 FOLLOWER]: Consensus starting up: Expiring failure detector timer to make a prompt election more likely
I20260710 13:23:08.935396 17182 raft_consensus.cc:740] T 94b29b9c1f904935a168c52e3801e395 P 56fcaf114aba43bc8977a89da1a12361 [term 0 FOLLOWER]: Becoming Follower/Learner. State: Replica: 56fcaf114aba43bc8977a89da1a12361, State: Initialized, Role: FOLLOWER
I20260710 13:23:08.935541 17179 tablet_bootstrap.cc:492] T 4979f18b56e94b0e9fb3fadd5963773c P fab84b488dd440b98467c3b5a80734e5: No bootstrap required, opened a new log
I20260710 13:23:08.936094 17179 ts_tablet_manager.cc:1403] T 4979f18b56e94b0e9fb3fadd5963773c P fab84b488dd440b98467c3b5a80734e5: Time spent bootstrapping tablet: real 0.025s	user 0.015s	sys 0.003s
I20260710 13:23:08.936257 17182 consensus_queue.cc:260] T 94b29b9c1f904935a168c52e3801e395 P 56fcaf114aba43bc8977a89da1a12361 [NON_LEADER]: Queue going to NON_LEADER mode. State: All replicated index: 0, Majority replicated index: 0, Committed index: 0, Last appended: 0.0, Last appended by leader: 0, Current term: 0, Majority size: -1, State: 0, Mode: NON_LEADER, active raft config: opid_index: -1 OBSOLETE_local: false peers { permanent_uuid: "97d1671c44af4689a06bb446bd0ac466" member_type: VOTER last_known_addr { host: "127.15.250.129" port: 34501 } } peers { permanent_uuid: "fab84b488dd440b98467c3b5a80734e5" member_type: VOTER last_known_addr { host: "127.15.250.130" port: 42831 } } peers { permanent_uuid: "56fcaf114aba43bc8977a89da1a12361" member_type: VOTER last_known_addr { host: "127.15.250.131" port: 43587 } }
I20260710 13:23:08.938373 17180 tablet_bootstrap.cc:654] T 0f0fd5e000294b4780159e8d0edb3941 P 97d1671c44af4689a06bb446bd0ac466: Neither blocks nor log segments found. Creating new log.
I20260710 13:23:08.939028 17179 raft_consensus.cc:359] T 4979f18b56e94b0e9fb3fadd5963773c P fab84b488dd440b98467c3b5a80734e5 [term 0 FOLLOWER]: Replica starting. Triggering 0 pending ops. Active config: opid_index: -1 OBSOLETE_local: false peers { permanent_uuid: "97d1671c44af4689a06bb446bd0ac466" member_type: VOTER last_known_addr { host: "127.15.250.129" port: 34501 } } peers { permanent_uuid: "fab84b488dd440b98467c3b5a80734e5" member_type: VOTER last_known_addr { host: "127.15.250.130" port: 42831 } } peers { permanent_uuid: "56fcaf114aba43bc8977a89da1a12361" member_type: VOTER last_known_addr { host: "127.15.250.131" port: 43587 } }
I20260710 13:23:08.939725 17179 raft_consensus.cc:385] T 4979f18b56e94b0e9fb3fadd5963773c P fab84b488dd440b98467c3b5a80734e5 [term 0 FOLLOWER]: Consensus starting up: Expiring failure detector timer to make a prompt election more likely
I20260710 13:23:08.940007 17179 raft_consensus.cc:740] T 4979f18b56e94b0e9fb3fadd5963773c P fab84b488dd440b98467c3b5a80734e5 [term 0 FOLLOWER]: Becoming Follower/Learner. State: Replica: fab84b488dd440b98467c3b5a80734e5, State: Initialized, Role: FOLLOWER
I20260710 13:23:08.941066 17182 ts_tablet_manager.cc:1434] T 94b29b9c1f904935a168c52e3801e395 P 56fcaf114aba43bc8977a89da1a12361: Time spent starting tablet: real 0.009s	user 0.005s	sys 0.002s
I20260710 13:23:08.940913 17179 consensus_queue.cc:260] T 4979f18b56e94b0e9fb3fadd5963773c P fab84b488dd440b98467c3b5a80734e5 [NON_LEADER]: Queue going to NON_LEADER mode. State: All replicated index: 0, Majority replicated index: 0, Committed index: 0, Last appended: 0.0, Last appended by leader: 0, Current term: 0, Majority size: -1, State: 0, Mode: NON_LEADER, active raft config: opid_index: -1 OBSOLETE_local: false peers { permanent_uuid: "97d1671c44af4689a06bb446bd0ac466" member_type: VOTER last_known_addr { host: "127.15.250.129" port: 34501 } } peers { permanent_uuid: "fab84b488dd440b98467c3b5a80734e5" member_type: VOTER last_known_addr { host: "127.15.250.130" port: 42831 } } peers { permanent_uuid: "56fcaf114aba43bc8977a89da1a12361" member_type: VOTER last_known_addr { host: "127.15.250.131" port: 43587 } }
I20260710 13:23:08.942233 17182 tablet_bootstrap.cc:492] T a35844f4b186471080ef152429efd409 P 56fcaf114aba43bc8977a89da1a12361: Bootstrap starting.
I20260710 13:23:08.943099 17179 ts_tablet_manager.cc:1434] T 4979f18b56e94b0e9fb3fadd5963773c P fab84b488dd440b98467c3b5a80734e5: Time spent starting tablet: real 0.007s	user 0.005s	sys 0.000s
I20260710 13:23:08.944010 17179 tablet_bootstrap.cc:492] T cf4e5b37503643e89a77e2cb4f78a2cc P fab84b488dd440b98467c3b5a80734e5: Bootstrap starting.
I20260710 13:23:08.948721 17182 tablet_bootstrap.cc:654] T a35844f4b186471080ef152429efd409 P 56fcaf114aba43bc8977a89da1a12361: Neither blocks nor log segments found. Creating new log.
I20260710 13:23:08.950264 17179 tablet_bootstrap.cc:654] T cf4e5b37503643e89a77e2cb4f78a2cc P fab84b488dd440b98467c3b5a80734e5: Neither blocks nor log segments found. Creating new log.
I20260710 13:23:08.954579 17180 tablet_bootstrap.cc:492] T 0f0fd5e000294b4780159e8d0edb3941 P 97d1671c44af4689a06bb446bd0ac466: No bootstrap required, opened a new log
I20260710 13:23:08.955075 17180 ts_tablet_manager.cc:1403] T 0f0fd5e000294b4780159e8d0edb3941 P 97d1671c44af4689a06bb446bd0ac466: Time spent bootstrapping tablet: real 0.024s	user 0.008s	sys 0.007s
I20260710 13:23:08.957909 17180 raft_consensus.cc:359] T 0f0fd5e000294b4780159e8d0edb3941 P 97d1671c44af4689a06bb446bd0ac466 [term 0 FOLLOWER]: Replica starting. Triggering 0 pending ops. Active config: opid_index: -1 OBSOLETE_local: false peers { permanent_uuid: "97d1671c44af4689a06bb446bd0ac466" member_type: VOTER last_known_addr { host: "127.15.250.129" port: 34501 } } peers { permanent_uuid: "fab84b488dd440b98467c3b5a80734e5" member_type: VOTER last_known_addr { host: "127.15.250.130" port: 42831 } } peers { permanent_uuid: "56fcaf114aba43bc8977a89da1a12361" member_type: VOTER last_known_addr { host: "127.15.250.131" port: 43587 } }
I20260710 13:23:08.958444 17180 raft_consensus.cc:385] T 0f0fd5e000294b4780159e8d0edb3941 P 97d1671c44af4689a06bb446bd0ac466 [term 0 FOLLOWER]: Consensus starting up: Expiring failure detector timer to make a prompt election more likely
I20260710 13:23:08.958686 17180 raft_consensus.cc:740] T 0f0fd5e000294b4780159e8d0edb3941 P 97d1671c44af4689a06bb446bd0ac466 [term 0 FOLLOWER]: Becoming Follower/Learner. State: Replica: 97d1671c44af4689a06bb446bd0ac466, State: Initialized, Role: FOLLOWER
I20260710 13:23:08.959285 17180 consensus_queue.cc:260] T 0f0fd5e000294b4780159e8d0edb3941 P 97d1671c44af4689a06bb446bd0ac466 [NON_LEADER]: Queue going to NON_LEADER mode. State: All replicated index: 0, Majority replicated index: 0, Committed index: 0, Last appended: 0.0, Last appended by leader: 0, Current term: 0, Majority size: -1, State: 0, Mode: NON_LEADER, active raft config: opid_index: -1 OBSOLETE_local: false peers { permanent_uuid: "97d1671c44af4689a06bb446bd0ac466" member_type: VOTER last_known_addr { host: "127.15.250.129" port: 34501 } } peers { permanent_uuid: "fab84b488dd440b98467c3b5a80734e5" member_type: VOTER last_known_addr { host: "127.15.250.130" port: 42831 } } peers { permanent_uuid: "56fcaf114aba43bc8977a89da1a12361" member_type: VOTER last_known_addr { host: "127.15.250.131" port: 43587 } }
I20260710 13:23:08.959662 17182 tablet_bootstrap.cc:492] T a35844f4b186471080ef152429efd409 P 56fcaf114aba43bc8977a89da1a12361: No bootstrap required, opened a new log
I20260710 13:23:08.960291 17182 ts_tablet_manager.cc:1403] T a35844f4b186471080ef152429efd409 P 56fcaf114aba43bc8977a89da1a12361: Time spent bootstrapping tablet: real 0.018s	user 0.008s	sys 0.006s
I20260710 13:23:08.961232 17180 ts_tablet_manager.cc:1434] T 0f0fd5e000294b4780159e8d0edb3941 P 97d1671c44af4689a06bb446bd0ac466: Time spent starting tablet: real 0.006s	user 0.002s	sys 0.000s
I20260710 13:23:08.962184 17180 tablet_bootstrap.cc:492] T 4979f18b56e94b0e9fb3fadd5963773c P 97d1671c44af4689a06bb446bd0ac466: Bootstrap starting.
I20260710 13:23:08.963617 17182 raft_consensus.cc:359] T a35844f4b186471080ef152429efd409 P 56fcaf114aba43bc8977a89da1a12361 [term 0 FOLLOWER]: Replica starting. Triggering 0 pending ops. Active config: opid_index: -1 OBSOLETE_local: false peers { permanent_uuid: "97d1671c44af4689a06bb446bd0ac466" member_type: VOTER last_known_addr { host: "127.15.250.129" port: 34501 } } peers { permanent_uuid: "fab84b488dd440b98467c3b5a80734e5" member_type: VOTER last_known_addr { host: "127.15.250.130" port: 42831 } } peers { permanent_uuid: "56fcaf114aba43bc8977a89da1a12361" member_type: VOTER last_known_addr { host: "127.15.250.131" port: 43587 } }
I20260710 13:23:08.964536 17182 raft_consensus.cc:385] T a35844f4b186471080ef152429efd409 P 56fcaf114aba43bc8977a89da1a12361 [term 0 FOLLOWER]: Consensus starting up: Expiring failure detector timer to make a prompt election more likely
I20260710 13:23:08.964893 17182 raft_consensus.cc:740] T a35844f4b186471080ef152429efd409 P 56fcaf114aba43bc8977a89da1a12361 [term 0 FOLLOWER]: Becoming Follower/Learner. State: Replica: 56fcaf114aba43bc8977a89da1a12361, State: Initialized, Role: FOLLOWER
I20260710 13:23:08.965858 17182 consensus_queue.cc:260] T a35844f4b186471080ef152429efd409 P 56fcaf114aba43bc8977a89da1a12361 [NON_LEADER]: Queue going to NON_LEADER mode. State: All replicated index: 0, Majority replicated index: 0, Committed index: 0, Last appended: 0.0, Last appended by leader: 0, Current term: 0, Majority size: -1, State: 0, Mode: NON_LEADER, active raft config: opid_index: -1 OBSOLETE_local: false peers { permanent_uuid: "97d1671c44af4689a06bb446bd0ac466" member_type: VOTER last_known_addr { host: "127.15.250.129" port: 34501 } } peers { permanent_uuid: "fab84b488dd440b98467c3b5a80734e5" member_type: VOTER last_known_addr { host: "127.15.250.130" port: 42831 } } peers { permanent_uuid: "56fcaf114aba43bc8977a89da1a12361" member_type: VOTER last_known_addr { host: "127.15.250.131" port: 43587 } }
I20260710 13:23:08.967839 17179 tablet_bootstrap.cc:492] T cf4e5b37503643e89a77e2cb4f78a2cc P fab84b488dd440b98467c3b5a80734e5: No bootstrap required, opened a new log
I20260710 13:23:08.968291 17179 ts_tablet_manager.cc:1403] T cf4e5b37503643e89a77e2cb4f78a2cc P fab84b488dd440b98467c3b5a80734e5: Time spent bootstrapping tablet: real 0.024s	user 0.014s	sys 0.007s
I20260710 13:23:08.969087 17188 raft_consensus.cc:493] T cf4e5b37503643e89a77e2cb4f78a2cc P 56fcaf114aba43bc8977a89da1a12361 [term 0 FOLLOWER]: Starting pre-election (no leader contacted us within the election timeout)
I20260710 13:23:08.969735 17180 tablet_bootstrap.cc:654] T 4979f18b56e94b0e9fb3fadd5963773c P 97d1671c44af4689a06bb446bd0ac466: Neither blocks nor log segments found. Creating new log.
I20260710 13:23:08.969539 17188 raft_consensus.cc:515] T cf4e5b37503643e89a77e2cb4f78a2cc P 56fcaf114aba43bc8977a89da1a12361 [term 0 FOLLOWER]: Starting pre-election with config: opid_index: -1 OBSOLETE_local: false peers { permanent_uuid: "97d1671c44af4689a06bb446bd0ac466" member_type: VOTER last_known_addr { host: "127.15.250.129" port: 34501 } } peers { permanent_uuid: "fab84b488dd440b98467c3b5a80734e5" member_type: VOTER last_known_addr { host: "127.15.250.130" port: 42831 } } peers { permanent_uuid: "56fcaf114aba43bc8977a89da1a12361" member_type: VOTER last_known_addr { host: "127.15.250.131" port: 43587 } }
I20260710 13:23:08.971072 17179 raft_consensus.cc:359] T cf4e5b37503643e89a77e2cb4f78a2cc P fab84b488dd440b98467c3b5a80734e5 [term 0 FOLLOWER]: Replica starting. Triggering 0 pending ops. Active config: opid_index: -1 OBSOLETE_local: false peers { permanent_uuid: "97d1671c44af4689a06bb446bd0ac466" member_type: VOTER last_known_addr { host: "127.15.250.129" port: 34501 } } peers { permanent_uuid: "fab84b488dd440b98467c3b5a80734e5" member_type: VOTER last_known_addr { host: "127.15.250.130" port: 42831 } } peers { permanent_uuid: "56fcaf114aba43bc8977a89da1a12361" member_type: VOTER last_known_addr { host: "127.15.250.131" port: 43587 } }
I20260710 13:23:08.971740 17179 raft_consensus.cc:385] T cf4e5b37503643e89a77e2cb4f78a2cc P fab84b488dd440b98467c3b5a80734e5 [term 0 FOLLOWER]: Consensus starting up: Expiring failure detector timer to make a prompt election more likely
I20260710 13:23:08.972019 17179 raft_consensus.cc:740] T cf4e5b37503643e89a77e2cb4f78a2cc P fab84b488dd440b98467c3b5a80734e5 [term 0 FOLLOWER]: Becoming Follower/Learner. State: Replica: fab84b488dd440b98467c3b5a80734e5, State: Initialized, Role: FOLLOWER
I20260710 13:23:08.972891 17179 consensus_queue.cc:260] T cf4e5b37503643e89a77e2cb4f78a2cc P fab84b488dd440b98467c3b5a80734e5 [NON_LEADER]: Queue going to NON_LEADER mode. State: All replicated index: 0, Majority replicated index: 0, Committed index: 0, Last appended: 0.0, Last appended by leader: 0, Current term: 0, Majority size: -1, State: 0, Mode: NON_LEADER, active raft config: opid_index: -1 OBSOLETE_local: false peers { permanent_uuid: "97d1671c44af4689a06bb446bd0ac466" member_type: VOTER last_known_addr { host: "127.15.250.129" port: 34501 } } peers { permanent_uuid: "fab84b488dd440b98467c3b5a80734e5" member_type: VOTER last_known_addr { host: "127.15.250.130" port: 42831 } } peers { permanent_uuid: "56fcaf114aba43bc8977a89da1a12361" member_type: VOTER last_known_addr { host: "127.15.250.131" port: 43587 } }
I20260710 13:23:08.975063 17179 ts_tablet_manager.cc:1434] T cf4e5b37503643e89a77e2cb4f78a2cc P fab84b488dd440b98467c3b5a80734e5: Time spent starting tablet: real 0.006s	user 0.007s	sys 0.000s
I20260710 13:23:08.975930 17179 tablet_bootstrap.cc:492] T 0f0fd5e000294b4780159e8d0edb3941 P fab84b488dd440b98467c3b5a80734e5: Bootstrap starting.
I20260710 13:23:08.977128 17188 leader_election.cc:290] T cf4e5b37503643e89a77e2cb4f78a2cc P 56fcaf114aba43bc8977a89da1a12361 [CANDIDATE]: Term 1 pre-election: Requested pre-vote from peers 97d1671c44af4689a06bb446bd0ac466 (127.15.250.129:34501), fab84b488dd440b98467c3b5a80734e5 (127.15.250.130:42831)
I20260710 13:23:08.983474 17179 tablet_bootstrap.cc:654] T 0f0fd5e000294b4780159e8d0edb3941 P fab84b488dd440b98467c3b5a80734e5: Neither blocks nor log segments found. Creating new log.
I20260710 13:23:08.983824 17182 ts_tablet_manager.cc:1434] T a35844f4b186471080ef152429efd409 P 56fcaf114aba43bc8977a89da1a12361: Time spent starting tablet: real 0.023s	user 0.004s	sys 0.004s
I20260710 13:23:08.984825 17182 tablet_bootstrap.cc:492] T 4979f18b56e94b0e9fb3fadd5963773c P 56fcaf114aba43bc8977a89da1a12361: Bootstrap starting.
I20260710 13:23:08.985302 17184 raft_consensus.cc:493] T 6077cb9e38b741cfac07b23d324e7ae3 P fab84b488dd440b98467c3b5a80734e5 [term 0 FOLLOWER]: Starting pre-election (no leader contacted us within the election timeout)
I20260710 13:23:08.985982 17184 raft_consensus.cc:515] T 6077cb9e38b741cfac07b23d324e7ae3 P fab84b488dd440b98467c3b5a80734e5 [term 0 FOLLOWER]: Starting pre-election with config: opid_index: -1 OBSOLETE_local: false peers { permanent_uuid: "97d1671c44af4689a06bb446bd0ac466" member_type: VOTER last_known_addr { host: "127.15.250.129" port: 34501 } } peers { permanent_uuid: "fab84b488dd440b98467c3b5a80734e5" member_type: VOTER last_known_addr { host: "127.15.250.130" port: 42831 } } peers { permanent_uuid: "56fcaf114aba43bc8977a89da1a12361" member_type: VOTER last_known_addr { host: "127.15.250.131" port: 43587 } }
I20260710 13:23:08.990864 17186 raft_consensus.cc:493] T cf4e5b37503643e89a77e2cb4f78a2cc P 97d1671c44af4689a06bb446bd0ac466 [term 0 FOLLOWER]: Starting pre-election (no leader contacted us within the election timeout)
I20260710 13:23:08.991462 17186 raft_consensus.cc:515] T cf4e5b37503643e89a77e2cb4f78a2cc P 97d1671c44af4689a06bb446bd0ac466 [term 0 FOLLOWER]: Starting pre-election with config: opid_index: -1 OBSOLETE_local: false peers { permanent_uuid: "97d1671c44af4689a06bb446bd0ac466" member_type: VOTER last_known_addr { host: "127.15.250.129" port: 34501 } } peers { permanent_uuid: "fab84b488dd440b98467c3b5a80734e5" member_type: VOTER last_known_addr { host: "127.15.250.130" port: 42831 } } peers { permanent_uuid: "56fcaf114aba43bc8977a89da1a12361" member_type: VOTER last_known_addr { host: "127.15.250.131" port: 43587 } }
I20260710 13:23:09.023067 17184 leader_election.cc:290] T 6077cb9e38b741cfac07b23d324e7ae3 P fab84b488dd440b98467c3b5a80734e5 [CANDIDATE]: Term 1 pre-election: Requested pre-vote from peers 97d1671c44af4689a06bb446bd0ac466 (127.15.250.129:34501), 56fcaf114aba43bc8977a89da1a12361 (127.15.250.131:43587)
I20260710 13:23:09.035516 17186 leader_election.cc:290] T cf4e5b37503643e89a77e2cb4f78a2cc P 97d1671c44af4689a06bb446bd0ac466 [CANDIDATE]: Term 1 pre-election: Requested pre-vote from peers fab84b488dd440b98467c3b5a80734e5 (127.15.250.130:42831), 56fcaf114aba43bc8977a89da1a12361 (127.15.250.131:43587)
I20260710 13:23:09.060570 17186 raft_consensus.cc:493] T a35844f4b186471080ef152429efd409 P 97d1671c44af4689a06bb446bd0ac466 [term 0 FOLLOWER]: Starting pre-election (no leader contacted us within the election timeout)
I20260710 13:23:09.061389 17186 raft_consensus.cc:515] T a35844f4b186471080ef152429efd409 P 97d1671c44af4689a06bb446bd0ac466 [term 0 FOLLOWER]: Starting pre-election with config: opid_index: -1 OBSOLETE_local: false peers { permanent_uuid: "97d1671c44af4689a06bb446bd0ac466" member_type: VOTER last_known_addr { host: "127.15.250.129" port: 34501 } } peers { permanent_uuid: "fab84b488dd440b98467c3b5a80734e5" member_type: VOTER last_known_addr { host: "127.15.250.130" port: 42831 } } peers { permanent_uuid: "56fcaf114aba43bc8977a89da1a12361" member_type: VOTER last_known_addr { host: "127.15.250.131" port: 43587 } }
I20260710 13:23:09.064137 17186 leader_election.cc:290] T a35844f4b186471080ef152429efd409 P 97d1671c44af4689a06bb446bd0ac466 [CANDIDATE]: Term 1 pre-election: Requested pre-vote from peers fab84b488dd440b98467c3b5a80734e5 (127.15.250.130:42831), 56fcaf114aba43bc8977a89da1a12361 (127.15.250.131:43587)
I20260710 13:23:09.070837 17184 raft_consensus.cc:493] T 232fca8a64184241af9299d5dafe07b2 P fab84b488dd440b98467c3b5a80734e5 [term 0 FOLLOWER]: Starting pre-election (no leader contacted us within the election timeout)
I20260710 13:23:09.071475 17184 raft_consensus.cc:515] T 232fca8a64184241af9299d5dafe07b2 P fab84b488dd440b98467c3b5a80734e5 [term 0 FOLLOWER]: Starting pre-election with config: opid_index: -1 OBSOLETE_local: false peers { permanent_uuid: "fab84b488dd440b98467c3b5a80734e5" member_type: VOTER last_known_addr { host: "127.15.250.130" port: 42831 } } peers { permanent_uuid: "97d1671c44af4689a06bb446bd0ac466" member_type: VOTER last_known_addr { host: "127.15.250.129" port: 34501 } } peers { permanent_uuid: "56fcaf114aba43bc8977a89da1a12361" member_type: VOTER last_known_addr { host: "127.15.250.131" port: 43587 } }
I20260710 13:23:09.074160 17184 leader_election.cc:290] T 232fca8a64184241af9299d5dafe07b2 P fab84b488dd440b98467c3b5a80734e5 [CANDIDATE]: Term 1 pre-election: Requested pre-vote from peers 97d1671c44af4689a06bb446bd0ac466 (127.15.250.129:34501), 56fcaf114aba43bc8977a89da1a12361 (127.15.250.131:43587)
I20260710 13:23:09.076395 17065 tablet_service.cc:1917] Received RequestConsensusVote() RPC: tablet_id: "cf4e5b37503643e89a77e2cb4f78a2cc" candidate_uuid: "56fcaf114aba43bc8977a89da1a12361" candidate_term: 1 candidate_status { last_received { term: 0 index: 0 } } ignore_live_leader: false dest_uuid: "fab84b488dd440b98467c3b5a80734e5" is_pre_election: true
I20260710 13:23:09.077203 17065 raft_consensus.cc:2468] T cf4e5b37503643e89a77e2cb4f78a2cc P fab84b488dd440b98467c3b5a80734e5 [term 0 FOLLOWER]: Leader pre-election vote request: Granting yes vote for candidate 56fcaf114aba43bc8977a89da1a12361 in term 0.
I20260710 13:23:09.078804 16990 tablet_service.cc:1917] Received RequestConsensusVote() RPC: tablet_id: "cf4e5b37503643e89a77e2cb4f78a2cc" candidate_uuid: "56fcaf114aba43bc8977a89da1a12361" candidate_term: 1 candidate_status { last_received { term: 0 index: 0 } } ignore_live_leader: false dest_uuid: "97d1671c44af4689a06bb446bd0ac466" is_pre_election: true
I20260710 13:23:09.079628 16990 raft_consensus.cc:2468] T cf4e5b37503643e89a77e2cb4f78a2cc P 97d1671c44af4689a06bb446bd0ac466 [term 0 FOLLOWER]: Leader pre-election vote request: Granting yes vote for candidate 56fcaf114aba43bc8977a89da1a12361 in term 0.
I20260710 13:23:09.081254 17104 leader_election.cc:304] T cf4e5b37503643e89a77e2cb4f78a2cc P 56fcaf114aba43bc8977a89da1a12361 [CANDIDATE]: Term 1 pre-election: Election decided. Result: candidate won. Election summary: received 2 responses out of 3 voters: 2 yes votes; 0 no votes. yes voters: 56fcaf114aba43bc8977a89da1a12361, 97d1671c44af4689a06bb446bd0ac466; no voters: 
I20260710 13:23:09.082525 17188 raft_consensus.cc:2804] T cf4e5b37503643e89a77e2cb4f78a2cc P 56fcaf114aba43bc8977a89da1a12361 [term 0 FOLLOWER]: Leader pre-election won for term 1
I20260710 13:23:09.082989 17188 raft_consensus.cc:493] T cf4e5b37503643e89a77e2cb4f78a2cc P 56fcaf114aba43bc8977a89da1a12361 [term 0 FOLLOWER]: Starting leader election (no leader contacted us within the election timeout)
I20260710 13:23:09.083403 17188 raft_consensus.cc:3060] T cf4e5b37503643e89a77e2cb4f78a2cc P 56fcaf114aba43bc8977a89da1a12361 [term 0 FOLLOWER]: Advancing to term 1
I20260710 13:23:09.096063 17188 raft_consensus.cc:515] T cf4e5b37503643e89a77e2cb4f78a2cc P 56fcaf114aba43bc8977a89da1a12361 [term 1 FOLLOWER]: Starting leader election with config: opid_index: -1 OBSOLETE_local: false peers { permanent_uuid: "97d1671c44af4689a06bb446bd0ac466" member_type: VOTER last_known_addr { host: "127.15.250.129" port: 34501 } } peers { permanent_uuid: "fab84b488dd440b98467c3b5a80734e5" member_type: VOTER last_known_addr { host: "127.15.250.130" port: 42831 } } peers { permanent_uuid: "56fcaf114aba43bc8977a89da1a12361" member_type: VOTER last_known_addr { host: "127.15.250.131" port: 43587 } }
I20260710 13:23:09.100656 16990 tablet_service.cc:1917] Received RequestConsensusVote() RPC: tablet_id: "6077cb9e38b741cfac07b23d324e7ae3" candidate_uuid: "fab84b488dd440b98467c3b5a80734e5" candidate_term: 1 candidate_status { last_received { term: 0 index: 0 } } ignore_live_leader: false dest_uuid: "97d1671c44af4689a06bb446bd0ac466" is_pre_election: true
I20260710 13:23:09.101900 17065 tablet_service.cc:1917] Received RequestConsensusVote() RPC: tablet_id: "cf4e5b37503643e89a77e2cb4f78a2cc" candidate_uuid: "97d1671c44af4689a06bb446bd0ac466" candidate_term: 1 candidate_status { last_received { term: 0 index: 0 } } ignore_live_leader: false dest_uuid: "fab84b488dd440b98467c3b5a80734e5" is_pre_election: true
I20260710 13:23:09.102708 17065 raft_consensus.cc:2468] T cf4e5b37503643e89a77e2cb4f78a2cc P fab84b488dd440b98467c3b5a80734e5 [term 0 FOLLOWER]: Leader pre-election vote request: Granting yes vote for candidate 97d1671c44af4689a06bb446bd0ac466 in term 0.
I20260710 13:23:09.103823 16990 tablet_service.cc:1917] Received RequestConsensusVote() RPC: tablet_id: "232fca8a64184241af9299d5dafe07b2" candidate_uuid: "fab84b488dd440b98467c3b5a80734e5" candidate_term: 1 candidate_status { last_received { term: 0 index: 0 } } ignore_live_leader: false dest_uuid: "97d1671c44af4689a06bb446bd0ac466" is_pre_election: true
