I20260710 13:23:25.643745 23442 raft_consensus.cc:359] T 8c1f59de7fd64418b435f7cd45ed859a P b4ef6b6218c04ceca4b189257461eacf [term 0 FOLLOWER]: Replica starting. Triggering 0 pending ops. Active config: opid_index: -1 OBSOLETE_local: false peers { permanent_uuid: "d2f1f18055bd452ea1f9994e5e75508d" member_type: VOTER last_known_addr { host: "127.21.154.193" port: 41963 } } peers { permanent_uuid: "b4ef6b6218c04ceca4b189257461eacf" member_type: VOTER last_known_addr { host: "127.21.154.194" port: 35035 } } peers { permanent_uuid: "2254fe6e9e454b9c8f75ce0708258319" member_type: VOTER last_known_addr { host: "127.21.154.195" port: 46451 } }
I20260710 13:23:25.644459 23442 raft_consensus.cc:385] T 8c1f59de7fd64418b435f7cd45ed859a P b4ef6b6218c04ceca4b189257461eacf [term 0 FOLLOWER]: Consensus starting up: Expiring failure detector timer to make a prompt election more likely
I20260710 13:23:25.644742 23441 ts_tablet_manager.cc:1434] T 1c1b579427654a1c83c21b329fd5d15d P d2f1f18055bd452ea1f9994e5e75508d: Time spent starting tablet: real 0.010s	user 0.009s	sys 0.000s
I20260710 13:23:25.644769 23442 raft_consensus.cc:740] T 8c1f59de7fd64418b435f7cd45ed859a P b4ef6b6218c04ceca4b189257461eacf [term 0 FOLLOWER]: Becoming Follower/Learner. State: Replica: b4ef6b6218c04ceca4b189257461eacf, State: Initialized, Role: FOLLOWER
I20260710 13:23:25.645831 23442 consensus_queue.cc:260] T 8c1f59de7fd64418b435f7cd45ed859a P b4ef6b6218c04ceca4b189257461eacf [NON_LEADER]: Queue going to NON_LEADER mode. State: All replicated index: 0, Majority replicated index: 0, Committed index: 0, Last appended: 0.0, Last appended by leader: 0, Current term: 0, Majority size: -1, State: 0, Mode: NON_LEADER, active raft config: opid_index: -1 OBSOLETE_local: false peers { permanent_uuid: "d2f1f18055bd452ea1f9994e5e75508d" member_type: VOTER last_known_addr { host: "127.21.154.193" port: 41963 } } peers { permanent_uuid: "b4ef6b6218c04ceca4b189257461eacf" member_type: VOTER last_known_addr { host: "127.21.154.194" port: 35035 } } peers { permanent_uuid: "2254fe6e9e454b9c8f75ce0708258319" member_type: VOTER last_known_addr { host: "127.21.154.195" port: 46451 } }
I20260710 13:23:25.646377 23441 tablet_bootstrap.cc:492] T 3e2c8d4620214cddb225e6a4b784a5ed P d2f1f18055bd452ea1f9994e5e75508d: Bootstrap starting.
I20260710 13:23:25.650846 23442 ts_tablet_manager.cc:1434] T 8c1f59de7fd64418b435f7cd45ed859a P b4ef6b6218c04ceca4b189257461eacf: Time spent starting tablet: real 0.010s	user 0.007s	sys 0.000s
I20260710 13:23:25.651968 23442 tablet_bootstrap.cc:492] T 1c1b579427654a1c83c21b329fd5d15d P b4ef6b6218c04ceca4b189257461eacf: Bootstrap starting.
I20260710 13:23:25.653187 23441 tablet_bootstrap.cc:654] T 3e2c8d4620214cddb225e6a4b784a5ed P d2f1f18055bd452ea1f9994e5e75508d: Neither blocks nor log segments found. Creating new log.
I20260710 13:23:25.659376 23442 tablet_bootstrap.cc:654] T 1c1b579427654a1c83c21b329fd5d15d P b4ef6b6218c04ceca4b189257461eacf: Neither blocks nor log segments found. Creating new log.
I20260710 13:23:25.670256 23440 tablet_bootstrap.cc:492] T 65a8d0ca35c44adc9ea65b7540b54b8a P 2254fe6e9e454b9c8f75ce0708258319: No bootstrap required, opened a new log
I20260710 13:23:25.670758 23440 ts_tablet_manager.cc:1403] T 65a8d0ca35c44adc9ea65b7540b54b8a P 2254fe6e9e454b9c8f75ce0708258319: Time spent bootstrapping tablet: real 0.045s	user 0.013s	sys 0.004s
I20260710 13:23:25.673136 23440 raft_consensus.cc:359] T 65a8d0ca35c44adc9ea65b7540b54b8a P 2254fe6e9e454b9c8f75ce0708258319 [term 0 FOLLOWER]: Replica starting. Triggering 0 pending ops. Active config: opid_index: -1 OBSOLETE_local: false peers { permanent_uuid: "d2f1f18055bd452ea1f9994e5e75508d" member_type: VOTER last_known_addr { host: "127.21.154.193" port: 41963 } } peers { permanent_uuid: "b4ef6b6218c04ceca4b189257461eacf" member_type: VOTER last_known_addr { host: "127.21.154.194" port: 35035 } } peers { permanent_uuid: "2254fe6e9e454b9c8f75ce0708258319" member_type: VOTER last_known_addr { host: "127.21.154.195" port: 46451 } }
I20260710 13:23:25.673684 23440 raft_consensus.cc:385] T 65a8d0ca35c44adc9ea65b7540b54b8a P 2254fe6e9e454b9c8f75ce0708258319 [term 0 FOLLOWER]: Consensus starting up: Expiring failure detector timer to make a prompt election more likely
I20260710 13:23:25.673923 23440 raft_consensus.cc:740] T 65a8d0ca35c44adc9ea65b7540b54b8a P 2254fe6e9e454b9c8f75ce0708258319 [term 0 FOLLOWER]: Becoming Follower/Learner. State: Replica: 2254fe6e9e454b9c8f75ce0708258319, State: Initialized, Role: FOLLOWER
I20260710 13:23:25.674469 23440 consensus_queue.cc:260] T 65a8d0ca35c44adc9ea65b7540b54b8a P 2254fe6e9e454b9c8f75ce0708258319 [NON_LEADER]: Queue going to NON_LEADER mode. State: All replicated index: 0, Majority replicated index: 0, Committed index: 0, Last appended: 0.0, Last appended by leader: 0, Current term: 0, Majority size: -1, State: 0, Mode: NON_LEADER, active raft config: opid_index: -1 OBSOLETE_local: false peers { permanent_uuid: "d2f1f18055bd452ea1f9994e5e75508d" member_type: VOTER last_known_addr { host: "127.21.154.193" port: 41963 } } peers { permanent_uuid: "b4ef6b6218c04ceca4b189257461eacf" member_type: VOTER last_known_addr { host: "127.21.154.194" port: 35035 } } peers { permanent_uuid: "2254fe6e9e454b9c8f75ce0708258319" member_type: VOTER last_known_addr { host: "127.21.154.195" port: 46451 } }
I20260710 13:23:25.676071 23441 tablet_bootstrap.cc:492] T 3e2c8d4620214cddb225e6a4b784a5ed P d2f1f18055bd452ea1f9994e5e75508d: No bootstrap required, opened a new log
I20260710 13:23:25.676433 23440 ts_tablet_manager.cc:1434] T 65a8d0ca35c44adc9ea65b7540b54b8a P 2254fe6e9e454b9c8f75ce0708258319: Time spent starting tablet: real 0.005s	user 0.004s	sys 0.000s
I20260710 13:23:25.676537 23441 ts_tablet_manager.cc:1403] T 3e2c8d4620214cddb225e6a4b784a5ed P d2f1f18055bd452ea1f9994e5e75508d: Time spent bootstrapping tablet: real 0.030s	user 0.013s	sys 0.003s
I20260710 13:23:25.679767 23440 tablet_bootstrap.cc:492] T e06e22a3ea2645108a3211941d62f461 P 2254fe6e9e454b9c8f75ce0708258319: Bootstrap starting.
I20260710 13:23:25.681293 23442 tablet_bootstrap.cc:492] T 1c1b579427654a1c83c21b329fd5d15d P b4ef6b6218c04ceca4b189257461eacf: No bootstrap required, opened a new log
I20260710 13:23:25.681787 23442 ts_tablet_manager.cc:1403] T 1c1b579427654a1c83c21b329fd5d15d P b4ef6b6218c04ceca4b189257461eacf: Time spent bootstrapping tablet: real 0.030s	user 0.010s	sys 0.000s
I20260710 13:23:25.687383 23440 tablet_bootstrap.cc:654] T e06e22a3ea2645108a3211941d62f461 P 2254fe6e9e454b9c8f75ce0708258319: Neither blocks nor log segments found. Creating new log.
I20260710 13:23:25.684845 23442 raft_consensus.cc:359] T 1c1b579427654a1c83c21b329fd5d15d P b4ef6b6218c04ceca4b189257461eacf [term 0 FOLLOWER]: Replica starting. Triggering 0 pending ops. Active config: opid_index: -1 OBSOLETE_local: false peers { permanent_uuid: "d2f1f18055bd452ea1f9994e5e75508d" member_type: VOTER last_known_addr { host: "127.21.154.193" port: 41963 } } peers { permanent_uuid: "b4ef6b6218c04ceca4b189257461eacf" member_type: VOTER last_known_addr { host: "127.21.154.194" port: 35035 } } peers { permanent_uuid: "2254fe6e9e454b9c8f75ce0708258319" member_type: VOTER last_known_addr { host: "127.21.154.195" port: 46451 } }
I20260710 13:23:25.688265 23442 raft_consensus.cc:385] T 1c1b579427654a1c83c21b329fd5d15d P b4ef6b6218c04ceca4b189257461eacf [term 0 FOLLOWER]: Consensus starting up: Expiring failure detector timer to make a prompt election more likely
I20260710 13:23:25.688606 23442 raft_consensus.cc:740] T 1c1b579427654a1c83c21b329fd5d15d P b4ef6b6218c04ceca4b189257461eacf [term 0 FOLLOWER]: Becoming Follower/Learner. State: Replica: b4ef6b6218c04ceca4b189257461eacf, State: Initialized, Role: FOLLOWER
I20260710 13:23:25.687510 23441 raft_consensus.cc:359] T 3e2c8d4620214cddb225e6a4b784a5ed P d2f1f18055bd452ea1f9994e5e75508d [term 0 FOLLOWER]: Replica starting. Triggering 0 pending ops. Active config: opid_index: -1 OBSOLETE_local: false peers { permanent_uuid: "d2f1f18055bd452ea1f9994e5e75508d" member_type: VOTER last_known_addr { host: "127.21.154.193" port: 41963 } } peers { permanent_uuid: "b4ef6b6218c04ceca4b189257461eacf" member_type: VOTER last_known_addr { host: "127.21.154.194" port: 35035 } } peers { permanent_uuid: "2254fe6e9e454b9c8f75ce0708258319" member_type: VOTER last_known_addr { host: "127.21.154.195" port: 46451 } }
I20260710 13:23:25.689342 23442 consensus_queue.cc:260] T 1c1b579427654a1c83c21b329fd5d15d P b4ef6b6218c04ceca4b189257461eacf [NON_LEADER]: Queue going to NON_LEADER mode. State: All replicated index: 0, Majority replicated index: 0, Committed index: 0, Last appended: 0.0, Last appended by leader: 0, Current term: 0, Majority size: -1, State: 0, Mode: NON_LEADER, active raft config: opid_index: -1 OBSOLETE_local: false peers { permanent_uuid: "d2f1f18055bd452ea1f9994e5e75508d" member_type: VOTER last_known_addr { host: "127.21.154.193" port: 41963 } } peers { permanent_uuid: "b4ef6b6218c04ceca4b189257461eacf" member_type: VOTER last_known_addr { host: "127.21.154.194" port: 35035 } } peers { permanent_uuid: "2254fe6e9e454b9c8f75ce0708258319" member_type: VOTER last_known_addr { host: "127.21.154.195" port: 46451 } }
I20260710 13:23:25.689812 23441 raft_consensus.cc:385] T 3e2c8d4620214cddb225e6a4b784a5ed P d2f1f18055bd452ea1f9994e5e75508d [term 0 FOLLOWER]: Consensus starting up: Expiring failure detector timer to make a prompt election more likely
I20260710 13:23:25.690158 23441 raft_consensus.cc:740] T 3e2c8d4620214cddb225e6a4b784a5ed P d2f1f18055bd452ea1f9994e5e75508d [term 0 FOLLOWER]: Becoming Follower/Learner. State: Replica: d2f1f18055bd452ea1f9994e5e75508d, State: Initialized, Role: FOLLOWER
I20260710 13:23:25.692011 23441 consensus_queue.cc:260] T 3e2c8d4620214cddb225e6a4b784a5ed P d2f1f18055bd452ea1f9994e5e75508d [NON_LEADER]: Queue going to NON_LEADER mode. State: All replicated index: 0, Majority replicated index: 0, Committed index: 0, Last appended: 0.0, Last appended by leader: 0, Current term: 0, Majority size: -1, State: 0, Mode: NON_LEADER, active raft config: opid_index: -1 OBSOLETE_local: false peers { permanent_uuid: "d2f1f18055bd452ea1f9994e5e75508d" member_type: VOTER last_known_addr { host: "127.21.154.193" port: 41963 } } peers { permanent_uuid: "b4ef6b6218c04ceca4b189257461eacf" member_type: VOTER last_known_addr { host: "127.21.154.194" port: 35035 } } peers { permanent_uuid: "2254fe6e9e454b9c8f75ce0708258319" member_type: VOTER last_known_addr { host: "127.21.154.195" port: 46451 } }
I20260710 13:23:25.696069 23442 ts_tablet_manager.cc:1434] T 1c1b579427654a1c83c21b329fd5d15d P b4ef6b6218c04ceca4b189257461eacf: Time spent starting tablet: real 0.014s	user 0.008s	sys 0.000s
I20260710 13:23:25.698974 23442 tablet_bootstrap.cc:492] T 3e2c8d4620214cddb225e6a4b784a5ed P b4ef6b6218c04ceca4b189257461eacf: Bootstrap starting.
I20260710 13:23:25.699885 23441 ts_tablet_manager.cc:1434] T 3e2c8d4620214cddb225e6a4b784a5ed P d2f1f18055bd452ea1f9994e5e75508d: Time spent starting tablet: real 0.023s	user 0.005s	sys 0.003s
I20260710 13:23:25.700850 23528 raft_consensus.cc:493] T 65a8d0ca35c44adc9ea65b7540b54b8a P 2254fe6e9e454b9c8f75ce0708258319 [term 0 FOLLOWER]: Starting pre-election (no leader contacted us within the election timeout)
I20260710 13:23:25.701150 23441 tablet_bootstrap.cc:492] T 579b47d825fc435f903af02a40c7e801 P d2f1f18055bd452ea1f9994e5e75508d: Bootstrap starting.
I20260710 13:23:25.701576 23528 raft_consensus.cc:515] T 65a8d0ca35c44adc9ea65b7540b54b8a P 2254fe6e9e454b9c8f75ce0708258319 [term 0 FOLLOWER]: Starting pre-election with config: opid_index: -1 OBSOLETE_local: false peers { permanent_uuid: "d2f1f18055bd452ea1f9994e5e75508d" member_type: VOTER last_known_addr { host: "127.21.154.193" port: 41963 } } peers { permanent_uuid: "b4ef6b6218c04ceca4b189257461eacf" member_type: VOTER last_known_addr { host: "127.21.154.194" port: 35035 } } peers { permanent_uuid: "2254fe6e9e454b9c8f75ce0708258319" member_type: VOTER last_known_addr { host: "127.21.154.195" port: 46451 } }
I20260710 13:23:25.705186 23528 leader_election.cc:290] T 65a8d0ca35c44adc9ea65b7540b54b8a P 2254fe6e9e454b9c8f75ce0708258319 [CANDIDATE]: Term 1 pre-election: Requested pre-vote from peers d2f1f18055bd452ea1f9994e5e75508d (127.21.154.193:41963), b4ef6b6218c04ceca4b189257461eacf (127.21.154.194:35035)
I20260710 13:23:25.705204 23319 tablet_service.cc:1917] Received RequestConsensusVote() RPC: tablet_id: "65a8d0ca35c44adc9ea65b7540b54b8a" candidate_uuid: "2254fe6e9e454b9c8f75ce0708258319" candidate_term: 1 candidate_status { last_received { term: 0 index: 0 } } ignore_live_leader: false dest_uuid: "b4ef6b6218c04ceca4b189257461eacf" is_pre_election: true
I20260710 13:23:25.705827 23245 tablet_service.cc:1917] Received RequestConsensusVote() RPC: tablet_id: "65a8d0ca35c44adc9ea65b7540b54b8a" candidate_uuid: "2254fe6e9e454b9c8f75ce0708258319" candidate_term: 1 candidate_status { last_received { term: 0 index: 0 } } ignore_live_leader: false dest_uuid: "d2f1f18055bd452ea1f9994e5e75508d" is_pre_election: true
I20260710 13:23:25.706614 23245 raft_consensus.cc:2393] T 65a8d0ca35c44adc9ea65b7540b54b8a P d2f1f18055bd452ea1f9994e5e75508d [term 1 FOLLOWER]: Leader pre-election vote request: Denying vote to candidate 2254fe6e9e454b9c8f75ce0708258319 in current term 1: Already voted for candidate b4ef6b6218c04ceca4b189257461eacf in this term.
I20260710 13:23:25.707871 23358 leader_election.cc:304] T 65a8d0ca35c44adc9ea65b7540b54b8a P 2254fe6e9e454b9c8f75ce0708258319 [CANDIDATE]: Term 1 pre-election: Election decided. Result: candidate lost. Election summary: received 3 responses out of 3 voters: 1 yes votes; 2 no votes. yes voters: 2254fe6e9e454b9c8f75ce0708258319; no voters: b4ef6b6218c04ceca4b189257461eacf, d2f1f18055bd452ea1f9994e5e75508d
I20260710 13:23:25.709213 23528 raft_consensus.cc:3060] T 65a8d0ca35c44adc9ea65b7540b54b8a P 2254fe6e9e454b9c8f75ce0708258319 [term 0 FOLLOWER]: Advancing to term 1
I20260710 13:23:25.710624 23442 tablet_bootstrap.cc:654] T 3e2c8d4620214cddb225e6a4b784a5ed P b4ef6b6218c04ceca4b189257461eacf: Neither blocks nor log segments found. Creating new log.
I20260710 13:23:25.720590 23440 tablet_bootstrap.cc:492] T e06e22a3ea2645108a3211941d62f461 P 2254fe6e9e454b9c8f75ce0708258319: No bootstrap required, opened a new log
I20260710 13:23:25.721212 23440 ts_tablet_manager.cc:1403] T e06e22a3ea2645108a3211941d62f461 P 2254fe6e9e454b9c8f75ce0708258319: Time spent bootstrapping tablet: real 0.042s	user 0.010s	sys 0.010s
I20260710 13:23:25.724941 23440 raft_consensus.cc:359] T e06e22a3ea2645108a3211941d62f461 P 2254fe6e9e454b9c8f75ce0708258319 [term 0 FOLLOWER]: Replica starting. Triggering 0 pending ops. Active config: opid_index: -1 OBSOLETE_local: false peers { permanent_uuid: "d2f1f18055bd452ea1f9994e5e75508d" member_type: VOTER last_known_addr { host: "127.21.154.193" port: 41963 } } peers { permanent_uuid: "b4ef6b6218c04ceca4b189257461eacf" member_type: VOTER last_known_addr { host: "127.21.154.194" port: 35035 } } peers { permanent_uuid: "2254fe6e9e454b9c8f75ce0708258319" member_type: VOTER last_known_addr { host: "127.21.154.195" port: 46451 } }
I20260710 13:23:25.726953 23519 raft_consensus.cc:493] T 1842f53cdfff4f2e86f3823b7bb70a41 P d2f1f18055bd452ea1f9994e5e75508d [term 0 FOLLOWER]: Starting pre-election (no leader contacted us within the election timeout)
I20260710 13:23:25.727505 23519 raft_consensus.cc:515] T 1842f53cdfff4f2e86f3823b7bb70a41 P d2f1f18055bd452ea1f9994e5e75508d [term 0 FOLLOWER]: Starting pre-election with config: opid_index: -1 OBSOLETE_local: false peers { permanent_uuid: "d2f1f18055bd452ea1f9994e5e75508d" member_type: VOTER last_known_addr { host: "127.21.154.193" port: 41963 } } peers { permanent_uuid: "b4ef6b6218c04ceca4b189257461eacf" member_type: VOTER last_known_addr { host: "127.21.154.194" port: 35035 } } peers { permanent_uuid: "2254fe6e9e454b9c8f75ce0708258319" member_type: VOTER last_known_addr { host: "127.21.154.195" port: 46451 } }
I20260710 13:23:25.729748 23519 leader_election.cc:290] T 1842f53cdfff4f2e86f3823b7bb70a41 P d2f1f18055bd452ea1f9994e5e75508d [CANDIDATE]: Term 1 pre-election: Requested pre-vote from peers b4ef6b6218c04ceca4b189257461eacf (127.21.154.194:35035), 2254fe6e9e454b9c8f75ce0708258319 (127.21.154.195:46451)
I20260710 13:23:25.725912 23440 raft_consensus.cc:385] T e06e22a3ea2645108a3211941d62f461 P 2254fe6e9e454b9c8f75ce0708258319 [term 0 FOLLOWER]: Consensus starting up: Expiring failure detector timer to make a prompt election more likely
I20260710 13:23:25.731681 23440 raft_consensus.cc:740] T e06e22a3ea2645108a3211941d62f461 P 2254fe6e9e454b9c8f75ce0708258319 [term 0 FOLLOWER]: Becoming Follower/Learner. State: Replica: 2254fe6e9e454b9c8f75ce0708258319, State: Initialized, Role: FOLLOWER
I20260710 13:23:25.732540 23319 tablet_service.cc:1917] Received RequestConsensusVote() RPC: tablet_id: "1842f53cdfff4f2e86f3823b7bb70a41" candidate_uuid: "d2f1f18055bd452ea1f9994e5e75508d" candidate_term: 1 candidate_status { last_received { term: 0 index: 0 } } ignore_live_leader: false dest_uuid: "b4ef6b6218c04ceca4b189257461eacf" is_pre_election: true
I20260710 13:23:25.733325 23319 raft_consensus.cc:2468] T 1842f53cdfff4f2e86f3823b7bb70a41 P b4ef6b6218c04ceca4b189257461eacf [term 0 FOLLOWER]: Leader pre-election vote request: Granting yes vote for candidate d2f1f18055bd452ea1f9994e5e75508d in term 0.
I20260710 13:23:25.732561 23440 consensus_queue.cc:260] T e06e22a3ea2645108a3211941d62f461 P 2254fe6e9e454b9c8f75ce0708258319 [NON_LEADER]: Queue going to NON_LEADER mode. State: All replicated index: 0, Majority replicated index: 0, Committed index: 0, Last appended: 0.0, Last appended by leader: 0, Current term: 0, Majority size: -1, State: 0, Mode: NON_LEADER, active raft config: opid_index: -1 OBSOLETE_local: false peers { permanent_uuid: "d2f1f18055bd452ea1f9994e5e75508d" member_type: VOTER last_known_addr { host: "127.21.154.193" port: 41963 } } peers { permanent_uuid: "b4ef6b6218c04ceca4b189257461eacf" member_type: VOTER last_known_addr { host: "127.21.154.194" port: 35035 } } peers { permanent_uuid: "2254fe6e9e454b9c8f75ce0708258319" member_type: VOTER last_known_addr { host: "127.21.154.195" port: 46451 } }
I20260710 13:23:25.732468 23395 tablet_service.cc:1917] Received RequestConsensusVote() RPC: tablet_id: "1842f53cdfff4f2e86f3823b7bb70a41" candidate_uuid: "d2f1f18055bd452ea1f9994e5e75508d" candidate_term: 1 candidate_status { last_received { term: 0 index: 0 } } ignore_live_leader: false dest_uuid: "2254fe6e9e454b9c8f75ce0708258319" is_pre_election: true
I20260710 13:23:25.734586 23211 leader_election.cc:304] T 1842f53cdfff4f2e86f3823b7bb70a41 P d2f1f18055bd452ea1f9994e5e75508d [CANDIDATE]: Term 1 pre-election: Election decided. Result: candidate won. Election summary: received 2 responses out of 3 voters: 2 yes votes; 0 no votes. yes voters: b4ef6b6218c04ceca4b189257461eacf, d2f1f18055bd452ea1f9994e5e75508d; no voters: 
I20260710 13:23:25.734607 23395 raft_consensus.cc:2468] T 1842f53cdfff4f2e86f3823b7bb70a41 P 2254fe6e9e454b9c8f75ce0708258319 [term 0 FOLLOWER]: Leader pre-election vote request: Granting yes vote for candidate d2f1f18055bd452ea1f9994e5e75508d in term 0.
I20260710 13:23:25.735460 23440 ts_tablet_manager.cc:1434] T e06e22a3ea2645108a3211941d62f461 P 2254fe6e9e454b9c8f75ce0708258319: Time spent starting tablet: real 0.014s	user 0.010s	sys 0.000s
I20260710 13:23:25.736080 23449 raft_consensus.cc:2804] T 1842f53cdfff4f2e86f3823b7bb70a41 P d2f1f18055bd452ea1f9994e5e75508d [term 0 FOLLOWER]: Leader pre-election won for term 1
I20260710 13:23:25.736501 23449 raft_consensus.cc:493] T 1842f53cdfff4f2e86f3823b7bb70a41 P d2f1f18055bd452ea1f9994e5e75508d [term 0 FOLLOWER]: Starting leader election (no leader contacted us within the election timeout)
I20260710 13:23:25.736657 23440 tablet_bootstrap.cc:492] T 3e2c8d4620214cddb225e6a4b784a5ed P 2254fe6e9e454b9c8f75ce0708258319: Bootstrap starting.
I20260710 13:23:25.736861 23449 raft_consensus.cc:3060] T 1842f53cdfff4f2e86f3823b7bb70a41 P d2f1f18055bd452ea1f9994e5e75508d [term 0 FOLLOWER]: Advancing to term 1
I20260710 13:23:25.740073 23528 raft_consensus.cc:2749] T 65a8d0ca35c44adc9ea65b7540b54b8a P 2254fe6e9e454b9c8f75ce0708258319 [term 1 FOLLOWER]: Leader pre-election lost for term 1. Reason: could not achieve majority
I20260710 13:23:25.741653 23441 tablet_bootstrap.cc:654] T 579b47d825fc435f903af02a40c7e801 P d2f1f18055bd452ea1f9994e5e75508d: Neither blocks nor log segments found. Creating new log.
I20260710 13:23:25.741736 23519 raft_consensus.cc:493] T 383de3b379194477a541b3c52bbd8681 P d2f1f18055bd452ea1f9994e5e75508d [term 0 FOLLOWER]: Starting pre-election (no leader contacted us within the election timeout)
I20260710 13:23:25.742223 23519 raft_consensus.cc:515] T 383de3b379194477a541b3c52bbd8681 P d2f1f18055bd452ea1f9994e5e75508d [term 0 FOLLOWER]: Starting pre-election with config: opid_index: -1 OBSOLETE_local: false peers { permanent_uuid: "d2f1f18055bd452ea1f9994e5e75508d" member_type: VOTER last_known_addr { host: "127.21.154.193" port: 41963 } } peers { permanent_uuid: "b4ef6b6218c04ceca4b189257461eacf" member_type: VOTER last_known_addr { host: "127.21.154.194" port: 35035 } } peers { permanent_uuid: "2254fe6e9e454b9c8f75ce0708258319" member_type: VOTER last_known_addr { host: "127.21.154.195" port: 46451 } }
I20260710 13:23:25.745297 23519 leader_election.cc:290] T 383de3b379194477a541b3c52bbd8681 P d2f1f18055bd452ea1f9994e5e75508d [CANDIDATE]: Term 1 pre-election: Requested pre-vote from peers b4ef6b6218c04ceca4b189257461eacf (127.21.154.194:35035), 2254fe6e9e454b9c8f75ce0708258319 (127.21.154.195:46451)
I20260710 13:23:25.745572 23319 tablet_service.cc:1917] Received RequestConsensusVote() RPC: tablet_id: "383de3b379194477a541b3c52bbd8681" candidate_uuid: "d2f1f18055bd452ea1f9994e5e75508d" candidate_term: 1 candidate_status { last_received { term: 0 index: 0 } } ignore_live_leader: false dest_uuid: "b4ef6b6218c04ceca4b189257461eacf" is_pre_election: true
I20260710 13:23:25.747268 23395 tablet_service.cc:1917] Received RequestConsensusVote() RPC: tablet_id: "383de3b379194477a541b3c52bbd8681" candidate_uuid: "d2f1f18055bd452ea1f9994e5e75508d" candidate_term: 1 candidate_status { last_received { term: 0 index: 0 } } ignore_live_leader: false dest_uuid: "2254fe6e9e454b9c8f75ce0708258319" is_pre_election: true
I20260710 13:23:25.747958 23440 tablet_bootstrap.cc:654] T 3e2c8d4620214cddb225e6a4b784a5ed P 2254fe6e9e454b9c8f75ce0708258319: Neither blocks nor log segments found. Creating new log.
W20260710 13:23:25.748826 23211 leader_election.cc:343] T 383de3b379194477a541b3c52bbd8681 P d2f1f18055bd452ea1f9994e5e75508d [CANDIDATE]: Term 1 pre-election: Tablet error from VoteRequest() call to peer b4ef6b6218c04ceca4b189257461eacf (127.21.154.194:35035): Illegal state: must be running to vote when last-logged opid is not known
I20260710 13:23:25.749948 23449 raft_consensus.cc:515] T 1842f53cdfff4f2e86f3823b7bb70a41 P d2f1f18055bd452ea1f9994e5e75508d [term 1 FOLLOWER]: Starting leader election with config: opid_index: -1 OBSOLETE_local: false peers { permanent_uuid: "d2f1f18055bd452ea1f9994e5e75508d" member_type: VOTER last_known_addr { host: "127.21.154.193" port: 41963 } } peers { permanent_uuid: "b4ef6b6218c04ceca4b189257461eacf" member_type: VOTER last_known_addr { host: "127.21.154.194" port: 35035 } } peers { permanent_uuid: "2254fe6e9e454b9c8f75ce0708258319" member_type: VOTER last_known_addr { host: "127.21.154.195" port: 46451 } }
W20260710 13:23:25.750813 23212 leader_election.cc:343] T 383de3b379194477a541b3c52bbd8681 P d2f1f18055bd452ea1f9994e5e75508d [CANDIDATE]: Term 1 pre-election: Tablet error from VoteRequest() call to peer 2254fe6e9e454b9c8f75ce0708258319 (127.21.154.195:46451): Illegal state: must be running to vote when last-logged opid is not known
I20260710 13:23:25.751312 23212 leader_election.cc:304] T 383de3b379194477a541b3c52bbd8681 P d2f1f18055bd452ea1f9994e5e75508d [CANDIDATE]: Term 1 pre-election: Election decided. Result: candidate lost. Election summary: received 3 responses out of 3 voters: 1 yes votes; 2 no votes. yes voters: d2f1f18055bd452ea1f9994e5e75508d; no voters: 2254fe6e9e454b9c8f75ce0708258319, b4ef6b6218c04ceca4b189257461eacf
I20260710 13:23:25.752462 23519 raft_consensus.cc:2749] T 383de3b379194477a541b3c52bbd8681 P d2f1f18055bd452ea1f9994e5e75508d [term 0 FOLLOWER]: Leader pre-election lost for term 1. Reason: could not achieve majority
I20260710 13:23:25.754223 23442 tablet_bootstrap.cc:492] T 3e2c8d4620214cddb225e6a4b784a5ed P b4ef6b6218c04ceca4b189257461eacf: No bootstrap required, opened a new log
I20260710 13:23:25.754841 23442 ts_tablet_manager.cc:1403] T 3e2c8d4620214cddb225e6a4b784a5ed P b4ef6b6218c04ceca4b189257461eacf: Time spent bootstrapping tablet: real 0.056s	user 0.021s	sys 0.010s
I20260710 13:23:25.757345 23319 tablet_service.cc:1917] Received RequestConsensusVote() RPC: tablet_id: "1842f53cdfff4f2e86f3823b7bb70a41" candidate_uuid: "d2f1f18055bd452ea1f9994e5e75508d" candidate_term: 1 candidate_status { last_received { term: 0 index: 0 } } ignore_live_leader: false dest_uuid: "b4ef6b6218c04ceca4b189257461eacf"
I20260710 13:23:25.761016 23442 raft_consensus.cc:359] T 3e2c8d4620214cddb225e6a4b784a5ed P b4ef6b6218c04ceca4b189257461eacf [term 0 FOLLOWER]: Replica starting. Triggering 0 pending ops. Active config: opid_index: -1 OBSOLETE_local: false peers { permanent_uuid: "d2f1f18055bd452ea1f9994e5e75508d" member_type: VOTER last_known_addr { host: "127.21.154.193" port: 41963 } } peers { permanent_uuid: "b4ef6b6218c04ceca4b189257461eacf" member_type: VOTER last_known_addr { host: "127.21.154.194" port: 35035 } } peers { permanent_uuid: "2254fe6e9e454b9c8f75ce0708258319" member_type: VOTER last_known_addr { host: "127.21.154.195" port: 46451 } }
I20260710 13:23:25.761636 23442 raft_consensus.cc:385] T 3e2c8d4620214cddb225e6a4b784a5ed P b4ef6b6218c04ceca4b189257461eacf [term 0 FOLLOWER]: Consensus starting up: Expiring failure detector timer to make a prompt election more likely
I20260710 13:23:25.761861 23442 raft_consensus.cc:740] T 3e2c8d4620214cddb225e6a4b784a5ed P b4ef6b6218c04ceca4b189257461eacf [term 0 FOLLOWER]: Becoming Follower/Learner. State: Replica: b4ef6b6218c04ceca4b189257461eacf, State: Initialized, Role: FOLLOWER
I20260710 13:23:25.762094 23319 raft_consensus.cc:3060] T 1842f53cdfff4f2e86f3823b7bb70a41 P b4ef6b6218c04ceca4b189257461eacf [term 0 FOLLOWER]: Advancing to term 1
I20260710 13:23:25.762923 23449 leader_election.cc:290] T 1842f53cdfff4f2e86f3823b7bb70a41 P d2f1f18055bd452ea1f9994e5e75508d [CANDIDATE]: Term 1 election: Requested vote from peers b4ef6b6218c04ceca4b189257461eacf (127.21.154.194:35035), 2254fe6e9e454b9c8f75ce0708258319 (127.21.154.195:46451)
I20260710 13:23:25.766451 23395 tablet_service.cc:1917] Received RequestConsensusVote() RPC: tablet_id: "1842f53cdfff4f2e86f3823b7bb70a41" candidate_uuid: "d2f1f18055bd452ea1f9994e5e75508d" candidate_term: 1 candidate_status { last_received { term: 0 index: 0 } } ignore_live_leader: false dest_uuid: "2254fe6e9e454b9c8f75ce0708258319"
I20260710 13:23:25.767230 23395 raft_consensus.cc:3060] T 1842f53cdfff4f2e86f3823b7bb70a41 P 2254fe6e9e454b9c8f75ce0708258319 [term 0 FOLLOWER]: Advancing to term 1
I20260710 13:23:25.776746 23440 tablet_bootstrap.cc:492] T 3e2c8d4620214cddb225e6a4b784a5ed P 2254fe6e9e454b9c8f75ce0708258319: No bootstrap required, opened a new log
I20260710 13:23:25.777302 23440 ts_tablet_manager.cc:1403] T 3e2c8d4620214cddb225e6a4b784a5ed P 2254fe6e9e454b9c8f75ce0708258319: Time spent bootstrapping tablet: real 0.041s	user 0.017s	sys 0.008s
I20260710 13:23:25.777727 23442 consensus_queue.cc:260] T 3e2c8d4620214cddb225e6a4b784a5ed P b4ef6b6218c04ceca4b189257461eacf [NON_LEADER]: Queue going to NON_LEADER mode. State: All replicated index: 0, Majority replicated index: 0, Committed index: 0, Last appended: 0.0, Last appended by leader: 0, Current term: 0, Majority size: -1, State: 0, Mode: NON_LEADER, active raft config: opid_index: -1 OBSOLETE_local: false peers { permanent_uuid: "d2f1f18055bd452ea1f9994e5e75508d" member_type: VOTER last_known_addr { host: "127.21.154.193" port: 41963 } } peers { permanent_uuid: "b4ef6b6218c04ceca4b189257461eacf" member_type: VOTER last_known_addr { host: "127.21.154.194" port: 35035 } } peers { permanent_uuid: "2254fe6e9e454b9c8f75ce0708258319" member_type: VOTER last_known_addr { host: "127.21.154.195" port: 46451 } }
I20260710 13:23:25.780402 23442 ts_tablet_manager.cc:1434] T 3e2c8d4620214cddb225e6a4b784a5ed P b4ef6b6218c04ceca4b189257461eacf: Time spent starting tablet: real 0.025s	user 0.006s	sys 0.000s
I20260710 13:23:25.782150 23528 consensus_queue.cc:1048] T 80779ef4dfdb483faa985fa034b8ea21 P 2254fe6e9e454b9c8f75ce0708258319 [LEADER]: Connected to new peer: Peer: permanent_uuid: "d2f1f18055bd452ea1f9994e5e75508d" member_type: VOTER last_known_addr { host: "127.21.154.193" port: 41963 }, Status: LMP_MISMATCH, Last received: 0.0, Next index: 1, Last known committed idx: 0, Time since last communication: 0.000s
I20260710 13:23:25.783093 23395 raft_consensus.cc:2468] T 1842f53cdfff4f2e86f3823b7bb70a41 P 2254fe6e9e454b9c8f75ce0708258319 [term 1 FOLLOWER]: Leader election vote request: Granting yes vote for candidate d2f1f18055bd452ea1f9994e5e75508d in term 1.
I20260710 13:23:25.784370 23212 leader_election.cc:304] T 1842f53cdfff4f2e86f3823b7bb70a41 P d2f1f18055bd452ea1f9994e5e75508d [CANDIDATE]: Term 1 election: Election decided. Result: candidate won. Election summary: received 2 responses out of 3 voters: 2 yes votes; 0 no votes. yes voters: 2254fe6e9e454b9c8f75ce0708258319, d2f1f18055bd452ea1f9994e5e75508d; no voters: 
I20260710 13:23:25.785257 23449 raft_consensus.cc:2804] T 1842f53cdfff4f2e86f3823b7bb70a41 P d2f1f18055bd452ea1f9994e5e75508d [term 1 FOLLOWER]: Leader election won for term 1
I20260710 13:23:25.785773 23449 raft_consensus.cc:697] T 1842f53cdfff4f2e86f3823b7bb70a41 P d2f1f18055bd452ea1f9994e5e75508d [term 1 LEADER]: Becoming Leader. State: Replica: d2f1f18055bd452ea1f9994e5e75508d, State: Running, Role: LEADER
I20260710 13:23:25.786581 23449 consensus_queue.cc:237] T 1842f53cdfff4f2e86f3823b7bb70a41 P d2f1f18055bd452ea1f9994e5e75508d [LEADER]: Queue going to LEADER mode. State: All replicated index: 0, Majority replicated index: 0, Committed index: 0, Last appended: 0.0, Last appended by leader: 0, Current term: 1, Majority size: 2, State: 0, Mode: LEADER, active raft config: opid_index: -1 OBSOLETE_local: false peers { permanent_uuid: "d2f1f18055bd452ea1f9994e5e75508d" member_type: VOTER last_known_addr { host: "127.21.154.193" port: 41963 } } peers { permanent_uuid: "b4ef6b6218c04ceca4b189257461eacf" member_type: VOTER last_known_addr { host: "127.21.154.194" port: 35035 } } peers { permanent_uuid: "2254fe6e9e454b9c8f75ce0708258319" member_type: VOTER last_known_addr { host: "127.21.154.195" port: 46451 } }
I20260710 13:23:25.785208 23442 tablet_bootstrap.cc:492] T e06e22a3ea2645108a3211941d62f461 P b4ef6b6218c04ceca4b189257461eacf: Bootstrap starting.
I20260710 13:23:25.792292 23319 raft_consensus.cc:2468] T 1842f53cdfff4f2e86f3823b7bb70a41 P b4ef6b6218c04ceca4b189257461eacf [term 1 FOLLOWER]: Leader election vote request: Granting yes vote for candidate d2f1f18055bd452ea1f9994e5e75508d in term 1.
I20260710 13:23:25.794559 23441 tablet_bootstrap.cc:492] T 579b47d825fc435f903af02a40c7e801 P d2f1f18055bd452ea1f9994e5e75508d: No bootstrap required, opened a new log
I20260710 13:23:25.797887 23440 raft_consensus.cc:359] T 3e2c8d4620214cddb225e6a4b784a5ed P 2254fe6e9e454b9c8f75ce0708258319 [term 0 FOLLOWER]: Replica starting. Triggering 0 pending ops. Active config: opid_index: -1 OBSOLETE_local: false peers { permanent_uuid: "d2f1f18055bd452ea1f9994e5e75508d" member_type: VOTER last_known_addr { host: "127.21.154.193" port: 41963 } } peers { permanent_uuid: "b4ef6b6218c04ceca4b189257461eacf" member_type: VOTER last_known_addr { host: "127.21.154.194" port: 35035 } } peers { permanent_uuid: "2254fe6e9e454b9c8f75ce0708258319" member_type: VOTER last_known_addr { host: "127.21.154.195" port: 46451 } }
I20260710 13:23:25.798722 23440 raft_consensus.cc:385] T 3e2c8d4620214cddb225e6a4b784a5ed P 2254fe6e9e454b9c8f75ce0708258319 [term 0 FOLLOWER]: Consensus starting up: Expiring failure detector timer to make a prompt election more likely
I20260710 13:23:25.799023 23440 raft_consensus.cc:740] T 3e2c8d4620214cddb225e6a4b784a5ed P 2254fe6e9e454b9c8f75ce0708258319 [term 0 FOLLOWER]: Becoming Follower/Learner. State: Replica: 2254fe6e9e454b9c8f75ce0708258319, State: Initialized, Role: FOLLOWER
I20260710 13:23:25.799149 23441 ts_tablet_manager.cc:1403] T 579b47d825fc435f903af02a40c7e801 P d2f1f18055bd452ea1f9994e5e75508d: Time spent bootstrapping tablet: real 0.098s	user 0.012s	sys 0.002s
I20260710 13:23:25.799871 23440 consensus_queue.cc:260] T 3e2c8d4620214cddb225e6a4b784a5ed P 2254fe6e9e454b9c8f75ce0708258319 [NON_LEADER]: Queue going to NON_LEADER mode. State: All replicated index: 0, Majority replicated index: 0, Committed index: 0, Last appended: 0.0, Last appended by leader: 0, Current term: 0, Majority size: -1, State: 0, Mode: NON_LEADER, active raft config: opid_index: -1 OBSOLETE_local: false peers { permanent_uuid: "d2f1f18055bd452ea1f9994e5e75508d" member_type: VOTER last_known_addr { host: "127.21.154.193" port: 41963 } } peers { permanent_uuid: "b4ef6b6218c04ceca4b189257461eacf" member_type: VOTER last_known_addr { host: "127.21.154.194" port: 35035 } } peers { permanent_uuid: "2254fe6e9e454b9c8f75ce0708258319" member_type: VOTER last_known_addr { host: "127.21.154.195" port: 46451 } }
I20260710 13:23:25.803686 23442 tablet_bootstrap.cc:654] T e06e22a3ea2645108a3211941d62f461 P b4ef6b6218c04ceca4b189257461eacf: Neither blocks nor log segments found. Creating new log.
I20260710 13:23:25.812048 23440 ts_tablet_manager.cc:1434] T 3e2c8d4620214cddb225e6a4b784a5ed P 2254fe6e9e454b9c8f75ce0708258319: Time spent starting tablet: real 0.034s	user 0.009s	sys 0.000s
I20260710 13:23:25.813344 23440 tablet_bootstrap.cc:492] T defbd1218ed84d128fd1d96b9433fde7 P 2254fe6e9e454b9c8f75ce0708258319: Bootstrap starting.
I20260710 13:23:25.818991 23528 consensus_queue.cc:1048] T 80779ef4dfdb483faa985fa034b8ea21 P 2254fe6e9e454b9c8f75ce0708258319 [LEADER]: Connected to new peer: Peer: permanent_uuid: "b4ef6b6218c04ceca4b189257461eacf" member_type: VOTER last_known_addr { host: "127.21.154.194" port: 35035 }, Status: LMP_MISMATCH, Last received: 0.0, Next index: 1, Last known committed idx: 0, Time since last communication: 0.000s
I20260710 13:23:25.818061 23142 catalog_manager.cc:5697] T 1842f53cdfff4f2e86f3823b7bb70a41 P d2f1f18055bd452ea1f9994e5e75508d reported cstate change: term changed from 0 to 1, leader changed from <none> to d2f1f18055bd452ea1f9994e5e75508d (127.21.154.193). New cstate: current_term: 1 leader_uuid: "d2f1f18055bd452ea1f9994e5e75508d" committed_config { opid_index: -1 OBSOLETE_local: false peers { permanent_uuid: "d2f1f18055bd452ea1f9994e5e75508d" member_type: VOTER last_known_addr { host: "127.21.154.193" port: 41963 } health_report { overall_health: HEALTHY } } peers { permanent_uuid: "b4ef6b6218c04ceca4b189257461eacf" member_type: VOTER last_known_addr { host: "127.21.154.194" port: 35035 } health_report { overall_health: UNKNOWN } } peers { permanent_uuid: "2254fe6e9e454b9c8f75ce0708258319" member_type: VOTER last_known_addr { host: "127.21.154.195" port: 46451 } health_report { overall_health: UNKNOWN } } }
I20260710 13:23:25.823493 23527 raft_consensus.cc:493] T 1c1b579427654a1c83c21b329fd5d15d P 2254fe6e9e454b9c8f75ce0708258319 [term 0 FOLLOWER]: Starting pre-election (no leader contacted us within the election timeout)
I20260710 13:23:25.823995 23527 raft_consensus.cc:515] T 1c1b579427654a1c83c21b329fd5d15d P 2254fe6e9e454b9c8f75ce0708258319 [term 0 FOLLOWER]: Starting pre-election with config: opid_index: -1 OBSOLETE_local: false peers { permanent_uuid: "d2f1f18055bd452ea1f9994e5e75508d" member_type: VOTER last_known_addr { host: "127.21.154.193" port: 41963 } } peers { permanent_uuid: "b4ef6b6218c04ceca4b189257461eacf" member_type: VOTER last_known_addr { host: "127.21.154.194" port: 35035 } } peers { permanent_uuid: "2254fe6e9e454b9c8f75ce0708258319" member_type: VOTER last_known_addr { host: "127.21.154.195" port: 46451 } }
I20260710 13:23:25.826136 23527 leader_election.cc:290] T 1c1b579427654a1c83c21b329fd5d15d P 2254fe6e9e454b9c8f75ce0708258319 [CANDIDATE]: Term 1 pre-election: Requested pre-vote from peers d2f1f18055bd452ea1f9994e5e75508d (127.21.154.193:41963), b4ef6b6218c04ceca4b189257461eacf (127.21.154.194:35035)
I20260710 13:23:25.830523 23245 tablet_service.cc:1917] Received RequestConsensusVote() RPC: tablet_id: "1c1b579427654a1c83c21b329fd5d15d" candidate_uuid: "2254fe6e9e454b9c8f75ce0708258319" candidate_term: 1 candidate_status { last_received { term: 0 index: 0 } } ignore_live_leader: false dest_uuid: "d2f1f18055bd452ea1f9994e5e75508d" is_pre_election: true
I20260710 13:23:25.831336 23245 raft_consensus.cc:2468] T 1c1b579427654a1c83c21b329fd5d15d P d2f1f18055bd452ea1f9994e5e75508d [term 0 FOLLOWER]: Leader pre-election vote request: Granting yes vote for candidate 2254fe6e9e454b9c8f75ce0708258319 in term 0.
I20260710 13:23:25.832525 23358 leader_election.cc:304] T 1c1b579427654a1c83c21b329fd5d15d P 2254fe6e9e454b9c8f75ce0708258319 [CANDIDATE]: Term 1 pre-election: Election decided. Result: candidate won. Election summary: received 2 responses out of 3 voters: 2 yes votes; 0 no votes. yes voters: 2254fe6e9e454b9c8f75ce0708258319, d2f1f18055bd452ea1f9994e5e75508d; no voters: 
I20260710 13:23:25.834625 23446 raft_consensus.cc:2804] T 1c1b579427654a1c83c21b329fd5d15d P 2254fe6e9e454b9c8f75ce0708258319 [term 0 FOLLOWER]: Leader pre-election won for term 1
I20260710 13:23:25.835021 23446 raft_consensus.cc:493] T 1c1b579427654a1c83c21b329fd5d15d P 2254fe6e9e454b9c8f75ce0708258319 [term 0 FOLLOWER]: Starting leader election (no leader contacted us within the election timeout)
I20260710 13:23:25.835373 23446 raft_consensus.cc:3060] T 1c1b579427654a1c83c21b329fd5d15d P 2254fe6e9e454b9c8f75ce0708258319 [term 0 FOLLOWER]: Advancing to term 1
I20260710 13:23:25.841753 23319 tablet_service.cc:1917] Received RequestConsensusVote() RPC: tablet_id: "1c1b579427654a1c83c21b329fd5d15d" candidate_uuid: "2254fe6e9e454b9c8f75ce0708258319" candidate_term: 1 candidate_status { last_received { term: 0 index: 0 } } ignore_live_leader: false dest_uuid: "b4ef6b6218c04ceca4b189257461eacf" is_pre_election: true
I20260710 13:23:25.845883 23319 raft_consensus.cc:2468] T 1c1b579427654a1c83c21b329fd5d15d P b4ef6b6218c04ceca4b189257461eacf [term 0 FOLLOWER]: Leader pre-election vote request: Granting yes vote for candidate 2254fe6e9e454b9c8f75ce0708258319 in term 0.
I20260710 13:23:25.849828 23446 raft_consensus.cc:515] T 1c1b579427654a1c83c21b329fd5d15d P 2254fe6e9e454b9c8f75ce0708258319 [term 1 FOLLOWER]: Starting leader election with config: opid_index: -1 OBSOLETE_local: false peers { permanent_uuid: "d2f1f18055bd452ea1f9994e5e75508d" member_type: VOTER last_known_addr { host: "127.21.154.193" port: 41963 } } peers { permanent_uuid: "b4ef6b6218c04ceca4b189257461eacf" member_type: VOTER last_known_addr { host: "127.21.154.194" port: 35035 } } peers { permanent_uuid: "2254fe6e9e454b9c8f75ce0708258319" member_type: VOTER last_known_addr { host: "127.21.154.195" port: 46451 } }
I20260710 13:23:25.812016 23441 raft_consensus.cc:359] T 579b47d825fc435f903af02a40c7e801 P d2f1f18055bd452ea1f9994e5e75508d [term 0 FOLLOWER]: Replica starting. Triggering 0 pending ops. Active config: opid_index: -1 OBSOLETE_local: false peers { permanent_uuid: "d2f1f18055bd452ea1f9994e5e75508d" member_type: VOTER last_known_addr { host: "127.21.154.193" port: 41963 } } peers { permanent_uuid: "b4ef6b6218c04ceca4b189257461eacf" member_type: VOTER last_known_addr { host: "127.21.154.194" port: 35035 } } peers { permanent_uuid: "2254fe6e9e454b9c8f75ce0708258319" member_type: VOTER last_known_addr { host: "127.21.154.195" port: 46451 } }
I20260710 13:23:25.851590 23441 raft_consensus.cc:385] T 579b47d825fc435f903af02a40c7e801 P d2f1f18055bd452ea1f9994e5e75508d [term 0 FOLLOWER]: Consensus starting up: Expiring failure detector timer to make a prompt election more likely
I20260710 13:23:25.851933 23441 raft_consensus.cc:740] T 579b47d825fc435f903af02a40c7e801 P d2f1f18055bd452ea1f9994e5e75508d [term 0 FOLLOWER]: Becoming Follower/Learner. State: Replica: d2f1f18055bd452ea1f9994e5e75508d, State: Initialized, Role: FOLLOWER
I20260710 13:23:25.852730 23441 consensus_queue.cc:260] T 579b47d825fc435f903af02a40c7e801 P d2f1f18055bd452ea1f9994e5e75508d [NON_LEADER]: Queue going to NON_LEADER mode. State: All replicated index: 0, Majority replicated index: 0, Committed index: 0, Last appended: 0.0, Last appended by leader: 0, Current term: 0, Majority size: -1, State: 0, Mode: NON_LEADER, active raft config: opid_index: -1 OBSOLETE_local: false peers { permanent_uuid: "d2f1f18055bd452ea1f9994e5e75508d" member_type: VOTER last_known_addr { host: "127.21.154.193" port: 41963 } } peers { permanent_uuid: "b4ef6b6218c04ceca4b189257461eacf" member_type: VOTER last_known_addr { host: "127.21.154.194" port: 35035 } } peers { permanent_uuid: "2254fe6e9e454b9c8f75ce0708258319" member_type: VOTER last_known_addr { host: "127.21.154.195" port: 46451 } }
I20260710 13:23:25.855592 23527 raft_consensus.cc:493] T 8c1f59de7fd64418b435f7cd45ed859a P 2254fe6e9e454b9c8f75ce0708258319 [term 0 FOLLOWER]: Starting pre-election (no leader contacted us within the election timeout)
I20260710 13:23:25.856113 23527 raft_consensus.cc:515] T 8c1f59de7fd64418b435f7cd45ed859a P 2254fe6e9e454b9c8f75ce0708258319 [term 0 FOLLOWER]: Starting pre-election with config: opid_index: -1 OBSOLETE_local: false peers { permanent_uuid: "d2f1f18055bd452ea1f9994e5e75508d" member_type: VOTER last_known_addr { host: "127.21.154.193" port: 41963 } } peers { permanent_uuid: "b4ef6b6218c04ceca4b189257461eacf" member_type: VOTER last_known_addr { host: "127.21.154.194" port: 35035 } } peers { permanent_uuid: "2254fe6e9e454b9c8f75ce0708258319" member_type: VOTER last_known_addr { host: "127.21.154.195" port: 46451 } }
I20260710 13:23:25.858189 23527 leader_election.cc:290] T 8c1f59de7fd64418b435f7cd45ed859a P 2254fe6e9e454b9c8f75ce0708258319 [CANDIDATE]: Term 1 pre-election: Requested pre-vote from peers d2f1f18055bd452ea1f9994e5e75508d (127.21.154.193:41963), b4ef6b6218c04ceca4b189257461eacf (127.21.154.194:35035)
I20260710 13:23:25.858861 23245 tablet_service.cc:1917] Received RequestConsensusVote() RPC: tablet_id: "8c1f59de7fd64418b435f7cd45ed859a" candidate_uuid: "2254fe6e9e454b9c8f75ce0708258319" candidate_term: 1 candidate_status { last_received { term: 0 index: 0 } } ignore_live_leader: false dest_uuid: "d2f1f18055bd452ea1f9994e5e75508d" is_pre_election: true
I20260710 13:23:25.859421 23319 tablet_service.cc:1917] Received RequestConsensusVote() RPC: tablet_id: "8c1f59de7fd64418b435f7cd45ed859a" candidate_uuid: "2254fe6e9e454b9c8f75ce0708258319" candidate_term: 1 candidate_status { last_received { term: 0 index: 0 } } ignore_live_leader: false dest_uuid: "b4ef6b6218c04ceca4b189257461eacf" is_pre_election: true
I20260710 13:23:25.859627 23245 raft_consensus.cc:2468] T 8c1f59de7fd64418b435f7cd45ed859a P d2f1f18055bd452ea1f9994e5e75508d [term 0 FOLLOWER]: Leader pre-election vote request: Granting yes vote for candidate 2254fe6e9e454b9c8f75ce0708258319 in term 0.
I20260710 13:23:25.860240 23319 raft_consensus.cc:2468] T 8c1f59de7fd64418b435f7cd45ed859a P b4ef6b6218c04ceca4b189257461eacf [term 0 FOLLOWER]: Leader pre-election vote request: Granting yes vote for candidate 2254fe6e9e454b9c8f75ce0708258319 in term 0.
I20260710 13:23:25.860814 23245 tablet_service.cc:1917] Received RequestConsensusVote() RPC: tablet_id: "1c1b579427654a1c83c21b329fd5d15d" candidate_uuid: "2254fe6e9e454b9c8f75ce0708258319" candidate_term: 1 candidate_status { last_received { term: 0 index: 0 } } ignore_live_leader: false dest_uuid: "d2f1f18055bd452ea1f9994e5e75508d"
I20260710 13:23:25.861059 23358 leader_election.cc:304] T 8c1f59de7fd64418b435f7cd45ed859a P 2254fe6e9e454b9c8f75ce0708258319 [CANDIDATE]: Term 1 pre-election: Election decided. Result: candidate won. Election summary: received 2 responses out of 3 voters: 2 yes votes; 0 no votes. yes voters: 2254fe6e9e454b9c8f75ce0708258319, d2f1f18055bd452ea1f9994e5e75508d; no voters: 
I20260710 13:23:25.861455 23245 raft_consensus.cc:3060] T 1c1b579427654a1c83c21b329fd5d15d P d2f1f18055bd452ea1f9994e5e75508d [term 0 FOLLOWER]: Advancing to term 1
I20260710 13:23:25.862062 23527 raft_consensus.cc:2804] T 8c1f59de7fd64418b435f7cd45ed859a P 2254fe6e9e454b9c8f75ce0708258319 [term 0 FOLLOWER]: Leader pre-election won for term 1
I20260710 13:23:25.855289 23441 ts_tablet_manager.cc:1434] T 579b47d825fc435f903af02a40c7e801 P d2f1f18055bd452ea1f9994e5e75508d: Time spent starting tablet: real 0.055s	user 0.007s	sys 0.000s
I20260710 13:23:25.862468 23527 raft_consensus.cc:493] T 8c1f59de7fd64418b435f7cd45ed859a P 2254fe6e9e454b9c8f75ce0708258319 [term 0 FOLLOWER]: Starting leader election (no leader contacted us within the election timeout)
I20260710 13:23:25.863442 23527 raft_consensus.cc:3060] T 8c1f59de7fd64418b435f7cd45ed859a P 2254fe6e9e454b9c8f75ce0708258319 [term 0 FOLLOWER]: Advancing to term 1
I20260710 13:23:25.865144 23446 leader_election.cc:290] T 1c1b579427654a1c83c21b329fd5d15d P 2254fe6e9e454b9c8f75ce0708258319 [CANDIDATE]: Term 1 election: Requested vote from peers d2f1f18055bd452ea1f9994e5e75508d (127.21.154.193:41963), b4ef6b6218c04ceca4b189257461eacf (127.21.154.194:35035)
I20260710 13:23:25.867030 23441 tablet_bootstrap.cc:492] T 087f8e9b37a3480a8841b1398950d0eb P d2f1f18055bd452ea1f9994e5e75508d: Bootstrap starting.
I20260710 13:23:25.866801 23318 tablet_service.cc:1917] Received RequestConsensusVote() RPC: tablet_id: "1c1b579427654a1c83c21b329fd5d15d" candidate_uuid: "2254fe6e9e454b9c8f75ce0708258319" candidate_term: 1 candidate_status { last_received { term: 0 index: 0 } } ignore_live_leader: false dest_uuid: "b4ef6b6218c04ceca4b189257461eacf"
I20260710 13:23:25.867520 23318 raft_consensus.cc:3060] T 1c1b579427654a1c83c21b329fd5d15d P b4ef6b6218c04ceca4b189257461eacf [term 0 FOLLOWER]: Advancing to term 1
I20260710 13:23:25.872064 23440 tablet_bootstrap.cc:654] T defbd1218ed84d128fd1d96b9433fde7 P 2254fe6e9e454b9c8f75ce0708258319: Neither blocks nor log segments found. Creating new log.
I20260710 13:23:25.876560 23442 tablet_bootstrap.cc:492] T e06e22a3ea2645108a3211941d62f461 P b4ef6b6218c04ceca4b189257461eacf: No bootstrap required, opened a new log
I20260710 13:23:25.881366 23471 raft_consensus.cc:493] T 579b47d825fc435f903af02a40c7e801 P 2254fe6e9e454b9c8f75ce0708258319 [term 0 FOLLOWER]: Starting pre-election (no leader contacted us within the election timeout)
I20260710 13:23:25.882110 23318 raft_consensus.cc:2468] T 1c1b579427654a1c83c21b329fd5d15d P b4ef6b6218c04ceca4b189257461eacf [term 1 FOLLOWER]: Leader election vote request: Granting yes vote for candidate 2254fe6e9e454b9c8f75ce0708258319 in term 1.
I20260710 13:23:25.881915 23471 raft_consensus.cc:515] T 579b47d825fc435f903af02a40c7e801 P 2254fe6e9e454b9c8f75ce0708258319 [term 0 FOLLOWER]: Starting pre-election with config: opid_index: -1 OBSOLETE_local: false peers { permanent_uuid: "d2f1f18055bd452ea1f9994e5e75508d" member_type: VOTER last_known_addr { host: "127.21.154.193" port: 41963 } } peers { permanent_uuid: "b4ef6b6218c04ceca4b189257461eacf" member_type: VOTER last_known_addr { host: "127.21.154.194" port: 35035 } } peers { permanent_uuid: "2254fe6e9e454b9c8f75ce0708258319" member_type: VOTER last_known_addr { host: "127.21.154.195" port: 46451 } }
I20260710 13:23:25.885370 23471 leader_election.cc:290] T 579b47d825fc435f903af02a40c7e801 P 2254fe6e9e454b9c8f75ce0708258319 [CANDIDATE]: Term 1 pre-election: Requested pre-vote from peers d2f1f18055bd452ea1f9994e5e75508d (127.21.154.193:41963), b4ef6b6218c04ceca4b189257461eacf (127.21.154.194:35035)
I20260710 13:23:25.881882 23442 ts_tablet_manager.cc:1403] T e06e22a3ea2645108a3211941d62f461 P b4ef6b6218c04ceca4b189257461eacf: Time spent bootstrapping tablet: real 0.097s	user 0.012s	sys 0.000s
I20260710 13:23:25.885890 23319 tablet_service.cc:1917] Received RequestConsensusVote() RPC: tablet_id: "579b47d825fc435f903af02a40c7e801" candidate_uuid: "2254fe6e9e454b9c8f75ce0708258319" candidate_term: 1 candidate_status { last_received { term: 0 index: 0 } } ignore_live_leader: false dest_uuid: "b4ef6b6218c04ceca4b189257461eacf" is_pre_election: true
I20260710 13:23:25.886049 23244 tablet_service.cc:1917] Received RequestConsensusVote() RPC: tablet_id: "579b47d825fc435f903af02a40c7e801" candidate_uuid: "2254fe6e9e454b9c8f75ce0708258319" candidate_term: 1 candidate_status { last_received { term: 0 index: 0 } } ignore_live_leader: false dest_uuid: "d2f1f18055bd452ea1f9994e5e75508d" is_pre_election: true
I20260710 13:23:25.886938 23244 raft_consensus.cc:2468] T 579b47d825fc435f903af02a40c7e801 P d2f1f18055bd452ea1f9994e5e75508d [term 0 FOLLOWER]: Leader pre-election vote request: Granting yes vote for candidate 2254fe6e9e454b9c8f75ce0708258319 in term 0.
W20260710 13:23:25.887434 23360 leader_election.cc:343] T 579b47d825fc435f903af02a40c7e801 P 2254fe6e9e454b9c8f75ce0708258319 [CANDIDATE]: Term 1 pre-election: Tablet error from VoteRequest() call to peer b4ef6b6218c04ceca4b189257461eacf (127.21.154.194:35035): Illegal state: must be running to vote when last-logged opid is not known
I20260710 13:23:25.888562 23441 tablet_bootstrap.cc:654] T 087f8e9b37a3480a8841b1398950d0eb P d2f1f18055bd452ea1f9994e5e75508d: Neither blocks nor log segments found. Creating new log.
