I20260710 13:23:23.792444 17856 tablet_bootstrap.cc:654] T 6dcb620fe254425cb5bb7f99a6d89f4a P cf61d462440048ff90fac1c4cb627e6f: Neither blocks nor log segments found. Creating new log.
I20260710 13:23:23.798246 17856 tablet_bootstrap.cc:492] T 6dcb620fe254425cb5bb7f99a6d89f4a P cf61d462440048ff90fac1c4cb627e6f: No bootstrap required, opened a new log
I20260710 13:23:23.798856 17856 ts_tablet_manager.cc:1403] T 6dcb620fe254425cb5bb7f99a6d89f4a P cf61d462440048ff90fac1c4cb627e6f: Time spent bootstrapping tablet: real 0.014s	user 0.012s	sys 0.001s
I20260710 13:23:23.801924 17856 raft_consensus.cc:359] T 6dcb620fe254425cb5bb7f99a6d89f4a P cf61d462440048ff90fac1c4cb627e6f [term 0 FOLLOWER]: Replica starting. Triggering 0 pending ops. Active config: opid_index: -1 OBSOLETE_local: false peers { permanent_uuid: "b8aaa6edf8ab4d90bda8fa4f60e439d9" member_type: VOTER last_known_addr { host: "127.16.21.65" port: 38843 } } peers { permanent_uuid: "cf61d462440048ff90fac1c4cb627e6f" member_type: VOTER last_known_addr { host: "127.16.21.66" port: 46785 } } peers { permanent_uuid: "7bc3781913e94b2598a77ec61a2eca2c" member_type: VOTER last_known_addr { host: "127.16.21.67" port: 43927 } }
I20260710 13:23:23.802798 17856 raft_consensus.cc:385] T 6dcb620fe254425cb5bb7f99a6d89f4a P cf61d462440048ff90fac1c4cb627e6f [term 0 FOLLOWER]: Consensus starting up: Expiring failure detector timer to make a prompt election more likely
I20260710 13:23:23.803200 17856 raft_consensus.cc:740] T 6dcb620fe254425cb5bb7f99a6d89f4a P cf61d462440048ff90fac1c4cb627e6f [term 0 FOLLOWER]: Becoming Follower/Learner. State: Replica: cf61d462440048ff90fac1c4cb627e6f, State: Initialized, Role: FOLLOWER
I20260710 13:23:23.804005 17856 consensus_queue.cc:260] T 6dcb620fe254425cb5bb7f99a6d89f4a P cf61d462440048ff90fac1c4cb627e6f [NON_LEADER]: Queue going to NON_LEADER mode. State: All replicated index: 0, Majority replicated index: 0, Committed index: 0, Last appended: 0.0, Last appended by leader: 0, Current term: 0, Majority size: -1, State: 0, Mode: NON_LEADER, active raft config: opid_index: -1 OBSOLETE_local: false peers { permanent_uuid: "b8aaa6edf8ab4d90bda8fa4f60e439d9" member_type: VOTER last_known_addr { host: "127.16.21.65" port: 38843 } } peers { permanent_uuid: "cf61d462440048ff90fac1c4cb627e6f" member_type: VOTER last_known_addr { host: "127.16.21.66" port: 46785 } } peers { permanent_uuid: "7bc3781913e94b2598a77ec61a2eca2c" member_type: VOTER last_known_addr { host: "127.16.21.67" port: 43927 } }
I20260710 13:23:23.806586 17856 ts_tablet_manager.cc:1434] T 6dcb620fe254425cb5bb7f99a6d89f4a P cf61d462440048ff90fac1c4cb627e6f: Time spent starting tablet: real 0.007s	user 0.007s	sys 0.000s
I20260710 13:23:23.805924 17560 catalog_manager.cc:5697] T 8b6609c76ae84cbc9f2e013a15232267 P 7bc3781913e94b2598a77ec61a2eca2c reported cstate change: term changed from 0 to 1, leader changed from <none> to 7bc3781913e94b2598a77ec61a2eca2c (127.16.21.67). New cstate: current_term: 1 leader_uuid: "7bc3781913e94b2598a77ec61a2eca2c" committed_config { opid_index: -1 OBSOLETE_local: false peers { permanent_uuid: "b8aaa6edf8ab4d90bda8fa4f60e439d9" member_type: VOTER last_known_addr { host: "127.16.21.65" port: 38843 } health_report { overall_health: UNKNOWN } } peers { permanent_uuid: "7bc3781913e94b2598a77ec61a2eca2c" member_type: VOTER last_known_addr { host: "127.16.21.67" port: 43927 } health_report { overall_health: HEALTHY } } peers { permanent_uuid: "cf61d462440048ff90fac1c4cb627e6f" member_type: VOTER last_known_addr { host: "127.16.21.66" port: 46785 } health_report { overall_health: UNKNOWN } } }
I20260710 13:23:23.807750 17856 tablet_bootstrap.cc:492] T 8b885b64993348c48e541a0f1f2f9f32 P cf61d462440048ff90fac1c4cb627e6f: Bootstrap starting.
I20260710 13:23:23.810201 17854 tablet_bootstrap.cc:492] T 8b885b64993348c48e541a0f1f2f9f32 P b8aaa6edf8ab4d90bda8fa4f60e439d9: Bootstrap starting.
I20260710 13:23:23.817270 17854 tablet_bootstrap.cc:654] T 8b885b64993348c48e541a0f1f2f9f32 P b8aaa6edf8ab4d90bda8fa4f60e439d9: Neither blocks nor log segments found. Creating new log.
I20260710 13:23:23.820739 17856 tablet_bootstrap.cc:654] T 8b885b64993348c48e541a0f1f2f9f32 P cf61d462440048ff90fac1c4cb627e6f: Neither blocks nor log segments found. Creating new log.
I20260710 13:23:23.827759 17813 tablet_service.cc:1917] Received RequestConsensusVote() RPC: tablet_id: "c9d5f9552d2b44c5b49daa4f95004f57" candidate_uuid: "cf61d462440048ff90fac1c4cb627e6f" candidate_term: 1 candidate_status { last_received { term: 0 index: 0 } } ignore_live_leader: false dest_uuid: "7bc3781913e94b2598a77ec61a2eca2c" is_pre_election: true
I20260710 13:23:23.828423 17813 raft_consensus.cc:2468] T c9d5f9552d2b44c5b49daa4f95004f57 P 7bc3781913e94b2598a77ec61a2eca2c [term 0 FOLLOWER]: Leader pre-election vote request: Granting yes vote for candidate cf61d462440048ff90fac1c4cb627e6f in term 0.
I20260710 13:23:23.829602 17705 leader_election.cc:304] T c9d5f9552d2b44c5b49daa4f95004f57 P cf61d462440048ff90fac1c4cb627e6f [CANDIDATE]: Term 1 pre-election: Election decided. Result: candidate won. Election summary: received 2 responses out of 3 voters: 2 yes votes; 0 no votes. yes voters: 7bc3781913e94b2598a77ec61a2eca2c, cf61d462440048ff90fac1c4cb627e6f; no voters: 
I20260710 13:23:23.830118 17664 tablet_service.cc:1917] Received RequestConsensusVote() RPC: tablet_id: "c9d5f9552d2b44c5b49daa4f95004f57" candidate_uuid: "cf61d462440048ff90fac1c4cb627e6f" candidate_term: 1 candidate_status { last_received { term: 0 index: 0 } } ignore_live_leader: false dest_uuid: "b8aaa6edf8ab4d90bda8fa4f60e439d9" is_pre_election: true
I20260710 13:23:23.830490 17865 raft_consensus.cc:2804] T c9d5f9552d2b44c5b49daa4f95004f57 P cf61d462440048ff90fac1c4cb627e6f [term 0 FOLLOWER]: Leader pre-election won for term 1
I20260710 13:23:23.830740 17664 raft_consensus.cc:2468] T c9d5f9552d2b44c5b49daa4f95004f57 P b8aaa6edf8ab4d90bda8fa4f60e439d9 [term 0 FOLLOWER]: Leader pre-election vote request: Granting yes vote for candidate cf61d462440048ff90fac1c4cb627e6f in term 0.
I20260710 13:23:23.830869 17865 raft_consensus.cc:493] T c9d5f9552d2b44c5b49daa4f95004f57 P cf61d462440048ff90fac1c4cb627e6f [term 0 FOLLOWER]: Starting leader election (no leader contacted us within the election timeout)
I20260710 13:23:23.831275 17865 raft_consensus.cc:3060] T c9d5f9552d2b44c5b49daa4f95004f57 P cf61d462440048ff90fac1c4cb627e6f [term 0 FOLLOWER]: Advancing to term 1
I20260710 13:23:23.831467 17856 tablet_bootstrap.cc:492] T 8b885b64993348c48e541a0f1f2f9f32 P cf61d462440048ff90fac1c4cb627e6f: No bootstrap required, opened a new log
I20260710 13:23:23.832033 17856 ts_tablet_manager.cc:1403] T 8b885b64993348c48e541a0f1f2f9f32 P cf61d462440048ff90fac1c4cb627e6f: Time spent bootstrapping tablet: real 0.024s	user 0.011s	sys 0.001s
I20260710 13:23:23.785168 17853 tablet_bootstrap.cc:654] T 72fafe05ab914dbc811162af61ec46d4 P 7bc3781913e94b2598a77ec61a2eca2c: Neither blocks nor log segments found. Creating new log.
I20260710 13:23:23.834980 17856 raft_consensus.cc:359] T 8b885b64993348c48e541a0f1f2f9f32 P cf61d462440048ff90fac1c4cb627e6f [term 0 FOLLOWER]: Replica starting. Triggering 0 pending ops. Active config: opid_index: -1 OBSOLETE_local: false peers { permanent_uuid: "b8aaa6edf8ab4d90bda8fa4f60e439d9" member_type: VOTER last_known_addr { host: "127.16.21.65" port: 38843 } } peers { permanent_uuid: "cf61d462440048ff90fac1c4cb627e6f" member_type: VOTER last_known_addr { host: "127.16.21.66" port: 46785 } } peers { permanent_uuid: "7bc3781913e94b2598a77ec61a2eca2c" member_type: VOTER last_known_addr { host: "127.16.21.67" port: 43927 } }
I20260710 13:23:23.835741 17856 raft_consensus.cc:385] T 8b885b64993348c48e541a0f1f2f9f32 P cf61d462440048ff90fac1c4cb627e6f [term 0 FOLLOWER]: Consensus starting up: Expiring failure detector timer to make a prompt election more likely
I20260710 13:23:23.836046 17856 raft_consensus.cc:740] T 8b885b64993348c48e541a0f1f2f9f32 P cf61d462440048ff90fac1c4cb627e6f [term 0 FOLLOWER]: Becoming Follower/Learner. State: Replica: cf61d462440048ff90fac1c4cb627e6f, State: Initialized, Role: FOLLOWER
I20260710 13:23:23.836727 17856 consensus_queue.cc:260] T 8b885b64993348c48e541a0f1f2f9f32 P cf61d462440048ff90fac1c4cb627e6f [NON_LEADER]: Queue going to NON_LEADER mode. State: All replicated index: 0, Majority replicated index: 0, Committed index: 0, Last appended: 0.0, Last appended by leader: 0, Current term: 0, Majority size: -1, State: 0, Mode: NON_LEADER, active raft config: opid_index: -1 OBSOLETE_local: false peers { permanent_uuid: "b8aaa6edf8ab4d90bda8fa4f60e439d9" member_type: VOTER last_known_addr { host: "127.16.21.65" port: 38843 } } peers { permanent_uuid: "cf61d462440048ff90fac1c4cb627e6f" member_type: VOTER last_known_addr { host: "127.16.21.66" port: 46785 } } peers { permanent_uuid: "7bc3781913e94b2598a77ec61a2eca2c" member_type: VOTER last_known_addr { host: "127.16.21.67" port: 43927 } }
I20260710 13:23:23.838748 17865 raft_consensus.cc:515] T c9d5f9552d2b44c5b49daa4f95004f57 P cf61d462440048ff90fac1c4cb627e6f [term 1 FOLLOWER]: Starting leader election with config: opid_index: -1 OBSOLETE_local: false peers { permanent_uuid: "b8aaa6edf8ab4d90bda8fa4f60e439d9" member_type: VOTER last_known_addr { host: "127.16.21.65" port: 38843 } } peers { permanent_uuid: "cf61d462440048ff90fac1c4cb627e6f" member_type: VOTER last_known_addr { host: "127.16.21.66" port: 46785 } } peers { permanent_uuid: "7bc3781913e94b2598a77ec61a2eca2c" member_type: VOTER last_known_addr { host: "127.16.21.67" port: 43927 } }
I20260710 13:23:23.841907 17664 tablet_service.cc:1917] Received RequestConsensusVote() RPC: tablet_id: "c9d5f9552d2b44c5b49daa4f95004f57" candidate_uuid: "cf61d462440048ff90fac1c4cb627e6f" candidate_term: 1 candidate_status { last_received { term: 0 index: 0 } } ignore_live_leader: false dest_uuid: "b8aaa6edf8ab4d90bda8fa4f60e439d9"
I20260710 13:23:23.842525 17664 raft_consensus.cc:3060] T c9d5f9552d2b44c5b49daa4f95004f57 P b8aaa6edf8ab4d90bda8fa4f60e439d9 [term 0 FOLLOWER]: Advancing to term 1
I20260710 13:23:23.846954 17861 raft_consensus.cc:493] T 0255fc603dbf4197903be116fa434ca4 P b8aaa6edf8ab4d90bda8fa4f60e439d9 [term 0 FOLLOWER]: Starting pre-election (no leader contacted us within the election timeout)
I20260710 13:23:23.847467 17861 raft_consensus.cc:515] T 0255fc603dbf4197903be116fa434ca4 P b8aaa6edf8ab4d90bda8fa4f60e439d9 [term 0 FOLLOWER]: Starting pre-election with config: opid_index: -1 OBSOLETE_local: false peers { permanent_uuid: "b8aaa6edf8ab4d90bda8fa4f60e439d9" member_type: VOTER last_known_addr { host: "127.16.21.65" port: 38843 } } peers { permanent_uuid: "cf61d462440048ff90fac1c4cb627e6f" member_type: VOTER last_known_addr { host: "127.16.21.66" port: 46785 } } peers { permanent_uuid: "7bc3781913e94b2598a77ec61a2eca2c" member_type: VOTER last_known_addr { host: "127.16.21.67" port: 43927 } }
I20260710 13:23:23.849509 17861 leader_election.cc:290] T 0255fc603dbf4197903be116fa434ca4 P b8aaa6edf8ab4d90bda8fa4f60e439d9 [CANDIDATE]: Term 1 pre-election: Requested pre-vote from peers cf61d462440048ff90fac1c4cb627e6f (127.16.21.66:46785), 7bc3781913e94b2598a77ec61a2eca2c (127.16.21.67:43927)
I20260710 13:23:23.849685 17664 raft_consensus.cc:2468] T c9d5f9552d2b44c5b49daa4f95004f57 P b8aaa6edf8ab4d90bda8fa4f60e439d9 [term 1 FOLLOWER]: Leader election vote request: Granting yes vote for candidate cf61d462440048ff90fac1c4cb627e6f in term 1.
I20260710 13:23:23.851095 17739 tablet_service.cc:1917] Received RequestConsensusVote() RPC: tablet_id: "0255fc603dbf4197903be116fa434ca4" candidate_uuid: "b8aaa6edf8ab4d90bda8fa4f60e439d9" candidate_term: 1 candidate_status { last_received { term: 0 index: 0 } } ignore_live_leader: false dest_uuid: "cf61d462440048ff90fac1c4cb627e6f" is_pre_election: true
I20260710 13:23:23.851688 17739 raft_consensus.cc:2468] T 0255fc603dbf4197903be116fa434ca4 P cf61d462440048ff90fac1c4cb627e6f [term 0 FOLLOWER]: Leader pre-election vote request: Granting yes vote for candidate b8aaa6edf8ab4d90bda8fa4f60e439d9 in term 0.
I20260710 13:23:23.851863 17813 tablet_service.cc:1917] Received RequestConsensusVote() RPC: tablet_id: "c9d5f9552d2b44c5b49daa4f95004f57" candidate_uuid: "cf61d462440048ff90fac1c4cb627e6f" candidate_term: 1 candidate_status { last_received { term: 0 index: 0 } } ignore_live_leader: false dest_uuid: "7bc3781913e94b2598a77ec61a2eca2c"
I20260710 13:23:23.852391 17813 raft_consensus.cc:3060] T c9d5f9552d2b44c5b49daa4f95004f57 P 7bc3781913e94b2598a77ec61a2eca2c [term 0 FOLLOWER]: Advancing to term 1
I20260710 13:23:23.853760 17812 tablet_service.cc:1917] Received RequestConsensusVote() RPC: tablet_id: "0255fc603dbf4197903be116fa434ca4" candidate_uuid: "b8aaa6edf8ab4d90bda8fa4f60e439d9" candidate_term: 1 candidate_status { last_received { term: 0 index: 0 } } ignore_live_leader: false dest_uuid: "7bc3781913e94b2598a77ec61a2eca2c" is_pre_election: true
I20260710 13:23:23.854394 17812 raft_consensus.cc:2468] T 0255fc603dbf4197903be116fa434ca4 P 7bc3781913e94b2598a77ec61a2eca2c [term 0 FOLLOWER]: Leader pre-election vote request: Granting yes vote for candidate b8aaa6edf8ab4d90bda8fa4f60e439d9 in term 0.
I20260710 13:23:23.855705 17702 leader_election.cc:304] T c9d5f9552d2b44c5b49daa4f95004f57 P cf61d462440048ff90fac1c4cb627e6f [CANDIDATE]: Term 1 election: Election decided. Result: candidate won. Election summary: received 2 responses out of 3 voters: 2 yes votes; 0 no votes. yes voters: b8aaa6edf8ab4d90bda8fa4f60e439d9, cf61d462440048ff90fac1c4cb627e6f; no voters: 
I20260710 13:23:23.857352 17627 leader_election.cc:304] T 0255fc603dbf4197903be116fa434ca4 P b8aaa6edf8ab4d90bda8fa4f60e439d9 [CANDIDATE]: Term 1 pre-election: Election decided. Result: candidate won. Election summary: received 2 responses out of 3 voters: 2 yes votes; 0 no votes. yes voters: b8aaa6edf8ab4d90bda8fa4f60e439d9, cf61d462440048ff90fac1c4cb627e6f; no voters: 
I20260710 13:23:23.858690 17861 raft_consensus.cc:2804] T 0255fc603dbf4197903be116fa434ca4 P b8aaa6edf8ab4d90bda8fa4f60e439d9 [term 0 FOLLOWER]: Leader pre-election won for term 1
I20260710 13:23:23.859076 17861 raft_consensus.cc:493] T 0255fc603dbf4197903be116fa434ca4 P b8aaa6edf8ab4d90bda8fa4f60e439d9 [term 0 FOLLOWER]: Starting leader election (no leader contacted us within the election timeout)
I20260710 13:23:23.859179 17865 leader_election.cc:290] T c9d5f9552d2b44c5b49daa4f95004f57 P cf61d462440048ff90fac1c4cb627e6f [CANDIDATE]: Term 1 election: Requested vote from peers b8aaa6edf8ab4d90bda8fa4f60e439d9 (127.16.21.65:38843), 7bc3781913e94b2598a77ec61a2eca2c (127.16.21.67:43927)
I20260710 13:23:23.859468 17861 raft_consensus.cc:3060] T 0255fc603dbf4197903be116fa434ca4 P b8aaa6edf8ab4d90bda8fa4f60e439d9 [term 0 FOLLOWER]: Advancing to term 1
I20260710 13:23:23.859097 17813 raft_consensus.cc:2468] T c9d5f9552d2b44c5b49daa4f95004f57 P 7bc3781913e94b2598a77ec61a2eca2c [term 1 FOLLOWER]: Leader election vote request: Granting yes vote for candidate cf61d462440048ff90fac1c4cb627e6f in term 1.
I20260710 13:23:23.864152 17854 tablet_bootstrap.cc:492] T 8b885b64993348c48e541a0f1f2f9f32 P b8aaa6edf8ab4d90bda8fa4f60e439d9: No bootstrap required, opened a new log
I20260710 13:23:23.864681 17854 ts_tablet_manager.cc:1403] T 8b885b64993348c48e541a0f1f2f9f32 P b8aaa6edf8ab4d90bda8fa4f60e439d9: Time spent bootstrapping tablet: real 0.055s	user 0.012s	sys 0.001s
I20260710 13:23:23.869257 17865 raft_consensus.cc:2804] T c9d5f9552d2b44c5b49daa4f95004f57 P cf61d462440048ff90fac1c4cb627e6f [term 1 FOLLOWER]: Leader election won for term 1
I20260710 13:23:23.869779 17865 raft_consensus.cc:697] T c9d5f9552d2b44c5b49daa4f95004f57 P cf61d462440048ff90fac1c4cb627e6f [term 1 LEADER]: Becoming Leader. State: Replica: cf61d462440048ff90fac1c4cb627e6f, State: Running, Role: LEADER
I20260710 13:23:23.870221 17861 raft_consensus.cc:515] T 0255fc603dbf4197903be116fa434ca4 P b8aaa6edf8ab4d90bda8fa4f60e439d9 [term 1 FOLLOWER]: Starting leader election with config: opid_index: -1 OBSOLETE_local: false peers { permanent_uuid: "b8aaa6edf8ab4d90bda8fa4f60e439d9" member_type: VOTER last_known_addr { host: "127.16.21.65" port: 38843 } } peers { permanent_uuid: "cf61d462440048ff90fac1c4cb627e6f" member_type: VOTER last_known_addr { host: "127.16.21.66" port: 46785 } } peers { permanent_uuid: "7bc3781913e94b2598a77ec61a2eca2c" member_type: VOTER last_known_addr { host: "127.16.21.67" port: 43927 } }
I20260710 13:23:23.870676 17865 consensus_queue.cc:237] T c9d5f9552d2b44c5b49daa4f95004f57 P cf61d462440048ff90fac1c4cb627e6f [LEADER]: Queue going to LEADER mode. State: All replicated index: 0, Majority replicated index: 0, Committed index: 0, Last appended: 0.0, Last appended by leader: 0, Current term: 1, Majority size: 2, State: 0, Mode: LEADER, active raft config: opid_index: -1 OBSOLETE_local: false peers { permanent_uuid: "b8aaa6edf8ab4d90bda8fa4f60e439d9" member_type: VOTER last_known_addr { host: "127.16.21.65" port: 38843 } } peers { permanent_uuid: "cf61d462440048ff90fac1c4cb627e6f" member_type: VOTER last_known_addr { host: "127.16.21.66" port: 46785 } } peers { permanent_uuid: "7bc3781913e94b2598a77ec61a2eca2c" member_type: VOTER last_known_addr { host: "127.16.21.67" port: 43927 } }
I20260710 13:23:23.873086 17739 tablet_service.cc:1917] Received RequestConsensusVote() RPC: tablet_id: "0255fc603dbf4197903be116fa434ca4" candidate_uuid: "b8aaa6edf8ab4d90bda8fa4f60e439d9" candidate_term: 1 candidate_status { last_received { term: 0 index: 0 } } ignore_live_leader: false dest_uuid: "cf61d462440048ff90fac1c4cb627e6f"
I20260710 13:23:23.873588 17739 raft_consensus.cc:3060] T 0255fc603dbf4197903be116fa434ca4 P cf61d462440048ff90fac1c4cb627e6f [term 0 FOLLOWER]: Advancing to term 1
I20260710 13:23:23.879354 17854 raft_consensus.cc:359] T 8b885b64993348c48e541a0f1f2f9f32 P b8aaa6edf8ab4d90bda8fa4f60e439d9 [term 0 FOLLOWER]: Replica starting. Triggering 0 pending ops. Active config: opid_index: -1 OBSOLETE_local: false peers { permanent_uuid: "b8aaa6edf8ab4d90bda8fa4f60e439d9" member_type: VOTER last_known_addr { host: "127.16.21.65" port: 38843 } } peers { permanent_uuid: "cf61d462440048ff90fac1c4cb627e6f" member_type: VOTER last_known_addr { host: "127.16.21.66" port: 46785 } } peers { permanent_uuid: "7bc3781913e94b2598a77ec61a2eca2c" member_type: VOTER last_known_addr { host: "127.16.21.67" port: 43927 } }
I20260710 13:23:23.880075 17854 raft_consensus.cc:385] T 8b885b64993348c48e541a0f1f2f9f32 P b8aaa6edf8ab4d90bda8fa4f60e439d9 [term 0 FOLLOWER]: Consensus starting up: Expiring failure detector timer to make a prompt election more likely
I20260710 13:23:23.880379 17854 raft_consensus.cc:740] T 8b885b64993348c48e541a0f1f2f9f32 P b8aaa6edf8ab4d90bda8fa4f60e439d9 [term 0 FOLLOWER]: Becoming Follower/Learner. State: Replica: b8aaa6edf8ab4d90bda8fa4f60e439d9, State: Initialized, Role: FOLLOWER
I20260710 13:23:23.881064 17854 consensus_queue.cc:260] T 8b885b64993348c48e541a0f1f2f9f32 P b8aaa6edf8ab4d90bda8fa4f60e439d9 [NON_LEADER]: Queue going to NON_LEADER mode. State: All replicated index: 0, Majority replicated index: 0, Committed index: 0, Last appended: 0.0, Last appended by leader: 0, Current term: 0, Majority size: -1, State: 0, Mode: NON_LEADER, active raft config: opid_index: -1 OBSOLETE_local: false peers { permanent_uuid: "b8aaa6edf8ab4d90bda8fa4f60e439d9" member_type: VOTER last_known_addr { host: "127.16.21.65" port: 38843 } } peers { permanent_uuid: "cf61d462440048ff90fac1c4cb627e6f" member_type: VOTER last_known_addr { host: "127.16.21.66" port: 46785 } } peers { permanent_uuid: "7bc3781913e94b2598a77ec61a2eca2c" member_type: VOTER last_known_addr { host: "127.16.21.67" port: 43927 } }
I20260710 13:23:23.881453 17739 raft_consensus.cc:2468] T 0255fc603dbf4197903be116fa434ca4 P cf61d462440048ff90fac1c4cb627e6f [term 1 FOLLOWER]: Leader election vote request: Granting yes vote for candidate b8aaa6edf8ab4d90bda8fa4f60e439d9 in term 1.
I20260710 13:23:23.882654 17627 leader_election.cc:304] T 0255fc603dbf4197903be116fa434ca4 P b8aaa6edf8ab4d90bda8fa4f60e439d9 [CANDIDATE]: Term 1 election: Election decided. Result: candidate won. Election summary: received 2 responses out of 3 voters: 2 yes votes; 0 no votes. yes voters: b8aaa6edf8ab4d90bda8fa4f60e439d9, cf61d462440048ff90fac1c4cb627e6f; no voters: 
I20260710 13:23:23.885563 17856 ts_tablet_manager.cc:1434] T 8b885b64993348c48e541a0f1f2f9f32 P cf61d462440048ff90fac1c4cb627e6f: Time spent starting tablet: real 0.053s	user 0.004s	sys 0.046s
I20260710 13:23:23.886611 17856 tablet_bootstrap.cc:492] T d3899b0b0e3948bc9f9964888679e47c P cf61d462440048ff90fac1c4cb627e6f: Bootstrap starting.
I20260710 13:23:23.887784 17853 tablet_bootstrap.cc:492] T 72fafe05ab914dbc811162af61ec46d4 P 7bc3781913e94b2598a77ec61a2eca2c: No bootstrap required, opened a new log
I20260710 13:23:23.888329 17853 ts_tablet_manager.cc:1403] T 72fafe05ab914dbc811162af61ec46d4 P 7bc3781913e94b2598a77ec61a2eca2c: Time spent bootstrapping tablet: real 0.122s	user 0.015s	sys 0.010s
I20260710 13:23:23.889743 17813 tablet_service.cc:1917] Received RequestConsensusVote() RPC: tablet_id: "0255fc603dbf4197903be116fa434ca4" candidate_uuid: "b8aaa6edf8ab4d90bda8fa4f60e439d9" candidate_term: 1 candidate_status { last_received { term: 0 index: 0 } } ignore_live_leader: false dest_uuid: "7bc3781913e94b2598a77ec61a2eca2c"
I20260710 13:23:23.890368 17813 raft_consensus.cc:3060] T 0255fc603dbf4197903be116fa434ca4 P 7bc3781913e94b2598a77ec61a2eca2c [term 0 FOLLOWER]: Advancing to term 1
I20260710 13:23:23.891469 17853 raft_consensus.cc:359] T 72fafe05ab914dbc811162af61ec46d4 P 7bc3781913e94b2598a77ec61a2eca2c [term 0 FOLLOWER]: Replica starting. Triggering 0 pending ops. Active config: opid_index: -1 OBSOLETE_local: false peers { permanent_uuid: "b8aaa6edf8ab4d90bda8fa4f60e439d9" member_type: VOTER last_known_addr { host: "127.16.21.65" port: 38843 } } peers { permanent_uuid: "cf61d462440048ff90fac1c4cb627e6f" member_type: VOTER last_known_addr { host: "127.16.21.66" port: 46785 } } peers { permanent_uuid: "7bc3781913e94b2598a77ec61a2eca2c" member_type: VOTER last_known_addr { host: "127.16.21.67" port: 43927 } }
I20260710 13:23:23.892220 17853 raft_consensus.cc:385] T 72fafe05ab914dbc811162af61ec46d4 P 7bc3781913e94b2598a77ec61a2eca2c [term 0 FOLLOWER]: Consensus starting up: Expiring failure detector timer to make a prompt election more likely
I20260710 13:23:23.892560 17853 raft_consensus.cc:740] T 72fafe05ab914dbc811162af61ec46d4 P 7bc3781913e94b2598a77ec61a2eca2c [term 0 FOLLOWER]: Becoming Follower/Learner. State: Replica: 7bc3781913e94b2598a77ec61a2eca2c, State: Initialized, Role: FOLLOWER
I20260710 13:23:23.892827 17856 tablet_bootstrap.cc:654] T d3899b0b0e3948bc9f9964888679e47c P cf61d462440048ff90fac1c4cb627e6f: Neither blocks nor log segments found. Creating new log.
I20260710 13:23:23.893563 17853 consensus_queue.cc:260] T 72fafe05ab914dbc811162af61ec46d4 P 7bc3781913e94b2598a77ec61a2eca2c [NON_LEADER]: Queue going to NON_LEADER mode. State: All replicated index: 0, Majority replicated index: 0, Committed index: 0, Last appended: 0.0, Last appended by leader: 0, Current term: 0, Majority size: -1, State: 0, Mode: NON_LEADER, active raft config: opid_index: -1 OBSOLETE_local: false peers { permanent_uuid: "b8aaa6edf8ab4d90bda8fa4f60e439d9" member_type: VOTER last_known_addr { host: "127.16.21.65" port: 38843 } } peers { permanent_uuid: "cf61d462440048ff90fac1c4cb627e6f" member_type: VOTER last_known_addr { host: "127.16.21.66" port: 46785 } } peers { permanent_uuid: "7bc3781913e94b2598a77ec61a2eca2c" member_type: VOTER last_known_addr { host: "127.16.21.67" port: 43927 } }
I20260710 13:23:23.895882 17853 ts_tablet_manager.cc:1434] T 72fafe05ab914dbc811162af61ec46d4 P 7bc3781913e94b2598a77ec61a2eca2c: Time spent starting tablet: real 0.007s	user 0.002s	sys 0.004s
I20260710 13:23:23.896912 17853 tablet_bootstrap.cc:492] T 8b885b64993348c48e541a0f1f2f9f32 P 7bc3781913e94b2598a77ec61a2eca2c: Bootstrap starting.
I20260710 13:23:23.897862 17813 raft_consensus.cc:2468] T 0255fc603dbf4197903be116fa434ca4 P 7bc3781913e94b2598a77ec61a2eca2c [term 1 FOLLOWER]: Leader election vote request: Granting yes vote for candidate b8aaa6edf8ab4d90bda8fa4f60e439d9 in term 1.
I20260710 13:23:23.899902 17861 leader_election.cc:290] T 0255fc603dbf4197903be116fa434ca4 P b8aaa6edf8ab4d90bda8fa4f60e439d9 [CANDIDATE]: Term 1 election: Requested vote from peers cf61d462440048ff90fac1c4cb627e6f (127.16.21.66:46785), 7bc3781913e94b2598a77ec61a2eca2c (127.16.21.67:43927)
I20260710 13:23:23.903481 17861 raft_consensus.cc:2804] T 0255fc603dbf4197903be116fa434ca4 P b8aaa6edf8ab4d90bda8fa4f60e439d9 [term 1 FOLLOWER]: Leader election won for term 1
I20260710 13:23:23.903999 17861 raft_consensus.cc:697] T 0255fc603dbf4197903be116fa434ca4 P b8aaa6edf8ab4d90bda8fa4f60e439d9 [term 1 LEADER]: Becoming Leader. State: Replica: b8aaa6edf8ab4d90bda8fa4f60e439d9, State: Running, Role: LEADER
I20260710 13:23:23.904788 17861 consensus_queue.cc:237] T 0255fc603dbf4197903be116fa434ca4 P b8aaa6edf8ab4d90bda8fa4f60e439d9 [LEADER]: Queue going to LEADER mode. State: All replicated index: 0, Majority replicated index: 0, Committed index: 0, Last appended: 0.0, Last appended by leader: 0, Current term: 1, Majority size: 2, State: 0, Mode: LEADER, active raft config: opid_index: -1 OBSOLETE_local: false peers { permanent_uuid: "b8aaa6edf8ab4d90bda8fa4f60e439d9" member_type: VOTER last_known_addr { host: "127.16.21.65" port: 38843 } } peers { permanent_uuid: "cf61d462440048ff90fac1c4cb627e6f" member_type: VOTER last_known_addr { host: "127.16.21.66" port: 46785 } } peers { permanent_uuid: "7bc3781913e94b2598a77ec61a2eca2c" member_type: VOTER last_known_addr { host: "127.16.21.67" port: 43927 } }
I20260710 13:23:23.917701 17853 tablet_bootstrap.cc:654] T 8b885b64993348c48e541a0f1f2f9f32 P 7bc3781913e94b2598a77ec61a2eca2c: Neither blocks nor log segments found. Creating new log.
I20260710 13:23:23.919348 17854 ts_tablet_manager.cc:1434] T 8b885b64993348c48e541a0f1f2f9f32 P b8aaa6edf8ab4d90bda8fa4f60e439d9: Time spent starting tablet: real 0.054s	user 0.017s	sys 0.008s
I20260710 13:23:23.920430 17854 tablet_bootstrap.cc:492] T f53feed0d7554b71afe0f1dc8821f660 P b8aaa6edf8ab4d90bda8fa4f60e439d9: Bootstrap starting.
I20260710 13:23:23.923120 17856 tablet_bootstrap.cc:492] T d3899b0b0e3948bc9f9964888679e47c P cf61d462440048ff90fac1c4cb627e6f: No bootstrap required, opened a new log
I20260710 13:23:23.923664 17856 ts_tablet_manager.cc:1403] T d3899b0b0e3948bc9f9964888679e47c P cf61d462440048ff90fac1c4cb627e6f: Time spent bootstrapping tablet: real 0.037s	user 0.033s	sys 0.000s
I20260710 13:23:23.926581 17854 tablet_bootstrap.cc:654] T f53feed0d7554b71afe0f1dc8821f660 P b8aaa6edf8ab4d90bda8fa4f60e439d9: Neither blocks nor log segments found. Creating new log.
I20260710 13:23:23.926806 17856 raft_consensus.cc:359] T d3899b0b0e3948bc9f9964888679e47c P cf61d462440048ff90fac1c4cb627e6f [term 0 FOLLOWER]: Replica starting. Triggering 0 pending ops. Active config: opid_index: -1 OBSOLETE_local: false peers { permanent_uuid: "b8aaa6edf8ab4d90bda8fa4f60e439d9" member_type: VOTER last_known_addr { host: "127.16.21.65" port: 38843 } } peers { permanent_uuid: "cf61d462440048ff90fac1c4cb627e6f" member_type: VOTER last_known_addr { host: "127.16.21.66" port: 46785 } } peers { permanent_uuid: "7bc3781913e94b2598a77ec61a2eca2c" member_type: VOTER last_known_addr { host: "127.16.21.67" port: 43927 } }
I20260710 13:23:23.927639 17856 raft_consensus.cc:385] T d3899b0b0e3948bc9f9964888679e47c P cf61d462440048ff90fac1c4cb627e6f [term 0 FOLLOWER]: Consensus starting up: Expiring failure detector timer to make a prompt election more likely
I20260710 13:23:23.927939 17856 raft_consensus.cc:740] T d3899b0b0e3948bc9f9964888679e47c P cf61d462440048ff90fac1c4cb627e6f [term 0 FOLLOWER]: Becoming Follower/Learner. State: Replica: cf61d462440048ff90fac1c4cb627e6f, State: Initialized, Role: FOLLOWER
I20260710 13:23:23.928831 17856 consensus_queue.cc:260] T d3899b0b0e3948bc9f9964888679e47c P cf61d462440048ff90fac1c4cb627e6f [NON_LEADER]: Queue going to NON_LEADER mode. State: All replicated index: 0, Majority replicated index: 0, Committed index: 0, Last appended: 0.0, Last appended by leader: 0, Current term: 0, Majority size: -1, State: 0, Mode: NON_LEADER, active raft config: opid_index: -1 OBSOLETE_local: false peers { permanent_uuid: "b8aaa6edf8ab4d90bda8fa4f60e439d9" member_type: VOTER last_known_addr { host: "127.16.21.65" port: 38843 } } peers { permanent_uuid: "cf61d462440048ff90fac1c4cb627e6f" member_type: VOTER last_known_addr { host: "127.16.21.66" port: 46785 } } peers { permanent_uuid: "7bc3781913e94b2598a77ec61a2eca2c" member_type: VOTER last_known_addr { host: "127.16.21.67" port: 43927 } }
I20260710 13:23:23.932260 17856 ts_tablet_manager.cc:1434] T d3899b0b0e3948bc9f9964888679e47c P cf61d462440048ff90fac1c4cb627e6f: Time spent starting tablet: real 0.008s	user 0.008s	sys 0.000s
I20260710 13:23:23.933239 17856 tablet_bootstrap.cc:492] T f53feed0d7554b71afe0f1dc8821f660 P cf61d462440048ff90fac1c4cb627e6f: Bootstrap starting.
I20260710 13:23:23.933332 17853 tablet_bootstrap.cc:492] T 8b885b64993348c48e541a0f1f2f9f32 P 7bc3781913e94b2598a77ec61a2eca2c: No bootstrap required, opened a new log
I20260710 13:23:23.934027 17561 catalog_manager.cc:5697] T 0255fc603dbf4197903be116fa434ca4 P b8aaa6edf8ab4d90bda8fa4f60e439d9 reported cstate change: term changed from 0 to 1, leader changed from <none> to b8aaa6edf8ab4d90bda8fa4f60e439d9 (127.16.21.65). New cstate: current_term: 1 leader_uuid: "b8aaa6edf8ab4d90bda8fa4f60e439d9" committed_config { opid_index: -1 OBSOLETE_local: false peers { permanent_uuid: "b8aaa6edf8ab4d90bda8fa4f60e439d9" member_type: VOTER last_known_addr { host: "127.16.21.65" port: 38843 } health_report { overall_health: HEALTHY } } peers { permanent_uuid: "cf61d462440048ff90fac1c4cb627e6f" member_type: VOTER last_known_addr { host: "127.16.21.66" port: 46785 } health_report { overall_health: UNKNOWN } } peers { permanent_uuid: "7bc3781913e94b2598a77ec61a2eca2c" member_type: VOTER last_known_addr { host: "127.16.21.67" port: 43927 } health_report { overall_health: UNKNOWN } } }
I20260710 13:23:23.935748 17560 catalog_manager.cc:5697] T c9d5f9552d2b44c5b49daa4f95004f57 P cf61d462440048ff90fac1c4cb627e6f reported cstate change: term changed from 0 to 1, leader changed from <none> to cf61d462440048ff90fac1c4cb627e6f (127.16.21.66). New cstate: current_term: 1 leader_uuid: "cf61d462440048ff90fac1c4cb627e6f" committed_config { opid_index: -1 OBSOLETE_local: false peers { permanent_uuid: "b8aaa6edf8ab4d90bda8fa4f60e439d9" member_type: VOTER last_known_addr { host: "127.16.21.65" port: 38843 } health_report { overall_health: UNKNOWN } } peers { permanent_uuid: "cf61d462440048ff90fac1c4cb627e6f" member_type: VOTER last_known_addr { host: "127.16.21.66" port: 46785 } health_report { overall_health: HEALTHY } } peers { permanent_uuid: "7bc3781913e94b2598a77ec61a2eca2c" member_type: VOTER last_known_addr { host: "127.16.21.67" port: 43927 } health_report { overall_health: UNKNOWN } } }
I20260710 13:23:23.938875 17854 tablet_bootstrap.cc:492] T f53feed0d7554b71afe0f1dc8821f660 P b8aaa6edf8ab4d90bda8fa4f60e439d9: No bootstrap required, opened a new log
I20260710 13:23:23.939280 17853 ts_tablet_manager.cc:1403] T 8b885b64993348c48e541a0f1f2f9f32 P 7bc3781913e94b2598a77ec61a2eca2c: Time spent bootstrapping tablet: real 0.043s	user 0.014s	sys 0.008s
I20260710 13:23:23.939321 17854 ts_tablet_manager.cc:1403] T f53feed0d7554b71afe0f1dc8821f660 P b8aaa6edf8ab4d90bda8fa4f60e439d9: Time spent bootstrapping tablet: real 0.019s	user 0.011s	sys 0.000s
I20260710 13:23:23.939869 17856 tablet_bootstrap.cc:654] T f53feed0d7554b71afe0f1dc8821f660 P cf61d462440048ff90fac1c4cb627e6f: Neither blocks nor log segments found. Creating new log.
I20260710 13:23:23.942245 17854 raft_consensus.cc:359] T f53feed0d7554b71afe0f1dc8821f660 P b8aaa6edf8ab4d90bda8fa4f60e439d9 [term 0 FOLLOWER]: Replica starting. Triggering 0 pending ops. Active config: opid_index: -1 OBSOLETE_local: false peers { permanent_uuid: "b8aaa6edf8ab4d90bda8fa4f60e439d9" member_type: VOTER last_known_addr { host: "127.16.21.65" port: 38843 } } peers { permanent_uuid: "cf61d462440048ff90fac1c4cb627e6f" member_type: VOTER last_known_addr { host: "127.16.21.66" port: 46785 } } peers { permanent_uuid: "7bc3781913e94b2598a77ec61a2eca2c" member_type: VOTER last_known_addr { host: "127.16.21.67" port: 43927 } }
I20260710 13:23:23.942968 17854 raft_consensus.cc:385] T f53feed0d7554b71afe0f1dc8821f660 P b8aaa6edf8ab4d90bda8fa4f60e439d9 [term 0 FOLLOWER]: Consensus starting up: Expiring failure detector timer to make a prompt election more likely
I20260710 13:23:23.942658 17853 raft_consensus.cc:359] T 8b885b64993348c48e541a0f1f2f9f32 P 7bc3781913e94b2598a77ec61a2eca2c [term 0 FOLLOWER]: Replica starting. Triggering 0 pending ops. Active config: opid_index: -1 OBSOLETE_local: false peers { permanent_uuid: "b8aaa6edf8ab4d90bda8fa4f60e439d9" member_type: VOTER last_known_addr { host: "127.16.21.65" port: 38843 } } peers { permanent_uuid: "cf61d462440048ff90fac1c4cb627e6f" member_type: VOTER last_known_addr { host: "127.16.21.66" port: 46785 } } peers { permanent_uuid: "7bc3781913e94b2598a77ec61a2eca2c" member_type: VOTER last_known_addr { host: "127.16.21.67" port: 43927 } }
I20260710 13:23:23.943347 17854 raft_consensus.cc:740] T f53feed0d7554b71afe0f1dc8821f660 P b8aaa6edf8ab4d90bda8fa4f60e439d9 [term 0 FOLLOWER]: Becoming Follower/Learner. State: Replica: b8aaa6edf8ab4d90bda8fa4f60e439d9, State: Initialized, Role: FOLLOWER
I20260710 13:23:23.943513 17853 raft_consensus.cc:385] T 8b885b64993348c48e541a0f1f2f9f32 P 7bc3781913e94b2598a77ec61a2eca2c [term 0 FOLLOWER]: Consensus starting up: Expiring failure detector timer to make a prompt election more likely
I20260710 13:23:23.943987 17853 raft_consensus.cc:740] T 8b885b64993348c48e541a0f1f2f9f32 P 7bc3781913e94b2598a77ec61a2eca2c [term 0 FOLLOWER]: Becoming Follower/Learner. State: Replica: 7bc3781913e94b2598a77ec61a2eca2c, State: Initialized, Role: FOLLOWER
I20260710 13:23:23.944096 17854 consensus_queue.cc:260] T f53feed0d7554b71afe0f1dc8821f660 P b8aaa6edf8ab4d90bda8fa4f60e439d9 [NON_LEADER]: Queue going to NON_LEADER mode. State: All replicated index: 0, Majority replicated index: 0, Committed index: 0, Last appended: 0.0, Last appended by leader: 0, Current term: 0, Majority size: -1, State: 0, Mode: NON_LEADER, active raft config: opid_index: -1 OBSOLETE_local: false peers { permanent_uuid: "b8aaa6edf8ab4d90bda8fa4f60e439d9" member_type: VOTER last_known_addr { host: "127.16.21.65" port: 38843 } } peers { permanent_uuid: "cf61d462440048ff90fac1c4cb627e6f" member_type: VOTER last_known_addr { host: "127.16.21.66" port: 46785 } } peers { permanent_uuid: "7bc3781913e94b2598a77ec61a2eca2c" member_type: VOTER last_known_addr { host: "127.16.21.67" port: 43927 } }
I20260710 13:23:23.944711 17853 consensus_queue.cc:260] T 8b885b64993348c48e541a0f1f2f9f32 P 7bc3781913e94b2598a77ec61a2eca2c [NON_LEADER]: Queue going to NON_LEADER mode. State: All replicated index: 0, Majority replicated index: 0, Committed index: 0, Last appended: 0.0, Last appended by leader: 0, Current term: 0, Majority size: -1, State: 0, Mode: NON_LEADER, active raft config: opid_index: -1 OBSOLETE_local: false peers { permanent_uuid: "b8aaa6edf8ab4d90bda8fa4f60e439d9" member_type: VOTER last_known_addr { host: "127.16.21.65" port: 38843 } } peers { permanent_uuid: "cf61d462440048ff90fac1c4cb627e6f" member_type: VOTER last_known_addr { host: "127.16.21.66" port: 46785 } } peers { permanent_uuid: "7bc3781913e94b2598a77ec61a2eca2c" member_type: VOTER last_known_addr { host: "127.16.21.67" port: 43927 } }
I20260710 13:23:23.946427 17854 ts_tablet_manager.cc:1434] T f53feed0d7554b71afe0f1dc8821f660 P b8aaa6edf8ab4d90bda8fa4f60e439d9: Time spent starting tablet: real 0.007s	user 0.005s	sys 0.000s
I20260710 13:23:23.946601 17853 ts_tablet_manager.cc:1434] T 8b885b64993348c48e541a0f1f2f9f32 P 7bc3781913e94b2598a77ec61a2eca2c: Time spent starting tablet: real 0.007s	user 0.004s	sys 0.000s
I20260710 13:23:23.947372 17854 tablet_bootstrap.cc:492] T fae09de5913845739033698543e456a4 P b8aaa6edf8ab4d90bda8fa4f60e439d9: Bootstrap starting.
I20260710 13:23:23.949891 17853 tablet_bootstrap.cc:492] T fae09de5913845739033698543e456a4 P 7bc3781913e94b2598a77ec61a2eca2c: Bootstrap starting.
I20260710 13:23:23.953179 17856 tablet_bootstrap.cc:492] T f53feed0d7554b71afe0f1dc8821f660 P cf61d462440048ff90fac1c4cb627e6f: No bootstrap required, opened a new log
I20260710 13:23:23.953670 17856 ts_tablet_manager.cc:1403] T f53feed0d7554b71afe0f1dc8821f660 P cf61d462440048ff90fac1c4cb627e6f: Time spent bootstrapping tablet: real 0.021s	user 0.008s	sys 0.009s
I20260710 13:23:23.953913 17854 tablet_bootstrap.cc:654] T fae09de5913845739033698543e456a4 P b8aaa6edf8ab4d90bda8fa4f60e439d9: Neither blocks nor log segments found. Creating new log.
I20260710 13:23:23.955541 17853 tablet_bootstrap.cc:654] T fae09de5913845739033698543e456a4 P 7bc3781913e94b2598a77ec61a2eca2c: Neither blocks nor log segments found. Creating new log.
I20260710 13:23:23.956386 17856 raft_consensus.cc:359] T f53feed0d7554b71afe0f1dc8821f660 P cf61d462440048ff90fac1c4cb627e6f [term 0 FOLLOWER]: Replica starting. Triggering 0 pending ops. Active config: opid_index: -1 OBSOLETE_local: false peers { permanent_uuid: "b8aaa6edf8ab4d90bda8fa4f60e439d9" member_type: VOTER last_known_addr { host: "127.16.21.65" port: 38843 } } peers { permanent_uuid: "cf61d462440048ff90fac1c4cb627e6f" member_type: VOTER last_known_addr { host: "127.16.21.66" port: 46785 } } peers { permanent_uuid: "7bc3781913e94b2598a77ec61a2eca2c" member_type: VOTER last_known_addr { host: "127.16.21.67" port: 43927 } }
I20260710 13:23:23.957227 17856 raft_consensus.cc:385] T f53feed0d7554b71afe0f1dc8821f660 P cf61d462440048ff90fac1c4cb627e6f [term 0 FOLLOWER]: Consensus starting up: Expiring failure detector timer to make a prompt election more likely
I20260710 13:23:23.957564 17856 raft_consensus.cc:740] T f53feed0d7554b71afe0f1dc8821f660 P cf61d462440048ff90fac1c4cb627e6f [term 0 FOLLOWER]: Becoming Follower/Learner. State: Replica: cf61d462440048ff90fac1c4cb627e6f, State: Initialized, Role: FOLLOWER
I20260710 13:23:23.958312 17856 consensus_queue.cc:260] T f53feed0d7554b71afe0f1dc8821f660 P cf61d462440048ff90fac1c4cb627e6f [NON_LEADER]: Queue going to NON_LEADER mode. State: All replicated index: 0, Majority replicated index: 0, Committed index: 0, Last appended: 0.0, Last appended by leader: 0, Current term: 0, Majority size: -1, State: 0, Mode: NON_LEADER, active raft config: opid_index: -1 OBSOLETE_local: false peers { permanent_uuid: "b8aaa6edf8ab4d90bda8fa4f60e439d9" member_type: VOTER last_known_addr { host: "127.16.21.65" port: 38843 } } peers { permanent_uuid: "cf61d462440048ff90fac1c4cb627e6f" member_type: VOTER last_known_addr { host: "127.16.21.66" port: 46785 } } peers { permanent_uuid: "7bc3781913e94b2598a77ec61a2eca2c" member_type: VOTER last_known_addr { host: "127.16.21.67" port: 43927 } }
I20260710 13:23:23.960700 17856 ts_tablet_manager.cc:1434] T f53feed0d7554b71afe0f1dc8821f660 P cf61d462440048ff90fac1c4cb627e6f: Time spent starting tablet: real 0.007s	user 0.005s	sys 0.000s
I20260710 13:23:23.961715 17856 tablet_bootstrap.cc:492] T 72fafe05ab914dbc811162af61ec46d4 P cf61d462440048ff90fac1c4cb627e6f: Bootstrap starting.
I20260710 13:23:23.963653 17853 tablet_bootstrap.cc:492] T fae09de5913845739033698543e456a4 P 7bc3781913e94b2598a77ec61a2eca2c: No bootstrap required, opened a new log
I20260710 13:23:23.964108 17853 ts_tablet_manager.cc:1403] T fae09de5913845739033698543e456a4 P 7bc3781913e94b2598a77ec61a2eca2c: Time spent bootstrapping tablet: real 0.014s	user 0.012s	sys 0.000s
I20260710 13:23:23.966507 17853 raft_consensus.cc:359] T fae09de5913845739033698543e456a4 P 7bc3781913e94b2598a77ec61a2eca2c [term 0 FOLLOWER]: Replica starting. Triggering 0 pending ops. Active config: opid_index: -1 OBSOLETE_local: false peers { permanent_uuid: "b8aaa6edf8ab4d90bda8fa4f60e439d9" member_type: VOTER last_known_addr { host: "127.16.21.65" port: 38843 } } peers { permanent_uuid: "cf61d462440048ff90fac1c4cb627e6f" member_type: VOTER last_known_addr { host: "127.16.21.66" port: 46785 } } peers { permanent_uuid: "7bc3781913e94b2598a77ec61a2eca2c" member_type: VOTER last_known_addr { host: "127.16.21.67" port: 43927 } }
I20260710 13:23:23.967171 17853 raft_consensus.cc:385] T fae09de5913845739033698543e456a4 P 7bc3781913e94b2598a77ec61a2eca2c [term 0 FOLLOWER]: Consensus starting up: Expiring failure detector timer to make a prompt election more likely
I20260710 13:23:23.967438 17853 raft_consensus.cc:740] T fae09de5913845739033698543e456a4 P 7bc3781913e94b2598a77ec61a2eca2c [term 0 FOLLOWER]: Becoming Follower/Learner. State: Replica: 7bc3781913e94b2598a77ec61a2eca2c, State: Initialized, Role: FOLLOWER
I20260710 13:23:23.967777 17856 tablet_bootstrap.cc:654] T 72fafe05ab914dbc811162af61ec46d4 P cf61d462440048ff90fac1c4cb627e6f: Neither blocks nor log segments found. Creating new log.
I20260710 13:23:23.970402 17854 tablet_bootstrap.cc:492] T fae09de5913845739033698543e456a4 P b8aaa6edf8ab4d90bda8fa4f60e439d9: No bootstrap required, opened a new log
I20260710 13:23:23.970865 17854 ts_tablet_manager.cc:1403] T fae09de5913845739033698543e456a4 P b8aaa6edf8ab4d90bda8fa4f60e439d9: Time spent bootstrapping tablet: real 0.024s	user 0.010s	sys 0.011s
I20260710 13:23:23.971355 17853 consensus_queue.cc:260] T fae09de5913845739033698543e456a4 P 7bc3781913e94b2598a77ec61a2eca2c [NON_LEADER]: Queue going to NON_LEADER mode. State: All replicated index: 0, Majority replicated index: 0, Committed index: 0, Last appended: 0.0, Last appended by leader: 0, Current term: 0, Majority size: -1, State: 0, Mode: NON_LEADER, active raft config: opid_index: -1 OBSOLETE_local: false peers { permanent_uuid: "b8aaa6edf8ab4d90bda8fa4f60e439d9" member_type: VOTER last_known_addr { host: "127.16.21.65" port: 38843 } } peers { permanent_uuid: "cf61d462440048ff90fac1c4cb627e6f" member_type: VOTER last_known_addr { host: "127.16.21.66" port: 46785 } } peers { permanent_uuid: "7bc3781913e94b2598a77ec61a2eca2c" member_type: VOTER last_known_addr { host: "127.16.21.67" port: 43927 } }
I20260710 13:23:23.972750 17856 tablet_bootstrap.cc:492] T 72fafe05ab914dbc811162af61ec46d4 P cf61d462440048ff90fac1c4cb627e6f: No bootstrap required, opened a new log
I20260710 13:23:23.973187 17856 ts_tablet_manager.cc:1403] T 72fafe05ab914dbc811162af61ec46d4 P cf61d462440048ff90fac1c4cb627e6f: Time spent bootstrapping tablet: real 0.012s	user 0.009s	sys 0.000s
I20260710 13:23:23.973258 17860 raft_consensus.cc:493] T 72fafe05ab914dbc811162af61ec46d4 P 7bc3781913e94b2598a77ec61a2eca2c [term 0 FOLLOWER]: Starting pre-election (no leader contacted us within the election timeout)
I20260710 13:23:23.973557 17854 raft_consensus.cc:359] T fae09de5913845739033698543e456a4 P b8aaa6edf8ab4d90bda8fa4f60e439d9 [term 0 FOLLOWER]: Replica starting. Triggering 0 pending ops. Active config: opid_index: -1 OBSOLETE_local: false peers { permanent_uuid: "b8aaa6edf8ab4d90bda8fa4f60e439d9" member_type: VOTER last_known_addr { host: "127.16.21.65" port: 38843 } } peers { permanent_uuid: "cf61d462440048ff90fac1c4cb627e6f" member_type: VOTER last_known_addr { host: "127.16.21.66" port: 46785 } } peers { permanent_uuid: "7bc3781913e94b2598a77ec61a2eca2c" member_type: VOTER last_known_addr { host: "127.16.21.67" port: 43927 } }
I20260710 13:23:23.973704 17860 raft_consensus.cc:515] T 72fafe05ab914dbc811162af61ec46d4 P 7bc3781913e94b2598a77ec61a2eca2c [term 0 FOLLOWER]: Starting pre-election with config: opid_index: -1 OBSOLETE_local: false peers { permanent_uuid: "b8aaa6edf8ab4d90bda8fa4f60e439d9" member_type: VOTER last_known_addr { host: "127.16.21.65" port: 38843 } } peers { permanent_uuid: "cf61d462440048ff90fac1c4cb627e6f" member_type: VOTER last_known_addr { host: "127.16.21.66" port: 46785 } } peers { permanent_uuid: "7bc3781913e94b2598a77ec61a2eca2c" member_type: VOTER last_known_addr { host: "127.16.21.67" port: 43927 } }
I20260710 13:23:23.974202 17854 raft_consensus.cc:385] T fae09de5913845739033698543e456a4 P b8aaa6edf8ab4d90bda8fa4f60e439d9 [term 0 FOLLOWER]: Consensus starting up: Expiring failure detector timer to make a prompt election more likely
I20260710 13:23:23.974483 17854 raft_consensus.cc:740] T fae09de5913845739033698543e456a4 P b8aaa6edf8ab4d90bda8fa4f60e439d9 [term 0 FOLLOWER]: Becoming Follower/Learner. State: Replica: b8aaa6edf8ab4d90bda8fa4f60e439d9, State: Initialized, Role: FOLLOWER
I20260710 13:23:23.975134 17854 consensus_queue.cc:260] T fae09de5913845739033698543e456a4 P b8aaa6edf8ab4d90bda8fa4f60e439d9 [NON_LEADER]: Queue going to NON_LEADER mode. State: All replicated index: 0, Majority replicated index: 0, Committed index: 0, Last appended: 0.0, Last appended by leader: 0, Current term: 0, Majority size: -1, State: 0, Mode: NON_LEADER, active raft config: opid_index: -1 OBSOLETE_local: false peers { permanent_uuid: "b8aaa6edf8ab4d90bda8fa4f60e439d9" member_type: VOTER last_known_addr { host: "127.16.21.65" port: 38843 } } peers { permanent_uuid: "cf61d462440048ff90fac1c4cb627e6f" member_type: VOTER last_known_addr { host: "127.16.21.66" port: 46785 } } peers { permanent_uuid: "7bc3781913e94b2598a77ec61a2eca2c" member_type: VOTER last_known_addr { host: "127.16.21.67" port: 43927 } }
I20260710 13:23:23.975881 17860 leader_election.cc:290] T 72fafe05ab914dbc811162af61ec46d4 P 7bc3781913e94b2598a77ec61a2eca2c [CANDIDATE]: Term 1 pre-election: Requested pre-vote from peers b8aaa6edf8ab4d90bda8fa4f60e439d9 (127.16.21.65:38843), cf61d462440048ff90fac1c4cb627e6f (127.16.21.66:46785)
I20260710 13:23:23.975678 17856 raft_consensus.cc:359] T 72fafe05ab914dbc811162af61ec46d4 P cf61d462440048ff90fac1c4cb627e6f [term 0 FOLLOWER]: Replica starting. Triggering 0 pending ops. Active config: opid_index: -1 OBSOLETE_local: false peers { permanent_uuid: "b8aaa6edf8ab4d90bda8fa4f60e439d9" member_type: VOTER last_known_addr { host: "127.16.21.65" port: 38843 } } peers { permanent_uuid: "cf61d462440048ff90fac1c4cb627e6f" member_type: VOTER last_known_addr { host: "127.16.21.66" port: 46785 } } peers { permanent_uuid: "7bc3781913e94b2598a77ec61a2eca2c" member_type: VOTER last_known_addr { host: "127.16.21.67" port: 43927 } }
I20260710 13:23:23.976292 17856 raft_consensus.cc:385] T 72fafe05ab914dbc811162af61ec46d4 P cf61d462440048ff90fac1c4cb627e6f [term 0 FOLLOWER]: Consensus starting up: Expiring failure detector timer to make a prompt election more likely
I20260710 13:23:23.976537 17856 raft_consensus.cc:740] T 72fafe05ab914dbc811162af61ec46d4 P cf61d462440048ff90fac1c4cb627e6f [term 0 FOLLOWER]: Becoming Follower/Learner. State: Replica: cf61d462440048ff90fac1c4cb627e6f, State: Initialized, Role: FOLLOWER
I20260710 13:23:23.977283 17854 ts_tablet_manager.cc:1434] T fae09de5913845739033698543e456a4 P b8aaa6edf8ab4d90bda8fa4f60e439d9: Time spent starting tablet: real 0.006s	user 0.005s	sys 0.000s
I20260710 13:23:23.977231 17856 consensus_queue.cc:260] T 72fafe05ab914dbc811162af61ec46d4 P cf61d462440048ff90fac1c4cb627e6f [NON_LEADER]: Queue going to NON_LEADER mode. State: All replicated index: 0, Majority replicated index: 0, Committed index: 0, Last appended: 0.0, Last appended by leader: 0, Current term: 0, Majority size: -1, State: 0, Mode: NON_LEADER, active raft config: opid_index: -1 OBSOLETE_local: false peers { permanent_uuid: "b8aaa6edf8ab4d90bda8fa4f60e439d9" member_type: VOTER last_known_addr { host: "127.16.21.65" port: 38843 } } peers { permanent_uuid: "cf61d462440048ff90fac1c4cb627e6f" member_type: VOTER last_known_addr { host: "127.16.21.66" port: 46785 } } peers { permanent_uuid: "7bc3781913e94b2598a77ec61a2eca2c" member_type: VOTER last_known_addr { host: "127.16.21.67" port: 43927 } }
I20260710 13:23:23.978259 17664 tablet_service.cc:1917] Received RequestConsensusVote() RPC: tablet_id: "72fafe05ab914dbc811162af61ec46d4" candidate_uuid: "7bc3781913e94b2598a77ec61a2eca2c" candidate_term: 1 candidate_status { last_received { term: 0 index: 0 } } ignore_live_leader: false dest_uuid: "b8aaa6edf8ab4d90bda8fa4f60e439d9" is_pre_election: true
I20260710 13:23:23.978826 17664 raft_consensus.cc:2468] T 72fafe05ab914dbc811162af61ec46d4 P b8aaa6edf8ab4d90bda8fa4f60e439d9 [term 0 FOLLOWER]: Leader pre-election vote request: Granting yes vote for candidate 7bc3781913e94b2598a77ec61a2eca2c in term 0.
I20260710 13:23:23.979182 17856 ts_tablet_manager.cc:1434] T 72fafe05ab914dbc811162af61ec46d4 P cf61d462440048ff90fac1c4cb627e6f: Time spent starting tablet: real 0.006s	user 0.007s	sys 0.000s
I20260710 13:23:23.979737 17739 tablet_service.cc:1917] Received RequestConsensusVote() RPC: tablet_id: "72fafe05ab914dbc811162af61ec46d4" candidate_uuid: "7bc3781913e94b2598a77ec61a2eca2c" candidate_term: 1 candidate_status { last_received { term: 0 index: 0 } } ignore_live_leader: false dest_uuid: "cf61d462440048ff90fac1c4cb627e6f" is_pre_election: true
I20260710 13:23:23.979995 17856 tablet_bootstrap.cc:492] T fae09de5913845739033698543e456a4 P cf61d462440048ff90fac1c4cb627e6f: Bootstrap starting.
I20260710 13:23:23.980274 17739 raft_consensus.cc:2468] T 72fafe05ab914dbc811162af61ec46d4 P cf61d462440048ff90fac1c4cb627e6f [term 0 FOLLOWER]: Leader pre-election vote request: Granting yes vote for candidate 7bc3781913e94b2598a77ec61a2eca2c in term 0.
I20260710 13:23:23.981786 17776 leader_election.cc:304] T 72fafe05ab914dbc811162af61ec46d4 P 7bc3781913e94b2598a77ec61a2eca2c [CANDIDATE]: Term 1 pre-election: Election decided. Result: candidate won. Election summary: received 2 responses out of 3 voters: 2 yes votes; 0 no votes. yes voters: 7bc3781913e94b2598a77ec61a2eca2c, b8aaa6edf8ab4d90bda8fa4f60e439d9; no voters: 
