I20260710 13:23:08.024240 22491 raft_consensus.cc:359] T 2e2c5377defa4dd0928f7e851f440229 P 016c4e0b3c8e4e54ba57fd5ee2beaa3f [term 0 FOLLOWER]: Replica starting. Triggering 0 pending ops. Active config: opid_index: -1 OBSOLETE_local: false peers { permanent_uuid: "6061cbdbab4e45a09f2903b4b493f32b" member_type: VOTER last_known_addr { host: "127.21.41.129" port: 45591 } } peers { permanent_uuid: "1cde72f5048746cca336c03c064b0294" member_type: VOTER last_known_addr { host: "127.21.41.130" port: 34983 } } peers { permanent_uuid: "016c4e0b3c8e4e54ba57fd5ee2beaa3f" member_type: VOTER last_known_addr { host: "127.21.41.131" port: 41991 } }
I20260710 13:23:08.024866 22491 raft_consensus.cc:385] T 2e2c5377defa4dd0928f7e851f440229 P 016c4e0b3c8e4e54ba57fd5ee2beaa3f [term 0 FOLLOWER]: Consensus starting up: Expiring failure detector timer to make a prompt election more likely
I20260710 13:23:08.025118 22491 raft_consensus.cc:740] T 2e2c5377defa4dd0928f7e851f440229 P 016c4e0b3c8e4e54ba57fd5ee2beaa3f [term 0 FOLLOWER]: Becoming Follower/Learner. State: Replica: 016c4e0b3c8e4e54ba57fd5ee2beaa3f, State: Initialized, Role: FOLLOWER
I20260710 13:23:08.025851 22491 consensus_queue.cc:260] T 2e2c5377defa4dd0928f7e851f440229 P 016c4e0b3c8e4e54ba57fd5ee2beaa3f [NON_LEADER]: Queue going to NON_LEADER mode. State: All replicated index: 0, Majority replicated index: 0, Committed index: 0, Last appended: 0.0, Last appended by leader: 0, Current term: 0, Majority size: -1, State: 0, Mode: NON_LEADER, active raft config: opid_index: -1 OBSOLETE_local: false peers { permanent_uuid: "6061cbdbab4e45a09f2903b4b493f32b" member_type: VOTER last_known_addr { host: "127.21.41.129" port: 45591 } } peers { permanent_uuid: "1cde72f5048746cca336c03c064b0294" member_type: VOTER last_known_addr { host: "127.21.41.130" port: 34983 } } peers { permanent_uuid: "016c4e0b3c8e4e54ba57fd5ee2beaa3f" member_type: VOTER last_known_addr { host: "127.21.41.131" port: 41991 } }
I20260710 13:23:08.027969 22491 ts_tablet_manager.cc:1434] T 2e2c5377defa4dd0928f7e851f440229 P 016c4e0b3c8e4e54ba57fd5ee2beaa3f: Time spent starting tablet: real 0.010s	user 0.004s	sys 0.000s
I20260710 13:23:08.028825 22491 tablet_bootstrap.cc:492] T 41ad412777684c1e8af7f0fb0bc86455 P 016c4e0b3c8e4e54ba57fd5ee2beaa3f: Bootstrap starting.
I20260710 13:23:08.028103 22198 catalog_manager.cc:5697] T caa4d8c4ab2b47af84770ff1e5cba637 P 1cde72f5048746cca336c03c064b0294 reported cstate change: term changed from 0 to 1, leader changed from <none> to 1cde72f5048746cca336c03c064b0294 (127.21.41.130). New cstate: current_term: 1 leader_uuid: "1cde72f5048746cca336c03c064b0294" committed_config { opid_index: -1 OBSOLETE_local: false peers { permanent_uuid: "6061cbdbab4e45a09f2903b4b493f32b" member_type: VOTER last_known_addr { host: "127.21.41.129" port: 45591 } health_report { overall_health: UNKNOWN } } peers { permanent_uuid: "1cde72f5048746cca336c03c064b0294" member_type: VOTER last_known_addr { host: "127.21.41.130" port: 34983 } health_report { overall_health: HEALTHY } } peers { permanent_uuid: "016c4e0b3c8e4e54ba57fd5ee2beaa3f" member_type: VOTER last_known_addr { host: "127.21.41.131" port: 41991 } health_report { overall_health: UNKNOWN } } }
I20260710 13:23:08.035125 22490 tablet_bootstrap.cc:492] T 2e2c5377defa4dd0928f7e851f440229 P 1cde72f5048746cca336c03c064b0294: No bootstrap required, opened a new log
I20260710 13:23:08.035574 22491 tablet_bootstrap.cc:654] T 41ad412777684c1e8af7f0fb0bc86455 P 016c4e0b3c8e4e54ba57fd5ee2beaa3f: Neither blocks nor log segments found. Creating new log.
I20260710 13:23:08.035609 22490 ts_tablet_manager.cc:1403] T 2e2c5377defa4dd0928f7e851f440229 P 1cde72f5048746cca336c03c064b0294: Time spent bootstrapping tablet: real 0.067s	user 0.016s	sys 0.003s
I20260710 13:23:08.038468 22490 raft_consensus.cc:359] T 2e2c5377defa4dd0928f7e851f440229 P 1cde72f5048746cca336c03c064b0294 [term 0 FOLLOWER]: Replica starting. Triggering 0 pending ops. Active config: opid_index: -1 OBSOLETE_local: false peers { permanent_uuid: "6061cbdbab4e45a09f2903b4b493f32b" member_type: VOTER last_known_addr { host: "127.21.41.129" port: 45591 } } peers { permanent_uuid: "1cde72f5048746cca336c03c064b0294" member_type: VOTER last_known_addr { host: "127.21.41.130" port: 34983 } } peers { permanent_uuid: "016c4e0b3c8e4e54ba57fd5ee2beaa3f" member_type: VOTER last_known_addr { host: "127.21.41.131" port: 41991 } }
I20260710 13:23:08.041179 22491 tablet_bootstrap.cc:492] T 41ad412777684c1e8af7f0fb0bc86455 P 016c4e0b3c8e4e54ba57fd5ee2beaa3f: No bootstrap required, opened a new log
I20260710 13:23:08.041174 22490 raft_consensus.cc:385] T 2e2c5377defa4dd0928f7e851f440229 P 1cde72f5048746cca336c03c064b0294 [term 0 FOLLOWER]: Consensus starting up: Expiring failure detector timer to make a prompt election more likely
I20260710 13:23:08.041776 22491 ts_tablet_manager.cc:1403] T 41ad412777684c1e8af7f0fb0bc86455 P 016c4e0b3c8e4e54ba57fd5ee2beaa3f: Time spent bootstrapping tablet: real 0.013s	user 0.012s	sys 0.000s
I20260710 13:23:08.041813 22490 raft_consensus.cc:740] T 2e2c5377defa4dd0928f7e851f440229 P 1cde72f5048746cca336c03c064b0294 [term 0 FOLLOWER]: Becoming Follower/Learner. State: Replica: 1cde72f5048746cca336c03c064b0294, State: Initialized, Role: FOLLOWER
I20260710 13:23:08.042944 22490 consensus_queue.cc:260] T 2e2c5377defa4dd0928f7e851f440229 P 1cde72f5048746cca336c03c064b0294 [NON_LEADER]: Queue going to NON_LEADER mode. State: All replicated index: 0, Majority replicated index: 0, Committed index: 0, Last appended: 0.0, Last appended by leader: 0, Current term: 0, Majority size: -1, State: 0, Mode: NON_LEADER, active raft config: opid_index: -1 OBSOLETE_local: false peers { permanent_uuid: "6061cbdbab4e45a09f2903b4b493f32b" member_type: VOTER last_known_addr { host: "127.21.41.129" port: 45591 } } peers { permanent_uuid: "1cde72f5048746cca336c03c064b0294" member_type: VOTER last_known_addr { host: "127.21.41.130" port: 34983 } } peers { permanent_uuid: "016c4e0b3c8e4e54ba57fd5ee2beaa3f" member_type: VOTER last_known_addr { host: "127.21.41.131" port: 41991 } }
I20260710 13:23:08.042910 22197 catalog_manager.cc:5697] T 24a1f7d1308b4f69ad8673d02adc67d7 P 016c4e0b3c8e4e54ba57fd5ee2beaa3f reported cstate change: term changed from 0 to 1, leader changed from <none> to 016c4e0b3c8e4e54ba57fd5ee2beaa3f (127.21.41.131). New cstate: current_term: 1 leader_uuid: "016c4e0b3c8e4e54ba57fd5ee2beaa3f" committed_config { opid_index: -1 OBSOLETE_local: false peers { permanent_uuid: "6061cbdbab4e45a09f2903b4b493f32b" member_type: VOTER last_known_addr { host: "127.21.41.129" port: 45591 } health_report { overall_health: UNKNOWN } } peers { permanent_uuid: "1cde72f5048746cca336c03c064b0294" member_type: VOTER last_known_addr { host: "127.21.41.130" port: 34983 } health_report { overall_health: UNKNOWN } } peers { permanent_uuid: "016c4e0b3c8e4e54ba57fd5ee2beaa3f" member_type: VOTER last_known_addr { host: "127.21.41.131" port: 41991 } health_report { overall_health: HEALTHY } } }
I20260710 13:23:08.044993 22490 ts_tablet_manager.cc:1434] T 2e2c5377defa4dd0928f7e851f440229 P 1cde72f5048746cca336c03c064b0294: Time spent starting tablet: real 0.009s	user 0.005s	sys 0.000s
I20260710 13:23:08.045930 22490 tablet_bootstrap.cc:492] T 41ad412777684c1e8af7f0fb0bc86455 P 1cde72f5048746cca336c03c064b0294: Bootstrap starting.
I20260710 13:23:08.050736 22491 raft_consensus.cc:359] T 41ad412777684c1e8af7f0fb0bc86455 P 016c4e0b3c8e4e54ba57fd5ee2beaa3f [term 0 FOLLOWER]: Replica starting. Triggering 0 pending ops. Active config: opid_index: -1 OBSOLETE_local: false peers { permanent_uuid: "6061cbdbab4e45a09f2903b4b493f32b" member_type: VOTER last_known_addr { host: "127.21.41.129" port: 45591 } } peers { permanent_uuid: "1cde72f5048746cca336c03c064b0294" member_type: VOTER last_known_addr { host: "127.21.41.130" port: 34983 } } peers { permanent_uuid: "016c4e0b3c8e4e54ba57fd5ee2beaa3f" member_type: VOTER last_known_addr { host: "127.21.41.131" port: 41991 } }
I20260710 13:23:08.051347 22491 raft_consensus.cc:385] T 41ad412777684c1e8af7f0fb0bc86455 P 016c4e0b3c8e4e54ba57fd5ee2beaa3f [term 0 FOLLOWER]: Consensus starting up: Expiring failure detector timer to make a prompt election more likely
I20260710 13:23:08.051635 22491 raft_consensus.cc:740] T 41ad412777684c1e8af7f0fb0bc86455 P 016c4e0b3c8e4e54ba57fd5ee2beaa3f [term 0 FOLLOWER]: Becoming Follower/Learner. State: Replica: 016c4e0b3c8e4e54ba57fd5ee2beaa3f, State: Initialized, Role: FOLLOWER
I20260710 13:23:08.052395 22491 consensus_queue.cc:260] T 41ad412777684c1e8af7f0fb0bc86455 P 016c4e0b3c8e4e54ba57fd5ee2beaa3f [NON_LEADER]: Queue going to NON_LEADER mode. State: All replicated index: 0, Majority replicated index: 0, Committed index: 0, Last appended: 0.0, Last appended by leader: 0, Current term: 0, Majority size: -1, State: 0, Mode: NON_LEADER, active raft config: opid_index: -1 OBSOLETE_local: false peers { permanent_uuid: "6061cbdbab4e45a09f2903b4b493f32b" member_type: VOTER last_known_addr { host: "127.21.41.129" port: 45591 } } peers { permanent_uuid: "1cde72f5048746cca336c03c064b0294" member_type: VOTER last_known_addr { host: "127.21.41.130" port: 34983 } } peers { permanent_uuid: "016c4e0b3c8e4e54ba57fd5ee2beaa3f" member_type: VOTER last_known_addr { host: "127.21.41.131" port: 41991 } }
I20260710 13:23:08.052039 22198 catalog_manager.cc:5697] T f13d21666a244abfb7972d170f2be93a P 1cde72f5048746cca336c03c064b0294 reported cstate change: term changed from 0 to 1, leader changed from <none> to 1cde72f5048746cca336c03c064b0294 (127.21.41.130). New cstate: current_term: 1 leader_uuid: "1cde72f5048746cca336c03c064b0294" committed_config { opid_index: -1 OBSOLETE_local: false peers { permanent_uuid: "6061cbdbab4e45a09f2903b4b493f32b" member_type: VOTER last_known_addr { host: "127.21.41.129" port: 45591 } health_report { overall_health: UNKNOWN } } peers { permanent_uuid: "1cde72f5048746cca336c03c064b0294" member_type: VOTER last_known_addr { host: "127.21.41.130" port: 34983 } health_report { overall_health: HEALTHY } } peers { permanent_uuid: "016c4e0b3c8e4e54ba57fd5ee2beaa3f" member_type: VOTER last_known_addr { host: "127.21.41.131" port: 41991 } health_report { overall_health: UNKNOWN } } }
I20260710 13:23:08.054325 22491 ts_tablet_manager.cc:1434] T 41ad412777684c1e8af7f0fb0bc86455 P 016c4e0b3c8e4e54ba57fd5ee2beaa3f: Time spent starting tablet: real 0.012s	user 0.004s	sys 0.000s
I20260710 13:23:08.055537 22490 tablet_bootstrap.cc:654] T 41ad412777684c1e8af7f0fb0bc86455 P 1cde72f5048746cca336c03c064b0294: Neither blocks nor log segments found. Creating new log.
I20260710 13:23:08.055830 22494 raft_consensus.cc:493] T 41ad412777684c1e8af7f0fb0bc86455 P 016c4e0b3c8e4e54ba57fd5ee2beaa3f [term 0 FOLLOWER]: Starting pre-election (no leader contacted us within the election timeout)
I20260710 13:23:08.056257 22494 raft_consensus.cc:515] T 41ad412777684c1e8af7f0fb0bc86455 P 016c4e0b3c8e4e54ba57fd5ee2beaa3f [term 0 FOLLOWER]: Starting pre-election with config: opid_index: -1 OBSOLETE_local: false peers { permanent_uuid: "6061cbdbab4e45a09f2903b4b493f32b" member_type: VOTER last_known_addr { host: "127.21.41.129" port: 45591 } } peers { permanent_uuid: "1cde72f5048746cca336c03c064b0294" member_type: VOTER last_known_addr { host: "127.21.41.130" port: 34983 } } peers { permanent_uuid: "016c4e0b3c8e4e54ba57fd5ee2beaa3f" member_type: VOTER last_known_addr { host: "127.21.41.131" port: 41991 } }
I20260710 13:23:08.058164 22494 leader_election.cc:290] T 41ad412777684c1e8af7f0fb0bc86455 P 016c4e0b3c8e4e54ba57fd5ee2beaa3f [CANDIDATE]: Term 1 pre-election: Requested pre-vote from peers 6061cbdbab4e45a09f2903b4b493f32b (127.21.41.129:45591), 1cde72f5048746cca336c03c064b0294 (127.21.41.130:34983)
I20260710 13:23:08.060760 22490 tablet_bootstrap.cc:492] T 41ad412777684c1e8af7f0fb0bc86455 P 1cde72f5048746cca336c03c064b0294: No bootstrap required, opened a new log
I20260710 13:23:08.060703 22375 tablet_service.cc:1917] Received RequestConsensusVote() RPC: tablet_id: "41ad412777684c1e8af7f0fb0bc86455" candidate_uuid: "016c4e0b3c8e4e54ba57fd5ee2beaa3f" candidate_term: 1 candidate_status { last_received { term: 0 index: 0 } } ignore_live_leader: false dest_uuid: "1cde72f5048746cca336c03c064b0294" is_pre_election: true
I20260710 13:23:08.060745 22300 tablet_service.cc:1917] Received RequestConsensusVote() RPC: tablet_id: "41ad412777684c1e8af7f0fb0bc86455" candidate_uuid: "016c4e0b3c8e4e54ba57fd5ee2beaa3f" candidate_term: 1 candidate_status { last_received { term: 0 index: 0 } } ignore_live_leader: false dest_uuid: "6061cbdbab4e45a09f2903b4b493f32b" is_pre_election: true
I20260710 13:23:08.061338 22490 ts_tablet_manager.cc:1403] T 41ad412777684c1e8af7f0fb0bc86455 P 1cde72f5048746cca336c03c064b0294: Time spent bootstrapping tablet: real 0.016s	user 0.011s	sys 0.001s
I20260710 13:23:08.061571 22300 raft_consensus.cc:2468] T 41ad412777684c1e8af7f0fb0bc86455 P 6061cbdbab4e45a09f2903b4b493f32b [term 0 FOLLOWER]: Leader pre-election vote request: Granting yes vote for candidate 016c4e0b3c8e4e54ba57fd5ee2beaa3f in term 0.
W20260710 13:23:08.062575 22413 leader_election.cc:343] T 41ad412777684c1e8af7f0fb0bc86455 P 016c4e0b3c8e4e54ba57fd5ee2beaa3f [CANDIDATE]: Term 1 pre-election: Tablet error from VoteRequest() call to peer 1cde72f5048746cca336c03c064b0294 (127.21.41.130:34983): Illegal state: must be running to vote when last-logged opid is not known
I20260710 13:23:08.063305 22413 leader_election.cc:304] T 41ad412777684c1e8af7f0fb0bc86455 P 016c4e0b3c8e4e54ba57fd5ee2beaa3f [CANDIDATE]: Term 1 pre-election: Election decided. Result: candidate won. Election summary: received 3 responses out of 3 voters: 2 yes votes; 1 no votes. yes voters: 016c4e0b3c8e4e54ba57fd5ee2beaa3f, 6061cbdbab4e45a09f2903b4b493f32b; no voters: 1cde72f5048746cca336c03c064b0294
I20260710 13:23:08.064426 22494 raft_consensus.cc:2804] T 41ad412777684c1e8af7f0fb0bc86455 P 016c4e0b3c8e4e54ba57fd5ee2beaa3f [term 0 FOLLOWER]: Leader pre-election won for term 1
I20260710 13:23:08.064146 22490 raft_consensus.cc:359] T 41ad412777684c1e8af7f0fb0bc86455 P 1cde72f5048746cca336c03c064b0294 [term 0 FOLLOWER]: Replica starting. Triggering 0 pending ops. Active config: opid_index: -1 OBSOLETE_local: false peers { permanent_uuid: "6061cbdbab4e45a09f2903b4b493f32b" member_type: VOTER last_known_addr { host: "127.21.41.129" port: 45591 } } peers { permanent_uuid: "1cde72f5048746cca336c03c064b0294" member_type: VOTER last_known_addr { host: "127.21.41.130" port: 34983 } } peers { permanent_uuid: "016c4e0b3c8e4e54ba57fd5ee2beaa3f" member_type: VOTER last_known_addr { host: "127.21.41.131" port: 41991 } }
I20260710 13:23:08.068883 22490 raft_consensus.cc:385] T 41ad412777684c1e8af7f0fb0bc86455 P 1cde72f5048746cca336c03c064b0294 [term 0 FOLLOWER]: Consensus starting up: Expiring failure detector timer to make a prompt election more likely
I20260710 13:23:08.069159 22490 raft_consensus.cc:740] T 41ad412777684c1e8af7f0fb0bc86455 P 1cde72f5048746cca336c03c064b0294 [term 0 FOLLOWER]: Becoming Follower/Learner. State: Replica: 1cde72f5048746cca336c03c064b0294, State: Initialized, Role: FOLLOWER
I20260710 13:23:08.069756 22490 consensus_queue.cc:260] T 41ad412777684c1e8af7f0fb0bc86455 P 1cde72f5048746cca336c03c064b0294 [NON_LEADER]: Queue going to NON_LEADER mode. State: All replicated index: 0, Majority replicated index: 0, Committed index: 0, Last appended: 0.0, Last appended by leader: 0, Current term: 0, Majority size: -1, State: 0, Mode: NON_LEADER, active raft config: opid_index: -1 OBSOLETE_local: false peers { permanent_uuid: "6061cbdbab4e45a09f2903b4b493f32b" member_type: VOTER last_known_addr { host: "127.21.41.129" port: 45591 } } peers { permanent_uuid: "1cde72f5048746cca336c03c064b0294" member_type: VOTER last_known_addr { host: "127.21.41.130" port: 34983 } } peers { permanent_uuid: "016c4e0b3c8e4e54ba57fd5ee2beaa3f" member_type: VOTER last_known_addr { host: "127.21.41.131" port: 41991 } }
I20260710 13:23:08.071625 22490 ts_tablet_manager.cc:1434] T 41ad412777684c1e8af7f0fb0bc86455 P 1cde72f5048746cca336c03c064b0294: Time spent starting tablet: real 0.010s	user 0.006s	sys 0.000s
I20260710 13:23:08.064889 22494 raft_consensus.cc:493] T 41ad412777684c1e8af7f0fb0bc86455 P 016c4e0b3c8e4e54ba57fd5ee2beaa3f [term 0 FOLLOWER]: Starting leader election (no leader contacted us within the election timeout)
I20260710 13:23:08.073333 22494 raft_consensus.cc:3060] T 41ad412777684c1e8af7f0fb0bc86455 P 016c4e0b3c8e4e54ba57fd5ee2beaa3f [term 0 FOLLOWER]: Advancing to term 1
I20260710 13:23:08.077622 22494 raft_consensus.cc:515] T 41ad412777684c1e8af7f0fb0bc86455 P 016c4e0b3c8e4e54ba57fd5ee2beaa3f [term 1 FOLLOWER]: Starting leader election with config: opid_index: -1 OBSOLETE_local: false peers { permanent_uuid: "6061cbdbab4e45a09f2903b4b493f32b" member_type: VOTER last_known_addr { host: "127.21.41.129" port: 45591 } } peers { permanent_uuid: "1cde72f5048746cca336c03c064b0294" member_type: VOTER last_known_addr { host: "127.21.41.130" port: 34983 } } peers { permanent_uuid: "016c4e0b3c8e4e54ba57fd5ee2beaa3f" member_type: VOTER last_known_addr { host: "127.21.41.131" port: 41991 } }
I20260710 13:23:08.079841 22494 leader_election.cc:290] T 41ad412777684c1e8af7f0fb0bc86455 P 016c4e0b3c8e4e54ba57fd5ee2beaa3f [CANDIDATE]: Term 1 election: Requested vote from peers 6061cbdbab4e45a09f2903b4b493f32b (127.21.41.129:45591), 1cde72f5048746cca336c03c064b0294 (127.21.41.130:34983)
I20260710 13:23:08.082230 22375 tablet_service.cc:1917] Received RequestConsensusVote() RPC: tablet_id: "41ad412777684c1e8af7f0fb0bc86455" candidate_uuid: "016c4e0b3c8e4e54ba57fd5ee2beaa3f" candidate_term: 1 candidate_status { last_received { term: 0 index: 0 } } ignore_live_leader: false dest_uuid: "1cde72f5048746cca336c03c064b0294"
I20260710 13:23:08.082774 22375 raft_consensus.cc:3060] T 41ad412777684c1e8af7f0fb0bc86455 P 1cde72f5048746cca336c03c064b0294 [term 0 FOLLOWER]: Advancing to term 1
I20260710 13:23:08.082926 22300 tablet_service.cc:1917] Received RequestConsensusVote() RPC: tablet_id: "41ad412777684c1e8af7f0fb0bc86455" candidate_uuid: "016c4e0b3c8e4e54ba57fd5ee2beaa3f" candidate_term: 1 candidate_status { last_received { term: 0 index: 0 } } ignore_live_leader: false dest_uuid: "6061cbdbab4e45a09f2903b4b493f32b"
I20260710 13:23:08.083556 22300 raft_consensus.cc:3060] T 41ad412777684c1e8af7f0fb0bc86455 P 6061cbdbab4e45a09f2903b4b493f32b [term 0 FOLLOWER]: Advancing to term 1
I20260710 13:23:08.088371 22375 raft_consensus.cc:2468] T 41ad412777684c1e8af7f0fb0bc86455 P 1cde72f5048746cca336c03c064b0294 [term 1 FOLLOWER]: Leader election vote request: Granting yes vote for candidate 016c4e0b3c8e4e54ba57fd5ee2beaa3f in term 1.
I20260710 13:23:08.089347 22300 raft_consensus.cc:2468] T 41ad412777684c1e8af7f0fb0bc86455 P 6061cbdbab4e45a09f2903b4b493f32b [term 1 FOLLOWER]: Leader election vote request: Granting yes vote for candidate 016c4e0b3c8e4e54ba57fd5ee2beaa3f in term 1.
I20260710 13:23:08.090237 22413 leader_election.cc:304] T 41ad412777684c1e8af7f0fb0bc86455 P 016c4e0b3c8e4e54ba57fd5ee2beaa3f [CANDIDATE]: Term 1 election: Election decided. Result: candidate won. Election summary: received 2 responses out of 3 voters: 2 yes votes; 0 no votes. yes voters: 016c4e0b3c8e4e54ba57fd5ee2beaa3f, 6061cbdbab4e45a09f2903b4b493f32b; no voters: 
I20260710 13:23:08.090986 22494 raft_consensus.cc:2804] T 41ad412777684c1e8af7f0fb0bc86455 P 016c4e0b3c8e4e54ba57fd5ee2beaa3f [term 1 FOLLOWER]: Leader election won for term 1
I20260710 13:23:08.091668 22494 raft_consensus.cc:697] T 41ad412777684c1e8af7f0fb0bc86455 P 016c4e0b3c8e4e54ba57fd5ee2beaa3f [term 1 LEADER]: Becoming Leader. State: Replica: 016c4e0b3c8e4e54ba57fd5ee2beaa3f, State: Running, Role: LEADER
I20260710 13:23:08.092351 22494 consensus_queue.cc:237] T 41ad412777684c1e8af7f0fb0bc86455 P 016c4e0b3c8e4e54ba57fd5ee2beaa3f [LEADER]: Queue going to LEADER mode. State: All replicated index: 0, Majority replicated index: 0, Committed index: 0, Last appended: 0.0, Last appended by leader: 0, Current term: 1, Majority size: 2, State: 0, Mode: LEADER, active raft config: opid_index: -1 OBSOLETE_local: false peers { permanent_uuid: "6061cbdbab4e45a09f2903b4b493f32b" member_type: VOTER last_known_addr { host: "127.21.41.129" port: 45591 } } peers { permanent_uuid: "1cde72f5048746cca336c03c064b0294" member_type: VOTER last_known_addr { host: "127.21.41.130" port: 34983 } } peers { permanent_uuid: "016c4e0b3c8e4e54ba57fd5ee2beaa3f" member_type: VOTER last_known_addr { host: "127.21.41.131" port: 41991 } }
I20260710 13:23:08.098867 22197 catalog_manager.cc:5697] T 41ad412777684c1e8af7f0fb0bc86455 P 016c4e0b3c8e4e54ba57fd5ee2beaa3f reported cstate change: term changed from 0 to 1, leader changed from <none> to 016c4e0b3c8e4e54ba57fd5ee2beaa3f (127.21.41.131). New cstate: current_term: 1 leader_uuid: "016c4e0b3c8e4e54ba57fd5ee2beaa3f" committed_config { opid_index: -1 OBSOLETE_local: false peers { permanent_uuid: "6061cbdbab4e45a09f2903b4b493f32b" member_type: VOTER last_known_addr { host: "127.21.41.129" port: 45591 } health_report { overall_health: UNKNOWN } } peers { permanent_uuid: "1cde72f5048746cca336c03c064b0294" member_type: VOTER last_known_addr { host: "127.21.41.130" port: 34983 } health_report { overall_health: UNKNOWN } } peers { permanent_uuid: "016c4e0b3c8e4e54ba57fd5ee2beaa3f" member_type: VOTER last_known_addr { host: "127.21.41.131" port: 41991 } health_report { overall_health: HEALTHY } } }
I20260710 13:23:08.166198 22528 raft_consensus.cc:493] T 1b510c29847244079c80d24a97ec98c7 P 1cde72f5048746cca336c03c064b0294 [term 0 FOLLOWER]: Starting pre-election (no leader contacted us within the election timeout)
I20260710 13:23:08.166697 22528 raft_consensus.cc:515] T 1b510c29847244079c80d24a97ec98c7 P 1cde72f5048746cca336c03c064b0294 [term 0 FOLLOWER]: Starting pre-election with config: opid_index: -1 OBSOLETE_local: false peers { permanent_uuid: "6061cbdbab4e45a09f2903b4b493f32b" member_type: VOTER last_known_addr { host: "127.21.41.129" port: 45591 } } peers { permanent_uuid: "1cde72f5048746cca336c03c064b0294" member_type: VOTER last_known_addr { host: "127.21.41.130" port: 34983 } } peers { permanent_uuid: "016c4e0b3c8e4e54ba57fd5ee2beaa3f" member_type: VOTER last_known_addr { host: "127.21.41.131" port: 41991 } }
I20260710 13:23:08.168498 22528 leader_election.cc:290] T 1b510c29847244079c80d24a97ec98c7 P 1cde72f5048746cca336c03c064b0294 [CANDIDATE]: Term 1 pre-election: Requested pre-vote from peers 6061cbdbab4e45a09f2903b4b493f32b (127.21.41.129:45591), 016c4e0b3c8e4e54ba57fd5ee2beaa3f (127.21.41.131:41991)
I20260710 13:23:08.169205 22300 tablet_service.cc:1917] Received RequestConsensusVote() RPC: tablet_id: "1b510c29847244079c80d24a97ec98c7" candidate_uuid: "1cde72f5048746cca336c03c064b0294" candidate_term: 1 candidate_status { last_received { term: 0 index: 0 } } ignore_live_leader: false dest_uuid: "6061cbdbab4e45a09f2903b4b493f32b" is_pre_election: true
I20260710 13:23:08.169679 22447 tablet_service.cc:1917] Received RequestConsensusVote() RPC: tablet_id: "1b510c29847244079c80d24a97ec98c7" candidate_uuid: "1cde72f5048746cca336c03c064b0294" candidate_term: 1 candidate_status { last_received { term: 0 index: 0 } } ignore_live_leader: false dest_uuid: "016c4e0b3c8e4e54ba57fd5ee2beaa3f" is_pre_election: true
I20260710 13:23:08.170516 22447 raft_consensus.cc:2393] T 1b510c29847244079c80d24a97ec98c7 P 016c4e0b3c8e4e54ba57fd5ee2beaa3f [term 1 FOLLOWER]: Leader pre-election vote request: Denying vote to candidate 1cde72f5048746cca336c03c064b0294 in current term 1: Already voted for candidate 6061cbdbab4e45a09f2903b4b493f32b in this term.
I20260710 13:23:08.170792 22528 consensus_queue.cc:1048] T bdf13f6e95394c75a2560ff5ab0c9560 P 1cde72f5048746cca336c03c064b0294 [LEADER]: Connected to new peer: Peer: permanent_uuid: "016c4e0b3c8e4e54ba57fd5ee2beaa3f" member_type: VOTER last_known_addr { host: "127.21.41.131" port: 41991 }, Status: LMP_MISMATCH, Last received: 0.0, Next index: 1, Last known committed idx: 0, Time since last communication: 0.000s
I20260710 13:23:08.171802 22340 leader_election.cc:304] T 1b510c29847244079c80d24a97ec98c7 P 1cde72f5048746cca336c03c064b0294 [CANDIDATE]: Term 1 pre-election: Election decided. Result: candidate lost. Election summary: received 3 responses out of 3 voters: 1 yes votes; 2 no votes. yes voters: 1cde72f5048746cca336c03c064b0294; no voters: 016c4e0b3c8e4e54ba57fd5ee2beaa3f, 6061cbdbab4e45a09f2903b4b493f32b
I20260710 13:23:08.172691 22528 raft_consensus.cc:3060] T 1b510c29847244079c80d24a97ec98c7 P 1cde72f5048746cca336c03c064b0294 [term 0 FOLLOWER]: Advancing to term 1
I20260710 13:23:08.180878 22528 raft_consensus.cc:2749] T 1b510c29847244079c80d24a97ec98c7 P 1cde72f5048746cca336c03c064b0294 [term 1 FOLLOWER]: Leader pre-election lost for term 1. Reason: could not achieve majority
I20260710 13:23:08.182490 22519 consensus_queue.cc:1048] T d46dc99419554312a02cf39831c9267d P 6061cbdbab4e45a09f2903b4b493f32b [LEADER]: Connected to new peer: Peer: permanent_uuid: "1cde72f5048746cca336c03c064b0294" member_type: VOTER last_known_addr { host: "127.21.41.130" port: 34983 }, Status: LMP_MISMATCH, Last received: 0.0, Next index: 1, Last known committed idx: 0, Time since last communication: 0.000s
I20260710 13:23:08.186408 22526 consensus_queue.cc:1048] T bdf13f6e95394c75a2560ff5ab0c9560 P 1cde72f5048746cca336c03c064b0294 [LEADER]: Connected to new peer: Peer: permanent_uuid: "6061cbdbab4e45a09f2903b4b493f32b" member_type: VOTER last_known_addr { host: "127.21.41.129" port: 45591 }, Status: LMP_MISMATCH, Last received: 0.0, Next index: 1, Last known committed idx: 0, Time since last communication: 0.000s
I20260710 13:23:08.197006 22520 consensus_queue.cc:1048] T 784171a0ddc64f9baeb9d07828f4ac03 P 6061cbdbab4e45a09f2903b4b493f32b [LEADER]: Connected to new peer: Peer: permanent_uuid: "016c4e0b3c8e4e54ba57fd5ee2beaa3f" member_type: VOTER last_known_addr { host: "127.21.41.131" port: 41991 }, Status: LMP_MISMATCH, Last received: 0.0, Next index: 1, Last known committed idx: 0, Time since last communication: 0.001s
I20260710 13:23:08.211093 22519 consensus_queue.cc:1048] T 3374d61a91a14789987c171979455bfe P 6061cbdbab4e45a09f2903b4b493f32b [LEADER]: Connected to new peer: Peer: permanent_uuid: "1cde72f5048746cca336c03c064b0294" member_type: VOTER last_known_addr { host: "127.21.41.130" port: 34983 }, Status: LMP_MISMATCH, Last received: 0.0, Next index: 1, Last known committed idx: 0, Time since last communication: 0.000s
I20260710 13:23:08.221829 22514 consensus_queue.cc:1048] T 784171a0ddc64f9baeb9d07828f4ac03 P 6061cbdbab4e45a09f2903b4b493f32b [LEADER]: Connected to new peer: Peer: permanent_uuid: "1cde72f5048746cca336c03c064b0294" member_type: VOTER last_known_addr { host: "127.21.41.130" port: 34983 }, Status: LMP_MISMATCH, Last received: 0.0, Next index: 1, Last known committed idx: 0, Time since last communication: 0.000s
I20260710 13:23:08.234597 22520 consensus_queue.cc:1048] T d46dc99419554312a02cf39831c9267d P 6061cbdbab4e45a09f2903b4b493f32b [LEADER]: Connected to new peer: Peer: permanent_uuid: "016c4e0b3c8e4e54ba57fd5ee2beaa3f" member_type: VOTER last_known_addr { host: "127.21.41.131" port: 41991 }, Status: LMP_MISMATCH, Last received: 0.0, Next index: 1, Last known committed idx: 0, Time since last communication: 0.000s
I20260710 13:23:08.245172 22495 consensus_queue.cc:1048] T 3374d61a91a14789987c171979455bfe P 6061cbdbab4e45a09f2903b4b493f32b [LEADER]: Connected to new peer: Peer: permanent_uuid: "016c4e0b3c8e4e54ba57fd5ee2beaa3f" member_type: VOTER last_known_addr { host: "127.21.41.131" port: 41991 }, Status: LMP_MISMATCH, Last received: 0.0, Next index: 1, Last known committed idx: 0, Time since last communication: 0.000s
I20260710 13:23:08.265448 22528 consensus_queue.cc:1048] T caa4d8c4ab2b47af84770ff1e5cba637 P 1cde72f5048746cca336c03c064b0294 [LEADER]: Connected to new peer: Peer: permanent_uuid: "016c4e0b3c8e4e54ba57fd5ee2beaa3f" member_type: VOTER last_known_addr { host: "127.21.41.131" port: 41991 }, Status: LMP_MISMATCH, Last received: 0.0, Next index: 1, Last known committed idx: 0, Time since last communication: 0.000s
I20260710 13:23:08.274909 22497 consensus_queue.cc:1048] T caa4d8c4ab2b47af84770ff1e5cba637 P 1cde72f5048746cca336c03c064b0294 [LEADER]: Connected to new peer: Peer: permanent_uuid: "6061cbdbab4e45a09f2903b4b493f32b" member_type: VOTER last_known_addr { host: "127.21.41.129" port: 45591 }, Status: LMP_MISMATCH, Last received: 0.0, Next index: 1, Last known committed idx: 0, Time since last communication: 0.000s
I20260710 13:23:08.288097 22497 raft_consensus.cc:493] T 2e2c5377defa4dd0928f7e851f440229 P 1cde72f5048746cca336c03c064b0294 [term 0 FOLLOWER]: Starting pre-election (no leader contacted us within the election timeout)
I20260710 13:23:08.288594 22497 raft_consensus.cc:515] T 2e2c5377defa4dd0928f7e851f440229 P 1cde72f5048746cca336c03c064b0294 [term 0 FOLLOWER]: Starting pre-election with config: opid_index: -1 OBSOLETE_local: false peers { permanent_uuid: "6061cbdbab4e45a09f2903b4b493f32b" member_type: VOTER last_known_addr { host: "127.21.41.129" port: 45591 } } peers { permanent_uuid: "1cde72f5048746cca336c03c064b0294" member_type: VOTER last_known_addr { host: "127.21.41.130" port: 34983 } } peers { permanent_uuid: "016c4e0b3c8e4e54ba57fd5ee2beaa3f" member_type: VOTER last_known_addr { host: "127.21.41.131" port: 41991 } }
I20260710 13:23:08.290138 22497 leader_election.cc:290] T 2e2c5377defa4dd0928f7e851f440229 P 1cde72f5048746cca336c03c064b0294 [CANDIDATE]: Term 1 pre-election: Requested pre-vote from peers 6061cbdbab4e45a09f2903b4b493f32b (127.21.41.129:45591), 016c4e0b3c8e4e54ba57fd5ee2beaa3f (127.21.41.131:41991)
I20260710 13:23:08.290896 22494 raft_consensus.cc:493] T 2e2c5377defa4dd0928f7e851f440229 P 016c4e0b3c8e4e54ba57fd5ee2beaa3f [term 0 FOLLOWER]: Starting pre-election (no leader contacted us within the election timeout)
I20260710 13:23:08.290772 22300 tablet_service.cc:1917] Received RequestConsensusVote() RPC: tablet_id: "2e2c5377defa4dd0928f7e851f440229" candidate_uuid: "1cde72f5048746cca336c03c064b0294" candidate_term: 1 candidate_status { last_received { term: 0 index: 0 } } ignore_live_leader: false dest_uuid: "6061cbdbab4e45a09f2903b4b493f32b" is_pre_election: true
I20260710 13:23:08.291033 22449 tablet_service.cc:1917] Received RequestConsensusVote() RPC: tablet_id: "2e2c5377defa4dd0928f7e851f440229" candidate_uuid: "1cde72f5048746cca336c03c064b0294" candidate_term: 1 candidate_status { last_received { term: 0 index: 0 } } ignore_live_leader: false dest_uuid: "016c4e0b3c8e4e54ba57fd5ee2beaa3f" is_pre_election: true
I20260710 13:23:08.291522 22300 raft_consensus.cc:2468] T 2e2c5377defa4dd0928f7e851f440229 P 6061cbdbab4e45a09f2903b4b493f32b [term 0 FOLLOWER]: Leader pre-election vote request: Granting yes vote for candidate 1cde72f5048746cca336c03c064b0294 in term 0.
I20260710 13:23:08.291375 22494 raft_consensus.cc:515] T 2e2c5377defa4dd0928f7e851f440229 P 016c4e0b3c8e4e54ba57fd5ee2beaa3f [term 0 FOLLOWER]: Starting pre-election with config: opid_index: -1 OBSOLETE_local: false peers { permanent_uuid: "6061cbdbab4e45a09f2903b4b493f32b" member_type: VOTER last_known_addr { host: "127.21.41.129" port: 45591 } } peers { permanent_uuid: "1cde72f5048746cca336c03c064b0294" member_type: VOTER last_known_addr { host: "127.21.41.130" port: 34983 } } peers { permanent_uuid: "016c4e0b3c8e4e54ba57fd5ee2beaa3f" member_type: VOTER last_known_addr { host: "127.21.41.131" port: 41991 } }
I20260710 13:23:08.292341 22449 raft_consensus.cc:2468] T 2e2c5377defa4dd0928f7e851f440229 P 016c4e0b3c8e4e54ba57fd5ee2beaa3f [term 0 FOLLOWER]: Leader pre-election vote request: Granting yes vote for candidate 1cde72f5048746cca336c03c064b0294 in term 0.
I20260710 13:23:08.292672 22339 leader_election.cc:304] T 2e2c5377defa4dd0928f7e851f440229 P 1cde72f5048746cca336c03c064b0294 [CANDIDATE]: Term 1 pre-election: Election decided. Result: candidate won. Election summary: received 2 responses out of 3 voters: 2 yes votes; 0 no votes. yes voters: 1cde72f5048746cca336c03c064b0294, 6061cbdbab4e45a09f2903b4b493f32b; no voters: 
I20260710 13:23:08.293283 22494 leader_election.cc:290] T 2e2c5377defa4dd0928f7e851f440229 P 016c4e0b3c8e4e54ba57fd5ee2beaa3f [CANDIDATE]: Term 1 pre-election: Requested pre-vote from peers 6061cbdbab4e45a09f2903b4b493f32b (127.21.41.129:45591), 1cde72f5048746cca336c03c064b0294 (127.21.41.130:34983)
I20260710 13:23:08.293785 22497 raft_consensus.cc:2804] T 2e2c5377defa4dd0928f7e851f440229 P 1cde72f5048746cca336c03c064b0294 [term 0 FOLLOWER]: Leader pre-election won for term 1
I20260710 13:23:08.293906 22300 tablet_service.cc:1917] Received RequestConsensusVote() RPC: tablet_id: "2e2c5377defa4dd0928f7e851f440229" candidate_uuid: "016c4e0b3c8e4e54ba57fd5ee2beaa3f" candidate_term: 1 candidate_status { last_received { term: 0 index: 0 } } ignore_live_leader: false dest_uuid: "6061cbdbab4e45a09f2903b4b493f32b" is_pre_election: true
I20260710 13:23:08.294185 22497 raft_consensus.cc:493] T 2e2c5377defa4dd0928f7e851f440229 P 1cde72f5048746cca336c03c064b0294 [term 0 FOLLOWER]: Starting leader election (no leader contacted us within the election timeout)
I20260710 13:23:08.294478 22300 raft_consensus.cc:2468] T 2e2c5377defa4dd0928f7e851f440229 P 6061cbdbab4e45a09f2903b4b493f32b [term 0 FOLLOWER]: Leader pre-election vote request: Granting yes vote for candidate 016c4e0b3c8e4e54ba57fd5ee2beaa3f in term 0.
I20260710 13:23:08.294515 22497 raft_consensus.cc:3060] T 2e2c5377defa4dd0928f7e851f440229 P 1cde72f5048746cca336c03c064b0294 [term 0 FOLLOWER]: Advancing to term 1
I20260710 13:23:08.294580 22375 tablet_service.cc:1917] Received RequestConsensusVote() RPC: tablet_id: "2e2c5377defa4dd0928f7e851f440229" candidate_uuid: "016c4e0b3c8e4e54ba57fd5ee2beaa3f" candidate_term: 1 candidate_status { last_received { term: 0 index: 0 } } ignore_live_leader: false dest_uuid: "1cde72f5048746cca336c03c064b0294" is_pre_election: true
I20260710 13:23:08.295560 22413 leader_election.cc:304] T 2e2c5377defa4dd0928f7e851f440229 P 016c4e0b3c8e4e54ba57fd5ee2beaa3f [CANDIDATE]: Term 1 pre-election: Election decided. Result: candidate won. Election summary: received 2 responses out of 3 voters: 2 yes votes; 0 no votes. yes voters: 016c4e0b3c8e4e54ba57fd5ee2beaa3f, 6061cbdbab4e45a09f2903b4b493f32b; no voters: 
I20260710 13:23:08.296200 22494 raft_consensus.cc:2804] T 2e2c5377defa4dd0928f7e851f440229 P 016c4e0b3c8e4e54ba57fd5ee2beaa3f [term 0 FOLLOWER]: Leader pre-election won for term 1
I20260710 13:23:08.296489 22494 raft_consensus.cc:493] T 2e2c5377defa4dd0928f7e851f440229 P 016c4e0b3c8e4e54ba57fd5ee2beaa3f [term 0 FOLLOWER]: Starting leader election (no leader contacted us within the election timeout)
I20260710 13:23:08.296748 22494 raft_consensus.cc:3060] T 2e2c5377defa4dd0928f7e851f440229 P 016c4e0b3c8e4e54ba57fd5ee2beaa3f [term 0 FOLLOWER]: Advancing to term 1
I20260710 13:23:08.299237 22497 raft_consensus.cc:515] T 2e2c5377defa4dd0928f7e851f440229 P 1cde72f5048746cca336c03c064b0294 [term 1 FOLLOWER]: Starting leader election with config: opid_index: -1 OBSOLETE_local: false peers { permanent_uuid: "6061cbdbab4e45a09f2903b4b493f32b" member_type: VOTER last_known_addr { host: "127.21.41.129" port: 45591 } } peers { permanent_uuid: "1cde72f5048746cca336c03c064b0294" member_type: VOTER last_known_addr { host: "127.21.41.130" port: 34983 } } peers { permanent_uuid: "016c4e0b3c8e4e54ba57fd5ee2beaa3f" member_type: VOTER last_known_addr { host: "127.21.41.131" port: 41991 } }
I20260710 13:23:08.300132 22375 raft_consensus.cc:2393] T 2e2c5377defa4dd0928f7e851f440229 P 1cde72f5048746cca336c03c064b0294 [term 1 FOLLOWER]: Leader pre-election vote request: Denying vote to candidate 016c4e0b3c8e4e54ba57fd5ee2beaa3f in current term 1: Already voted for candidate 1cde72f5048746cca336c03c064b0294 in this term.
I20260710 13:23:08.300962 22497 leader_election.cc:290] T 2e2c5377defa4dd0928f7e851f440229 P 1cde72f5048746cca336c03c064b0294 [CANDIDATE]: Term 1 election: Requested vote from peers 6061cbdbab4e45a09f2903b4b493f32b (127.21.41.129:45591), 016c4e0b3c8e4e54ba57fd5ee2beaa3f (127.21.41.131:41991)
I20260710 13:23:08.301928 22300 tablet_service.cc:1917] Received RequestConsensusVote() RPC: tablet_id: "2e2c5377defa4dd0928f7e851f440229" candidate_uuid: "1cde72f5048746cca336c03c064b0294" candidate_term: 1 candidate_status { last_received { term: 0 index: 0 } } ignore_live_leader: false dest_uuid: "6061cbdbab4e45a09f2903b4b493f32b"
I20260710 13:23:08.301899 22449 tablet_service.cc:1917] Received RequestConsensusVote() RPC: tablet_id: "2e2c5377defa4dd0928f7e851f440229" candidate_uuid: "1cde72f5048746cca336c03c064b0294" candidate_term: 1 candidate_status { last_received { term: 0 index: 0 } } ignore_live_leader: false dest_uuid: "016c4e0b3c8e4e54ba57fd5ee2beaa3f"
I20260710 13:23:08.301999 22494 raft_consensus.cc:515] T 2e2c5377defa4dd0928f7e851f440229 P 016c4e0b3c8e4e54ba57fd5ee2beaa3f [term 1 FOLLOWER]: Starting leader election with config: opid_index: -1 OBSOLETE_local: false peers { permanent_uuid: "6061cbdbab4e45a09f2903b4b493f32b" member_type: VOTER last_known_addr { host: "127.21.41.129" port: 45591 } } peers { permanent_uuid: "1cde72f5048746cca336c03c064b0294" member_type: VOTER last_known_addr { host: "127.21.41.130" port: 34983 } } peers { permanent_uuid: "016c4e0b3c8e4e54ba57fd5ee2beaa3f" member_type: VOTER last_known_addr { host: "127.21.41.131" port: 41991 } }
I20260710 13:23:08.302636 22300 raft_consensus.cc:3060] T 2e2c5377defa4dd0928f7e851f440229 P 6061cbdbab4e45a09f2903b4b493f32b [term 0 FOLLOWER]: Advancing to term 1
I20260710 13:23:08.303267 22449 raft_consensus.cc:2393] T 2e2c5377defa4dd0928f7e851f440229 P 016c4e0b3c8e4e54ba57fd5ee2beaa3f [term 1 FOLLOWER]: Leader election vote request: Denying vote to candidate 1cde72f5048746cca336c03c064b0294 in current term 1: Already voted for candidate 016c4e0b3c8e4e54ba57fd5ee2beaa3f in this term.
I20260710 13:23:08.304781 22494 leader_election.cc:290] T 2e2c5377defa4dd0928f7e851f440229 P 016c4e0b3c8e4e54ba57fd5ee2beaa3f [CANDIDATE]: Term 1 election: Requested vote from peers 6061cbdbab4e45a09f2903b4b493f32b (127.21.41.129:45591), 1cde72f5048746cca336c03c064b0294 (127.21.41.130:34983)
I20260710 13:23:08.304844 22299 tablet_service.cc:1917] Received RequestConsensusVote() RPC: tablet_id: "2e2c5377defa4dd0928f7e851f440229" candidate_uuid: "016c4e0b3c8e4e54ba57fd5ee2beaa3f" candidate_term: 1 candidate_status { last_received { term: 0 index: 0 } } ignore_live_leader: false dest_uuid: "6061cbdbab4e45a09f2903b4b493f32b"
I20260710 13:23:08.305320 22375 tablet_service.cc:1917] Received RequestConsensusVote() RPC: tablet_id: "2e2c5377defa4dd0928f7e851f440229" candidate_uuid: "016c4e0b3c8e4e54ba57fd5ee2beaa3f" candidate_term: 1 candidate_status { last_received { term: 0 index: 0 } } ignore_live_leader: false dest_uuid: "1cde72f5048746cca336c03c064b0294"
I20260710 13:23:08.305924 22375 raft_consensus.cc:2393] T 2e2c5377defa4dd0928f7e851f440229 P 1cde72f5048746cca336c03c064b0294 [term 1 FOLLOWER]: Leader election vote request: Denying vote to candidate 016c4e0b3c8e4e54ba57fd5ee2beaa3f in current term 1: Already voted for candidate 1cde72f5048746cca336c03c064b0294 in this term.
I20260710 13:23:08.306773 22413 leader_election.cc:304] T 2e2c5377defa4dd0928f7e851f440229 P 016c4e0b3c8e4e54ba57fd5ee2beaa3f [CANDIDATE]: Term 1 election: Election decided. Result: candidate lost. Election summary: received 3 responses out of 3 voters: 1 yes votes; 2 no votes. yes voters: 016c4e0b3c8e4e54ba57fd5ee2beaa3f; no voters: 1cde72f5048746cca336c03c064b0294, 6061cbdbab4e45a09f2903b4b493f32b
I20260710 13:23:08.307400 22494 raft_consensus.cc:2749] T 2e2c5377defa4dd0928f7e851f440229 P 016c4e0b3c8e4e54ba57fd5ee2beaa3f [term 1 FOLLOWER]: Leader election lost for term 1. Reason: could not achieve majority
I20260710 13:23:08.308784 22300 raft_consensus.cc:2468] T 2e2c5377defa4dd0928f7e851f440229 P 6061cbdbab4e45a09f2903b4b493f32b [term 1 FOLLOWER]: Leader election vote request: Granting yes vote for candidate 1cde72f5048746cca336c03c064b0294 in term 1.
I20260710 13:23:08.309646 22339 leader_election.cc:304] T 2e2c5377defa4dd0928f7e851f440229 P 1cde72f5048746cca336c03c064b0294 [CANDIDATE]: Term 1 election: Election decided. Result: candidate won. Election summary: received 3 responses out of 3 voters: 2 yes votes; 1 no votes. yes voters: 1cde72f5048746cca336c03c064b0294, 6061cbdbab4e45a09f2903b4b493f32b; no voters: 016c4e0b3c8e4e54ba57fd5ee2beaa3f
I20260710 13:23:08.310285 22497 raft_consensus.cc:2804] T 2e2c5377defa4dd0928f7e851f440229 P 1cde72f5048746cca336c03c064b0294 [term 1 FOLLOWER]: Leader election won for term 1
I20260710 13:23:08.310693 22497 raft_consensus.cc:697] T 2e2c5377defa4dd0928f7e851f440229 P 1cde72f5048746cca336c03c064b0294 [term 1 LEADER]: Becoming Leader. State: Replica: 1cde72f5048746cca336c03c064b0294, State: Running, Role: LEADER
I20260710 13:23:08.311483 22497 consensus_queue.cc:237] T 2e2c5377defa4dd0928f7e851f440229 P 1cde72f5048746cca336c03c064b0294 [LEADER]: Queue going to LEADER mode. State: All replicated index: 0, Majority replicated index: 0, Committed index: 0, Last appended: 0.0, Last appended by leader: 0, Current term: 1, Majority size: 2, State: 0, Mode: LEADER, active raft config: opid_index: -1 OBSOLETE_local: false peers { permanent_uuid: "6061cbdbab4e45a09f2903b4b493f32b" member_type: VOTER last_known_addr { host: "127.21.41.129" port: 45591 } } peers { permanent_uuid: "1cde72f5048746cca336c03c064b0294" member_type: VOTER last_known_addr { host: "127.21.41.130" port: 34983 } } peers { permanent_uuid: "016c4e0b3c8e4e54ba57fd5ee2beaa3f" member_type: VOTER last_known_addr { host: "127.21.41.131" port: 41991 } }
I20260710 13:23:08.318261 22196 catalog_manager.cc:5697] T 2e2c5377defa4dd0928f7e851f440229 P 1cde72f5048746cca336c03c064b0294 reported cstate change: term changed from 0 to 1, leader changed from <none> to 1cde72f5048746cca336c03c064b0294 (127.21.41.130). New cstate: current_term: 1 leader_uuid: "1cde72f5048746cca336c03c064b0294" committed_config { opid_index: -1 OBSOLETE_local: false peers { permanent_uuid: "6061cbdbab4e45a09f2903b4b493f32b" member_type: VOTER last_known_addr { host: "127.21.41.129" port: 45591 } health_report { overall_health: UNKNOWN } } peers { permanent_uuid: "1cde72f5048746cca336c03c064b0294" member_type: VOTER last_known_addr { host: "127.21.41.130" port: 34983 } health_report { overall_health: HEALTHY } } peers { permanent_uuid: "016c4e0b3c8e4e54ba57fd5ee2beaa3f" member_type: VOTER last_known_addr { host: "127.21.41.131" port: 41991 } health_report { overall_health: UNKNOWN } } }
I20260710 13:23:08.340057 22519 consensus_queue.cc:1048] T 1b510c29847244079c80d24a97ec98c7 P 6061cbdbab4e45a09f2903b4b493f32b [LEADER]: Connected to new peer: Peer: permanent_uuid: "016c4e0b3c8e4e54ba57fd5ee2beaa3f" member_type: VOTER last_known_addr { host: "127.21.41.131" port: 41991 }, Status: LMP_MISMATCH, Last received: 0.0, Next index: 1, Last known committed idx: 0, Time since last communication: 0.000s
I20260710 13:23:08.350118 22495 consensus_queue.cc:1048] T 1b510c29847244079c80d24a97ec98c7 P 6061cbdbab4e45a09f2903b4b493f32b [LEADER]: Connected to new peer: Peer: permanent_uuid: "1cde72f5048746cca336c03c064b0294" member_type: VOTER last_known_addr { host: "127.21.41.130" port: 34983 }, Status: LMP_MISMATCH, Last received: 0.0, Next index: 1, Last known committed idx: 0, Time since last communication: 0.000s
I20260710 13:23:08.385933 22497 consensus_queue.cc:1048] T f13d21666a244abfb7972d170f2be93a P 1cde72f5048746cca336c03c064b0294 [LEADER]: Connected to new peer: Peer: permanent_uuid: "016c4e0b3c8e4e54ba57fd5ee2beaa3f" member_type: VOTER last_known_addr { host: "127.21.41.131" port: 41991 }, Status: LMP_MISMATCH, Last received: 0.0, Next index: 1, Last known committed idx: 0, Time since last communication: 0.001s
I20260710 13:23:08.397379 22526 consensus_queue.cc:1048] T f13d21666a244abfb7972d170f2be93a P 1cde72f5048746cca336c03c064b0294 [LEADER]: Connected to new peer: Peer: permanent_uuid: "6061cbdbab4e45a09f2903b4b493f32b" member_type: VOTER last_known_addr { host: "127.21.41.129" port: 45591 }, Status: LMP_MISMATCH, Last received: 0.0, Next index: 1, Last known committed idx: 0, Time since last communication: 0.000s
I20260710 13:23:08.397789 22449 tablet_service.cc:2072] Received LeaderStepDown RPC: tablet_id: "24a1f7d1308b4f69ad8673d02adc67d7"
dest_uuid: "016c4e0b3c8e4e54ba57fd5ee2beaa3f"
mode: GRACEFUL
new_leader_uuid: "6061cbdbab4e45a09f2903b4b493f32b"
 from {username='slave'} at 127.0.0.1:49012
I20260710 13:23:08.398388 22449 raft_consensus.cc:606] T 24a1f7d1308b4f69ad8673d02adc67d7 P 016c4e0b3c8e4e54ba57fd5ee2beaa3f [term 1 LEADER]: Received request to transfer leadership to TS 6061cbdbab4e45a09f2903b4b493f32b
I20260710 13:23:08.416149 22375 tablet_service.cc:2072] Received LeaderStepDown RPC: tablet_id: "bdf13f6e95394c75a2560ff5ab0c9560"
dest_uuid: "1cde72f5048746cca336c03c064b0294"
mode: GRACEFUL
new_leader_uuid: "6061cbdbab4e45a09f2903b4b493f32b"
 from {username='slave'} at 127.0.0.1:42908
I20260710 13:23:08.416584 22375 raft_consensus.cc:606] T bdf13f6e95394c75a2560ff5ab0c9560 P 1cde72f5048746cca336c03c064b0294 [term 1 LEADER]: Received request to transfer leadership to TS 6061cbdbab4e45a09f2903b4b493f32b
I20260710 13:23:08.428208 22300 tablet_service.cc:2072] Received LeaderStepDown RPC: tablet_id: "1b510c29847244079c80d24a97ec98c7"
dest_uuid: "6061cbdbab4e45a09f2903b4b493f32b"
mode: GRACEFUL
new_leader_uuid: "1cde72f5048746cca336c03c064b0294"
 from {username='slave'} at 127.0.0.1:40632
I20260710 13:23:08.428633 22300 raft_consensus.cc:606] T 1b510c29847244079c80d24a97ec98c7 P 6061cbdbab4e45a09f2903b4b493f32b [term 1 LEADER]: Received request to transfer leadership to TS 1cde72f5048746cca336c03c064b0294
I20260710 13:23:08.437813 22449 tablet_service.cc:2072] Received LeaderStepDown RPC: tablet_id: "41ad412777684c1e8af7f0fb0bc86455"
dest_uuid: "016c4e0b3c8e4e54ba57fd5ee2beaa3f"
mode: GRACEFUL
new_leader_uuid: "1cde72f5048746cca336c03c064b0294"
 from {username='slave'} at 127.0.0.1:49012
I20260710 13:23:08.438295 22449 raft_consensus.cc:606] T 41ad412777684c1e8af7f0fb0bc86455 P 016c4e0b3c8e4e54ba57fd5ee2beaa3f [term 1 LEADER]: Received request to transfer leadership to TS 1cde72f5048746cca336c03c064b0294
I20260710 13:23:08.442960 22375 tablet_service.cc:2072] Received LeaderStepDown RPC: tablet_id: "2e2c5377defa4dd0928f7e851f440229"
dest_uuid: "1cde72f5048746cca336c03c064b0294"
mode: GRACEFUL
new_leader_uuid: "016c4e0b3c8e4e54ba57fd5ee2beaa3f"
 from {username='slave'} at 127.0.0.1:42908
I20260710 13:23:08.443365 22375 raft_consensus.cc:606] T 2e2c5377defa4dd0928f7e851f440229 P 1cde72f5048746cca336c03c064b0294 [term 1 LEADER]: Received request to transfer leadership to TS 016c4e0b3c8e4e54ba57fd5ee2beaa3f
I20260710 13:23:08.531756 22494 consensus_queue.cc:1048] T 24a1f7d1308b4f69ad8673d02adc67d7 P 016c4e0b3c8e4e54ba57fd5ee2beaa3f [LEADER]: Connected to new peer: Peer: permanent_uuid: "1cde72f5048746cca336c03c064b0294" member_type: VOTER last_known_addr { host: "127.21.41.130" port: 34983 }, Status: LMP_MISMATCH, Last received: 0.0, Next index: 1, Last known committed idx: 0, Time since last communication: 0.000s
I20260710 13:23:08.543032 22574 consensus_queue.cc:1048] T 24a1f7d1308b4f69ad8673d02adc67d7 P 016c4e0b3c8e4e54ba57fd5ee2beaa3f [LEADER]: Connected to new peer: Peer: permanent_uuid: "6061cbdbab4e45a09f2903b4b493f32b" member_type: VOTER last_known_addr { host: "127.21.41.129" port: 45591 }, Status: LMP_MISMATCH, Last received: 0.0, Next index: 1, Last known committed idx: 0, Time since last communication: 0.000s
I20260710 13:23:08.550071 22494 raft_consensus.cc:993] T 24a1f7d1308b4f69ad8673d02adc67d7 P 016c4e0b3c8e4e54ba57fd5ee2beaa3f: : Instructing follower 6061cbdbab4e45a09f2903b4b493f32b to start an election
I20260710 13:23:08.550449 22574 raft_consensus.cc:1081] T 24a1f7d1308b4f69ad8673d02adc67d7 P 016c4e0b3c8e4e54ba57fd5ee2beaa3f [term 1 LEADER]: Signalling peer 6061cbdbab4e45a09f2903b4b493f32b to start an election
I20260710 13:23:08.551905 22300 tablet_service.cc:2044] Received Run Leader Election RPC: tablet_id: "24a1f7d1308b4f69ad8673d02adc67d7"
dest_uuid: "6061cbdbab4e45a09f2903b4b493f32b"
 from {username='slave'} at 127.0.0.1:40624
I20260710 13:23:08.552333 22300 raft_consensus.cc:493] T 24a1f7d1308b4f69ad8673d02adc67d7 P 6061cbdbab4e45a09f2903b4b493f32b [term 1 FOLLOWER]: Starting forced leader election (received explicit request)
I20260710 13:23:08.552731 22300 raft_consensus.cc:3060] T 24a1f7d1308b4f69ad8673d02adc67d7 P 6061cbdbab4e45a09f2903b4b493f32b [term 1 FOLLOWER]: Advancing to term 2
I20260710 13:23:08.557299 22300 raft_consensus.cc:515] T 24a1f7d1308b4f69ad8673d02adc67d7 P 6061cbdbab4e45a09f2903b4b493f32b [term 2 FOLLOWER]: Starting forced leader election with config: opid_index: -1 OBSOLETE_local: false peers { permanent_uuid: "6061cbdbab4e45a09f2903b4b493f32b" member_type: VOTER last_known_addr { host: "127.21.41.129" port: 45591 } } peers { permanent_uuid: "1cde72f5048746cca336c03c064b0294" member_type: VOTER last_known_addr { host: "127.21.41.130" port: 34983 } } peers { permanent_uuid: "016c4e0b3c8e4e54ba57fd5ee2beaa3f" member_type: VOTER last_known_addr { host: "127.21.41.131" port: 41991 } }
I20260710 13:23:08.559456 22300 leader_election.cc:290] T 24a1f7d1308b4f69ad8673d02adc67d7 P 6061cbdbab4e45a09f2903b4b493f32b [CANDIDATE]: Term 2 election: Requested vote from peers 1cde72f5048746cca336c03c064b0294 (127.21.41.130:34983), 016c4e0b3c8e4e54ba57fd5ee2beaa3f (127.21.41.131:41991)
