I20260710 13:23:19.180253 23299 tablet_service.cc:1917] Received RequestConsensusVote() RPC: tablet_id: "10ef62cd8d0a453ab5a486d6f3eb9bc0" candidate_uuid: "e2b485b744fd4178b2eb64cd6158b698" candidate_term: 1 candidate_status { last_received { term: 0 index: 0 } } ignore_live_leader: false dest_uuid: "12f68d48c87a409d8a560e0174b99c80" is_pre_election: true
I20260710 13:23:19.180454 23300 tablet_service.cc:1917] Received RequestConsensusVote() RPC: tablet_id: "5149f8d8f7314c9e9601e9429626516b" candidate_uuid: "d19046dcfc6e4011907b4ad1466ec91e" candidate_term: 1 candidate_status { last_received { term: 0 index: 0 } } ignore_live_leader: false dest_uuid: "12f68d48c87a409d8a560e0174b99c80" is_pre_election: true
I20260710 13:23:19.181131 23300 raft_consensus.cc:2468] T 5149f8d8f7314c9e9601e9429626516b P 12f68d48c87a409d8a560e0174b99c80 [term 0 FOLLOWER]: Leader pre-election vote request: Granting yes vote for candidate d19046dcfc6e4011907b4ad1466ec91e in term 0.
W20260710 13:23:19.181550 23190 leader_election.cc:343] T 10ef62cd8d0a453ab5a486d6f3eb9bc0 P e2b485b744fd4178b2eb64cd6158b698 [CANDIDATE]: Term 1 pre-election: Tablet error from VoteRequest() call to peer 12f68d48c87a409d8a560e0174b99c80 (127.21.130.195:34261): Illegal state: must be running to vote when last-logged opid is not known
I20260710 13:23:19.182099 23190 leader_election.cc:304] T 10ef62cd8d0a453ab5a486d6f3eb9bc0 P e2b485b744fd4178b2eb64cd6158b698 [CANDIDATE]: Term 1 pre-election: Election decided. Result: candidate lost. Election summary: received 3 responses out of 3 voters: 1 yes votes; 2 no votes. yes voters: e2b485b744fd4178b2eb64cd6158b698; no voters: 12f68d48c87a409d8a560e0174b99c80, d19046dcfc6e4011907b4ad1466ec91e
I20260710 13:23:19.182677 23115 leader_election.cc:304] T 5149f8d8f7314c9e9601e9429626516b P d19046dcfc6e4011907b4ad1466ec91e [CANDIDATE]: Term 1 pre-election: Election decided. Result: candidate won. Election summary: received 2 responses out of 3 voters: 2 yes votes; 0 no votes. yes voters: 12f68d48c87a409d8a560e0174b99c80, d19046dcfc6e4011907b4ad1466ec91e; no voters: 
I20260710 13:23:19.183802 23352 raft_consensus.cc:2804] T 5149f8d8f7314c9e9601e9429626516b P d19046dcfc6e4011907b4ad1466ec91e [term 0 FOLLOWER]: Leader pre-election won for term 1
I20260710 13:23:19.184226 23352 raft_consensus.cc:493] T 5149f8d8f7314c9e9601e9429626516b P d19046dcfc6e4011907b4ad1466ec91e [term 0 FOLLOWER]: Starting leader election (no leader contacted us within the election timeout)
I20260710 13:23:19.184688 23352 raft_consensus.cc:3060] T 5149f8d8f7314c9e9601e9429626516b P d19046dcfc6e4011907b4ad1466ec91e [term 0 FOLLOWER]: Advancing to term 1
I20260710 13:23:19.184515 23224 tablet_service.cc:1917] Received RequestConsensusVote() RPC: tablet_id: "5149f8d8f7314c9e9601e9429626516b" candidate_uuid: "d19046dcfc6e4011907b4ad1466ec91e" candidate_term: 1 candidate_status { last_received { term: 0 index: 0 } } ignore_live_leader: false dest_uuid: "e2b485b744fd4178b2eb64cd6158b698" is_pre_election: true
I20260710 13:23:19.185663 23224 raft_consensus.cc:2468] T 5149f8d8f7314c9e9601e9429626516b P e2b485b744fd4178b2eb64cd6158b698 [term 0 FOLLOWER]: Leader pre-election vote request: Granting yes vote for candidate d19046dcfc6e4011907b4ad1466ec91e in term 0.
I20260710 13:23:19.187275 23385 raft_consensus.cc:2749] T 10ef62cd8d0a453ab5a486d6f3eb9bc0 P e2b485b744fd4178b2eb64cd6158b698 [term 0 FOLLOWER]: Leader pre-election lost for term 1. Reason: could not achieve majority
I20260710 13:23:19.192835 23352 raft_consensus.cc:515] T 5149f8d8f7314c9e9601e9429626516b P d19046dcfc6e4011907b4ad1466ec91e [term 1 FOLLOWER]: Starting leader election with config: opid_index: -1 OBSOLETE_local: false peers { permanent_uuid: "d19046dcfc6e4011907b4ad1466ec91e" member_type: VOTER last_known_addr { host: "127.21.130.193" port: 43037 } } peers { permanent_uuid: "e2b485b744fd4178b2eb64cd6158b698" member_type: VOTER last_known_addr { host: "127.21.130.194" port: 38525 } } peers { permanent_uuid: "12f68d48c87a409d8a560e0174b99c80" member_type: VOTER last_known_addr { host: "127.21.130.195" port: 34261 } }
I20260710 13:23:19.195464 23347 consensus_queue.cc:1048] T eaf2299f50914ada814aded0e5376313 P e2b485b744fd4178b2eb64cd6158b698 [LEADER]: Connected to new peer: Peer: permanent_uuid: "d19046dcfc6e4011907b4ad1466ec91e" member_type: VOTER last_known_addr { host: "127.21.130.193" port: 43037 }, Status: LMP_MISMATCH, Last received: 0.0, Next index: 1, Last known committed idx: 0, Time since last communication: 0.001s
I20260710 13:23:19.200603 23352 leader_election.cc:290] T 5149f8d8f7314c9e9601e9429626516b P d19046dcfc6e4011907b4ad1466ec91e [CANDIDATE]: Term 1 election: Requested vote from peers e2b485b744fd4178b2eb64cd6158b698 (127.21.130.194:38525), 12f68d48c87a409d8a560e0174b99c80 (127.21.130.195:34261)
I20260710 13:23:19.203737 23342 tablet_bootstrap.cc:492] T 2d3aa174b65845b2ac190d42c3817627 P d19046dcfc6e4011907b4ad1466ec91e: No bootstrap required, opened a new log
I20260710 13:23:19.204420 23342 ts_tablet_manager.cc:1403] T 2d3aa174b65845b2ac190d42c3817627 P d19046dcfc6e4011907b4ad1466ec91e: Time spent bootstrapping tablet: real 0.087s	user 0.008s	sys 0.003s
I20260710 13:23:19.208045 23342 raft_consensus.cc:359] T 2d3aa174b65845b2ac190d42c3817627 P d19046dcfc6e4011907b4ad1466ec91e [term 0 FOLLOWER]: Replica starting. Triggering 0 pending ops. Active config: opid_index: -1 OBSOLETE_local: false peers { permanent_uuid: "d19046dcfc6e4011907b4ad1466ec91e" member_type: VOTER last_known_addr { host: "127.21.130.193" port: 43037 } } peers { permanent_uuid: "e2b485b744fd4178b2eb64cd6158b698" member_type: VOTER last_known_addr { host: "127.21.130.194" port: 38525 } } peers { permanent_uuid: "12f68d48c87a409d8a560e0174b99c80" member_type: VOTER last_known_addr { host: "127.21.130.195" port: 34261 } }
W20260710 13:23:19.209321 23192 consensus_peers.cc:597] T 2d3aa174b65845b2ac190d42c3817627 P e2b485b744fd4178b2eb64cd6158b698 -> Peer d19046dcfc6e4011907b4ad1466ec91e (127.21.130.193:43037): Couldn't send request to peer d19046dcfc6e4011907b4ad1466ec91e. Error code: TABLET_NOT_RUNNING (12). Status: Illegal state: Tablet not RUNNING: BOOTSTRAPPING. This is attempt 1: this message will repeat every 5th retry.
I20260710 13:23:19.208974 23342 raft_consensus.cc:385] T 2d3aa174b65845b2ac190d42c3817627 P d19046dcfc6e4011907b4ad1466ec91e [term 0 FOLLOWER]: Consensus starting up: Expiring failure detector timer to make a prompt election more likely
I20260710 13:23:19.210922 23342 raft_consensus.cc:740] T 2d3aa174b65845b2ac190d42c3817627 P d19046dcfc6e4011907b4ad1466ec91e [term 0 FOLLOWER]: Becoming Follower/Learner. State: Replica: d19046dcfc6e4011907b4ad1466ec91e, State: Initialized, Role: FOLLOWER
I20260710 13:23:19.211603 23342 consensus_queue.cc:260] T 2d3aa174b65845b2ac190d42c3817627 P d19046dcfc6e4011907b4ad1466ec91e [NON_LEADER]: Queue going to NON_LEADER mode. State: All replicated index: 0, Majority replicated index: 0, Committed index: 0, Last appended: 0.0, Last appended by leader: 0, Current term: 0, Majority size: -1, State: 0, Mode: NON_LEADER, active raft config: opid_index: -1 OBSOLETE_local: false peers { permanent_uuid: "d19046dcfc6e4011907b4ad1466ec91e" member_type: VOTER last_known_addr { host: "127.21.130.193" port: 43037 } } peers { permanent_uuid: "e2b485b744fd4178b2eb64cd6158b698" member_type: VOTER last_known_addr { host: "127.21.130.194" port: 38525 } } peers { permanent_uuid: "12f68d48c87a409d8a560e0174b99c80" member_type: VOTER last_known_addr { host: "127.21.130.195" port: 34261 } }
I20260710 13:23:19.213047 23342 ts_tablet_manager.cc:1434] T 2d3aa174b65845b2ac190d42c3817627 P d19046dcfc6e4011907b4ad1466ec91e: Time spent starting tablet: real 0.008s	user 0.006s	sys 0.000s
I20260710 13:23:19.213792 23342 tablet_bootstrap.cc:492] T 737cd01dae31492bac763d4c79b59754 P d19046dcfc6e4011907b4ad1466ec91e: Bootstrap starting.
I20260710 13:23:19.215193 23340 tablet_bootstrap.cc:492] T 5573d685ad994019bcdba734b61680a5 P 12f68d48c87a409d8a560e0174b99c80: No bootstrap required, opened a new log
I20260710 13:23:19.215683 23340 ts_tablet_manager.cc:1403] T 5573d685ad994019bcdba734b61680a5 P 12f68d48c87a409d8a560e0174b99c80: Time spent bootstrapping tablet: real 0.056s	user 0.015s	sys 0.020s
I20260710 13:23:19.218484 23340 raft_consensus.cc:359] T 5573d685ad994019bcdba734b61680a5 P 12f68d48c87a409d8a560e0174b99c80 [term 0 FOLLOWER]: Replica starting. Triggering 0 pending ops. Active config: opid_index: -1 OBSOLETE_local: false peers { permanent_uuid: "d19046dcfc6e4011907b4ad1466ec91e" member_type: VOTER last_known_addr { host: "127.21.130.193" port: 43037 } } peers { permanent_uuid: "e2b485b744fd4178b2eb64cd6158b698" member_type: VOTER last_known_addr { host: "127.21.130.194" port: 38525 } } peers { permanent_uuid: "12f68d48c87a409d8a560e0174b99c80" member_type: VOTER last_known_addr { host: "127.21.130.195" port: 34261 } }
I20260710 13:23:19.219230 23340 raft_consensus.cc:385] T 5573d685ad994019bcdba734b61680a5 P 12f68d48c87a409d8a560e0174b99c80 [term 0 FOLLOWER]: Consensus starting up: Expiring failure detector timer to make a prompt election more likely
I20260710 13:23:19.219517 23340 raft_consensus.cc:740] T 5573d685ad994019bcdba734b61680a5 P 12f68d48c87a409d8a560e0174b99c80 [term 0 FOLLOWER]: Becoming Follower/Learner. State: Replica: 12f68d48c87a409d8a560e0174b99c80, State: Initialized, Role: FOLLOWER
I20260710 13:23:19.220329 23340 consensus_queue.cc:260] T 5573d685ad994019bcdba734b61680a5 P 12f68d48c87a409d8a560e0174b99c80 [NON_LEADER]: Queue going to NON_LEADER mode. State: All replicated index: 0, Majority replicated index: 0, Committed index: 0, Last appended: 0.0, Last appended by leader: 0, Current term: 0, Majority size: -1, State: 0, Mode: NON_LEADER, active raft config: opid_index: -1 OBSOLETE_local: false peers { permanent_uuid: "d19046dcfc6e4011907b4ad1466ec91e" member_type: VOTER last_known_addr { host: "127.21.130.193" port: 43037 } } peers { permanent_uuid: "e2b485b744fd4178b2eb64cd6158b698" member_type: VOTER last_known_addr { host: "127.21.130.194" port: 38525 } } peers { permanent_uuid: "12f68d48c87a409d8a560e0174b99c80" member_type: VOTER last_known_addr { host: "127.21.130.195" port: 34261 } }
I20260710 13:23:19.221319 23299 tablet_service.cc:1917] Received RequestConsensusVote() RPC: tablet_id: "5149f8d8f7314c9e9601e9429626516b" candidate_uuid: "d19046dcfc6e4011907b4ad1466ec91e" candidate_term: 1 candidate_status { last_received { term: 0 index: 0 } } ignore_live_leader: false dest_uuid: "12f68d48c87a409d8a560e0174b99c80"
I20260710 13:23:19.222044 23340 ts_tablet_manager.cc:1434] T 5573d685ad994019bcdba734b61680a5 P 12f68d48c87a409d8a560e0174b99c80: Time spent starting tablet: real 0.006s	user 0.006s	sys 0.000s
I20260710 13:23:19.222239 23299 raft_consensus.cc:3060] T 5149f8d8f7314c9e9601e9429626516b P 12f68d48c87a409d8a560e0174b99c80 [term 0 FOLLOWER]: Advancing to term 1
I20260710 13:23:19.223031 23340 tablet_bootstrap.cc:492] T 2a312a9bcdd24728b9abdf5d9fa4c200 P 12f68d48c87a409d8a560e0174b99c80: Bootstrap starting.
I20260710 13:23:19.232906 23342 tablet_bootstrap.cc:654] T 737cd01dae31492bac763d4c79b59754 P d19046dcfc6e4011907b4ad1466ec91e: Neither blocks nor log segments found. Creating new log.
I20260710 13:23:19.233376 23340 tablet_bootstrap.cc:654] T 2a312a9bcdd24728b9abdf5d9fa4c200 P 12f68d48c87a409d8a560e0174b99c80: Neither blocks nor log segments found. Creating new log.
I20260710 13:23:19.233990 23225 tablet_service.cc:1917] Received RequestConsensusVote() RPC: tablet_id: "5149f8d8f7314c9e9601e9429626516b" candidate_uuid: "d19046dcfc6e4011907b4ad1466ec91e" candidate_term: 1 candidate_status { last_received { term: 0 index: 0 } } ignore_live_leader: false dest_uuid: "e2b485b744fd4178b2eb64cd6158b698"
I20260710 13:23:19.235069 23225 raft_consensus.cc:3060] T 5149f8d8f7314c9e9601e9429626516b P e2b485b744fd4178b2eb64cd6158b698 [term 0 FOLLOWER]: Advancing to term 1
I20260710 13:23:19.244298 23225 raft_consensus.cc:2468] T 5149f8d8f7314c9e9601e9429626516b P e2b485b744fd4178b2eb64cd6158b698 [term 1 FOLLOWER]: Leader election vote request: Granting yes vote for candidate d19046dcfc6e4011907b4ad1466ec91e in term 1.
I20260710 13:23:19.245771 23341 tablet_bootstrap.cc:492] T 5573d685ad994019bcdba734b61680a5 P e2b485b744fd4178b2eb64cd6158b698: No bootstrap required, opened a new log
I20260710 13:23:19.246430 23341 ts_tablet_manager.cc:1403] T 5573d685ad994019bcdba734b61680a5 P e2b485b744fd4178b2eb64cd6158b698: Time spent bootstrapping tablet: real 0.083s	user 0.033s	sys 0.021s
I20260710 13:23:19.248102 23117 leader_election.cc:304] T 5149f8d8f7314c9e9601e9429626516b P d19046dcfc6e4011907b4ad1466ec91e [CANDIDATE]: Term 1 election: Election decided. Result: candidate won. Election summary: received 2 responses out of 3 voters: 2 yes votes; 0 no votes. yes voters: d19046dcfc6e4011907b4ad1466ec91e, e2b485b744fd4178b2eb64cd6158b698; no voters: 
I20260710 13:23:19.249204 23352 raft_consensus.cc:2804] T 5149f8d8f7314c9e9601e9429626516b P d19046dcfc6e4011907b4ad1466ec91e [term 1 FOLLOWER]: Leader election won for term 1
I20260710 13:23:19.249804 23352 raft_consensus.cc:697] T 5149f8d8f7314c9e9601e9429626516b P d19046dcfc6e4011907b4ad1466ec91e [term 1 LEADER]: Becoming Leader. State: Replica: d19046dcfc6e4011907b4ad1466ec91e, State: Running, Role: LEADER
I20260710 13:23:19.250694 23352 consensus_queue.cc:237] T 5149f8d8f7314c9e9601e9429626516b P d19046dcfc6e4011907b4ad1466ec91e [LEADER]: Queue going to LEADER mode. State: All replicated index: 0, Majority replicated index: 0, Committed index: 0, Last appended: 0.0, Last appended by leader: 0, Current term: 1, Majority size: 2, State: 0, Mode: LEADER, active raft config: opid_index: -1 OBSOLETE_local: false peers { permanent_uuid: "d19046dcfc6e4011907b4ad1466ec91e" member_type: VOTER last_known_addr { host: "127.21.130.193" port: 43037 } } peers { permanent_uuid: "e2b485b744fd4178b2eb64cd6158b698" member_type: VOTER last_known_addr { host: "127.21.130.194" port: 38525 } } peers { permanent_uuid: "12f68d48c87a409d8a560e0174b99c80" member_type: VOTER last_known_addr { host: "127.21.130.195" port: 34261 } }
I20260710 13:23:19.255110 23299 raft_consensus.cc:2468] T 5149f8d8f7314c9e9601e9429626516b P 12f68d48c87a409d8a560e0174b99c80 [term 1 FOLLOWER]: Leader election vote request: Granting yes vote for candidate d19046dcfc6e4011907b4ad1466ec91e in term 1.
I20260710 13:23:19.259618 23341 raft_consensus.cc:359] T 5573d685ad994019bcdba734b61680a5 P e2b485b744fd4178b2eb64cd6158b698 [term 0 FOLLOWER]: Replica starting. Triggering 0 pending ops. Active config: opid_index: -1 OBSOLETE_local: false peers { permanent_uuid: "d19046dcfc6e4011907b4ad1466ec91e" member_type: VOTER last_known_addr { host: "127.21.130.193" port: 43037 } } peers { permanent_uuid: "e2b485b744fd4178b2eb64cd6158b698" member_type: VOTER last_known_addr { host: "127.21.130.194" port: 38525 } } peers { permanent_uuid: "12f68d48c87a409d8a560e0174b99c80" member_type: VOTER last_known_addr { host: "127.21.130.195" port: 34261 } }
I20260710 13:23:19.260777 23341 raft_consensus.cc:385] T 5573d685ad994019bcdba734b61680a5 P e2b485b744fd4178b2eb64cd6158b698 [term 0 FOLLOWER]: Consensus starting up: Expiring failure detector timer to make a prompt election more likely
I20260710 13:23:19.261166 23341 raft_consensus.cc:740] T 5573d685ad994019bcdba734b61680a5 P e2b485b744fd4178b2eb64cd6158b698 [term 0 FOLLOWER]: Becoming Follower/Learner. State: Replica: e2b485b744fd4178b2eb64cd6158b698, State: Initialized, Role: FOLLOWER
I20260710 13:23:19.262108 23341 consensus_queue.cc:260] T 5573d685ad994019bcdba734b61680a5 P e2b485b744fd4178b2eb64cd6158b698 [NON_LEADER]: Queue going to NON_LEADER mode. State: All replicated index: 0, Majority replicated index: 0, Committed index: 0, Last appended: 0.0, Last appended by leader: 0, Current term: 0, Majority size: -1, State: 0, Mode: NON_LEADER, active raft config: opid_index: -1 OBSOLETE_local: false peers { permanent_uuid: "d19046dcfc6e4011907b4ad1466ec91e" member_type: VOTER last_known_addr { host: "127.21.130.193" port: 43037 } } peers { permanent_uuid: "e2b485b744fd4178b2eb64cd6158b698" member_type: VOTER last_known_addr { host: "127.21.130.194" port: 38525 } } peers { permanent_uuid: "12f68d48c87a409d8a560e0174b99c80" member_type: VOTER last_known_addr { host: "127.21.130.195" port: 34261 } }
I20260710 13:23:19.265000 23340 tablet_bootstrap.cc:492] T 2a312a9bcdd24728b9abdf5d9fa4c200 P 12f68d48c87a409d8a560e0174b99c80: No bootstrap required, opened a new log
I20260710 13:23:19.265136 23341 ts_tablet_manager.cc:1434] T 5573d685ad994019bcdba734b61680a5 P e2b485b744fd4178b2eb64cd6158b698: Time spent starting tablet: real 0.018s	user 0.005s	sys 0.003s
I20260710 13:23:19.265461 23340 ts_tablet_manager.cc:1403] T 2a312a9bcdd24728b9abdf5d9fa4c200 P 12f68d48c87a409d8a560e0174b99c80: Time spent bootstrapping tablet: real 0.043s	user 0.008s	sys 0.002s
I20260710 13:23:19.267006 23341 tablet_bootstrap.cc:492] T e76d5875a9cc4ea3908db76a961625ca P e2b485b744fd4178b2eb64cd6158b698: Bootstrap starting.
I20260710 13:23:19.268230 23340 raft_consensus.cc:359] T 2a312a9bcdd24728b9abdf5d9fa4c200 P 12f68d48c87a409d8a560e0174b99c80 [term 0 FOLLOWER]: Replica starting. Triggering 0 pending ops. Active config: opid_index: -1 OBSOLETE_local: false peers { permanent_uuid: "d19046dcfc6e4011907b4ad1466ec91e" member_type: VOTER last_known_addr { host: "127.21.130.193" port: 43037 } } peers { permanent_uuid: "e2b485b744fd4178b2eb64cd6158b698" member_type: VOTER last_known_addr { host: "127.21.130.194" port: 38525 } } peers { permanent_uuid: "12f68d48c87a409d8a560e0174b99c80" member_type: VOTER last_known_addr { host: "127.21.130.195" port: 34261 } }
I20260710 13:23:19.268930 23340 raft_consensus.cc:385] T 2a312a9bcdd24728b9abdf5d9fa4c200 P 12f68d48c87a409d8a560e0174b99c80 [term 0 FOLLOWER]: Consensus starting up: Expiring failure detector timer to make a prompt election more likely
I20260710 13:23:19.269186 23340 raft_consensus.cc:740] T 2a312a9bcdd24728b9abdf5d9fa4c200 P 12f68d48c87a409d8a560e0174b99c80 [term 0 FOLLOWER]: Becoming Follower/Learner. State: Replica: 12f68d48c87a409d8a560e0174b99c80, State: Initialized, Role: FOLLOWER
I20260710 13:23:19.273604 23340 consensus_queue.cc:260] T 2a312a9bcdd24728b9abdf5d9fa4c200 P 12f68d48c87a409d8a560e0174b99c80 [NON_LEADER]: Queue going to NON_LEADER mode. State: All replicated index: 0, Majority replicated index: 0, Committed index: 0, Last appended: 0.0, Last appended by leader: 0, Current term: 0, Majority size: -1, State: 0, Mode: NON_LEADER, active raft config: opid_index: -1 OBSOLETE_local: false peers { permanent_uuid: "d19046dcfc6e4011907b4ad1466ec91e" member_type: VOTER last_known_addr { host: "127.21.130.193" port: 43037 } } peers { permanent_uuid: "e2b485b744fd4178b2eb64cd6158b698" member_type: VOTER last_known_addr { host: "127.21.130.194" port: 38525 } } peers { permanent_uuid: "12f68d48c87a409d8a560e0174b99c80" member_type: VOTER last_known_addr { host: "127.21.130.195" port: 34261 } }
I20260710 13:23:19.275820 23340 ts_tablet_manager.cc:1434] T 2a312a9bcdd24728b9abdf5d9fa4c200 P 12f68d48c87a409d8a560e0174b99c80: Time spent starting tablet: real 0.010s	user 0.007s	sys 0.001s
I20260710 13:23:19.276779 23340 tablet_bootstrap.cc:492] T e76d5875a9cc4ea3908db76a961625ca P 12f68d48c87a409d8a560e0174b99c80: Bootstrap starting.
I20260710 13:23:19.279503 23049 catalog_manager.cc:5697] T 5149f8d8f7314c9e9601e9429626516b P d19046dcfc6e4011907b4ad1466ec91e reported cstate change: term changed from 0 to 1, leader changed from <none> to d19046dcfc6e4011907b4ad1466ec91e (127.21.130.193). New cstate: current_term: 1 leader_uuid: "d19046dcfc6e4011907b4ad1466ec91e" committed_config { opid_index: -1 OBSOLETE_local: false peers { permanent_uuid: "d19046dcfc6e4011907b4ad1466ec91e" member_type: VOTER last_known_addr { host: "127.21.130.193" port: 43037 } health_report { overall_health: HEALTHY } } peers { permanent_uuid: "e2b485b744fd4178b2eb64cd6158b698" member_type: VOTER last_known_addr { host: "127.21.130.194" port: 38525 } health_report { overall_health: UNKNOWN } } peers { permanent_uuid: "12f68d48c87a409d8a560e0174b99c80" member_type: VOTER last_known_addr { host: "127.21.130.195" port: 34261 } health_report { overall_health: UNKNOWN } } }
I20260710 13:23:19.282685 23340 tablet_bootstrap.cc:654] T e76d5875a9cc4ea3908db76a961625ca P 12f68d48c87a409d8a560e0174b99c80: Neither blocks nor log segments found. Creating new log.
I20260710 13:23:19.285576 23341 tablet_bootstrap.cc:654] T e76d5875a9cc4ea3908db76a961625ca P e2b485b744fd4178b2eb64cd6158b698: Neither blocks nor log segments found. Creating new log.
I20260710 13:23:19.293196 23340 tablet_bootstrap.cc:492] T e76d5875a9cc4ea3908db76a961625ca P 12f68d48c87a409d8a560e0174b99c80: No bootstrap required, opened a new log
I20260710 13:23:19.293707 23340 ts_tablet_manager.cc:1403] T e76d5875a9cc4ea3908db76a961625ca P 12f68d48c87a409d8a560e0174b99c80: Time spent bootstrapping tablet: real 0.017s	user 0.007s	sys 0.003s
I20260710 13:23:19.294667 23342 tablet_bootstrap.cc:492] T 737cd01dae31492bac763d4c79b59754 P d19046dcfc6e4011907b4ad1466ec91e: No bootstrap required, opened a new log
I20260710 13:23:19.295004 23352 raft_consensus.cc:493] T 30a1561b0352448bbd352db2ec4aa638 P d19046dcfc6e4011907b4ad1466ec91e [term 0 FOLLOWER]: Starting pre-election (no leader contacted us within the election timeout)
I20260710 13:23:19.295169 23342 ts_tablet_manager.cc:1403] T 737cd01dae31492bac763d4c79b59754 P d19046dcfc6e4011907b4ad1466ec91e: Time spent bootstrapping tablet: real 0.082s	user 0.017s	sys 0.001s
I20260710 13:23:19.295507 23352 raft_consensus.cc:515] T 30a1561b0352448bbd352db2ec4aa638 P d19046dcfc6e4011907b4ad1466ec91e [term 0 FOLLOWER]: Starting pre-election with config: opid_index: -1 OBSOLETE_local: false peers { permanent_uuid: "12f68d48c87a409d8a560e0174b99c80" member_type: VOTER last_known_addr { host: "127.21.130.195" port: 34261 } } peers { permanent_uuid: "e2b485b744fd4178b2eb64cd6158b698" member_type: VOTER last_known_addr { host: "127.21.130.194" port: 38525 } } peers { permanent_uuid: "d19046dcfc6e4011907b4ad1466ec91e" member_type: VOTER last_known_addr { host: "127.21.130.193" port: 43037 } }
I20260710 13:23:19.296120 23340 raft_consensus.cc:359] T e76d5875a9cc4ea3908db76a961625ca P 12f68d48c87a409d8a560e0174b99c80 [term 0 FOLLOWER]: Replica starting. Triggering 0 pending ops. Active config: opid_index: -1 OBSOLETE_local: false peers { permanent_uuid: "d19046dcfc6e4011907b4ad1466ec91e" member_type: VOTER last_known_addr { host: "127.21.130.193" port: 43037 } } peers { permanent_uuid: "e2b485b744fd4178b2eb64cd6158b698" member_type: VOTER last_known_addr { host: "127.21.130.194" port: 38525 } } peers { permanent_uuid: "12f68d48c87a409d8a560e0174b99c80" member_type: VOTER last_known_addr { host: "127.21.130.195" port: 34261 } }
I20260710 13:23:19.296784 23340 raft_consensus.cc:385] T e76d5875a9cc4ea3908db76a961625ca P 12f68d48c87a409d8a560e0174b99c80 [term 0 FOLLOWER]: Consensus starting up: Expiring failure detector timer to make a prompt election more likely
I20260710 13:23:19.297071 23340 raft_consensus.cc:740] T e76d5875a9cc4ea3908db76a961625ca P 12f68d48c87a409d8a560e0174b99c80 [term 0 FOLLOWER]: Becoming Follower/Learner. State: Replica: 12f68d48c87a409d8a560e0174b99c80, State: Initialized, Role: FOLLOWER
I20260710 13:23:19.297281 23341 tablet_bootstrap.cc:492] T e76d5875a9cc4ea3908db76a961625ca P e2b485b744fd4178b2eb64cd6158b698: No bootstrap required, opened a new log
I20260710 13:23:19.297935 23341 ts_tablet_manager.cc:1403] T e76d5875a9cc4ea3908db76a961625ca P e2b485b744fd4178b2eb64cd6158b698: Time spent bootstrapping tablet: real 0.031s	user 0.011s	sys 0.001s
I20260710 13:23:19.297762 23340 consensus_queue.cc:260] T e76d5875a9cc4ea3908db76a961625ca P 12f68d48c87a409d8a560e0174b99c80 [NON_LEADER]: Queue going to NON_LEADER mode. State: All replicated index: 0, Majority replicated index: 0, Committed index: 0, Last appended: 0.0, Last appended by leader: 0, Current term: 0, Majority size: -1, State: 0, Mode: NON_LEADER, active raft config: opid_index: -1 OBSOLETE_local: false peers { permanent_uuid: "d19046dcfc6e4011907b4ad1466ec91e" member_type: VOTER last_known_addr { host: "127.21.130.193" port: 43037 } } peers { permanent_uuid: "e2b485b744fd4178b2eb64cd6158b698" member_type: VOTER last_known_addr { host: "127.21.130.194" port: 38525 } } peers { permanent_uuid: "12f68d48c87a409d8a560e0174b99c80" member_type: VOTER last_known_addr { host: "127.21.130.195" port: 34261 } }
I20260710 13:23:19.297789 23342 raft_consensus.cc:359] T 737cd01dae31492bac763d4c79b59754 P d19046dcfc6e4011907b4ad1466ec91e [term 0 FOLLOWER]: Replica starting. Triggering 0 pending ops. Active config: opid_index: -1 OBSOLETE_local: false peers { permanent_uuid: "d19046dcfc6e4011907b4ad1466ec91e" member_type: VOTER last_known_addr { host: "127.21.130.193" port: 43037 } } peers { permanent_uuid: "e2b485b744fd4178b2eb64cd6158b698" member_type: VOTER last_known_addr { host: "127.21.130.194" port: 38525 } } peers { permanent_uuid: "12f68d48c87a409d8a560e0174b99c80" member_type: VOTER last_known_addr { host: "127.21.130.195" port: 34261 } }
I20260710 13:23:19.298673 23342 raft_consensus.cc:385] T 737cd01dae31492bac763d4c79b59754 P d19046dcfc6e4011907b4ad1466ec91e [term 0 FOLLOWER]: Consensus starting up: Expiring failure detector timer to make a prompt election more likely
I20260710 13:23:19.298805 23299 tablet_service.cc:1917] Received RequestConsensusVote() RPC: tablet_id: "30a1561b0352448bbd352db2ec4aa638" candidate_uuid: "d19046dcfc6e4011907b4ad1466ec91e" candidate_term: 1 candidate_status { last_received { term: 0 index: 0 } } ignore_live_leader: false dest_uuid: "12f68d48c87a409d8a560e0174b99c80" is_pre_election: true
I20260710 13:23:19.301285 23342 raft_consensus.cc:740] T 737cd01dae31492bac763d4c79b59754 P d19046dcfc6e4011907b4ad1466ec91e [term 0 FOLLOWER]: Becoming Follower/Learner. State: Replica: d19046dcfc6e4011907b4ad1466ec91e, State: Initialized, Role: FOLLOWER
I20260710 13:23:19.300541 23225 tablet_service.cc:1917] Received RequestConsensusVote() RPC: tablet_id: "30a1561b0352448bbd352db2ec4aa638" candidate_uuid: "d19046dcfc6e4011907b4ad1466ec91e" candidate_term: 1 candidate_status { last_received { term: 0 index: 0 } } ignore_live_leader: false dest_uuid: "e2b485b744fd4178b2eb64cd6158b698" is_pre_election: true
I20260710 13:23:19.301826 23299 raft_consensus.cc:2468] T 30a1561b0352448bbd352db2ec4aa638 P 12f68d48c87a409d8a560e0174b99c80 [term 0 FOLLOWER]: Leader pre-election vote request: Granting yes vote for candidate d19046dcfc6e4011907b4ad1466ec91e in term 0.
I20260710 13:23:19.302019 23225 raft_consensus.cc:2468] T 30a1561b0352448bbd352db2ec4aa638 P e2b485b744fd4178b2eb64cd6158b698 [term 0 FOLLOWER]: Leader pre-election vote request: Granting yes vote for candidate d19046dcfc6e4011907b4ad1466ec91e in term 0.
I20260710 13:23:19.302198 23342 consensus_queue.cc:260] T 737cd01dae31492bac763d4c79b59754 P d19046dcfc6e4011907b4ad1466ec91e [NON_LEADER]: Queue going to NON_LEADER mode. State: All replicated index: 0, Majority replicated index: 0, Committed index: 0, Last appended: 0.0, Last appended by leader: 0, Current term: 0, Majority size: -1, State: 0, Mode: NON_LEADER, active raft config: opid_index: -1 OBSOLETE_local: false peers { permanent_uuid: "d19046dcfc6e4011907b4ad1466ec91e" member_type: VOTER last_known_addr { host: "127.21.130.193" port: 43037 } } peers { permanent_uuid: "e2b485b744fd4178b2eb64cd6158b698" member_type: VOTER last_known_addr { host: "127.21.130.194" port: 38525 } } peers { permanent_uuid: "12f68d48c87a409d8a560e0174b99c80" member_type: VOTER last_known_addr { host: "127.21.130.195" port: 34261 } }
I20260710 13:23:19.301296 23340 ts_tablet_manager.cc:1434] T e76d5875a9cc4ea3908db76a961625ca P 12f68d48c87a409d8a560e0174b99c80: Time spent starting tablet: real 0.007s	user 0.007s	sys 0.000s
I20260710 13:23:19.303077 23115 leader_election.cc:304] T 30a1561b0352448bbd352db2ec4aa638 P d19046dcfc6e4011907b4ad1466ec91e [CANDIDATE]: Term 1 pre-election: Election decided. Result: candidate won. Election summary: received 2 responses out of 3 voters: 2 yes votes; 0 no votes. yes voters: 12f68d48c87a409d8a560e0174b99c80, d19046dcfc6e4011907b4ad1466ec91e; no voters: 
I20260710 13:23:19.300868 23341 raft_consensus.cc:359] T e76d5875a9cc4ea3908db76a961625ca P e2b485b744fd4178b2eb64cd6158b698 [term 0 FOLLOWER]: Replica starting. Triggering 0 pending ops. Active config: opid_index: -1 OBSOLETE_local: false peers { permanent_uuid: "d19046dcfc6e4011907b4ad1466ec91e" member_type: VOTER last_known_addr { host: "127.21.130.193" port: 43037 } } peers { permanent_uuid: "e2b485b744fd4178b2eb64cd6158b698" member_type: VOTER last_known_addr { host: "127.21.130.194" port: 38525 } } peers { permanent_uuid: "12f68d48c87a409d8a560e0174b99c80" member_type: VOTER last_known_addr { host: "127.21.130.195" port: 34261 } }
I20260710 13:23:19.304011 23341 raft_consensus.cc:385] T e76d5875a9cc4ea3908db76a961625ca P e2b485b744fd4178b2eb64cd6158b698 [term 0 FOLLOWER]: Consensus starting up: Expiring failure detector timer to make a prompt election more likely
I20260710 13:23:19.304291 23341 raft_consensus.cc:740] T e76d5875a9cc4ea3908db76a961625ca P e2b485b744fd4178b2eb64cd6158b698 [term 0 FOLLOWER]: Becoming Follower/Learner. State: Replica: e2b485b744fd4178b2eb64cd6158b698, State: Initialized, Role: FOLLOWER
I20260710 13:23:19.304503 23340 tablet_bootstrap.cc:492] T 10ef62cd8d0a453ab5a486d6f3eb9bc0 P 12f68d48c87a409d8a560e0174b99c80: Bootstrap starting.
I20260710 13:23:19.305084 23341 consensus_queue.cc:260] T e76d5875a9cc4ea3908db76a961625ca P e2b485b744fd4178b2eb64cd6158b698 [NON_LEADER]: Queue going to NON_LEADER mode. State: All replicated index: 0, Majority replicated index: 0, Committed index: 0, Last appended: 0.0, Last appended by leader: 0, Current term: 0, Majority size: -1, State: 0, Mode: NON_LEADER, active raft config: opid_index: -1 OBSOLETE_local: false peers { permanent_uuid: "d19046dcfc6e4011907b4ad1466ec91e" member_type: VOTER last_known_addr { host: "127.21.130.193" port: 43037 } } peers { permanent_uuid: "e2b485b744fd4178b2eb64cd6158b698" member_type: VOTER last_known_addr { host: "127.21.130.194" port: 38525 } } peers { permanent_uuid: "12f68d48c87a409d8a560e0174b99c80" member_type: VOTER last_known_addr { host: "127.21.130.195" port: 34261 } }
I20260710 13:23:19.299388 23352 leader_election.cc:290] T 30a1561b0352448bbd352db2ec4aa638 P d19046dcfc6e4011907b4ad1466ec91e [CANDIDATE]: Term 1 pre-election: Requested pre-vote from peers 12f68d48c87a409d8a560e0174b99c80 (127.21.130.195:34261), e2b485b744fd4178b2eb64cd6158b698 (127.21.130.194:38525)
I20260710 13:23:19.307492 23352 raft_consensus.cc:2804] T 30a1561b0352448bbd352db2ec4aa638 P d19046dcfc6e4011907b4ad1466ec91e [term 0 FOLLOWER]: Leader pre-election won for term 1
I20260710 13:23:19.307870 23352 raft_consensus.cc:493] T 30a1561b0352448bbd352db2ec4aa638 P d19046dcfc6e4011907b4ad1466ec91e [term 0 FOLLOWER]: Starting leader election (no leader contacted us within the election timeout)
I20260710 13:23:19.308233 23352 raft_consensus.cc:3060] T 30a1561b0352448bbd352db2ec4aa638 P d19046dcfc6e4011907b4ad1466ec91e [term 0 FOLLOWER]: Advancing to term 1
I20260710 13:23:19.310509 23341 ts_tablet_manager.cc:1434] T e76d5875a9cc4ea3908db76a961625ca P e2b485b744fd4178b2eb64cd6158b698: Time spent starting tablet: real 0.012s	user 0.005s	sys 0.000s
I20260710 13:23:19.311264 23340 tablet_bootstrap.cc:654] T 10ef62cd8d0a453ab5a486d6f3eb9bc0 P 12f68d48c87a409d8a560e0174b99c80: Neither blocks nor log segments found. Creating new log.
I20260710 13:23:19.311554 23341 tablet_bootstrap.cc:492] T 00a4610c2744427993ff123139d51cec P e2b485b744fd4178b2eb64cd6158b698: Bootstrap starting.
I20260710 13:23:19.316679 23342 ts_tablet_manager.cc:1434] T 737cd01dae31492bac763d4c79b59754 P d19046dcfc6e4011907b4ad1466ec91e: Time spent starting tablet: real 0.021s	user 0.004s	sys 0.001s
I20260710 13:23:19.317739 23342 tablet_bootstrap.cc:492] T 2a312a9bcdd24728b9abdf5d9fa4c200 P d19046dcfc6e4011907b4ad1466ec91e: Bootstrap starting.
I20260710 13:23:19.322280 23341 tablet_bootstrap.cc:654] T 00a4610c2744427993ff123139d51cec P e2b485b744fd4178b2eb64cd6158b698: Neither blocks nor log segments found. Creating new log.
I20260710 13:23:19.330540 23352 raft_consensus.cc:515] T 30a1561b0352448bbd352db2ec4aa638 P d19046dcfc6e4011907b4ad1466ec91e [term 1 FOLLOWER]: Starting leader election with config: opid_index: -1 OBSOLETE_local: false peers { permanent_uuid: "12f68d48c87a409d8a560e0174b99c80" member_type: VOTER last_known_addr { host: "127.21.130.195" port: 34261 } } peers { permanent_uuid: "e2b485b744fd4178b2eb64cd6158b698" member_type: VOTER last_known_addr { host: "127.21.130.194" port: 38525 } } peers { permanent_uuid: "d19046dcfc6e4011907b4ad1466ec91e" member_type: VOTER last_known_addr { host: "127.21.130.193" port: 43037 } }
I20260710 13:23:19.333657 23299 tablet_service.cc:1917] Received RequestConsensusVote() RPC: tablet_id: "30a1561b0352448bbd352db2ec4aa638" candidate_uuid: "d19046dcfc6e4011907b4ad1466ec91e" candidate_term: 1 candidate_status { last_received { term: 0 index: 0 } } ignore_live_leader: false dest_uuid: "12f68d48c87a409d8a560e0174b99c80"
I20260710 13:23:19.334313 23299 raft_consensus.cc:3060] T 30a1561b0352448bbd352db2ec4aa638 P 12f68d48c87a409d8a560e0174b99c80 [term 0 FOLLOWER]: Advancing to term 1
I20260710 13:23:19.335114 23341 tablet_bootstrap.cc:492] T 00a4610c2744427993ff123139d51cec P e2b485b744fd4178b2eb64cd6158b698: No bootstrap required, opened a new log
I20260710 13:23:19.335729 23341 ts_tablet_manager.cc:1403] T 00a4610c2744427993ff123139d51cec P e2b485b744fd4178b2eb64cd6158b698: Time spent bootstrapping tablet: real 0.024s	user 0.012s	sys 0.008s
W20260710 13:23:19.338231 23097 auto_rebalancer.cc:288] Could not retrieve cluster info: Service unavailable: Tablet not running
I20260710 13:23:19.338876 23342 tablet_bootstrap.cc:654] T 2a312a9bcdd24728b9abdf5d9fa4c200 P d19046dcfc6e4011907b4ad1466ec91e: Neither blocks nor log segments found. Creating new log.
I20260710 13:23:19.339215 23341 raft_consensus.cc:359] T 00a4610c2744427993ff123139d51cec P e2b485b744fd4178b2eb64cd6158b698 [term 0 FOLLOWER]: Replica starting. Triggering 0 pending ops. Active config: opid_index: -1 OBSOLETE_local: false peers { permanent_uuid: "d19046dcfc6e4011907b4ad1466ec91e" member_type: VOTER last_known_addr { host: "127.21.130.193" port: 43037 } } peers { permanent_uuid: "e2b485b744fd4178b2eb64cd6158b698" member_type: VOTER last_known_addr { host: "127.21.130.194" port: 38525 } } peers { permanent_uuid: "12f68d48c87a409d8a560e0174b99c80" member_type: VOTER last_known_addr { host: "127.21.130.195" port: 34261 } }
I20260710 13:23:19.340113 23341 raft_consensus.cc:385] T 00a4610c2744427993ff123139d51cec P e2b485b744fd4178b2eb64cd6158b698 [term 0 FOLLOWER]: Consensus starting up: Expiring failure detector timer to make a prompt election more likely
I20260710 13:23:19.340461 23341 raft_consensus.cc:740] T 00a4610c2744427993ff123139d51cec P e2b485b744fd4178b2eb64cd6158b698 [term 0 FOLLOWER]: Becoming Follower/Learner. State: Replica: e2b485b744fd4178b2eb64cd6158b698, State: Initialized, Role: FOLLOWER
I20260710 13:23:19.341691 23341 consensus_queue.cc:260] T 00a4610c2744427993ff123139d51cec P e2b485b744fd4178b2eb64cd6158b698 [NON_LEADER]: Queue going to NON_LEADER mode. State: All replicated index: 0, Majority replicated index: 0, Committed index: 0, Last appended: 0.0, Last appended by leader: 0, Current term: 0, Majority size: -1, State: 0, Mode: NON_LEADER, active raft config: opid_index: -1 OBSOLETE_local: false peers { permanent_uuid: "d19046dcfc6e4011907b4ad1466ec91e" member_type: VOTER last_known_addr { host: "127.21.130.193" port: 43037 } } peers { permanent_uuid: "e2b485b744fd4178b2eb64cd6158b698" member_type: VOTER last_known_addr { host: "127.21.130.194" port: 38525 } } peers { permanent_uuid: "12f68d48c87a409d8a560e0174b99c80" member_type: VOTER last_known_addr { host: "127.21.130.195" port: 34261 } }
I20260710 13:23:19.342155 23299 raft_consensus.cc:2468] T 30a1561b0352448bbd352db2ec4aa638 P 12f68d48c87a409d8a560e0174b99c80 [term 1 FOLLOWER]: Leader election vote request: Granting yes vote for candidate d19046dcfc6e4011907b4ad1466ec91e in term 1.
I20260710 13:23:19.345572 23341 ts_tablet_manager.cc:1434] T 00a4610c2744427993ff123139d51cec P e2b485b744fd4178b2eb64cd6158b698: Time spent starting tablet: real 0.009s	user 0.007s	sys 0.000s
I20260710 13:23:19.347468 23341 tablet_bootstrap.cc:492] T 5a70975b70a242f48a75cf3fe04f8270 P e2b485b744fd4178b2eb64cd6158b698: Bootstrap starting.
I20260710 13:23:19.349236 23225 tablet_service.cc:1917] Received RequestConsensusVote() RPC: tablet_id: "30a1561b0352448bbd352db2ec4aa638" candidate_uuid: "d19046dcfc6e4011907b4ad1466ec91e" candidate_term: 1 candidate_status { last_received { term: 0 index: 0 } } ignore_live_leader: false dest_uuid: "e2b485b744fd4178b2eb64cd6158b698"
I20260710 13:23:19.352226 23115 leader_election.cc:304] T 30a1561b0352448bbd352db2ec4aa638 P d19046dcfc6e4011907b4ad1466ec91e [CANDIDATE]: Term 1 election: Election decided. Result: candidate won. Election summary: received 2 responses out of 3 voters: 2 yes votes; 0 no votes. yes voters: 12f68d48c87a409d8a560e0174b99c80, d19046dcfc6e4011907b4ad1466ec91e; no voters: 
I20260710 13:23:19.353790 23407 raft_consensus.cc:2804] T 30a1561b0352448bbd352db2ec4aa638 P d19046dcfc6e4011907b4ad1466ec91e [term 1 FOLLOWER]: Leader election won for term 1
I20260710 13:23:19.354460 23407 raft_consensus.cc:697] T 30a1561b0352448bbd352db2ec4aa638 P d19046dcfc6e4011907b4ad1466ec91e [term 1 LEADER]: Becoming Leader. State: Replica: d19046dcfc6e4011907b4ad1466ec91e, State: Running, Role: LEADER
I20260710 13:23:19.355774 23341 tablet_bootstrap.cc:654] T 5a70975b70a242f48a75cf3fe04f8270 P e2b485b744fd4178b2eb64cd6158b698: Neither blocks nor log segments found. Creating new log.
I20260710 13:23:19.356333 23225 raft_consensus.cc:3060] T 30a1561b0352448bbd352db2ec4aa638 P e2b485b744fd4178b2eb64cd6158b698 [term 0 FOLLOWER]: Advancing to term 1
I20260710 13:23:19.361313 23364 raft_consensus.cc:493] T e76d5875a9cc4ea3908db76a961625ca P e2b485b744fd4178b2eb64cd6158b698 [term 0 FOLLOWER]: Starting pre-election (no leader contacted us within the election timeout)
I20260710 13:23:19.362043 23364 raft_consensus.cc:515] T e76d5875a9cc4ea3908db76a961625ca P e2b485b744fd4178b2eb64cd6158b698 [term 0 FOLLOWER]: Starting pre-election with config: opid_index: -1 OBSOLETE_local: false peers { permanent_uuid: "d19046dcfc6e4011907b4ad1466ec91e" member_type: VOTER last_known_addr { host: "127.21.130.193" port: 43037 } } peers { permanent_uuid: "e2b485b744fd4178b2eb64cd6158b698" member_type: VOTER last_known_addr { host: "127.21.130.194" port: 38525 } } peers { permanent_uuid: "12f68d48c87a409d8a560e0174b99c80" member_type: VOTER last_known_addr { host: "127.21.130.195" port: 34261 } }
I20260710 13:23:19.363708 23407 consensus_queue.cc:237] T 30a1561b0352448bbd352db2ec4aa638 P d19046dcfc6e4011907b4ad1466ec91e [LEADER]: Queue going to LEADER mode. State: All replicated index: 0, Majority replicated index: 0, Committed index: 0, Last appended: 0.0, Last appended by leader: 0, Current term: 1, Majority size: 2, State: 0, Mode: LEADER, active raft config: opid_index: -1 OBSOLETE_local: false peers { permanent_uuid: "12f68d48c87a409d8a560e0174b99c80" member_type: VOTER last_known_addr { host: "127.21.130.195" port: 34261 } } peers { permanent_uuid: "e2b485b744fd4178b2eb64cd6158b698" member_type: VOTER last_known_addr { host: "127.21.130.194" port: 38525 } } peers { permanent_uuid: "d19046dcfc6e4011907b4ad1466ec91e" member_type: VOTER last_known_addr { host: "127.21.130.193" port: 43037 } }
I20260710 13:23:19.367933 23341 tablet_bootstrap.cc:492] T 5a70975b70a242f48a75cf3fe04f8270 P e2b485b744fd4178b2eb64cd6158b698: No bootstrap required, opened a new log
I20260710 13:23:19.368431 23341 ts_tablet_manager.cc:1403] T 5a70975b70a242f48a75cf3fe04f8270 P e2b485b744fd4178b2eb64cd6158b698: Time spent bootstrapping tablet: real 0.021s	user 0.015s	sys 0.004s
I20260710 13:23:19.371675 23299 tablet_service.cc:1917] Received RequestConsensusVote() RPC: tablet_id: "e76d5875a9cc4ea3908db76a961625ca" candidate_uuid: "e2b485b744fd4178b2eb64cd6158b698" candidate_term: 1 candidate_status { last_received { term: 0 index: 0 } } ignore_live_leader: false dest_uuid: "12f68d48c87a409d8a560e0174b99c80" is_pre_election: true
I20260710 13:23:19.372232 23341 raft_consensus.cc:359] T 5a70975b70a242f48a75cf3fe04f8270 P e2b485b744fd4178b2eb64cd6158b698 [term 0 FOLLOWER]: Replica starting. Triggering 0 pending ops. Active config: opid_index: -1 OBSOLETE_local: false peers { permanent_uuid: "d19046dcfc6e4011907b4ad1466ec91e" member_type: VOTER last_known_addr { host: "127.21.130.193" port: 43037 } } peers { permanent_uuid: "e2b485b744fd4178b2eb64cd6158b698" member_type: VOTER last_known_addr { host: "127.21.130.194" port: 38525 } } peers { permanent_uuid: "12f68d48c87a409d8a560e0174b99c80" member_type: VOTER last_known_addr { host: "127.21.130.195" port: 34261 } }
I20260710 13:23:19.372673 23299 raft_consensus.cc:2468] T e76d5875a9cc4ea3908db76a961625ca P 12f68d48c87a409d8a560e0174b99c80 [term 0 FOLLOWER]: Leader pre-election vote request: Granting yes vote for candidate e2b485b744fd4178b2eb64cd6158b698 in term 0.
I20260710 13:23:19.373245 23364 leader_election.cc:290] T e76d5875a9cc4ea3908db76a961625ca P e2b485b744fd4178b2eb64cd6158b698 [CANDIDATE]: Term 1 pre-election: Requested pre-vote from peers d19046dcfc6e4011907b4ad1466ec91e (127.21.130.193:43037), 12f68d48c87a409d8a560e0174b99c80 (127.21.130.195:34261)
I20260710 13:23:19.374617 23190 leader_election.cc:304] T e76d5875a9cc4ea3908db76a961625ca P e2b485b744fd4178b2eb64cd6158b698 [CANDIDATE]: Term 1 pre-election: Election decided. Result: candidate won. Election summary: received 2 responses out of 3 voters: 2 yes votes; 0 no votes. yes voters: 12f68d48c87a409d8a560e0174b99c80, e2b485b744fd4178b2eb64cd6158b698; no voters: 
I20260710 13:23:19.375664 23150 tablet_service.cc:1917] Received RequestConsensusVote() RPC: tablet_id: "e76d5875a9cc4ea3908db76a961625ca" candidate_uuid: "e2b485b744fd4178b2eb64cd6158b698" candidate_term: 1 candidate_status { last_received { term: 0 index: 0 } } ignore_live_leader: false dest_uuid: "d19046dcfc6e4011907b4ad1466ec91e" is_pre_election: true
I20260710 13:23:19.375991 23341 raft_consensus.cc:385] T 5a70975b70a242f48a75cf3fe04f8270 P e2b485b744fd4178b2eb64cd6158b698 [term 0 FOLLOWER]: Consensus starting up: Expiring failure detector timer to make a prompt election more likely
I20260710 13:23:19.376551 23341 raft_consensus.cc:740] T 5a70975b70a242f48a75cf3fe04f8270 P e2b485b744fd4178b2eb64cd6158b698 [term 0 FOLLOWER]: Becoming Follower/Learner. State: Replica: e2b485b744fd4178b2eb64cd6158b698, State: Initialized, Role: FOLLOWER
W20260710 13:23:19.377888 23192 leader_election.cc:343] T e76d5875a9cc4ea3908db76a961625ca P e2b485b744fd4178b2eb64cd6158b698 [CANDIDATE]: Term 1 pre-election: Tablet error from VoteRequest() call to peer d19046dcfc6e4011907b4ad1466ec91e (127.21.130.193:43037): Illegal state: must be running to vote when last-logged opid is not known
I20260710 13:23:19.377529 23341 consensus_queue.cc:260] T 5a70975b70a242f48a75cf3fe04f8270 P e2b485b744fd4178b2eb64cd6158b698 [NON_LEADER]: Queue going to NON_LEADER mode. State: All replicated index: 0, Majority replicated index: 0, Committed index: 0, Last appended: 0.0, Last appended by leader: 0, Current term: 0, Majority size: -1, State: 0, Mode: NON_LEADER, active raft config: opid_index: -1 OBSOLETE_local: false peers { permanent_uuid: "d19046dcfc6e4011907b4ad1466ec91e" member_type: VOTER last_known_addr { host: "127.21.130.193" port: 43037 } } peers { permanent_uuid: "e2b485b744fd4178b2eb64cd6158b698" member_type: VOTER last_known_addr { host: "127.21.130.194" port: 38525 } } peers { permanent_uuid: "12f68d48c87a409d8a560e0174b99c80" member_type: VOTER last_known_addr { host: "127.21.130.195" port: 34261 } }
I20260710 13:23:19.379232 23347 raft_consensus.cc:2804] T e76d5875a9cc4ea3908db76a961625ca P e2b485b744fd4178b2eb64cd6158b698 [term 0 FOLLOWER]: Leader pre-election won for term 1
I20260710 13:23:19.379752 23347 raft_consensus.cc:493] T e76d5875a9cc4ea3908db76a961625ca P e2b485b744fd4178b2eb64cd6158b698 [term 0 FOLLOWER]: Starting leader election (no leader contacted us within the election timeout)
I20260710 13:23:19.380198 23347 raft_consensus.cc:3060] T e76d5875a9cc4ea3908db76a961625ca P e2b485b744fd4178b2eb64cd6158b698 [term 0 FOLLOWER]: Advancing to term 1
I20260710 13:23:19.380633 23341 ts_tablet_manager.cc:1434] T 5a70975b70a242f48a75cf3fe04f8270 P e2b485b744fd4178b2eb64cd6158b698: Time spent starting tablet: real 0.012s	user 0.009s	sys 0.000s
I20260710 13:23:19.381916 23341 tablet_bootstrap.cc:492] T c8f431971c974b1d9ad88f1edabc8dc4 P e2b485b744fd4178b2eb64cd6158b698: Bootstrap starting.
I20260710 13:23:19.391173 23341 tablet_bootstrap.cc:654] T c8f431971c974b1d9ad88f1edabc8dc4 P e2b485b744fd4178b2eb64cd6158b698: Neither blocks nor log segments found. Creating new log.
I20260710 13:23:19.401443 23225 raft_consensus.cc:2468] T 30a1561b0352448bbd352db2ec4aa638 P e2b485b744fd4178b2eb64cd6158b698 [term 1 FOLLOWER]: Leader election vote request: Granting yes vote for candidate d19046dcfc6e4011907b4ad1466ec91e in term 1.
I20260710 13:23:19.409159 23385 consensus_queue.cc:1048] T 2d3aa174b65845b2ac190d42c3817627 P e2b485b744fd4178b2eb64cd6158b698 [LEADER]: Connected to new peer: Peer: permanent_uuid: "12f68d48c87a409d8a560e0174b99c80" member_type: VOTER last_known_addr { host: "127.21.130.195" port: 34261 }, Status: LMP_MISMATCH, Last received: 0.0, Next index: 1, Last known committed idx: 0, Time since last communication: 0.001s
I20260710 13:23:19.415258 23351 consensus_queue.cc:1048] T 07b703598b5b4b5f99907aa21ed8f933 P d19046dcfc6e4011907b4ad1466ec91e [LEADER]: Connected to new peer: Peer: permanent_uuid: "e2b485b744fd4178b2eb64cd6158b698" member_type: VOTER last_known_addr { host: "127.21.130.194" port: 38525 }, Status: LMP_MISMATCH, Last received: 0.0, Next index: 1, Last known committed idx: 0, Time since last communication: 0.001s
I20260710 13:23:19.434896 23364 raft_consensus.cc:493] T 5573d685ad994019bcdba734b61680a5 P e2b485b744fd4178b2eb64cd6158b698 [term 0 FOLLOWER]: Starting pre-election (no leader contacted us within the election timeout)
I20260710 13:23:19.435611 23364 raft_consensus.cc:515] T 5573d685ad994019bcdba734b61680a5 P e2b485b744fd4178b2eb64cd6158b698 [term 0 FOLLOWER]: Starting pre-election with config: opid_index: -1 OBSOLETE_local: false peers { permanent_uuid: "d19046dcfc6e4011907b4ad1466ec91e" member_type: VOTER last_known_addr { host: "127.21.130.193" port: 43037 } } peers { permanent_uuid: "e2b485b744fd4178b2eb64cd6158b698" member_type: VOTER last_known_addr { host: "127.21.130.194" port: 38525 } } peers { permanent_uuid: "12f68d48c87a409d8a560e0174b99c80" member_type: VOTER last_known_addr { host: "127.21.130.195" port: 34261 } }
I20260710 13:23:19.440107 23299 tablet_service.cc:1917] Received RequestConsensusVote() RPC: tablet_id: "5573d685ad994019bcdba734b61680a5" candidate_uuid: "e2b485b744fd4178b2eb64cd6158b698" candidate_term: 1 candidate_status { last_received { term: 0 index: 0 } } ignore_live_leader: false dest_uuid: "12f68d48c87a409d8a560e0174b99c80" is_pre_election: true
I20260710 13:23:19.441123 23299 raft_consensus.cc:2468] T 5573d685ad994019bcdba734b61680a5 P 12f68d48c87a409d8a560e0174b99c80 [term 0 FOLLOWER]: Leader pre-election vote request: Granting yes vote for candidate e2b485b744fd4178b2eb64cd6158b698 in term 0.
I20260710 13:23:19.440269 23364 leader_election.cc:290] T 5573d685ad994019bcdba734b61680a5 P e2b485b744fd4178b2eb64cd6158b698 [CANDIDATE]: Term 1 pre-election: Requested pre-vote from peers d19046dcfc6e4011907b4ad1466ec91e (127.21.130.193:43037), 12f68d48c87a409d8a560e0174b99c80 (127.21.130.195:34261)
I20260710 13:23:19.446448 23190 leader_election.cc:304] T 5573d685ad994019bcdba734b61680a5 P e2b485b744fd4178b2eb64cd6158b698 [CANDIDATE]: Term 1 pre-election: Election decided. Result: candidate won. Election summary: received 2 responses out of 3 voters: 2 yes votes; 0 no votes. yes voters: 12f68d48c87a409d8a560e0174b99c80, e2b485b744fd4178b2eb64cd6158b698; no voters: 
I20260710 13:23:19.447698 23385 raft_consensus.cc:2804] T 5573d685ad994019bcdba734b61680a5 P e2b485b744fd4178b2eb64cd6158b698 [term 0 FOLLOWER]: Leader pre-election won for term 1
I20260710 13:23:19.448206 23385 raft_consensus.cc:493] T 5573d685ad994019bcdba734b61680a5 P e2b485b744fd4178b2eb64cd6158b698 [term 0 FOLLOWER]: Starting leader election (no leader contacted us within the election timeout)
I20260710 13:23:19.448527 23150 tablet_service.cc:1917] Received RequestConsensusVote() RPC: tablet_id: "5573d685ad994019bcdba734b61680a5" candidate_uuid: "e2b485b744fd4178b2eb64cd6158b698" candidate_term: 1 candidate_status { last_received { term: 0 index: 0 } } ignore_live_leader: false dest_uuid: "d19046dcfc6e4011907b4ad1466ec91e" is_pre_election: true
I20260710 13:23:19.448665 23385 raft_consensus.cc:3060] T 5573d685ad994019bcdba734b61680a5 P e2b485b744fd4178b2eb64cd6158b698 [term 0 FOLLOWER]: Advancing to term 1
W20260710 13:23:19.459098 23192 leader_election.cc:343] T 5573d685ad994019bcdba734b61680a5 P e2b485b744fd4178b2eb64cd6158b698 [CANDIDATE]: Term 1 pre-election: Tablet error from VoteRequest() call to peer d19046dcfc6e4011907b4ad1466ec91e (127.21.130.193:43037): Illegal state: must be running to vote when last-logged opid is not known
I20260710 13:23:19.463523 23351 raft_consensus.cc:493] T 6a00d2763a4e4d64b3c237f77df1f9cf P d19046dcfc6e4011907b4ad1466ec91e [term 0 FOLLOWER]: Starting pre-election (no leader contacted us within the election timeout)
