I20260710 13:15:21.471935  1212 tablet_service.cc:1917] Received RequestConsensusVote() RPC: tablet_id: "ed226f55e2984a6a971158873f531c06" candidate_uuid: "284c771f5e2e45dabba9c9a00d463125" candidate_term: 2 candidate_status { last_received { term: 1 index: 1 } } ignore_live_leader: true dest_uuid: "7aaa39e65e754d7ab28cb7b1d43362a5"
I20260710 13:15:21.472297  1063 raft_consensus.cc:3055] T ed226f55e2984a6a971158873f531c06 P 59a731600a51487c917832e92f0acc78 [term 1 LEADER]: Stepping down as leader of term 1
I20260710 13:15:21.472473  1212 raft_consensus.cc:3060] T ed226f55e2984a6a971158873f531c06 P 7aaa39e65e754d7ab28cb7b1d43362a5 [term 1 FOLLOWER]: Advancing to term 2
I20260710 13:15:21.472631  1063 raft_consensus.cc:740] T ed226f55e2984a6a971158873f531c06 P 59a731600a51487c917832e92f0acc78 [term 1 LEADER]: Becoming Follower/Learner. State: Replica: 59a731600a51487c917832e92f0acc78, State: Running, Role: LEADER
I20260710 13:15:21.473389  1063 consensus_queue.cc:260] T ed226f55e2984a6a971158873f531c06 P 59a731600a51487c917832e92f0acc78 [NON_LEADER]: Queue going to NON_LEADER mode. State: All replicated index: 0, Majority replicated index: 1, Committed index: 1, Last appended: 1.1, Last appended by leader: 1, Current term: 1, Majority size: -1, State: 0, Mode: NON_LEADER, active raft config: opid_index: -1 OBSOLETE_local: false peers { permanent_uuid: "59a731600a51487c917832e92f0acc78" member_type: VOTER last_known_addr { host: "127.0.107.193" port: 33123 } } peers { permanent_uuid: "284c771f5e2e45dabba9c9a00d463125" member_type: VOTER last_known_addr { host: "127.0.107.194" port: 40615 } } peers { permanent_uuid: "7aaa39e65e754d7ab28cb7b1d43362a5" member_type: VOTER last_known_addr { host: "127.0.107.195" port: 42687 } }
I20260710 13:15:21.474277  1063 raft_consensus.cc:3060] T ed226f55e2984a6a971158873f531c06 P 59a731600a51487c917832e92f0acc78 [term 1 FOLLOWER]: Advancing to term 2
I20260710 13:15:21.477847  1212 raft_consensus.cc:2468] T ed226f55e2984a6a971158873f531c06 P 7aaa39e65e754d7ab28cb7b1d43362a5 [term 2 FOLLOWER]: Leader election vote request: Granting yes vote for candidate 284c771f5e2e45dabba9c9a00d463125 in term 2.
I20260710 13:15:21.479125  1103 leader_election.cc:304] T ed226f55e2984a6a971158873f531c06 P 284c771f5e2e45dabba9c9a00d463125 [CANDIDATE]: Term 2 election: Election decided. Result: candidate won. Election summary: received 2 responses out of 3 voters: 2 yes votes; 0 no votes. yes voters: 284c771f5e2e45dabba9c9a00d463125, 7aaa39e65e754d7ab28cb7b1d43362a5; no voters: 
I20260710 13:15:21.479868  1320 raft_consensus.cc:2804] T ed226f55e2984a6a971158873f531c06 P 284c771f5e2e45dabba9c9a00d463125 [term 2 FOLLOWER]: Leader election won for term 2
I20260710 13:15:21.479959  1063 raft_consensus.cc:2468] T ed226f55e2984a6a971158873f531c06 P 59a731600a51487c917832e92f0acc78 [term 2 FOLLOWER]: Leader election vote request: Granting yes vote for candidate 284c771f5e2e45dabba9c9a00d463125 in term 2.
I20260710 13:15:21.480726  1320 raft_consensus.cc:697] T ed226f55e2984a6a971158873f531c06 P 284c771f5e2e45dabba9c9a00d463125 [term 2 LEADER]: Becoming Leader. State: Replica: 284c771f5e2e45dabba9c9a00d463125, State: Running, Role: LEADER
I20260710 13:15:21.481501  1320 consensus_queue.cc:237] T ed226f55e2984a6a971158873f531c06 P 284c771f5e2e45dabba9c9a00d463125 [LEADER]: Queue going to LEADER mode. State: All replicated index: 0, Majority replicated index: 1, Committed index: 1, Last appended: 1.1, Last appended by leader: 1, Current term: 2, Majority size: 2, State: 0, Mode: LEADER, active raft config: opid_index: -1 OBSOLETE_local: false peers { permanent_uuid: "59a731600a51487c917832e92f0acc78" member_type: VOTER last_known_addr { host: "127.0.107.193" port: 33123 } } peers { permanent_uuid: "284c771f5e2e45dabba9c9a00d463125" member_type: VOTER last_known_addr { host: "127.0.107.194" port: 40615 } } peers { permanent_uuid: "7aaa39e65e754d7ab28cb7b1d43362a5" member_type: VOTER last_known_addr { host: "127.0.107.195" port: 42687 } }
I20260710 13:15:21.487851   961 catalog_manager.cc:5697] T ed226f55e2984a6a971158873f531c06 P 284c771f5e2e45dabba9c9a00d463125 reported cstate change: term changed from 1 to 2, leader changed from 59a731600a51487c917832e92f0acc78 (127.0.107.193) to 284c771f5e2e45dabba9c9a00d463125 (127.0.107.194). New cstate: current_term: 2 leader_uuid: "284c771f5e2e45dabba9c9a00d463125" committed_config { opid_index: -1 OBSOLETE_local: false peers { permanent_uuid: "59a731600a51487c917832e92f0acc78" member_type: VOTER last_known_addr { host: "127.0.107.193" port: 33123 } health_report { overall_health: UNKNOWN } } peers { permanent_uuid: "284c771f5e2e45dabba9c9a00d463125" member_type: VOTER last_known_addr { host: "127.0.107.194" port: 40615 } health_report { overall_health: HEALTHY } } peers { permanent_uuid: "7aaa39e65e754d7ab28cb7b1d43362a5" member_type: VOTER last_known_addr { host: "127.0.107.195" port: 42687 } health_report { overall_health: UNKNOWN } } }
I20260710 13:15:21.659518  1063 raft_consensus.cc:1275] T c4c52c6564e842258b91c07a02910411 P 59a731600a51487c917832e92f0acc78 [term 2 FOLLOWER]: Refusing update from remote peer 7aaa39e65e754d7ab28cb7b1d43362a5: Log matching property violated. Preceding OpId in replica: term: 1 index: 1. Preceding OpId from leader: term: 2 index: 2. (index mismatch)
I20260710 13:15:21.660934  1325 consensus_queue.cc:1048] T c4c52c6564e842258b91c07a02910411 P 7aaa39e65e754d7ab28cb7b1d43362a5 [LEADER]: Connected to new peer: Peer: permanent_uuid: "59a731600a51487c917832e92f0acc78" member_type: VOTER last_known_addr { host: "127.0.107.193" port: 33123 }, Status: LMP_MISMATCH, Last received: 0.0, Next index: 2, Last known committed idx: 1, Time since last communication: 0.000s
I20260710 13:15:21.668954  1138 raft_consensus.cc:1275] T c4c52c6564e842258b91c07a02910411 P 284c771f5e2e45dabba9c9a00d463125 [term 2 FOLLOWER]: Refusing update from remote peer 7aaa39e65e754d7ab28cb7b1d43362a5: Log matching property violated. Preceding OpId in replica: term: 1 index: 1. Preceding OpId from leader: term: 2 index: 2. (index mismatch)
I20260710 13:15:21.671445  1325 consensus_queue.cc:1048] T c4c52c6564e842258b91c07a02910411 P 7aaa39e65e754d7ab28cb7b1d43362a5 [LEADER]: Connected to new peer: Peer: permanent_uuid: "284c771f5e2e45dabba9c9a00d463125" member_type: VOTER last_known_addr { host: "127.0.107.194" port: 40615 }, Status: LMP_MISMATCH, Last received: 0.0, Next index: 2, Last known committed idx: 1, Time since last communication: 0.000s
I20260710 13:15:21.769471  1212 raft_consensus.cc:1275] T c60cca0ed7ba4f0b843c863825a4e2f2 P 7aaa39e65e754d7ab28cb7b1d43362a5 [term 2 FOLLOWER]: Refusing update from remote peer 284c771f5e2e45dabba9c9a00d463125: Log matching property violated. Preceding OpId in replica: term: 1 index: 1. Preceding OpId from leader: term: 2 index: 2. (index mismatch)
I20260710 13:15:21.770779  1320 consensus_queue.cc:1048] T c60cca0ed7ba4f0b843c863825a4e2f2 P 284c771f5e2e45dabba9c9a00d463125 [LEADER]: Connected to new peer: Peer: permanent_uuid: "7aaa39e65e754d7ab28cb7b1d43362a5" member_type: VOTER last_known_addr { host: "127.0.107.195" port: 42687 }, Status: LMP_MISMATCH, Last received: 0.0, Next index: 2, Last known committed idx: 1, Time since last communication: 0.000s
I20260710 13:15:21.778978  1063 raft_consensus.cc:1275] T c60cca0ed7ba4f0b843c863825a4e2f2 P 59a731600a51487c917832e92f0acc78 [term 2 FOLLOWER]: Refusing update from remote peer 284c771f5e2e45dabba9c9a00d463125: Log matching property violated. Preceding OpId in replica: term: 1 index: 1. Preceding OpId from leader: term: 2 index: 2. (index mismatch)
I20260710 13:15:21.782096  1297 consensus_queue.cc:1048] T c60cca0ed7ba4f0b843c863825a4e2f2 P 284c771f5e2e45dabba9c9a00d463125 [LEADER]: Connected to new peer: Peer: permanent_uuid: "59a731600a51487c917832e92f0acc78" member_type: VOTER last_known_addr { host: "127.0.107.193" port: 33123 }, Status: LMP_MISMATCH, Last received: 0.0, Next index: 2, Last known committed idx: 1, Time since last communication: 0.000s
I20260710 13:15:21.898347  1063 raft_consensus.cc:1275] T ed226f55e2984a6a971158873f531c06 P 59a731600a51487c917832e92f0acc78 [term 2 FOLLOWER]: Refusing update from remote peer 284c771f5e2e45dabba9c9a00d463125: Log matching property violated. Preceding OpId in replica: term: 1 index: 1. Preceding OpId from leader: term: 2 index: 2. (index mismatch)
I20260710 13:15:21.899669  1212 raft_consensus.cc:1275] T ed226f55e2984a6a971158873f531c06 P 7aaa39e65e754d7ab28cb7b1d43362a5 [term 2 FOLLOWER]: Refusing update from remote peer 284c771f5e2e45dabba9c9a00d463125: Log matching property violated. Preceding OpId in replica: term: 1 index: 1. Preceding OpId from leader: term: 2 index: 2. (index mismatch)
I20260710 13:15:21.899573  1297 consensus_queue.cc:1048] T ed226f55e2984a6a971158873f531c06 P 284c771f5e2e45dabba9c9a00d463125 [LEADER]: Connected to new peer: Peer: permanent_uuid: "59a731600a51487c917832e92f0acc78" member_type: VOTER last_known_addr { host: "127.0.107.193" port: 33123 }, Status: LMP_MISMATCH, Last received: 0.0, Next index: 2, Last known committed idx: 1, Time since last communication: 0.000s
I20260710 13:15:21.900918  1263 consensus_queue.cc:1048] T ed226f55e2984a6a971158873f531c06 P 284c771f5e2e45dabba9c9a00d463125 [LEADER]: Connected to new peer: Peer: permanent_uuid: "7aaa39e65e754d7ab28cb7b1d43362a5" member_type: VOTER last_known_addr { host: "127.0.107.195" port: 42687 }, Status: LMP_MISMATCH, Last received: 0.0, Next index: 2, Last known committed idx: 1, Time since last communication: 0.000s
I20260710 13:15:22.147647  1296 raft_consensus.cc:493] T 6943d2413988467fa2cf99d9986e69f1 P 59a731600a51487c917832e92f0acc78 [term 2 FOLLOWER]: Starting pre-election (no leader contacted us within the election timeout)
I20260710 13:15:22.148085  1296 raft_consensus.cc:515] T 6943d2413988467fa2cf99d9986e69f1 P 59a731600a51487c917832e92f0acc78 [term 2 FOLLOWER]: Starting pre-election with config: opid_index: -1 OBSOLETE_local: false peers { permanent_uuid: "59a731600a51487c917832e92f0acc78" member_type: VOTER last_known_addr { host: "127.0.107.193" port: 33123 } } peers { permanent_uuid: "284c771f5e2e45dabba9c9a00d463125" member_type: VOTER last_known_addr { host: "127.0.107.194" port: 40615 } } peers { permanent_uuid: "7aaa39e65e754d7ab28cb7b1d43362a5" member_type: VOTER last_known_addr { host: "127.0.107.195" port: 42687 } }
I20260710 13:15:22.149693  1296 leader_election.cc:290] T 6943d2413988467fa2cf99d9986e69f1 P 59a731600a51487c917832e92f0acc78 [CANDIDATE]: Term 3 pre-election: Requested pre-vote from peers 284c771f5e2e45dabba9c9a00d463125 (127.0.107.194:40615), 7aaa39e65e754d7ab28cb7b1d43362a5 (127.0.107.195:42687)
I20260710 13:15:22.150701  1213 tablet_service.cc:1917] Received RequestConsensusVote() RPC: tablet_id: "6943d2413988467fa2cf99d9986e69f1" candidate_uuid: "59a731600a51487c917832e92f0acc78" candidate_term: 3 candidate_status { last_received { term: 1 index: 1 } } ignore_live_leader: false dest_uuid: "7aaa39e65e754d7ab28cb7b1d43362a5" is_pre_election: true
I20260710 13:15:22.150704  1138 tablet_service.cc:1917] Received RequestConsensusVote() RPC: tablet_id: "6943d2413988467fa2cf99d9986e69f1" candidate_uuid: "59a731600a51487c917832e92f0acc78" candidate_term: 3 candidate_status { last_received { term: 1 index: 1 } } ignore_live_leader: false dest_uuid: "284c771f5e2e45dabba9c9a00d463125" is_pre_election: true
I20260710 13:15:22.152484  1028 leader_election.cc:304] T 6943d2413988467fa2cf99d9986e69f1 P 59a731600a51487c917832e92f0acc78 [CANDIDATE]: Term 3 pre-election: Election decided. Result: candidate lost. Election summary: received 3 responses out of 3 voters: 1 yes votes; 2 no votes. yes voters: 59a731600a51487c917832e92f0acc78; no voters: 284c771f5e2e45dabba9c9a00d463125, 7aaa39e65e754d7ab28cb7b1d43362a5
I20260710 13:15:22.153132  1296 raft_consensus.cc:2749] T 6943d2413988467fa2cf99d9986e69f1 P 59a731600a51487c917832e92f0acc78 [term 2 FOLLOWER]: Leader pre-election lost for term 3. Reason: could not achieve majority
I20260710 13:15:22.196846  1325 raft_consensus.cc:493] T 6943d2413988467fa2cf99d9986e69f1 P 7aaa39e65e754d7ab28cb7b1d43362a5 [term 1 FOLLOWER]: Starting pre-election (detected failure of leader 59a731600a51487c917832e92f0acc78)
I20260710 13:15:22.197412  1325 raft_consensus.cc:515] T 6943d2413988467fa2cf99d9986e69f1 P 7aaa39e65e754d7ab28cb7b1d43362a5 [term 1 FOLLOWER]: Starting pre-election with config: opid_index: -1 OBSOLETE_local: false peers { permanent_uuid: "59a731600a51487c917832e92f0acc78" member_type: VOTER last_known_addr { host: "127.0.107.193" port: 33123 } } peers { permanent_uuid: "284c771f5e2e45dabba9c9a00d463125" member_type: VOTER last_known_addr { host: "127.0.107.194" port: 40615 } } peers { permanent_uuid: "7aaa39e65e754d7ab28cb7b1d43362a5" member_type: VOTER last_known_addr { host: "127.0.107.195" port: 42687 } }
I20260710 13:15:22.199347  1325 leader_election.cc:290] T 6943d2413988467fa2cf99d9986e69f1 P 7aaa39e65e754d7ab28cb7b1d43362a5 [CANDIDATE]: Term 2 pre-election: Requested pre-vote from peers 59a731600a51487c917832e92f0acc78 (127.0.107.193:33123), 284c771f5e2e45dabba9c9a00d463125 (127.0.107.194:40615)
I20260710 13:15:22.200103  1063 tablet_service.cc:1917] Received RequestConsensusVote() RPC: tablet_id: "6943d2413988467fa2cf99d9986e69f1" candidate_uuid: "7aaa39e65e754d7ab28cb7b1d43362a5" candidate_term: 2 candidate_status { last_received { term: 1 index: 1 } } ignore_live_leader: false dest_uuid: "59a731600a51487c917832e92f0acc78" is_pre_election: true
I20260710 13:15:22.200380  1138 tablet_service.cc:1917] Received RequestConsensusVote() RPC: tablet_id: "6943d2413988467fa2cf99d9986e69f1" candidate_uuid: "7aaa39e65e754d7ab28cb7b1d43362a5" candidate_term: 2 candidate_status { last_received { term: 1 index: 1 } } ignore_live_leader: false dest_uuid: "284c771f5e2e45dabba9c9a00d463125" is_pre_election: true
I20260710 13:15:22.200656  1063 raft_consensus.cc:2468] T 6943d2413988467fa2cf99d9986e69f1 P 59a731600a51487c917832e92f0acc78 [term 2 FOLLOWER]: Leader pre-election vote request: Granting yes vote for candidate 7aaa39e65e754d7ab28cb7b1d43362a5 in term 2.
I20260710 13:15:22.201145  1138 raft_consensus.cc:2393] T 6943d2413988467fa2cf99d9986e69f1 P 284c771f5e2e45dabba9c9a00d463125 [term 2 FOLLOWER]: Leader pre-election vote request: Denying vote to candidate 7aaa39e65e754d7ab28cb7b1d43362a5 in current term 2: Already voted for candidate 284c771f5e2e45dabba9c9a00d463125 in this term.
I20260710 13:15:22.201857  1176 leader_election.cc:304] T 6943d2413988467fa2cf99d9986e69f1 P 7aaa39e65e754d7ab28cb7b1d43362a5 [CANDIDATE]: Term 2 pre-election: Election decided. Result: candidate won. Election summary: received 2 responses out of 3 voters: 2 yes votes; 0 no votes. yes voters: 59a731600a51487c917832e92f0acc78, 7aaa39e65e754d7ab28cb7b1d43362a5; no voters: 
I20260710 13:15:22.202620  1325 raft_consensus.cc:2804] T 6943d2413988467fa2cf99d9986e69f1 P 7aaa39e65e754d7ab28cb7b1d43362a5 [term 1 FOLLOWER]: Leader pre-election won for term 2
I20260710 13:15:22.202965  1325 raft_consensus.cc:493] T 6943d2413988467fa2cf99d9986e69f1 P 7aaa39e65e754d7ab28cb7b1d43362a5 [term 1 FOLLOWER]: Starting leader election (detected failure of leader 59a731600a51487c917832e92f0acc78)
I20260710 13:15:22.203212  1325 raft_consensus.cc:3060] T 6943d2413988467fa2cf99d9986e69f1 P 7aaa39e65e754d7ab28cb7b1d43362a5 [term 1 FOLLOWER]: Advancing to term 2
I20260710 13:15:22.207952  1325 raft_consensus.cc:515] T 6943d2413988467fa2cf99d9986e69f1 P 7aaa39e65e754d7ab28cb7b1d43362a5 [term 2 FOLLOWER]: Starting leader election with config: opid_index: -1 OBSOLETE_local: false peers { permanent_uuid: "59a731600a51487c917832e92f0acc78" member_type: VOTER last_known_addr { host: "127.0.107.193" port: 33123 } } peers { permanent_uuid: "284c771f5e2e45dabba9c9a00d463125" member_type: VOTER last_known_addr { host: "127.0.107.194" port: 40615 } } peers { permanent_uuid: "7aaa39e65e754d7ab28cb7b1d43362a5" member_type: VOTER last_known_addr { host: "127.0.107.195" port: 42687 } }
I20260710 13:15:22.209952  1325 leader_election.cc:290] T 6943d2413988467fa2cf99d9986e69f1 P 7aaa39e65e754d7ab28cb7b1d43362a5 [CANDIDATE]: Term 2 election: Requested vote from peers 59a731600a51487c917832e92f0acc78 (127.0.107.193:33123), 284c771f5e2e45dabba9c9a00d463125 (127.0.107.194:40615)
I20260710 13:15:22.210665  1063 tablet_service.cc:1917] Received RequestConsensusVote() RPC: tablet_id: "6943d2413988467fa2cf99d9986e69f1" candidate_uuid: "7aaa39e65e754d7ab28cb7b1d43362a5" candidate_term: 2 candidate_status { last_received { term: 1 index: 1 } } ignore_live_leader: false dest_uuid: "59a731600a51487c917832e92f0acc78"
I20260710 13:15:22.210947  1138 tablet_service.cc:1917] Received RequestConsensusVote() RPC: tablet_id: "6943d2413988467fa2cf99d9986e69f1" candidate_uuid: "7aaa39e65e754d7ab28cb7b1d43362a5" candidate_term: 2 candidate_status { last_received { term: 1 index: 1 } } ignore_live_leader: false dest_uuid: "284c771f5e2e45dabba9c9a00d463125"
I20260710 13:15:22.211627  1138 raft_consensus.cc:2393] T 6943d2413988467fa2cf99d9986e69f1 P 284c771f5e2e45dabba9c9a00d463125 [term 2 FOLLOWER]: Leader election vote request: Denying vote to candidate 7aaa39e65e754d7ab28cb7b1d43362a5 in current term 2: Already voted for candidate 284c771f5e2e45dabba9c9a00d463125 in this term.
I20260710 13:15:22.216751  1063 raft_consensus.cc:2468] T 6943d2413988467fa2cf99d9986e69f1 P 59a731600a51487c917832e92f0acc78 [term 2 FOLLOWER]: Leader election vote request: Granting yes vote for candidate 7aaa39e65e754d7ab28cb7b1d43362a5 in term 2.
I20260710 13:15:22.218168  1176 leader_election.cc:304] T 6943d2413988467fa2cf99d9986e69f1 P 7aaa39e65e754d7ab28cb7b1d43362a5 [CANDIDATE]: Term 2 election: Election decided. Result: candidate won. Election summary: received 3 responses out of 3 voters: 2 yes votes; 1 no votes. yes voters: 59a731600a51487c917832e92f0acc78, 7aaa39e65e754d7ab28cb7b1d43362a5; no voters: 284c771f5e2e45dabba9c9a00d463125
I20260710 13:15:22.218907  1325 raft_consensus.cc:2804] T 6943d2413988467fa2cf99d9986e69f1 P 7aaa39e65e754d7ab28cb7b1d43362a5 [term 2 FOLLOWER]: Leader election won for term 2
I20260710 13:15:22.219796  1325 raft_consensus.cc:697] T 6943d2413988467fa2cf99d9986e69f1 P 7aaa39e65e754d7ab28cb7b1d43362a5 [term 2 LEADER]: Becoming Leader. State: Replica: 7aaa39e65e754d7ab28cb7b1d43362a5, State: Running, Role: LEADER
I20260710 13:15:22.220481  1325 consensus_queue.cc:237] T 6943d2413988467fa2cf99d9986e69f1 P 7aaa39e65e754d7ab28cb7b1d43362a5 [LEADER]: Queue going to LEADER mode. State: All replicated index: 0, Majority replicated index: 1, Committed index: 1, Last appended: 1.1, Last appended by leader: 1, Current term: 2, Majority size: 2, State: 0, Mode: LEADER, active raft config: opid_index: -1 OBSOLETE_local: false peers { permanent_uuid: "59a731600a51487c917832e92f0acc78" member_type: VOTER last_known_addr { host: "127.0.107.193" port: 33123 } } peers { permanent_uuid: "284c771f5e2e45dabba9c9a00d463125" member_type: VOTER last_known_addr { host: "127.0.107.194" port: 40615 } } peers { permanent_uuid: "7aaa39e65e754d7ab28cb7b1d43362a5" member_type: VOTER last_known_addr { host: "127.0.107.195" port: 42687 } }
I20260710 13:15:22.227183   959 catalog_manager.cc:5697] T 6943d2413988467fa2cf99d9986e69f1 P 7aaa39e65e754d7ab28cb7b1d43362a5 reported cstate change: term changed from 1 to 2, leader changed from 59a731600a51487c917832e92f0acc78 (127.0.107.193) to 7aaa39e65e754d7ab28cb7b1d43362a5 (127.0.107.195). New cstate: current_term: 2 leader_uuid: "7aaa39e65e754d7ab28cb7b1d43362a5" committed_config { opid_index: -1 OBSOLETE_local: false peers { permanent_uuid: "59a731600a51487c917832e92f0acc78" member_type: VOTER last_known_addr { host: "127.0.107.193" port: 33123 } health_report { overall_health: UNKNOWN } } peers { permanent_uuid: "284c771f5e2e45dabba9c9a00d463125" member_type: VOTER last_known_addr { host: "127.0.107.194" port: 40615 } health_report { overall_health: UNKNOWN } } peers { permanent_uuid: "7aaa39e65e754d7ab28cb7b1d43362a5" member_type: VOTER last_known_addr { host: "127.0.107.195" port: 42687 } health_report { overall_health: HEALTHY } } }
I20260710 13:15:22.763715  1063 raft_consensus.cc:1275] T 6943d2413988467fa2cf99d9986e69f1 P 59a731600a51487c917832e92f0acc78 [term 2 FOLLOWER]: Refusing update from remote peer 7aaa39e65e754d7ab28cb7b1d43362a5: Log matching property violated. Preceding OpId in replica: term: 1 index: 1. Preceding OpId from leader: term: 2 index: 2. (index mismatch)
I20260710 13:15:22.764940  1352 consensus_queue.cc:1048] T 6943d2413988467fa2cf99d9986e69f1 P 7aaa39e65e754d7ab28cb7b1d43362a5 [LEADER]: Connected to new peer: Peer: permanent_uuid: "59a731600a51487c917832e92f0acc78" member_type: VOTER last_known_addr { host: "127.0.107.193" port: 33123 }, Status: LMP_MISMATCH, Last received: 0.0, Next index: 2, Last known committed idx: 1, Time since last communication: 0.000s
I20260710 13:15:22.775103  1138 raft_consensus.cc:1275] T 6943d2413988467fa2cf99d9986e69f1 P 284c771f5e2e45dabba9c9a00d463125 [term 2 FOLLOWER]: Refusing update from remote peer 7aaa39e65e754d7ab28cb7b1d43362a5: Log matching property violated. Preceding OpId in replica: term: 1 index: 1. Preceding OpId from leader: term: 2 index: 2. (index mismatch)
I20260710 13:15:22.776921  1356 consensus_queue.cc:1048] T 6943d2413988467fa2cf99d9986e69f1 P 7aaa39e65e754d7ab28cb7b1d43362a5 [LEADER]: Connected to new peer: Peer: permanent_uuid: "284c771f5e2e45dabba9c9a00d463125" member_type: VOTER last_known_addr { host: "127.0.107.194" port: 40615 }, Status: LMP_MISMATCH, Last received: 0.0, Next index: 2, Last known committed idx: 0, Time since last communication: 0.000s
I20260710 13:15:24.199359   431 auto_leader_rebalancer-test.cc:348] The leader distribution is 
I20260710 13:15:24.200067   431 auto_leader_rebalancer.cc:141] leader rebalance for table test-workload
I20260710 13:15:24.221730  1063 tablet_service.cc:2072] Received LeaderStepDown RPC: tablet_id: "3b5fa38ef74a4d34bdab6942a0ac1d99"
dest_uuid: "59a731600a51487c917832e92f0acc78"
mode: GRACEFUL
new_leader_uuid: "7aaa39e65e754d7ab28cb7b1d43362a5"
 from {username='slave'} at 127.0.0.1:40414
I20260710 13:15:24.222283  1063 raft_consensus.cc:606] T 3b5fa38ef74a4d34bdab6942a0ac1d99 P 59a731600a51487c917832e92f0acc78 [term 1 LEADER]: Received request to transfer leadership to TS 7aaa39e65e754d7ab28cb7b1d43362a5
I20260710 13:15:24.223444   431 auto_leader_rebalancer.cc:479] table: test-workload, leader rebalance finish, leader transfer count: 1
I20260710 13:15:24.223879   431 auto_leader_rebalancer.cc:554] All tables' leader rebalancing finished this round
I20260710 13:15:24.447861  1360 raft_consensus.cc:993] T 3b5fa38ef74a4d34bdab6942a0ac1d99 P 59a731600a51487c917832e92f0acc78: : Instructing follower 7aaa39e65e754d7ab28cb7b1d43362a5 to start an election
I20260710 13:15:24.448365  1367 raft_consensus.cc:1081] T 3b5fa38ef74a4d34bdab6942a0ac1d99 P 59a731600a51487c917832e92f0acc78 [term 1 LEADER]: Signalling peer 7aaa39e65e754d7ab28cb7b1d43362a5 to start an election
I20260710 13:15:24.449779  1213 tablet_service.cc:2044] Received Run Leader Election RPC: tablet_id: "3b5fa38ef74a4d34bdab6942a0ac1d99"
dest_uuid: "7aaa39e65e754d7ab28cb7b1d43362a5"
 from {username='slave'} at 127.0.0.1:46670
I20260710 13:15:24.450284  1213 raft_consensus.cc:493] T 3b5fa38ef74a4d34bdab6942a0ac1d99 P 7aaa39e65e754d7ab28cb7b1d43362a5 [term 1 FOLLOWER]: Starting forced leader election (received explicit request)
I20260710 13:15:24.450644  1213 raft_consensus.cc:3060] T 3b5fa38ef74a4d34bdab6942a0ac1d99 P 7aaa39e65e754d7ab28cb7b1d43362a5 [term 1 FOLLOWER]: Advancing to term 2
I20260710 13:15:24.454653  1213 raft_consensus.cc:515] T 3b5fa38ef74a4d34bdab6942a0ac1d99 P 7aaa39e65e754d7ab28cb7b1d43362a5 [term 2 FOLLOWER]: Starting forced leader election with config: opid_index: -1 OBSOLETE_local: false peers { permanent_uuid: "59a731600a51487c917832e92f0acc78" member_type: VOTER last_known_addr { host: "127.0.107.193" port: 33123 } } peers { permanent_uuid: "284c771f5e2e45dabba9c9a00d463125" member_type: VOTER last_known_addr { host: "127.0.107.194" port: 40615 } } peers { permanent_uuid: "7aaa39e65e754d7ab28cb7b1d43362a5" member_type: VOTER last_known_addr { host: "127.0.107.195" port: 42687 } }
I20260710 13:15:24.456185  1213 leader_election.cc:290] T 3b5fa38ef74a4d34bdab6942a0ac1d99 P 7aaa39e65e754d7ab28cb7b1d43362a5 [CANDIDATE]: Term 2 election: Requested vote from peers 59a731600a51487c917832e92f0acc78 (127.0.107.193:33123), 284c771f5e2e45dabba9c9a00d463125 (127.0.107.194:40615)
I20260710 13:15:24.457280  1063 tablet_service.cc:1917] Received RequestConsensusVote() RPC: tablet_id: "3b5fa38ef74a4d34bdab6942a0ac1d99" candidate_uuid: "7aaa39e65e754d7ab28cb7b1d43362a5" candidate_term: 2 candidate_status { last_received { term: 1 index: 1 } } ignore_live_leader: true dest_uuid: "59a731600a51487c917832e92f0acc78"
I20260710 13:15:24.457280  1138 tablet_service.cc:1917] Received RequestConsensusVote() RPC: tablet_id: "3b5fa38ef74a4d34bdab6942a0ac1d99" candidate_uuid: "7aaa39e65e754d7ab28cb7b1d43362a5" candidate_term: 2 candidate_status { last_received { term: 1 index: 1 } } ignore_live_leader: true dest_uuid: "284c771f5e2e45dabba9c9a00d463125"
I20260710 13:15:24.458081  1063 raft_consensus.cc:3055] T 3b5fa38ef74a4d34bdab6942a0ac1d99 P 59a731600a51487c917832e92f0acc78 [term 1 LEADER]: Stepping down as leader of term 1
I20260710 13:15:24.458171  1138 raft_consensus.cc:3060] T 3b5fa38ef74a4d34bdab6942a0ac1d99 P 284c771f5e2e45dabba9c9a00d463125 [term 1 FOLLOWER]: Advancing to term 2
I20260710 13:15:24.458421  1063 raft_consensus.cc:740] T 3b5fa38ef74a4d34bdab6942a0ac1d99 P 59a731600a51487c917832e92f0acc78 [term 1 LEADER]: Becoming Follower/Learner. State: Replica: 59a731600a51487c917832e92f0acc78, State: Running, Role: LEADER
I20260710 13:15:24.459177  1063 consensus_queue.cc:260] T 3b5fa38ef74a4d34bdab6942a0ac1d99 P 59a731600a51487c917832e92f0acc78 [NON_LEADER]: Queue going to NON_LEADER mode. State: All replicated index: 0, Majority replicated index: 1, Committed index: 1, Last appended: 1.1, Last appended by leader: 1, Current term: 1, Majority size: -1, State: 0, Mode: NON_LEADER, active raft config: opid_index: -1 OBSOLETE_local: false peers { permanent_uuid: "59a731600a51487c917832e92f0acc78" member_type: VOTER last_known_addr { host: "127.0.107.193" port: 33123 } } peers { permanent_uuid: "284c771f5e2e45dabba9c9a00d463125" member_type: VOTER last_known_addr { host: "127.0.107.194" port: 40615 } } peers { permanent_uuid: "7aaa39e65e754d7ab28cb7b1d43362a5" member_type: VOTER last_known_addr { host: "127.0.107.195" port: 42687 } }
I20260710 13:15:24.460075  1063 raft_consensus.cc:3060] T 3b5fa38ef74a4d34bdab6942a0ac1d99 P 59a731600a51487c917832e92f0acc78 [term 1 FOLLOWER]: Advancing to term 2
I20260710 13:15:24.463495  1138 raft_consensus.cc:2468] T 3b5fa38ef74a4d34bdab6942a0ac1d99 P 284c771f5e2e45dabba9c9a00d463125 [term 2 FOLLOWER]: Leader election vote request: Granting yes vote for candidate 7aaa39e65e754d7ab28cb7b1d43362a5 in term 2.
I20260710 13:15:24.464718  1179 leader_election.cc:304] T 3b5fa38ef74a4d34bdab6942a0ac1d99 P 7aaa39e65e754d7ab28cb7b1d43362a5 [CANDIDATE]: Term 2 election: Election decided. Result: candidate won. Election summary: received 2 responses out of 3 voters: 2 yes votes; 0 no votes. yes voters: 284c771f5e2e45dabba9c9a00d463125, 7aaa39e65e754d7ab28cb7b1d43362a5; no voters: 
I20260710 13:15:24.465418  1362 raft_consensus.cc:2804] T 3b5fa38ef74a4d34bdab6942a0ac1d99 P 7aaa39e65e754d7ab28cb7b1d43362a5 [term 2 FOLLOWER]: Leader election won for term 2
I20260710 13:15:24.465894  1063 raft_consensus.cc:2468] T 3b5fa38ef74a4d34bdab6942a0ac1d99 P 59a731600a51487c917832e92f0acc78 [term 2 FOLLOWER]: Leader election vote request: Granting yes vote for candidate 7aaa39e65e754d7ab28cb7b1d43362a5 in term 2.
I20260710 13:15:24.466580  1362 raft_consensus.cc:697] T 3b5fa38ef74a4d34bdab6942a0ac1d99 P 7aaa39e65e754d7ab28cb7b1d43362a5 [term 2 LEADER]: Becoming Leader. State: Replica: 7aaa39e65e754d7ab28cb7b1d43362a5, State: Running, Role: LEADER
I20260710 13:15:24.467443  1362 consensus_queue.cc:237] T 3b5fa38ef74a4d34bdab6942a0ac1d99 P 7aaa39e65e754d7ab28cb7b1d43362a5 [LEADER]: Queue going to LEADER mode. State: All replicated index: 0, Majority replicated index: 1, Committed index: 1, Last appended: 1.1, Last appended by leader: 1, Current term: 2, Majority size: 2, State: 0, Mode: LEADER, active raft config: opid_index: -1 OBSOLETE_local: false peers { permanent_uuid: "59a731600a51487c917832e92f0acc78" member_type: VOTER last_known_addr { host: "127.0.107.193" port: 33123 } } peers { permanent_uuid: "284c771f5e2e45dabba9c9a00d463125" member_type: VOTER last_known_addr { host: "127.0.107.194" port: 40615 } } peers { permanent_uuid: "7aaa39e65e754d7ab28cb7b1d43362a5" member_type: VOTER last_known_addr { host: "127.0.107.195" port: 42687 } }
I20260710 13:15:24.474152   962 catalog_manager.cc:5697] T 3b5fa38ef74a4d34bdab6942a0ac1d99 P 7aaa39e65e754d7ab28cb7b1d43362a5 reported cstate change: term changed from 1 to 2, leader changed from 59a731600a51487c917832e92f0acc78 (127.0.107.193) to 7aaa39e65e754d7ab28cb7b1d43362a5 (127.0.107.195). New cstate: current_term: 2 leader_uuid: "7aaa39e65e754d7ab28cb7b1d43362a5" committed_config { opid_index: -1 OBSOLETE_local: false peers { permanent_uuid: "59a731600a51487c917832e92f0acc78" member_type: VOTER last_known_addr { host: "127.0.107.193" port: 33123 } health_report { overall_health: UNKNOWN } } peers { permanent_uuid: "284c771f5e2e45dabba9c9a00d463125" member_type: VOTER last_known_addr { host: "127.0.107.194" port: 40615 } health_report { overall_health: UNKNOWN } } peers { permanent_uuid: "7aaa39e65e754d7ab28cb7b1d43362a5" member_type: VOTER last_known_addr { host: "127.0.107.195" port: 42687 } health_report { overall_health: HEALTHY } } }
I20260710 13:15:24.950510  1063 raft_consensus.cc:1275] T 3b5fa38ef74a4d34bdab6942a0ac1d99 P 59a731600a51487c917832e92f0acc78 [term 2 FOLLOWER]: Refusing update from remote peer 7aaa39e65e754d7ab28cb7b1d43362a5: Log matching property violated. Preceding OpId in replica: term: 1 index: 1. Preceding OpId from leader: term: 2 index: 2. (index mismatch)
I20260710 13:15:24.951644  1368 consensus_queue.cc:1048] T 3b5fa38ef74a4d34bdab6942a0ac1d99 P 7aaa39e65e754d7ab28cb7b1d43362a5 [LEADER]: Connected to new peer: Peer: permanent_uuid: "59a731600a51487c917832e92f0acc78" member_type: VOTER last_known_addr { host: "127.0.107.193" port: 33123 }, Status: LMP_MISMATCH, Last received: 0.0, Next index: 2, Last known committed idx: 1, Time since last communication: 0.000s
I20260710 13:15:24.960330  1138 raft_consensus.cc:1275] T 3b5fa38ef74a4d34bdab6942a0ac1d99 P 284c771f5e2e45dabba9c9a00d463125 [term 2 FOLLOWER]: Refusing update from remote peer 7aaa39e65e754d7ab28cb7b1d43362a5: Log matching property violated. Preceding OpId in replica: term: 1 index: 1. Preceding OpId from leader: term: 2 index: 2. (index mismatch)
I20260710 13:15:24.962574  1368 consensus_queue.cc:1048] T 3b5fa38ef74a4d34bdab6942a0ac1d99 P 7aaa39e65e754d7ab28cb7b1d43362a5 [LEADER]: Connected to new peer: Peer: permanent_uuid: "284c771f5e2e45dabba9c9a00d463125" member_type: VOTER last_known_addr { host: "127.0.107.194" port: 40615 }, Status: LMP_MISMATCH, Last received: 0.0, Next index: 2, Last known committed idx: 1, Time since last communication: 0.000s
I20260710 13:15:25.224571   431 auto_leader_rebalancer.cc:141] leader rebalance for table test-workload
I20260710 13:15:25.250221  1213 tablet_service.cc:2072] Received LeaderStepDown RPC: tablet_id: "3b5fa38ef74a4d34bdab6942a0ac1d99"
dest_uuid: "7aaa39e65e754d7ab28cb7b1d43362a5"
mode: GRACEFUL
new_leader_uuid: "59a731600a51487c917832e92f0acc78"
 from {username='slave'} at 127.0.0.1:46690
I20260710 13:15:25.250744  1213 raft_consensus.cc:606] T 3b5fa38ef74a4d34bdab6942a0ac1d99 P 7aaa39e65e754d7ab28cb7b1d43362a5 [term 2 LEADER]: Received request to transfer leadership to TS 59a731600a51487c917832e92f0acc78
I20260710 13:15:25.255018  1213 tablet_service.cc:2072] Received LeaderStepDown RPC: tablet_id: "6943d2413988467fa2cf99d9986e69f1"
dest_uuid: "7aaa39e65e754d7ab28cb7b1d43362a5"
mode: GRACEFUL
new_leader_uuid: "59a731600a51487c917832e92f0acc78"
 from {username='slave'} at 127.0.0.1:46690
I20260710 13:15:25.255446  1213 raft_consensus.cc:606] T 6943d2413988467fa2cf99d9986e69f1 P 7aaa39e65e754d7ab28cb7b1d43362a5 [term 2 LEADER]: Received request to transfer leadership to TS 59a731600a51487c917832e92f0acc78
I20260710 13:15:25.267441  1138 tablet_service.cc:2072] Received LeaderStepDown RPC: tablet_id: "c60cca0ed7ba4f0b843c863825a4e2f2"
dest_uuid: "284c771f5e2e45dabba9c9a00d463125"
mode: GRACEFUL
new_leader_uuid: "59a731600a51487c917832e92f0acc78"
 from {username='slave'} at 127.0.0.1:55794
I20260710 13:15:25.267962  1138 raft_consensus.cc:606] T c60cca0ed7ba4f0b843c863825a4e2f2 P 284c771f5e2e45dabba9c9a00d463125 [term 2 LEADER]: Received request to transfer leadership to TS 59a731600a51487c917832e92f0acc78
I20260710 13:15:25.272620  1138 tablet_service.cc:2072] Received LeaderStepDown RPC: tablet_id: "a465eab1549542148d833630cc63061a"
dest_uuid: "284c771f5e2e45dabba9c9a00d463125"
mode: GRACEFUL
new_leader_uuid: "59a731600a51487c917832e92f0acc78"
 from {username='slave'} at 127.0.0.1:55794
I20260710 13:15:25.273041  1138 raft_consensus.cc:606] T a465eab1549542148d833630cc63061a P 284c771f5e2e45dabba9c9a00d463125 [term 1 LEADER]: Received request to transfer leadership to TS 59a731600a51487c917832e92f0acc78
I20260710 13:15:25.276957  1138 tablet_service.cc:2072] Received LeaderStepDown RPC: tablet_id: "ed226f55e2984a6a971158873f531c06"
dest_uuid: "284c771f5e2e45dabba9c9a00d463125"
mode: GRACEFUL
new_leader_uuid: "59a731600a51487c917832e92f0acc78"
 from {username='slave'} at 127.0.0.1:55794
I20260710 13:15:25.277349  1138 raft_consensus.cc:606] T ed226f55e2984a6a971158873f531c06 P 284c771f5e2e45dabba9c9a00d463125 [term 2 LEADER]: Received request to transfer leadership to TS 59a731600a51487c917832e92f0acc78
I20260710 13:15:25.339283  1362 raft_consensus.cc:993] T 3b5fa38ef74a4d34bdab6942a0ac1d99 P 7aaa39e65e754d7ab28cb7b1d43362a5: : Instructing follower 59a731600a51487c917832e92f0acc78 to start an election
I20260710 13:15:25.339787  1368 raft_consensus.cc:1081] T 3b5fa38ef74a4d34bdab6942a0ac1d99 P 7aaa39e65e754d7ab28cb7b1d43362a5 [term 2 LEADER]: Signalling peer 59a731600a51487c917832e92f0acc78 to start an election
I20260710 13:15:25.341454  1063 tablet_service.cc:2044] Received Run Leader Election RPC: tablet_id: "3b5fa38ef74a4d34bdab6942a0ac1d99"
dest_uuid: "59a731600a51487c917832e92f0acc78"
 from {username='slave'} at 127.0.0.1:40378
I20260710 13:15:25.342010  1063 raft_consensus.cc:493] T 3b5fa38ef74a4d34bdab6942a0ac1d99 P 59a731600a51487c917832e92f0acc78 [term 2 FOLLOWER]: Starting forced leader election (received explicit request)
I20260710 13:15:25.342294  1063 raft_consensus.cc:3060] T 3b5fa38ef74a4d34bdab6942a0ac1d99 P 59a731600a51487c917832e92f0acc78 [term 2 FOLLOWER]: Advancing to term 3
I20260710 13:15:25.346480  1063 raft_consensus.cc:515] T 3b5fa38ef74a4d34bdab6942a0ac1d99 P 59a731600a51487c917832e92f0acc78 [term 3 FOLLOWER]: Starting forced leader election with config: opid_index: -1 OBSOLETE_local: false peers { permanent_uuid: "59a731600a51487c917832e92f0acc78" member_type: VOTER last_known_addr { host: "127.0.107.193" port: 33123 } } peers { permanent_uuid: "284c771f5e2e45dabba9c9a00d463125" member_type: VOTER last_known_addr { host: "127.0.107.194" port: 40615 } } peers { permanent_uuid: "7aaa39e65e754d7ab28cb7b1d43362a5" member_type: VOTER last_known_addr { host: "127.0.107.195" port: 42687 } }
I20260710 13:15:25.348167  1063 leader_election.cc:290] T 3b5fa38ef74a4d34bdab6942a0ac1d99 P 59a731600a51487c917832e92f0acc78 [CANDIDATE]: Term 3 election: Requested vote from peers 284c771f5e2e45dabba9c9a00d463125 (127.0.107.194:40615), 7aaa39e65e754d7ab28cb7b1d43362a5 (127.0.107.195:42687)
I20260710 13:15:25.349341  1213 tablet_service.cc:1917] Received RequestConsensusVote() RPC: tablet_id: "3b5fa38ef74a4d34bdab6942a0ac1d99" candidate_uuid: "59a731600a51487c917832e92f0acc78" candidate_term: 3 candidate_status { last_received { term: 2 index: 2 } } ignore_live_leader: true dest_uuid: "7aaa39e65e754d7ab28cb7b1d43362a5"
I20260710 13:15:25.349218  1138 tablet_service.cc:1917] Received RequestConsensusVote() RPC: tablet_id: "3b5fa38ef74a4d34bdab6942a0ac1d99" candidate_uuid: "59a731600a51487c917832e92f0acc78" candidate_term: 3 candidate_status { last_received { term: 2 index: 2 } } ignore_live_leader: true dest_uuid: "284c771f5e2e45dabba9c9a00d463125"
I20260710 13:15:25.349897  1138 raft_consensus.cc:3060] T 3b5fa38ef74a4d34bdab6942a0ac1d99 P 284c771f5e2e45dabba9c9a00d463125 [term 2 FOLLOWER]: Advancing to term 3
I20260710 13:15:25.349898  1213 raft_consensus.cc:3055] T 3b5fa38ef74a4d34bdab6942a0ac1d99 P 7aaa39e65e754d7ab28cb7b1d43362a5 [term 2 LEADER]: Stepping down as leader of term 2
I20260710 13:15:25.350401  1213 raft_consensus.cc:740] T 3b5fa38ef74a4d34bdab6942a0ac1d99 P 7aaa39e65e754d7ab28cb7b1d43362a5 [term 2 LEADER]: Becoming Follower/Learner. State: Replica: 7aaa39e65e754d7ab28cb7b1d43362a5, State: Running, Role: LEADER
I20260710 13:15:25.351156  1213 consensus_queue.cc:260] T 3b5fa38ef74a4d34bdab6942a0ac1d99 P 7aaa39e65e754d7ab28cb7b1d43362a5 [NON_LEADER]: Queue going to NON_LEADER mode. State: All replicated index: 0, Majority replicated index: 2, Committed index: 2, Last appended: 2.2, Last appended by leader: 2, Current term: 2, Majority size: -1, State: 0, Mode: NON_LEADER, active raft config: opid_index: -1 OBSOLETE_local: false peers { permanent_uuid: "59a731600a51487c917832e92f0acc78" member_type: VOTER last_known_addr { host: "127.0.107.193" port: 33123 } } peers { permanent_uuid: "284c771f5e2e45dabba9c9a00d463125" member_type: VOTER last_known_addr { host: "127.0.107.194" port: 40615 } } peers { permanent_uuid: "7aaa39e65e754d7ab28cb7b1d43362a5" member_type: VOTER last_known_addr { host: "127.0.107.195" port: 42687 } }
I20260710 13:15:25.352278  1213 raft_consensus.cc:3060] T 3b5fa38ef74a4d34bdab6942a0ac1d99 P 7aaa39e65e754d7ab28cb7b1d43362a5 [term 2 FOLLOWER]: Advancing to term 3
I20260710 13:15:25.356205  1138 raft_consensus.cc:2468] T 3b5fa38ef74a4d34bdab6942a0ac1d99 P 284c771f5e2e45dabba9c9a00d463125 [term 3 FOLLOWER]: Leader election vote request: Granting yes vote for candidate 59a731600a51487c917832e92f0acc78 in term 3.
I20260710 13:15:25.357334  1030 leader_election.cc:304] T 3b5fa38ef74a4d34bdab6942a0ac1d99 P 59a731600a51487c917832e92f0acc78 [CANDIDATE]: Term 3 election: Election decided. Result: candidate won. Election summary: received 2 responses out of 3 voters: 2 yes votes; 0 no votes. yes voters: 284c771f5e2e45dabba9c9a00d463125, 59a731600a51487c917832e92f0acc78; no voters: 
I20260710 13:15:25.357975  1213 raft_consensus.cc:2468] T 3b5fa38ef74a4d34bdab6942a0ac1d99 P 7aaa39e65e754d7ab28cb7b1d43362a5 [term 3 FOLLOWER]: Leader election vote request: Granting yes vote for candidate 59a731600a51487c917832e92f0acc78 in term 3.
I20260710 13:15:25.358033  1367 raft_consensus.cc:2804] T 3b5fa38ef74a4d34bdab6942a0ac1d99 P 59a731600a51487c917832e92f0acc78 [term 3 FOLLOWER]: Leader election won for term 3
I20260710 13:15:25.359544  1367 raft_consensus.cc:697] T 3b5fa38ef74a4d34bdab6942a0ac1d99 P 59a731600a51487c917832e92f0acc78 [term 3 LEADER]: Becoming Leader. State: Replica: 59a731600a51487c917832e92f0acc78, State: Running, Role: LEADER
I20260710 13:15:25.360283  1367 consensus_queue.cc:237] T 3b5fa38ef74a4d34bdab6942a0ac1d99 P 59a731600a51487c917832e92f0acc78 [LEADER]: Queue going to LEADER mode. State: All replicated index: 0, Majority replicated index: 2, Committed index: 2, Last appended: 2.2, Last appended by leader: 2, Current term: 3, Majority size: 2, State: 0, Mode: LEADER, active raft config: opid_index: -1 OBSOLETE_local: false peers { permanent_uuid: "59a731600a51487c917832e92f0acc78" member_type: VOTER last_known_addr { host: "127.0.107.193" port: 33123 } } peers { permanent_uuid: "284c771f5e2e45dabba9c9a00d463125" member_type: VOTER last_known_addr { host: "127.0.107.194" port: 40615 } } peers { permanent_uuid: "7aaa39e65e754d7ab28cb7b1d43362a5" member_type: VOTER last_known_addr { host: "127.0.107.195" port: 42687 } }
I20260710 13:15:25.365979   959 catalog_manager.cc:5697] T 3b5fa38ef74a4d34bdab6942a0ac1d99 P 59a731600a51487c917832e92f0acc78 reported cstate change: term changed from 2 to 3, leader changed from 7aaa39e65e754d7ab28cb7b1d43362a5 (127.0.107.195) to 59a731600a51487c917832e92f0acc78 (127.0.107.193). New cstate: current_term: 3 leader_uuid: "59a731600a51487c917832e92f0acc78" committed_config { opid_index: -1 OBSOLETE_local: false peers { permanent_uuid: "59a731600a51487c917832e92f0acc78" member_type: VOTER last_known_addr { host: "127.0.107.193" port: 33123 } health_report { overall_health: HEALTHY } } peers { permanent_uuid: "284c771f5e2e45dabba9c9a00d463125" member_type: VOTER last_known_addr { host: "127.0.107.194" port: 40615 } health_report { overall_health: UNKNOWN } } peers { permanent_uuid: "7aaa39e65e754d7ab28cb7b1d43362a5" member_type: VOTER last_known_addr { host: "127.0.107.195" port: 42687 } health_report { overall_health: UNKNOWN } } }
I20260710 13:15:25.436815  1363 raft_consensus.cc:993] T c60cca0ed7ba4f0b843c863825a4e2f2 P 284c771f5e2e45dabba9c9a00d463125: : Instructing follower 59a731600a51487c917832e92f0acc78 to start an election
I20260710 13:15:25.437233  1387 raft_consensus.cc:1081] T c60cca0ed7ba4f0b843c863825a4e2f2 P 284c771f5e2e45dabba9c9a00d463125 [term 2 LEADER]: Signalling peer 59a731600a51487c917832e92f0acc78 to start an election
I20260710 13:15:25.438596  1063 tablet_service.cc:2044] Received Run Leader Election RPC: tablet_id: "c60cca0ed7ba4f0b843c863825a4e2f2"
dest_uuid: "59a731600a51487c917832e92f0acc78"
 from {username='slave'} at 127.0.0.1:40390
I20260710 13:15:25.438988  1063 raft_consensus.cc:493] T c60cca0ed7ba4f0b843c863825a4e2f2 P 59a731600a51487c917832e92f0acc78 [term 2 FOLLOWER]: Starting forced leader election (received explicit request)
I20260710 13:15:25.439208  1063 raft_consensus.cc:3060] T c60cca0ed7ba4f0b843c863825a4e2f2 P 59a731600a51487c917832e92f0acc78 [term 2 FOLLOWER]: Advancing to term 3
I20260710 13:15:25.443511  1063 raft_consensus.cc:515] T c60cca0ed7ba4f0b843c863825a4e2f2 P 59a731600a51487c917832e92f0acc78 [term 3 FOLLOWER]: Starting forced leader election with config: opid_index: -1 OBSOLETE_local: false peers { permanent_uuid: "59a731600a51487c917832e92f0acc78" member_type: VOTER last_known_addr { host: "127.0.107.193" port: 33123 } } peers { permanent_uuid: "284c771f5e2e45dabba9c9a00d463125" member_type: VOTER last_known_addr { host: "127.0.107.194" port: 40615 } } peers { permanent_uuid: "7aaa39e65e754d7ab28cb7b1d43362a5" member_type: VOTER last_known_addr { host: "127.0.107.195" port: 42687 } }
I20260710 13:15:25.444773  1063 leader_election.cc:290] T c60cca0ed7ba4f0b843c863825a4e2f2 P 59a731600a51487c917832e92f0acc78 [CANDIDATE]: Term 3 election: Requested vote from peers 284c771f5e2e45dabba9c9a00d463125 (127.0.107.194:40615), 7aaa39e65e754d7ab28cb7b1d43362a5 (127.0.107.195:42687)
I20260710 13:15:25.445699  1138 tablet_service.cc:1917] Received RequestConsensusVote() RPC: tablet_id: "c60cca0ed7ba4f0b843c863825a4e2f2" candidate_uuid: "59a731600a51487c917832e92f0acc78" candidate_term: 3 candidate_status { last_received { term: 2 index: 2 } } ignore_live_leader: true dest_uuid: "284c771f5e2e45dabba9c9a00d463125"
I20260710 13:15:25.445748  1213 tablet_service.cc:1917] Received RequestConsensusVote() RPC: tablet_id: "c60cca0ed7ba4f0b843c863825a4e2f2" candidate_uuid: "59a731600a51487c917832e92f0acc78" candidate_term: 3 candidate_status { last_received { term: 2 index: 2 } } ignore_live_leader: true dest_uuid: "7aaa39e65e754d7ab28cb7b1d43362a5"
I20260710 13:15:25.446242  1138 raft_consensus.cc:3055] T c60cca0ed7ba4f0b843c863825a4e2f2 P 284c771f5e2e45dabba9c9a00d463125 [term 2 LEADER]: Stepping down as leader of term 2
I20260710 13:15:25.446370  1213 raft_consensus.cc:3060] T c60cca0ed7ba4f0b843c863825a4e2f2 P 7aaa39e65e754d7ab28cb7b1d43362a5 [term 2 FOLLOWER]: Advancing to term 3
I20260710 13:15:25.446578  1138 raft_consensus.cc:740] T c60cca0ed7ba4f0b843c863825a4e2f2 P 284c771f5e2e45dabba9c9a00d463125 [term 2 LEADER]: Becoming Follower/Learner. State: Replica: 284c771f5e2e45dabba9c9a00d463125, State: Running, Role: LEADER
I20260710 13:15:25.447220  1138 consensus_queue.cc:260] T c60cca0ed7ba4f0b843c863825a4e2f2 P 284c771f5e2e45dabba9c9a00d463125 [NON_LEADER]: Queue going to NON_LEADER mode. State: All replicated index: 0, Majority replicated index: 2, Committed index: 2, Last appended: 2.2, Last appended by leader: 2, Current term: 2, Majority size: -1, State: 0, Mode: NON_LEADER, active raft config: opid_index: -1 OBSOLETE_local: false peers { permanent_uuid: "59a731600a51487c917832e92f0acc78" member_type: VOTER last_known_addr { host: "127.0.107.193" port: 33123 } } peers { permanent_uuid: "284c771f5e2e45dabba9c9a00d463125" member_type: VOTER last_known_addr { host: "127.0.107.194" port: 40615 } } peers { permanent_uuid: "7aaa39e65e754d7ab28cb7b1d43362a5" member_type: VOTER last_known_addr { host: "127.0.107.195" port: 42687 } }
I20260710 13:15:25.448000  1138 raft_consensus.cc:3060] T c60cca0ed7ba4f0b843c863825a4e2f2 P 284c771f5e2e45dabba9c9a00d463125 [term 2 FOLLOWER]: Advancing to term 3
I20260710 13:15:25.451102  1213 raft_consensus.cc:2468] T c60cca0ed7ba4f0b843c863825a4e2f2 P 7aaa39e65e754d7ab28cb7b1d43362a5 [term 3 FOLLOWER]: Leader election vote request: Granting yes vote for candidate 59a731600a51487c917832e92f0acc78 in term 3.
I20260710 13:15:25.452010  1028 leader_election.cc:304] T c60cca0ed7ba4f0b843c863825a4e2f2 P 59a731600a51487c917832e92f0acc78 [CANDIDATE]: Term 3 election: Election decided. Result: candidate won. Election summary: received 2 responses out of 3 voters: 2 yes votes; 0 no votes. yes voters: 59a731600a51487c917832e92f0acc78, 7aaa39e65e754d7ab28cb7b1d43362a5; no voters: 
I20260710 13:15:25.452682  1138 raft_consensus.cc:2468] T c60cca0ed7ba4f0b843c863825a4e2f2 P 284c771f5e2e45dabba9c9a00d463125 [term 3 FOLLOWER]: Leader election vote request: Granting yes vote for candidate 59a731600a51487c917832e92f0acc78 in term 3.
I20260710 13:15:25.452759  1367 raft_consensus.cc:2804] T c60cca0ed7ba4f0b843c863825a4e2f2 P 59a731600a51487c917832e92f0acc78 [term 3 FOLLOWER]: Leader election won for term 3
I20260710 13:15:25.453279  1367 raft_consensus.cc:697] T c60cca0ed7ba4f0b843c863825a4e2f2 P 59a731600a51487c917832e92f0acc78 [term 3 LEADER]: Becoming Leader. State: Replica: 59a731600a51487c917832e92f0acc78, State: Running, Role: LEADER
I20260710 13:15:25.454051  1367 consensus_queue.cc:237] T c60cca0ed7ba4f0b843c863825a4e2f2 P 59a731600a51487c917832e92f0acc78 [LEADER]: Queue going to LEADER mode. State: All replicated index: 0, Majority replicated index: 2, Committed index: 2, Last appended: 2.2, Last appended by leader: 2, Current term: 3, Majority size: 2, State: 0, Mode: LEADER, active raft config: opid_index: -1 OBSOLETE_local: false peers { permanent_uuid: "59a731600a51487c917832e92f0acc78" member_type: VOTER last_known_addr { host: "127.0.107.193" port: 33123 } } peers { permanent_uuid: "284c771f5e2e45dabba9c9a00d463125" member_type: VOTER last_known_addr { host: "127.0.107.194" port: 40615 } } peers { permanent_uuid: "7aaa39e65e754d7ab28cb7b1d43362a5" member_type: VOTER last_known_addr { host: "127.0.107.195" port: 42687 } }
I20260710 13:15:25.460201   959 catalog_manager.cc:5697] T c60cca0ed7ba4f0b843c863825a4e2f2 P 59a731600a51487c917832e92f0acc78 reported cstate change: term changed from 2 to 3, leader changed from 284c771f5e2e45dabba9c9a00d463125 (127.0.107.194) to 59a731600a51487c917832e92f0acc78 (127.0.107.193). New cstate: current_term: 3 leader_uuid: "59a731600a51487c917832e92f0acc78" committed_config { opid_index: -1 OBSOLETE_local: false peers { permanent_uuid: "59a731600a51487c917832e92f0acc78" member_type: VOTER last_known_addr { host: "127.0.107.193" port: 33123 } health_report { overall_health: HEALTHY } } peers { permanent_uuid: "284c771f5e2e45dabba9c9a00d463125" member_type: VOTER last_known_addr { host: "127.0.107.194" port: 40615 } health_report { overall_health: UNKNOWN } } peers { permanent_uuid: "7aaa39e65e754d7ab28cb7b1d43362a5" member_type: VOTER last_known_addr { host: "127.0.107.195" port: 42687 } health_report { overall_health: UNKNOWN } } }
I20260710 13:15:25.508791  1363 raft_consensus.cc:993] T a465eab1549542148d833630cc63061a P 284c771f5e2e45dabba9c9a00d463125: : Instructing follower 59a731600a51487c917832e92f0acc78 to start an election
I20260710 13:15:25.509270  1387 raft_consensus.cc:1081] T a465eab1549542148d833630cc63061a P 284c771f5e2e45dabba9c9a00d463125 [term 1 LEADER]: Signalling peer 59a731600a51487c917832e92f0acc78 to start an election
I20260710 13:15:25.510706  1063 tablet_service.cc:2044] Received Run Leader Election RPC: tablet_id: "a465eab1549542148d833630cc63061a"
dest_uuid: "59a731600a51487c917832e92f0acc78"
 from {username='slave'} at 127.0.0.1:40390
I20260710 13:15:25.511159  1063 raft_consensus.cc:493] T a465eab1549542148d833630cc63061a P 59a731600a51487c917832e92f0acc78 [term 1 FOLLOWER]: Starting forced leader election (received explicit request)
I20260710 13:15:25.511497  1063 raft_consensus.cc:3060] T a465eab1549542148d833630cc63061a P 59a731600a51487c917832e92f0acc78 [term 1 FOLLOWER]: Advancing to term 2
