I20260710 13:23:14.884196 23156 consensus_queue.cc:1048] T 303b39a31a734f39a6dc427c66e1b68c P bf384a60518f4cd29ce932fb43c56c6f [LEADER]: Connected to new peer: Peer: permanent_uuid: "83df2f834253482b837943806df3fdeb" member_type: VOTER last_known_addr { host: "127.21.71.67" port: 46149 }, Status: LMP_MISMATCH, Last received: 0.0, Next index: 1, Last known committed idx: 0, Time since last communication: 0.000s
I20260710 13:23:14.876464 22931 tablet_service.cc:1917] Received RequestConsensusVote() RPC: tablet_id: "d63bd3f7a6944a4b8214114bdd935a17" candidate_uuid: "62a772e3ca4f4ba6a63312326dd9cd72" candidate_term: 1 candidate_status { last_received { term: 0 index: 0 } } ignore_live_leader: false dest_uuid: "bf384a60518f4cd29ce932fb43c56c6f" is_pre_election: true
I20260710 13:23:14.868989 23080 raft_consensus.cc:2468] T 597f14d4ef07434f8fa8e2e71bb17a58 P 83df2f834253482b837943806df3fdeb [term 1 FOLLOWER]: Leader election vote request: Granting yes vote for candidate bf384a60518f4cd29ce932fb43c56c6f in term 1.
I20260710 13:23:14.896919 23004 raft_consensus.cc:2468] T 597f14d4ef07434f8fa8e2e71bb17a58 P 62a772e3ca4f4ba6a63312326dd9cd72 [term 1 FOLLOWER]: Leader election vote request: Granting yes vote for candidate bf384a60518f4cd29ce932fb43c56c6f in term 1.
I20260710 13:23:14.911698 22971 leader_election.cc:304] T d63bd3f7a6944a4b8214114bdd935a17 P 62a772e3ca4f4ba6a63312326dd9cd72 [CANDIDATE]: Term 1 pre-election: Election decided. Result: candidate lost. Election summary: received 3 responses out of 3 voters: 1 yes votes; 2 no votes. yes voters: 62a772e3ca4f4ba6a63312326dd9cd72; no voters: 83df2f834253482b837943806df3fdeb, bf384a60518f4cd29ce932fb43c56c6f
I20260710 13:23:14.893849 23149 consensus_queue.cc:1048] T dd84c0b6ccaa4484b749a0f3ad9bdb25 P bf384a60518f4cd29ce932fb43c56c6f [LEADER]: Connected to new peer: Peer: permanent_uuid: "83df2f834253482b837943806df3fdeb" member_type: VOTER last_known_addr { host: "127.21.71.67" port: 46149 }, Status: LMP_MISMATCH, Last received: 0.0, Next index: 1, Last known committed idx: 0, Time since last communication: 0.016s
I20260710 13:23:14.914636 23181 raft_consensus.cc:3060] T d63bd3f7a6944a4b8214114bdd935a17 P 62a772e3ca4f4ba6a63312326dd9cd72 [term 0 FOLLOWER]: Advancing to term 1
I20260710 13:23:14.920558 22826 catalog_manager.cc:5697] T 5df578c993174b88bd2e27ca31e6e4e2 P 83df2f834253482b837943806df3fdeb reported cstate change: term changed from 0 to 1, leader changed from <none> to 83df2f834253482b837943806df3fdeb (127.21.71.67). New cstate: current_term: 1 leader_uuid: "83df2f834253482b837943806df3fdeb" committed_config { opid_index: -1 OBSOLETE_local: false peers { permanent_uuid: "bf384a60518f4cd29ce932fb43c56c6f" member_type: VOTER last_known_addr { host: "127.21.71.65" port: 41675 } health_report { overall_health: UNKNOWN } } peers { permanent_uuid: "62a772e3ca4f4ba6a63312326dd9cd72" member_type: VOTER last_known_addr { host: "127.21.71.66" port: 32919 } health_report { overall_health: UNKNOWN } } peers { permanent_uuid: "83df2f834253482b837943806df3fdeb" member_type: VOTER last_known_addr { host: "127.21.71.67" port: 46149 } health_report { overall_health: HEALTHY } } }
I20260710 13:23:14.922974 23181 raft_consensus.cc:2749] T d63bd3f7a6944a4b8214114bdd935a17 P 62a772e3ca4f4ba6a63312326dd9cd72 [term 1 FOLLOWER]: Leader pre-election lost for term 1. Reason: could not achieve majority
I20260710 13:23:14.910857 23006 raft_consensus.cc:2468] T 5df578c993174b88bd2e27ca31e6e4e2 P 62a772e3ca4f4ba6a63312326dd9cd72 [term 1 FOLLOWER]: Leader election vote request: Granting yes vote for candidate 83df2f834253482b837943806df3fdeb in term 1.
I20260710 13:23:14.931107 23150 consensus_queue.cc:1048] T dd84c0b6ccaa4484b749a0f3ad9bdb25 P bf384a60518f4cd29ce932fb43c56c6f [LEADER]: Connected to new peer: Peer: permanent_uuid: "62a772e3ca4f4ba6a63312326dd9cd72" member_type: VOTER last_known_addr { host: "127.21.71.66" port: 32919 }, Status: LMP_MISMATCH, Last received: 0.0, Next index: 1, Last known committed idx: 0, Time since last communication: 0.002s
I20260710 13:23:14.933760 22894 leader_election.cc:304] T 597f14d4ef07434f8fa8e2e71bb17a58 P bf384a60518f4cd29ce932fb43c56c6f [CANDIDATE]: Term 1 election: Election decided. Result: candidate won. Election summary: received 2 responses out of 3 voters: 2 yes votes; 0 no votes. yes voters: 62a772e3ca4f4ba6a63312326dd9cd72, bf384a60518f4cd29ce932fb43c56c6f; no voters: 
I20260710 13:23:14.935396 23181 consensus_queue.cc:1048] T 16340d158f304207bee0cd6127426006 P 62a772e3ca4f4ba6a63312326dd9cd72 [LEADER]: Connected to new peer: Peer: permanent_uuid: "83df2f834253482b837943806df3fdeb" member_type: VOTER last_known_addr { host: "127.21.71.67" port: 46149 }, Status: LMP_MISMATCH, Last received: 0.0, Next index: 1, Last known committed idx: 0, Time since last communication: 0.001s
I20260710 13:23:14.939065 23149 raft_consensus.cc:2804] T 597f14d4ef07434f8fa8e2e71bb17a58 P bf384a60518f4cd29ce932fb43c56c6f [term 1 FOLLOWER]: Leader election won for term 1
I20260710 13:23:14.939741 23149 raft_consensus.cc:697] T 597f14d4ef07434f8fa8e2e71bb17a58 P bf384a60518f4cd29ce932fb43c56c6f [term 1 LEADER]: Becoming Leader. State: Replica: bf384a60518f4cd29ce932fb43c56c6f, State: Running, Role: LEADER
I20260710 13:23:14.941690 23149 consensus_queue.cc:237] T 597f14d4ef07434f8fa8e2e71bb17a58 P bf384a60518f4cd29ce932fb43c56c6f [LEADER]: Queue going to LEADER mode. State: All replicated index: 0, Majority replicated index: 0, Committed index: 0, Last appended: 0.0, Last appended by leader: 0, Current term: 1, Majority size: 2, State: 0, Mode: LEADER, active raft config: opid_index: -1 OBSOLETE_local: false peers { permanent_uuid: "bf384a60518f4cd29ce932fb43c56c6f" member_type: VOTER last_known_addr { host: "127.21.71.65" port: 41675 } } peers { permanent_uuid: "62a772e3ca4f4ba6a63312326dd9cd72" member_type: VOTER last_known_addr { host: "127.21.71.66" port: 32919 } } peers { permanent_uuid: "83df2f834253482b837943806df3fdeb" member_type: VOTER last_known_addr { host: "127.21.71.67" port: 46149 } }
I20260710 13:23:14.945053 23122 tablet_bootstrap.cc:654] T e945134654324b93af033c2c0b7c3077 P 62a772e3ca4f4ba6a63312326dd9cd72: Neither blocks nor log segments found. Creating new log.
I20260710 13:23:14.952913 23121 tablet_bootstrap.cc:654] T 68d833b611394f86b0bf327fa27c21b8 P bf384a60518f4cd29ce932fb43c56c6f: Neither blocks nor log segments found. Creating new log.
I20260710 13:23:14.967514 23206 consensus_queue.cc:1048] T d63bd3f7a6944a4b8214114bdd935a17 P bf384a60518f4cd29ce932fb43c56c6f [LEADER]: Connected to new peer: Peer: permanent_uuid: "62a772e3ca4f4ba6a63312326dd9cd72" member_type: VOTER last_known_addr { host: "127.21.71.66" port: 32919 }, Status: LMP_MISMATCH, Last received: 0.0, Next index: 1, Last known committed idx: 0, Time since last communication: 0.020s
W20260710 13:23:14.980629 22877 auto_rebalancer.cc:288] Could not retrieve cluster info: Service unavailable: Tablet not running
I20260710 13:23:14.983440 23120 tablet_bootstrap.cc:654] T e945134654324b93af033c2c0b7c3077 P 83df2f834253482b837943806df3fdeb: Neither blocks nor log segments found. Creating new log.
I20260710 13:23:15.004693 22828 catalog_manager.cc:5697] T 597f14d4ef07434f8fa8e2e71bb17a58 P bf384a60518f4cd29ce932fb43c56c6f reported cstate change: term changed from 0 to 1, leader changed from <none> to bf384a60518f4cd29ce932fb43c56c6f (127.21.71.65). New cstate: current_term: 1 leader_uuid: "bf384a60518f4cd29ce932fb43c56c6f" committed_config { opid_index: -1 OBSOLETE_local: false peers { permanent_uuid: "bf384a60518f4cd29ce932fb43c56c6f" member_type: VOTER last_known_addr { host: "127.21.71.65" port: 41675 } health_report { overall_health: HEALTHY } } peers { permanent_uuid: "62a772e3ca4f4ba6a63312326dd9cd72" member_type: VOTER last_known_addr { host: "127.21.71.66" port: 32919 } health_report { overall_health: UNKNOWN } } peers { permanent_uuid: "83df2f834253482b837943806df3fdeb" member_type: VOTER last_known_addr { host: "127.21.71.67" port: 46149 } health_report { overall_health: UNKNOWN } } }
I20260710 13:23:15.057499 23149 consensus_queue.cc:1048] T e162982091474af186e5a9579b005750 P bf384a60518f4cd29ce932fb43c56c6f [LEADER]: Connected to new peer: Peer: permanent_uuid: "83df2f834253482b837943806df3fdeb" member_type: VOTER last_known_addr { host: "127.21.71.67" port: 46149 }, Status: LMP_MISMATCH, Last received: 0.0, Next index: 1, Last known committed idx: 0, Time since last communication: 0.001s
I20260710 13:23:15.079458 23130 consensus_queue.cc:1048] T 9d5ea6fe22094547bfc41888a80640f8 P 62a772e3ca4f4ba6a63312326dd9cd72 [LEADER]: Connected to new peer: Peer: permanent_uuid: "bf384a60518f4cd29ce932fb43c56c6f" member_type: VOTER last_known_addr { host: "127.21.71.65" port: 41675 }, Status: LMP_MISMATCH, Last received: 0.0, Next index: 1, Last known committed idx: 0, Time since last communication: 0.001s
I20260710 13:23:15.081290 23130 consensus_queue.cc:1048] T 16340d158f304207bee0cd6127426006 P 62a772e3ca4f4ba6a63312326dd9cd72 [LEADER]: Connected to new peer: Peer: permanent_uuid: "bf384a60518f4cd29ce932fb43c56c6f" member_type: VOTER last_known_addr { host: "127.21.71.65" port: 41675 }, Status: LMP_MISMATCH, Last received: 0.0, Next index: 1, Last known committed idx: 0, Time since last communication: 0.000s
I20260710 13:23:15.083050 23155 consensus_queue.cc:1048] T 9d5ea6fe22094547bfc41888a80640f8 P 62a772e3ca4f4ba6a63312326dd9cd72 [LEADER]: Connected to new peer: Peer: permanent_uuid: "83df2f834253482b837943806df3fdeb" member_type: VOTER last_known_addr { host: "127.21.71.67" port: 46149 }, Status: LMP_MISMATCH, Last received: 0.0, Next index: 1, Last known committed idx: 0, Time since last communication: 0.000s
I20260710 13:23:15.090080 23121 tablet_bootstrap.cc:492] T 68d833b611394f86b0bf327fa27c21b8 P bf384a60518f4cd29ce932fb43c56c6f: No bootstrap required, opened a new log
I20260710 13:23:15.091704 23157 raft_consensus.cc:493] T cb9668fb5739494d9c8cee1bf89c76c5 P 83df2f834253482b837943806df3fdeb [term 0 FOLLOWER]: Starting pre-election (no leader contacted us within the election timeout)
I20260710 13:23:15.092149 23157 raft_consensus.cc:515] T cb9668fb5739494d9c8cee1bf89c76c5 P 83df2f834253482b837943806df3fdeb [term 0 FOLLOWER]: Starting pre-election with config: opid_index: -1 OBSOLETE_local: false peers { permanent_uuid: "bf384a60518f4cd29ce932fb43c56c6f" member_type: VOTER last_known_addr { host: "127.21.71.65" port: 41675 } } peers { permanent_uuid: "62a772e3ca4f4ba6a63312326dd9cd72" member_type: VOTER last_known_addr { host: "127.21.71.66" port: 32919 } } peers { permanent_uuid: "83df2f834253482b837943806df3fdeb" member_type: VOTER last_known_addr { host: "127.21.71.67" port: 46149 } }
I20260710 13:23:15.094702 23157 leader_election.cc:290] T cb9668fb5739494d9c8cee1bf89c76c5 P 83df2f834253482b837943806df3fdeb [CANDIDATE]: Term 1 pre-election: Requested pre-vote from peers bf384a60518f4cd29ce932fb43c56c6f (127.21.71.65:41675), 62a772e3ca4f4ba6a63312326dd9cd72 (127.21.71.66:32919)
I20260710 13:23:15.096345 23122 tablet_bootstrap.cc:492] T e945134654324b93af033c2c0b7c3077 P 62a772e3ca4f4ba6a63312326dd9cd72: No bootstrap required, opened a new log
I20260710 13:23:15.096805 23122 ts_tablet_manager.cc:1403] T e945134654324b93af033c2c0b7c3077 P 62a772e3ca4f4ba6a63312326dd9cd72: Time spent bootstrapping tablet: real 0.269s	user 0.009s	sys 0.010s
I20260710 13:23:15.100096 23121 ts_tablet_manager.cc:1403] T 68d833b611394f86b0bf327fa27c21b8 P bf384a60518f4cd29ce932fb43c56c6f: Time spent bootstrapping tablet: real 0.231s	user 0.014s	sys 0.002s
I20260710 13:23:15.101904 23120 tablet_bootstrap.cc:492] T e945134654324b93af033c2c0b7c3077 P 83df2f834253482b837943806df3fdeb: No bootstrap required, opened a new log
I20260710 13:23:15.102320 23120 ts_tablet_manager.cc:1403] T e945134654324b93af033c2c0b7c3077 P 83df2f834253482b837943806df3fdeb: Time spent bootstrapping tablet: real 0.230s	user 0.010s	sys 0.006s
I20260710 13:23:15.098850 23003 tablet_service.cc:1917] Received RequestConsensusVote() RPC: tablet_id: "cb9668fb5739494d9c8cee1bf89c76c5" candidate_uuid: "83df2f834253482b837943806df3fdeb" candidate_term: 1 candidate_status { last_received { term: 0 index: 0 } } ignore_live_leader: false dest_uuid: "62a772e3ca4f4ba6a63312326dd9cd72" is_pre_election: true
I20260710 13:23:15.105261 23121 raft_consensus.cc:359] T 68d833b611394f86b0bf327fa27c21b8 P bf384a60518f4cd29ce932fb43c56c6f [term 0 FOLLOWER]: Replica starting. Triggering 0 pending ops. Active config: opid_index: -1 OBSOLETE_local: false peers { permanent_uuid: "bf384a60518f4cd29ce932fb43c56c6f" member_type: VOTER last_known_addr { host: "127.21.71.65" port: 41675 } } peers { permanent_uuid: "62a772e3ca4f4ba6a63312326dd9cd72" member_type: VOTER last_known_addr { host: "127.21.71.66" port: 32919 } } peers { permanent_uuid: "83df2f834253482b837943806df3fdeb" member_type: VOTER last_known_addr { host: "127.21.71.67" port: 46149 } }
I20260710 13:23:15.105962 23121 raft_consensus.cc:385] T 68d833b611394f86b0bf327fa27c21b8 P bf384a60518f4cd29ce932fb43c56c6f [term 0 FOLLOWER]: Consensus starting up: Expiring failure detector timer to make a prompt election more likely
I20260710 13:23:15.106611 23156 raft_consensus.cc:493] T 270f2e85fdfc4a348b21052c279caaa1 P bf384a60518f4cd29ce932fb43c56c6f [term 0 FOLLOWER]: Starting pre-election (no leader contacted us within the election timeout)
I20260710 13:23:15.106830 22929 tablet_service.cc:1917] Received RequestConsensusVote() RPC: tablet_id: "cb9668fb5739494d9c8cee1bf89c76c5" candidate_uuid: "83df2f834253482b837943806df3fdeb" candidate_term: 1 candidate_status { last_received { term: 0 index: 0 } } ignore_live_leader: false dest_uuid: "bf384a60518f4cd29ce932fb43c56c6f" is_pre_election: true
I20260710 13:23:15.107134 23156 raft_consensus.cc:515] T 270f2e85fdfc4a348b21052c279caaa1 P bf384a60518f4cd29ce932fb43c56c6f [term 0 FOLLOWER]: Starting pre-election with config: opid_index: -1 OBSOLETE_local: false peers { permanent_uuid: "bf384a60518f4cd29ce932fb43c56c6f" member_type: VOTER last_known_addr { host: "127.21.71.65" port: 41675 } } peers { permanent_uuid: "62a772e3ca4f4ba6a63312326dd9cd72" member_type: VOTER last_known_addr { host: "127.21.71.66" port: 32919 } } peers { permanent_uuid: "83df2f834253482b837943806df3fdeb" member_type: VOTER last_known_addr { host: "127.21.71.67" port: 46149 } }
I20260710 13:23:15.107473 22929 raft_consensus.cc:2468] T cb9668fb5739494d9c8cee1bf89c76c5 P bf384a60518f4cd29ce932fb43c56c6f [term 0 FOLLOWER]: Leader pre-election vote request: Granting yes vote for candidate 83df2f834253482b837943806df3fdeb in term 0.
I20260710 13:23:15.109097 23156 leader_election.cc:290] T 270f2e85fdfc4a348b21052c279caaa1 P bf384a60518f4cd29ce932fb43c56c6f [CANDIDATE]: Term 1 pre-election: Requested pre-vote from peers 62a772e3ca4f4ba6a63312326dd9cd72 (127.21.71.66:32919), 83df2f834253482b837943806df3fdeb (127.21.71.67:46149)
I20260710 13:23:15.106310 23121 raft_consensus.cc:740] T 68d833b611394f86b0bf327fa27c21b8 P bf384a60518f4cd29ce932fb43c56c6f [term 0 FOLLOWER]: Becoming Follower/Learner. State: Replica: bf384a60518f4cd29ce932fb43c56c6f, State: Initialized, Role: FOLLOWER
I20260710 13:23:15.109560 23045 leader_election.cc:304] T cb9668fb5739494d9c8cee1bf89c76c5 P 83df2f834253482b837943806df3fdeb [CANDIDATE]: Term 1 pre-election: Election decided. Result: candidate won. Election summary: received 2 responses out of 3 voters: 2 yes votes; 0 no votes. yes voters: 83df2f834253482b837943806df3fdeb, bf384a60518f4cd29ce932fb43c56c6f; no voters: 
I20260710 13:23:15.110507 23126 raft_consensus.cc:2804] T cb9668fb5739494d9c8cee1bf89c76c5 P 83df2f834253482b837943806df3fdeb [term 0 FOLLOWER]: Leader pre-election won for term 1
I20260710 13:23:15.110291 23121 consensus_queue.cc:260] T 68d833b611394f86b0bf327fa27c21b8 P bf384a60518f4cd29ce932fb43c56c6f [NON_LEADER]: Queue going to NON_LEADER mode. State: All replicated index: 0, Majority replicated index: 0, Committed index: 0, Last appended: 0.0, Last appended by leader: 0, Current term: 0, Majority size: -1, State: 0, Mode: NON_LEADER, active raft config: opid_index: -1 OBSOLETE_local: false peers { permanent_uuid: "bf384a60518f4cd29ce932fb43c56c6f" member_type: VOTER last_known_addr { host: "127.21.71.65" port: 41675 } } peers { permanent_uuid: "62a772e3ca4f4ba6a63312326dd9cd72" member_type: VOTER last_known_addr { host: "127.21.71.66" port: 32919 } } peers { permanent_uuid: "83df2f834253482b837943806df3fdeb" member_type: VOTER last_known_addr { host: "127.21.71.67" port: 46149 } }
I20260710 13:23:15.110834 23126 raft_consensus.cc:493] T cb9668fb5739494d9c8cee1bf89c76c5 P 83df2f834253482b837943806df3fdeb [term 0 FOLLOWER]: Starting leader election (no leader contacted us within the election timeout)
I20260710 13:23:15.111191 23126 raft_consensus.cc:3060] T cb9668fb5739494d9c8cee1bf89c76c5 P 83df2f834253482b837943806df3fdeb [term 0 FOLLOWER]: Advancing to term 1
I20260710 13:23:15.113233 23121 ts_tablet_manager.cc:1434] T 68d833b611394f86b0bf327fa27c21b8 P bf384a60518f4cd29ce932fb43c56c6f: Time spent starting tablet: real 0.013s	user 0.006s	sys 0.000s
I20260710 13:23:15.113976 23121 tablet_bootstrap.cc:492] T 63b1aa3713c0408492a5c94967020412 P bf384a60518f4cd29ce932fb43c56c6f: Bootstrap starting.
I20260710 13:23:15.115849 23005 tablet_service.cc:1917] Received RequestConsensusVote() RPC: tablet_id: "270f2e85fdfc4a348b21052c279caaa1" candidate_uuid: "bf384a60518f4cd29ce932fb43c56c6f" candidate_term: 1 candidate_status { last_received { term: 0 index: 0 } } ignore_live_leader: false dest_uuid: "62a772e3ca4f4ba6a63312326dd9cd72" is_pre_election: true
I20260710 13:23:15.111867 23003 raft_consensus.cc:2468] T cb9668fb5739494d9c8cee1bf89c76c5 P 62a772e3ca4f4ba6a63312326dd9cd72 [term 0 FOLLOWER]: Leader pre-election vote request: Granting yes vote for candidate 83df2f834253482b837943806df3fdeb in term 0.
W20260710 13:23:15.122447 22894 leader_election.cc:343] T 270f2e85fdfc4a348b21052c279caaa1 P bf384a60518f4cd29ce932fb43c56c6f [CANDIDATE]: Term 1 pre-election: Tablet error from VoteRequest() call to peer 62a772e3ca4f4ba6a63312326dd9cd72 (127.21.71.66:32919): Illegal state: must be running to vote when last-logged opid is not known
I20260710 13:23:15.123301 23078 tablet_service.cc:1917] Received RequestConsensusVote() RPC: tablet_id: "270f2e85fdfc4a348b21052c279caaa1" candidate_uuid: "bf384a60518f4cd29ce932fb43c56c6f" candidate_term: 1 candidate_status { last_received { term: 0 index: 0 } } ignore_live_leader: false dest_uuid: "83df2f834253482b837943806df3fdeb" is_pre_election: true
W20260710 13:23:15.124825 22894 leader_election.cc:343] T 270f2e85fdfc4a348b21052c279caaa1 P bf384a60518f4cd29ce932fb43c56c6f [CANDIDATE]: Term 1 pre-election: Tablet error from VoteRequest() call to peer 83df2f834253482b837943806df3fdeb (127.21.71.67:46149): Illegal state: must be running to vote when last-logged opid is not known
I20260710 13:23:15.125259 22894 leader_election.cc:304] T 270f2e85fdfc4a348b21052c279caaa1 P bf384a60518f4cd29ce932fb43c56c6f [CANDIDATE]: Term 1 pre-election: Election decided. Result: candidate lost. Election summary: received 3 responses out of 3 voters: 1 yes votes; 2 no votes. yes voters: bf384a60518f4cd29ce932fb43c56c6f; no voters: 62a772e3ca4f4ba6a63312326dd9cd72, 83df2f834253482b837943806df3fdeb
I20260710 13:23:15.126510 23206 raft_consensus.cc:2749] T 270f2e85fdfc4a348b21052c279caaa1 P bf384a60518f4cd29ce932fb43c56c6f [term 0 FOLLOWER]: Leader pre-election lost for term 1. Reason: could not achieve majority
I20260710 13:23:15.129456 23120 raft_consensus.cc:359] T e945134654324b93af033c2c0b7c3077 P 83df2f834253482b837943806df3fdeb [term 0 FOLLOWER]: Replica starting. Triggering 0 pending ops. Active config: opid_index: -1 OBSOLETE_local: false peers { permanent_uuid: "bf384a60518f4cd29ce932fb43c56c6f" member_type: VOTER last_known_addr { host: "127.21.71.65" port: 41675 } } peers { permanent_uuid: "62a772e3ca4f4ba6a63312326dd9cd72" member_type: VOTER last_known_addr { host: "127.21.71.66" port: 32919 } } peers { permanent_uuid: "83df2f834253482b837943806df3fdeb" member_type: VOTER last_known_addr { host: "127.21.71.67" port: 46149 } }
I20260710 13:23:15.130910 23206 raft_consensus.cc:493] T e945134654324b93af033c2c0b7c3077 P bf384a60518f4cd29ce932fb43c56c6f [term 0 FOLLOWER]: Starting pre-election (no leader contacted us within the election timeout)
I20260710 13:23:15.142443 23206 raft_consensus.cc:515] T e945134654324b93af033c2c0b7c3077 P bf384a60518f4cd29ce932fb43c56c6f [term 0 FOLLOWER]: Starting pre-election with config: opid_index: -1 OBSOLETE_local: false peers { permanent_uuid: "bf384a60518f4cd29ce932fb43c56c6f" member_type: VOTER last_known_addr { host: "127.21.71.65" port: 41675 } } peers { permanent_uuid: "62a772e3ca4f4ba6a63312326dd9cd72" member_type: VOTER last_known_addr { host: "127.21.71.66" port: 32919 } } peers { permanent_uuid: "83df2f834253482b837943806df3fdeb" member_type: VOTER last_known_addr { host: "127.21.71.67" port: 46149 } }
I20260710 13:23:15.143608 23121 tablet_bootstrap.cc:654] T 63b1aa3713c0408492a5c94967020412 P bf384a60518f4cd29ce932fb43c56c6f: Neither blocks nor log segments found. Creating new log.
I20260710 13:23:15.144500 23206 leader_election.cc:290] T e945134654324b93af033c2c0b7c3077 P bf384a60518f4cd29ce932fb43c56c6f [CANDIDATE]: Term 1 pre-election: Requested pre-vote from peers 62a772e3ca4f4ba6a63312326dd9cd72 (127.21.71.66:32919), 83df2f834253482b837943806df3fdeb (127.21.71.67:46149)
I20260710 13:23:15.131809 23122 raft_consensus.cc:359] T e945134654324b93af033c2c0b7c3077 P 62a772e3ca4f4ba6a63312326dd9cd72 [term 0 FOLLOWER]: Replica starting. Triggering 0 pending ops. Active config: opid_index: -1 OBSOLETE_local: false peers { permanent_uuid: "bf384a60518f4cd29ce932fb43c56c6f" member_type: VOTER last_known_addr { host: "127.21.71.65" port: 41675 } } peers { permanent_uuid: "62a772e3ca4f4ba6a63312326dd9cd72" member_type: VOTER last_known_addr { host: "127.21.71.66" port: 32919 } } peers { permanent_uuid: "83df2f834253482b837943806df3fdeb" member_type: VOTER last_known_addr { host: "127.21.71.67" port: 46149 } }
I20260710 13:23:15.145834 23122 raft_consensus.cc:385] T e945134654324b93af033c2c0b7c3077 P 62a772e3ca4f4ba6a63312326dd9cd72 [term 0 FOLLOWER]: Consensus starting up: Expiring failure detector timer to make a prompt election more likely
I20260710 13:23:15.154934 23003 tablet_service.cc:1917] Received RequestConsensusVote() RPC: tablet_id: "e945134654324b93af033c2c0b7c3077" candidate_uuid: "bf384a60518f4cd29ce932fb43c56c6f" candidate_term: 1 candidate_status { last_received { term: 0 index: 0 } } ignore_live_leader: false dest_uuid: "62a772e3ca4f4ba6a63312326dd9cd72" is_pre_election: true
I20260710 13:23:15.154943 23130 consensus_queue.cc:1048] T d1bd604b654d4f77a94b63ac83a2dca0 P 62a772e3ca4f4ba6a63312326dd9cd72 [LEADER]: Connected to new peer: Peer: permanent_uuid: "83df2f834253482b837943806df3fdeb" member_type: VOTER last_known_addr { host: "127.21.71.67" port: 46149 }, Status: LMP_MISMATCH, Last received: 0.0, Next index: 1, Last known committed idx: 0, Time since last communication: 0.001s
I20260710 13:23:15.167543 23122 raft_consensus.cc:740] T e945134654324b93af033c2c0b7c3077 P 62a772e3ca4f4ba6a63312326dd9cd72 [term 0 FOLLOWER]: Becoming Follower/Learner. State: Replica: 62a772e3ca4f4ba6a63312326dd9cd72, State: Initialized, Role: FOLLOWER
I20260710 13:23:15.157707 23206 consensus_queue.cc:1048] T e162982091474af186e5a9579b005750 P bf384a60518f4cd29ce932fb43c56c6f [LEADER]: Connected to new peer: Peer: permanent_uuid: "62a772e3ca4f4ba6a63312326dd9cd72" member_type: VOTER last_known_addr { host: "127.21.71.66" port: 32919 }, Status: LMP_MISMATCH, Last received: 0.0, Next index: 1, Last known committed idx: 0, Time since last communication: 0.000s
I20260710 13:23:15.148873 23079 tablet_service.cc:1917] Received RequestConsensusVote() RPC: tablet_id: "e945134654324b93af033c2c0b7c3077" candidate_uuid: "bf384a60518f4cd29ce932fb43c56c6f" candidate_term: 1 candidate_status { last_received { term: 0 index: 0 } } ignore_live_leader: false dest_uuid: "83df2f834253482b837943806df3fdeb" is_pre_election: true
I20260710 13:23:15.138015 23126 raft_consensus.cc:515] T cb9668fb5739494d9c8cee1bf89c76c5 P 83df2f834253482b837943806df3fdeb [term 1 FOLLOWER]: Starting leader election with config: opid_index: -1 OBSOLETE_local: false peers { permanent_uuid: "bf384a60518f4cd29ce932fb43c56c6f" member_type: VOTER last_known_addr { host: "127.21.71.65" port: 41675 } } peers { permanent_uuid: "62a772e3ca4f4ba6a63312326dd9cd72" member_type: VOTER last_known_addr { host: "127.21.71.66" port: 32919 } } peers { permanent_uuid: "83df2f834253482b837943806df3fdeb" member_type: VOTER last_known_addr { host: "127.21.71.67" port: 46149 } }
I20260710 13:23:15.166967 23120 raft_consensus.cc:385] T e945134654324b93af033c2c0b7c3077 P 83df2f834253482b837943806df3fdeb [term 0 FOLLOWER]: Consensus starting up: Expiring failure detector timer to make a prompt election more likely
I20260710 13:23:15.169188 23120 raft_consensus.cc:740] T e945134654324b93af033c2c0b7c3077 P 83df2f834253482b837943806df3fdeb [term 0 FOLLOWER]: Becoming Follower/Learner. State: Replica: 83df2f834253482b837943806df3fdeb, State: Initialized, Role: FOLLOWER
I20260710 13:23:15.170054 23120 consensus_queue.cc:260] T e945134654324b93af033c2c0b7c3077 P 83df2f834253482b837943806df3fdeb [NON_LEADER]: Queue going to NON_LEADER mode. State: All replicated index: 0, Majority replicated index: 0, Committed index: 0, Last appended: 0.0, Last appended by leader: 0, Current term: 0, Majority size: -1, State: 0, Mode: NON_LEADER, active raft config: opid_index: -1 OBSOLETE_local: false peers { permanent_uuid: "bf384a60518f4cd29ce932fb43c56c6f" member_type: VOTER last_known_addr { host: "127.21.71.65" port: 41675 } } peers { permanent_uuid: "62a772e3ca4f4ba6a63312326dd9cd72" member_type: VOTER last_known_addr { host: "127.21.71.66" port: 32919 } } peers { permanent_uuid: "83df2f834253482b837943806df3fdeb" member_type: VOTER last_known_addr { host: "127.21.71.67" port: 46149 } }
I20260710 13:23:15.171118 23079 raft_consensus.cc:2468] T e945134654324b93af033c2c0b7c3077 P 83df2f834253482b837943806df3fdeb [term 0 FOLLOWER]: Leader pre-election vote request: Granting yes vote for candidate bf384a60518f4cd29ce932fb43c56c6f in term 0.
I20260710 13:23:15.172190 22931 tablet_service.cc:1917] Received RequestConsensusVote() RPC: tablet_id: "cb9668fb5739494d9c8cee1bf89c76c5" candidate_uuid: "83df2f834253482b837943806df3fdeb" candidate_term: 1 candidate_status { last_received { term: 0 index: 0 } } ignore_live_leader: false dest_uuid: "bf384a60518f4cd29ce932fb43c56c6f"
I20260710 13:23:15.172756 22931 raft_consensus.cc:3060] T cb9668fb5739494d9c8cee1bf89c76c5 P bf384a60518f4cd29ce932fb43c56c6f [term 0 FOLLOWER]: Advancing to term 1
I20260710 13:23:15.172858 22894 leader_election.cc:304] T e945134654324b93af033c2c0b7c3077 P bf384a60518f4cd29ce932fb43c56c6f [CANDIDATE]: Term 1 pre-election: Election decided. Result: candidate won. Election summary: received 2 responses out of 3 voters: 2 yes votes; 0 no votes. yes voters: 83df2f834253482b837943806df3fdeb, bf384a60518f4cd29ce932fb43c56c6f; no voters: 
I20260710 13:23:15.173631 23206 raft_consensus.cc:2804] T e945134654324b93af033c2c0b7c3077 P bf384a60518f4cd29ce932fb43c56c6f [term 0 FOLLOWER]: Leader pre-election won for term 1
I20260710 13:23:15.173905 23120 ts_tablet_manager.cc:1434] T e945134654324b93af033c2c0b7c3077 P 83df2f834253482b837943806df3fdeb: Time spent starting tablet: real 0.071s	user 0.005s	sys 0.001s
I20260710 13:23:15.173946 23206 raft_consensus.cc:493] T e945134654324b93af033c2c0b7c3077 P bf384a60518f4cd29ce932fb43c56c6f [term 0 FOLLOWER]: Starting leader election (no leader contacted us within the election timeout)
I20260710 13:23:15.174505 23206 raft_consensus.cc:3060] T e945134654324b93af033c2c0b7c3077 P bf384a60518f4cd29ce932fb43c56c6f [term 0 FOLLOWER]: Advancing to term 1
I20260710 13:23:15.175174 23120 tablet_bootstrap.cc:492] T 68d833b611394f86b0bf327fa27c21b8 P 83df2f834253482b837943806df3fdeb: Bootstrap starting.
I20260710 13:23:15.181013 22931 raft_consensus.cc:2468] T cb9668fb5739494d9c8cee1bf89c76c5 P bf384a60518f4cd29ce932fb43c56c6f [term 1 FOLLOWER]: Leader election vote request: Granting yes vote for candidate 83df2f834253482b837943806df3fdeb in term 1.
I20260710 13:23:15.182971 23005 tablet_service.cc:1917] Received RequestConsensusVote() RPC: tablet_id: "cb9668fb5739494d9c8cee1bf89c76c5" candidate_uuid: "83df2f834253482b837943806df3fdeb" candidate_term: 1 candidate_status { last_received { term: 0 index: 0 } } ignore_live_leader: false dest_uuid: "62a772e3ca4f4ba6a63312326dd9cd72"
I20260710 13:23:15.183614 23005 raft_consensus.cc:3060] T cb9668fb5739494d9c8cee1bf89c76c5 P 62a772e3ca4f4ba6a63312326dd9cd72 [term 0 FOLLOWER]: Advancing to term 1
I20260710 13:23:15.183780 23045 leader_election.cc:304] T cb9668fb5739494d9c8cee1bf89c76c5 P 83df2f834253482b837943806df3fdeb [CANDIDATE]: Term 1 election: Election decided. Result: candidate won. Election summary: received 2 responses out of 3 voters: 2 yes votes; 0 no votes. yes voters: 83df2f834253482b837943806df3fdeb, bf384a60518f4cd29ce932fb43c56c6f; no voters: 
I20260710 13:23:15.184765 23157 raft_consensus.cc:2804] T cb9668fb5739494d9c8cee1bf89c76c5 P 83df2f834253482b837943806df3fdeb [term 1 FOLLOWER]: Leader election won for term 1
I20260710 13:23:15.185251 23157 raft_consensus.cc:697] T cb9668fb5739494d9c8cee1bf89c76c5 P 83df2f834253482b837943806df3fdeb [term 1 LEADER]: Becoming Leader. State: Replica: 83df2f834253482b837943806df3fdeb, State: Running, Role: LEADER
I20260710 13:23:15.181919 23206 raft_consensus.cc:515] T e945134654324b93af033c2c0b7c3077 P bf384a60518f4cd29ce932fb43c56c6f [term 1 FOLLOWER]: Starting leader election with config: opid_index: -1 OBSOLETE_local: false peers { permanent_uuid: "bf384a60518f4cd29ce932fb43c56c6f" member_type: VOTER last_known_addr { host: "127.21.71.65" port: 41675 } } peers { permanent_uuid: "62a772e3ca4f4ba6a63312326dd9cd72" member_type: VOTER last_known_addr { host: "127.21.71.66" port: 32919 } } peers { permanent_uuid: "83df2f834253482b837943806df3fdeb" member_type: VOTER last_known_addr { host: "127.21.71.67" port: 46149 } }
I20260710 13:23:15.186035 23157 consensus_queue.cc:237] T cb9668fb5739494d9c8cee1bf89c76c5 P 83df2f834253482b837943806df3fdeb [LEADER]: Queue going to LEADER mode. State: All replicated index: 0, Majority replicated index: 0, Committed index: 0, Last appended: 0.0, Last appended by leader: 0, Current term: 1, Majority size: 2, State: 0, Mode: LEADER, active raft config: opid_index: -1 OBSOLETE_local: false peers { permanent_uuid: "bf384a60518f4cd29ce932fb43c56c6f" member_type: VOTER last_known_addr { host: "127.21.71.65" port: 41675 } } peers { permanent_uuid: "62a772e3ca4f4ba6a63312326dd9cd72" member_type: VOTER last_known_addr { host: "127.21.71.66" port: 32919 } } peers { permanent_uuid: "83df2f834253482b837943806df3fdeb" member_type: VOTER last_known_addr { host: "127.21.71.67" port: 46149 } }
I20260710 13:23:15.186383 23122 consensus_queue.cc:260] T e945134654324b93af033c2c0b7c3077 P 62a772e3ca4f4ba6a63312326dd9cd72 [NON_LEADER]: Queue going to NON_LEADER mode. State: All replicated index: 0, Majority replicated index: 0, Committed index: 0, Last appended: 0.0, Last appended by leader: 0, Current term: 0, Majority size: -1, State: 0, Mode: NON_LEADER, active raft config: opid_index: -1 OBSOLETE_local: false peers { permanent_uuid: "bf384a60518f4cd29ce932fb43c56c6f" member_type: VOTER last_known_addr { host: "127.21.71.65" port: 41675 } } peers { permanent_uuid: "62a772e3ca4f4ba6a63312326dd9cd72" member_type: VOTER last_known_addr { host: "127.21.71.66" port: 32919 } } peers { permanent_uuid: "83df2f834253482b837943806df3fdeb" member_type: VOTER last_known_addr { host: "127.21.71.67" port: 46149 } }
I20260710 13:23:15.210312 22828 catalog_manager.cc:5697] T cb9668fb5739494d9c8cee1bf89c76c5 P 83df2f834253482b837943806df3fdeb reported cstate change: term changed from 0 to 1, leader changed from <none> to 83df2f834253482b837943806df3fdeb (127.21.71.67). New cstate: current_term: 1 leader_uuid: "83df2f834253482b837943806df3fdeb" committed_config { opid_index: -1 OBSOLETE_local: false peers { permanent_uuid: "bf384a60518f4cd29ce932fb43c56c6f" member_type: VOTER last_known_addr { host: "127.21.71.65" port: 41675 } health_report { overall_health: UNKNOWN } } peers { permanent_uuid: "62a772e3ca4f4ba6a63312326dd9cd72" member_type: VOTER last_known_addr { host: "127.21.71.66" port: 32919 } health_report { overall_health: UNKNOWN } } peers { permanent_uuid: "83df2f834253482b837943806df3fdeb" member_type: VOTER last_known_addr { host: "127.21.71.67" port: 46149 } health_report { overall_health: HEALTHY } } }
I20260710 13:23:15.182386 23126 leader_election.cc:290] T cb9668fb5739494d9c8cee1bf89c76c5 P 83df2f834253482b837943806df3fdeb [CANDIDATE]: Term 1 election: Requested vote from peers bf384a60518f4cd29ce932fb43c56c6f (127.21.71.65:41675), 62a772e3ca4f4ba6a63312326dd9cd72 (127.21.71.66:32919)
I20260710 13:23:15.190409 23005 raft_consensus.cc:2468] T cb9668fb5739494d9c8cee1bf89c76c5 P 62a772e3ca4f4ba6a63312326dd9cd72 [term 1 FOLLOWER]: Leader election vote request: Granting yes vote for candidate 83df2f834253482b837943806df3fdeb in term 1.
I20260710 13:23:15.191054 23206 leader_election.cc:290] T e945134654324b93af033c2c0b7c3077 P bf384a60518f4cd29ce932fb43c56c6f [CANDIDATE]: Term 1 election: Requested vote from peers 62a772e3ca4f4ba6a63312326dd9cd72 (127.21.71.66:32919), 83df2f834253482b837943806df3fdeb (127.21.71.67:46149)
I20260710 13:23:15.193861 23079 tablet_service.cc:1917] Received RequestConsensusVote() RPC: tablet_id: "e945134654324b93af033c2c0b7c3077" candidate_uuid: "bf384a60518f4cd29ce932fb43c56c6f" candidate_term: 1 candidate_status { last_received { term: 0 index: 0 } } ignore_live_leader: false dest_uuid: "83df2f834253482b837943806df3fdeb"
I20260710 13:23:15.194433 23120 tablet_bootstrap.cc:654] T 68d833b611394f86b0bf327fa27c21b8 P 83df2f834253482b837943806df3fdeb: Neither blocks nor log segments found. Creating new log.
I20260710 13:23:15.211699 23079 raft_consensus.cc:3060] T e945134654324b93af033c2c0b7c3077 P 83df2f834253482b837943806df3fdeb [term 0 FOLLOWER]: Advancing to term 1
I20260710 13:23:15.211536 23003 raft_consensus.cc:2468] T e945134654324b93af033c2c0b7c3077 P 62a772e3ca4f4ba6a63312326dd9cd72 [term 0 FOLLOWER]: Leader pre-election vote request: Granting yes vote for candidate bf384a60518f4cd29ce932fb43c56c6f in term 0.
I20260710 13:23:15.209529 23181 consensus_queue.cc:1048] T d1bd604b654d4f77a94b63ac83a2dca0 P 62a772e3ca4f4ba6a63312326dd9cd72 [LEADER]: Connected to new peer: Peer: permanent_uuid: "bf384a60518f4cd29ce932fb43c56c6f" member_type: VOTER last_known_addr { host: "127.21.71.65" port: 41675 }, Status: LMP_MISMATCH, Last received: 0.0, Next index: 1, Last known committed idx: 0, Time since last communication: 0.001s
I20260710 13:23:15.188298 23004 tablet_service.cc:1917] Received RequestConsensusVote() RPC: tablet_id: "e945134654324b93af033c2c0b7c3077" candidate_uuid: "bf384a60518f4cd29ce932fb43c56c6f" candidate_term: 1 candidate_status { last_received { term: 0 index: 0 } } ignore_live_leader: false dest_uuid: "62a772e3ca4f4ba6a63312326dd9cd72"
I20260710 13:23:15.220289 23079 raft_consensus.cc:2468] T e945134654324b93af033c2c0b7c3077 P 83df2f834253482b837943806df3fdeb [term 1 FOLLOWER]: Leader election vote request: Granting yes vote for candidate bf384a60518f4cd29ce932fb43c56c6f in term 1.
I20260710 13:23:15.221683 22894 leader_election.cc:304] T e945134654324b93af033c2c0b7c3077 P bf384a60518f4cd29ce932fb43c56c6f [CANDIDATE]: Term 1 election: Election decided. Result: candidate won. Election summary: received 3 responses out of 3 voters: 2 yes votes; 1 no votes. yes voters: 83df2f834253482b837943806df3fdeb, bf384a60518f4cd29ce932fb43c56c6f; no voters: 62a772e3ca4f4ba6a63312326dd9cd72
I20260710 13:23:15.222856 23206 raft_consensus.cc:2804] T e945134654324b93af033c2c0b7c3077 P bf384a60518f4cd29ce932fb43c56c6f [term 1 FOLLOWER]: Leader election won for term 1
I20260710 13:23:15.223483 23206 raft_consensus.cc:697] T e945134654324b93af033c2c0b7c3077 P bf384a60518f4cd29ce932fb43c56c6f [term 1 LEADER]: Becoming Leader. State: Replica: bf384a60518f4cd29ce932fb43c56c6f, State: Running, Role: LEADER
I20260710 13:23:15.224320 23206 consensus_queue.cc:237] T e945134654324b93af033c2c0b7c3077 P bf384a60518f4cd29ce932fb43c56c6f [LEADER]: Queue going to LEADER mode. State: All replicated index: 0, Majority replicated index: 0, Committed index: 0, Last appended: 0.0, Last appended by leader: 0, Current term: 1, Majority size: 2, State: 0, Mode: LEADER, active raft config: opid_index: -1 OBSOLETE_local: false peers { permanent_uuid: "bf384a60518f4cd29ce932fb43c56c6f" member_type: VOTER last_known_addr { host: "127.21.71.65" port: 41675 } } peers { permanent_uuid: "62a772e3ca4f4ba6a63312326dd9cd72" member_type: VOTER last_known_addr { host: "127.21.71.66" port: 32919 } } peers { permanent_uuid: "83df2f834253482b837943806df3fdeb" member_type: VOTER last_known_addr { host: "127.21.71.67" port: 46149 } }
I20260710 13:23:15.234966 23122 ts_tablet_manager.cc:1434] T e945134654324b93af033c2c0b7c3077 P 62a772e3ca4f4ba6a63312326dd9cd72: Time spent starting tablet: real 0.138s	user 0.006s	sys 0.001s
I20260710 13:23:15.235854 23149 raft_consensus.cc:493] T 68d833b611394f86b0bf327fa27c21b8 P bf384a60518f4cd29ce932fb43c56c6f [term 0 FOLLOWER]: Starting pre-election (no leader contacted us within the election timeout)
I20260710 13:23:15.236099 23122 tablet_bootstrap.cc:492] T 270f2e85fdfc4a348b21052c279caaa1 P 62a772e3ca4f4ba6a63312326dd9cd72: Bootstrap starting.
I20260710 13:23:15.236481 23149 raft_consensus.cc:515] T 68d833b611394f86b0bf327fa27c21b8 P bf384a60518f4cd29ce932fb43c56c6f [term 0 FOLLOWER]: Starting pre-election with config: opid_index: -1 OBSOLETE_local: false peers { permanent_uuid: "bf384a60518f4cd29ce932fb43c56c6f" member_type: VOTER last_known_addr { host: "127.21.71.65" port: 41675 } } peers { permanent_uuid: "62a772e3ca4f4ba6a63312326dd9cd72" member_type: VOTER last_known_addr { host: "127.21.71.66" port: 32919 } } peers { permanent_uuid: "83df2f834253482b837943806df3fdeb" member_type: VOTER last_known_addr { host: "127.21.71.67" port: 46149 } }
I20260710 13:23:15.239136 23149 leader_election.cc:290] T 68d833b611394f86b0bf327fa27c21b8 P bf384a60518f4cd29ce932fb43c56c6f [CANDIDATE]: Term 1 pre-election: Requested pre-vote from peers 62a772e3ca4f4ba6a63312326dd9cd72 (127.21.71.66:32919), 83df2f834253482b837943806df3fdeb (127.21.71.67:46149)
I20260710 13:23:15.241777 23079 tablet_service.cc:1917] Received RequestConsensusVote() RPC: tablet_id: "68d833b611394f86b0bf327fa27c21b8" candidate_uuid: "bf384a60518f4cd29ce932fb43c56c6f" candidate_term: 1 candidate_status { last_received { term: 0 index: 0 } } ignore_live_leader: false dest_uuid: "83df2f834253482b837943806df3fdeb" is_pre_election: true
W20260710 13:23:15.243521 22894 leader_election.cc:343] T 68d833b611394f86b0bf327fa27c21b8 P bf384a60518f4cd29ce932fb43c56c6f [CANDIDATE]: Term 1 pre-election: Tablet error from VoteRequest() call to peer 83df2f834253482b837943806df3fdeb (127.21.71.67:46149): Illegal state: must be running to vote when last-logged opid is not known
I20260710 13:23:15.249560 23003 tablet_service.cc:1917] Received RequestConsensusVote() RPC: tablet_id: "68d833b611394f86b0bf327fa27c21b8" candidate_uuid: "bf384a60518f4cd29ce932fb43c56c6f" candidate_term: 1 candidate_status { last_received { term: 0 index: 0 } } ignore_live_leader: false dest_uuid: "62a772e3ca4f4ba6a63312326dd9cd72" is_pre_election: true
W20260710 13:23:15.251253 22894 leader_election.cc:343] T 68d833b611394f86b0bf327fa27c21b8 P bf384a60518f4cd29ce932fb43c56c6f [CANDIDATE]: Term 1 pre-election: Tablet error from VoteRequest() call to peer 62a772e3ca4f4ba6a63312326dd9cd72 (127.21.71.66:32919): Illegal state: must be running to vote when last-logged opid is not known
I20260710 13:23:15.251825 22894 leader_election.cc:304] T 68d833b611394f86b0bf327fa27c21b8 P bf384a60518f4cd29ce932fb43c56c6f [CANDIDATE]: Term 1 pre-election: Election decided. Result: candidate lost. Election summary: received 3 responses out of 3 voters: 1 yes votes; 2 no votes. yes voters: bf384a60518f4cd29ce932fb43c56c6f; no voters: 62a772e3ca4f4ba6a63312326dd9cd72, 83df2f834253482b837943806df3fdeb
I20260710 13:23:15.252737 23149 raft_consensus.cc:2749] T 68d833b611394f86b0bf327fa27c21b8 P bf384a60518f4cd29ce932fb43c56c6f [term 0 FOLLOWER]: Leader pre-election lost for term 1. Reason: could not achieve majority
I20260710 13:23:15.291234 23121 tablet_bootstrap.cc:492] T 63b1aa3713c0408492a5c94967020412 P bf384a60518f4cd29ce932fb43c56c6f: No bootstrap required, opened a new log
I20260710 13:23:15.291743 23121 ts_tablet_manager.cc:1403] T 63b1aa3713c0408492a5c94967020412 P bf384a60518f4cd29ce932fb43c56c6f: Time spent bootstrapping tablet: real 0.178s	user 0.050s	sys 0.056s
I20260710 13:23:15.294281 23121 raft_consensus.cc:359] T 63b1aa3713c0408492a5c94967020412 P bf384a60518f4cd29ce932fb43c56c6f [term 0 FOLLOWER]: Replica starting. Triggering 0 pending ops. Active config: opid_index: -1 OBSOLETE_local: false peers { permanent_uuid: "bf384a60518f4cd29ce932fb43c56c6f" member_type: VOTER last_known_addr { host: "127.21.71.65" port: 41675 } } peers { permanent_uuid: "62a772e3ca4f4ba6a63312326dd9cd72" member_type: VOTER last_known_addr { host: "127.21.71.66" port: 32919 } } peers { permanent_uuid: "83df2f834253482b837943806df3fdeb" member_type: VOTER last_known_addr { host: "127.21.71.67" port: 46149 } }
I20260710 13:23:15.294904 23121 raft_consensus.cc:385] T 63b1aa3713c0408492a5c94967020412 P bf384a60518f4cd29ce932fb43c56c6f [term 0 FOLLOWER]: Consensus starting up: Expiring failure detector timer to make a prompt election more likely
I20260710 13:23:15.295207 23121 raft_consensus.cc:740] T 63b1aa3713c0408492a5c94967020412 P bf384a60518f4cd29ce932fb43c56c6f [term 0 FOLLOWER]: Becoming Follower/Learner. State: Replica: bf384a60518f4cd29ce932fb43c56c6f, State: Initialized, Role: FOLLOWER
I20260710 13:23:15.295869 23121 consensus_queue.cc:260] T 63b1aa3713c0408492a5c94967020412 P bf384a60518f4cd29ce932fb43c56c6f [NON_LEADER]: Queue going to NON_LEADER mode. State: All replicated index: 0, Majority replicated index: 0, Committed index: 0, Last appended: 0.0, Last appended by leader: 0, Current term: 0, Majority size: -1, State: 0, Mode: NON_LEADER, active raft config: opid_index: -1 OBSOLETE_local: false peers { permanent_uuid: "bf384a60518f4cd29ce932fb43c56c6f" member_type: VOTER last_known_addr { host: "127.21.71.65" port: 41675 } } peers { permanent_uuid: "62a772e3ca4f4ba6a63312326dd9cd72" member_type: VOTER last_known_addr { host: "127.21.71.66" port: 32919 } } peers { permanent_uuid: "83df2f834253482b837943806df3fdeb" member_type: VOTER last_known_addr { host: "127.21.71.67" port: 46149 } }
I20260710 13:23:15.296684 22826 catalog_manager.cc:5697] T e945134654324b93af033c2c0b7c3077 P bf384a60518f4cd29ce932fb43c56c6f reported cstate change: term changed from 0 to 1, leader changed from <none> to bf384a60518f4cd29ce932fb43c56c6f (127.21.71.65). New cstate: current_term: 1 leader_uuid: "bf384a60518f4cd29ce932fb43c56c6f" committed_config { opid_index: -1 OBSOLETE_local: false peers { permanent_uuid: "bf384a60518f4cd29ce932fb43c56c6f" member_type: VOTER last_known_addr { host: "127.21.71.65" port: 41675 } health_report { overall_health: HEALTHY } } peers { permanent_uuid: "62a772e3ca4f4ba6a63312326dd9cd72" member_type: VOTER last_known_addr { host: "127.21.71.66" port: 32919 } health_report { overall_health: UNKNOWN } } peers { permanent_uuid: "83df2f834253482b837943806df3fdeb" member_type: VOTER last_known_addr { host: "127.21.71.67" port: 46149 } health_report { overall_health: UNKNOWN } } }
I20260710 13:23:15.296334 23122 tablet_bootstrap.cc:654] T 270f2e85fdfc4a348b21052c279caaa1 P 62a772e3ca4f4ba6a63312326dd9cd72: Neither blocks nor log segments found. Creating new log.
I20260710 13:23:15.298070 23121 ts_tablet_manager.cc:1434] T 63b1aa3713c0408492a5c94967020412 P bf384a60518f4cd29ce932fb43c56c6f: Time spent starting tablet: real 0.006s	user 0.006s	sys 0.000s
I20260710 13:23:15.299022 23121 tablet_bootstrap.cc:492] T 4de170786c0b4f498c8cbebf144d63e1 P bf384a60518f4cd29ce932fb43c56c6f: Bootstrap starting.
I20260710 13:23:15.299117 23120 tablet_bootstrap.cc:492] T 68d833b611394f86b0bf327fa27c21b8 P 83df2f834253482b837943806df3fdeb: No bootstrap required, opened a new log
I20260710 13:23:15.300927 23120 ts_tablet_manager.cc:1403] T 68d833b611394f86b0bf327fa27c21b8 P 83df2f834253482b837943806df3fdeb: Time spent bootstrapping tablet: real 0.126s	user 0.024s	sys 0.059s
I20260710 13:23:15.303532 23120 raft_consensus.cc:359] T 68d833b611394f86b0bf327fa27c21b8 P 83df2f834253482b837943806df3fdeb [term 0 FOLLOWER]: Replica starting. Triggering 0 pending ops. Active config: opid_index: -1 OBSOLETE_local: false peers { permanent_uuid: "bf384a60518f4cd29ce932fb43c56c6f" member_type: VOTER last_known_addr { host: "127.21.71.65" port: 41675 } } peers { permanent_uuid: "62a772e3ca4f4ba6a63312326dd9cd72" member_type: VOTER last_known_addr { host: "127.21.71.66" port: 32919 } } peers { permanent_uuid: "83df2f834253482b837943806df3fdeb" member_type: VOTER last_known_addr { host: "127.21.71.67" port: 46149 } }
I20260710 13:23:15.304155 23120 raft_consensus.cc:385] T 68d833b611394f86b0bf327fa27c21b8 P 83df2f834253482b837943806df3fdeb [term 0 FOLLOWER]: Consensus starting up: Expiring failure detector timer to make a prompt election more likely
I20260710 13:23:15.304401 23120 raft_consensus.cc:740] T 68d833b611394f86b0bf327fa27c21b8 P 83df2f834253482b837943806df3fdeb [term 0 FOLLOWER]: Becoming Follower/Learner. State: Replica: 83df2f834253482b837943806df3fdeb, State: Initialized, Role: FOLLOWER
I20260710 13:23:15.305003 23121 tablet_bootstrap.cc:654] T 4de170786c0b4f498c8cbebf144d63e1 P bf384a60518f4cd29ce932fb43c56c6f: Neither blocks nor log segments found. Creating new log.
I20260710 13:23:15.305004 23120 consensus_queue.cc:260] T 68d833b611394f86b0bf327fa27c21b8 P 83df2f834253482b837943806df3fdeb [NON_LEADER]: Queue going to NON_LEADER mode. State: All replicated index: 0, Majority replicated index: 0, Committed index: 0, Last appended: 0.0, Last appended by leader: 0, Current term: 0, Majority size: -1, State: 0, Mode: NON_LEADER, active raft config: opid_index: -1 OBSOLETE_local: false peers { permanent_uuid: "bf384a60518f4cd29ce932fb43c56c6f" member_type: VOTER last_known_addr { host: "127.21.71.65" port: 41675 } } peers { permanent_uuid: "62a772e3ca4f4ba6a63312326dd9cd72" member_type: VOTER last_known_addr { host: "127.21.71.66" port: 32919 } } peers { permanent_uuid: "83df2f834253482b837943806df3fdeb" member_type: VOTER last_known_addr { host: "127.21.71.67" port: 46149 } }
I20260710 13:23:15.306895 23122 tablet_bootstrap.cc:492] T 270f2e85fdfc4a348b21052c279caaa1 P 62a772e3ca4f4ba6a63312326dd9cd72: No bootstrap required, opened a new log
I20260710 13:23:15.307263 23120 ts_tablet_manager.cc:1434] T 68d833b611394f86b0bf327fa27c21b8 P 83df2f834253482b837943806df3fdeb: Time spent starting tablet: real 0.006s	user 0.006s	sys 0.000s
I20260710 13:23:15.307379 23122 ts_tablet_manager.cc:1403] T 270f2e85fdfc4a348b21052c279caaa1 P 62a772e3ca4f4ba6a63312326dd9cd72: Time spent bootstrapping tablet: real 0.072s	user 0.007s	sys 0.004s
I20260710 13:23:15.308336 23120 tablet_bootstrap.cc:492] T 4de170786c0b4f498c8cbebf144d63e1 P 83df2f834253482b837943806df3fdeb: Bootstrap starting.
I20260710 13:23:15.309922 23122 raft_consensus.cc:359] T 270f2e85fdfc4a348b21052c279caaa1 P 62a772e3ca4f4ba6a63312326dd9cd72 [term 0 FOLLOWER]: Replica starting. Triggering 0 pending ops. Active config: opid_index: -1 OBSOLETE_local: false peers { permanent_uuid: "bf384a60518f4cd29ce932fb43c56c6f" member_type: VOTER last_known_addr { host: "127.21.71.65" port: 41675 } } peers { permanent_uuid: "62a772e3ca4f4ba6a63312326dd9cd72" member_type: VOTER last_known_addr { host: "127.21.71.66" port: 32919 } } peers { permanent_uuid: "83df2f834253482b837943806df3fdeb" member_type: VOTER last_known_addr { host: "127.21.71.67" port: 46149 } }
I20260710 13:23:15.310611 23122 raft_consensus.cc:385] T 270f2e85fdfc4a348b21052c279caaa1 P 62a772e3ca4f4ba6a63312326dd9cd72 [term 0 FOLLOWER]: Consensus starting up: Expiring failure detector timer to make a prompt election more likely
I20260710 13:23:15.310912 23122 raft_consensus.cc:740] T 270f2e85fdfc4a348b21052c279caaa1 P 62a772e3ca4f4ba6a63312326dd9cd72 [term 0 FOLLOWER]: Becoming Follower/Learner. State: Replica: 62a772e3ca4f4ba6a63312326dd9cd72, State: Initialized, Role: FOLLOWER
I20260710 13:23:15.311687 23122 consensus_queue.cc:260] T 270f2e85fdfc4a348b21052c279caaa1 P 62a772e3ca4f4ba6a63312326dd9cd72 [NON_LEADER]: Queue going to NON_LEADER mode. State: All replicated index: 0, Majority replicated index: 0, Committed index: 0, Last appended: 0.0, Last appended by leader: 0, Current term: 0, Majority size: -1, State: 0, Mode: NON_LEADER, active raft config: opid_index: -1 OBSOLETE_local: false peers { permanent_uuid: "bf384a60518f4cd29ce932fb43c56c6f" member_type: VOTER last_known_addr { host: "127.21.71.65" port: 41675 } } peers { permanent_uuid: "62a772e3ca4f4ba6a63312326dd9cd72" member_type: VOTER last_known_addr { host: "127.21.71.66" port: 32919 } } peers { permanent_uuid: "83df2f834253482b837943806df3fdeb" member_type: VOTER last_known_addr { host: "127.21.71.67" port: 46149 } }
I20260710 13:23:15.315856 23120 tablet_bootstrap.cc:654] T 4de170786c0b4f498c8cbebf144d63e1 P 83df2f834253482b837943806df3fdeb: Neither blocks nor log segments found. Creating new log.
