I20260710 13:23:00.152110 17270 tablet_service.cc:1917] Received RequestConsensusVote() RPC: tablet_id: "baf35c75da084e659996c3b8763af174" candidate_uuid: "f756e92d87384606aa19eeb020e8c89b" candidate_term: 1 candidate_status { last_received { term: 0 index: 0 } } ignore_live_leader: false dest_uuid: "9b0a970598714969a346ef0f5b4213ae"
W20260710 13:23:00.154234 17087 leader_election.cc:343] T baf35c75da084e659996c3b8763af174 P f756e92d87384606aa19eeb020e8c89b [CANDIDATE]: Term 1 election: Tablet error from VoteRequest() call to peer 9b0a970598714969a346ef0f5b4213ae (127.16.30.3:35011): Illegal state: must be running to vote when last-logged opid is not known
I20260710 13:23:00.154342 17196 tablet_service.cc:1917] Received RequestConsensusVote() RPC: tablet_id: "baf35c75da084e659996c3b8763af174" candidate_uuid: "f756e92d87384606aa19eeb020e8c89b" candidate_term: 1 candidate_status { last_received { term: 0 index: 0 } } ignore_live_leader: false dest_uuid: "d5f47fc581a24ec4b2859a5943a04407"
I20260710 13:23:00.152776 17120 raft_consensus.cc:2393] T baf35c75da084e659996c3b8763af174 P f756e92d87384606aa19eeb020e8c89b [term 1 FOLLOWER]: Leader pre-election vote request: Denying vote to candidate d5f47fc581a24ec4b2859a5943a04407 in current term 1: Already voted for candidate f756e92d87384606aa19eeb020e8c89b in this term.
I20260710 13:23:00.137867 17337 raft_consensus.cc:3060] T aa4a960ac5124ed18ddefaee6c3a28f8 P f756e92d87384606aa19eeb020e8c89b [term 0 FOLLOWER]: Advancing to term 1
W20260710 13:23:00.139313 17234 leader_election.cc:343] T ba6222f00a214ac08c57715846429da2 P 9b0a970598714969a346ef0f5b4213ae [CANDIDATE]: Term 1 pre-election: Tablet error from VoteRequest() call to peer d5f47fc581a24ec4b2859a5943a04407 (127.16.30.2:33787): Illegal state: must be running to vote when last-logged opid is not known
I20260710 13:23:00.154904 17196 raft_consensus.cc:3060] T baf35c75da084e659996c3b8763af174 P d5f47fc581a24ec4b2859a5943a04407 [term 0 FOLLOWER]: Advancing to term 1
I20260710 13:23:00.154206 17319 raft_consensus.cc:515] T 7a5c2e5912da4963ba9a28eeff1706cb P d5f47fc581a24ec4b2859a5943a04407 [term 1 FOLLOWER]: Starting leader election with config: opid_index: -1 OBSOLETE_local: false peers { permanent_uuid: "f756e92d87384606aa19eeb020e8c89b" member_type: VOTER last_known_addr { host: "127.16.30.1" port: 38361 } } peers { permanent_uuid: "d5f47fc581a24ec4b2859a5943a04407" member_type: VOTER last_known_addr { host: "127.16.30.2" port: 33787 } } peers { permanent_uuid: "9b0a970598714969a346ef0f5b4213ae" member_type: VOTER last_known_addr { host: "127.16.30.3" port: 35011 } }
I20260710 13:23:00.152896 17310 tablet_bootstrap.cc:492] T 2b3308484e5e41f7a6624fea9a3997eb P 9b0a970598714969a346ef0f5b4213ae: No bootstrap required, opened a new log
I20260710 13:23:00.157253 17195 tablet_service.cc:1917] Received RequestConsensusVote() RPC: tablet_id: "b0607ebf6b69426bb75b5efb364a46f3" candidate_uuid: "9b0a970598714969a346ef0f5b4213ae" candidate_term: 1 candidate_status { last_received { term: 0 index: 0 } } ignore_live_leader: false dest_uuid: "d5f47fc581a24ec4b2859a5943a04407"
I20260710 13:23:00.157534 17310 ts_tablet_manager.cc:1403] T 2b3308484e5e41f7a6624fea9a3997eb P 9b0a970598714969a346ef0f5b4213ae: Time spent bootstrapping tablet: real 0.078s	user 0.040s	sys 0.021s
I20260710 13:23:00.157797 17195 raft_consensus.cc:3060] T b0607ebf6b69426bb75b5efb364a46f3 P d5f47fc581a24ec4b2859a5943a04407 [term 0 FOLLOWER]: Advancing to term 1
I20260710 13:23:00.158042 17119 tablet_service.cc:1917] Received RequestConsensusVote() RPC: tablet_id: "ba6222f00a214ac08c57715846429da2" candidate_uuid: "9b0a970598714969a346ef0f5b4213ae" candidate_term: 1 candidate_status { last_received { term: 0 index: 0 } } ignore_live_leader: false dest_uuid: "f756e92d87384606aa19eeb020e8c89b" is_pre_election: true
I20260710 13:23:00.158250 17270 tablet_service.cc:1917] Received RequestConsensusVote() RPC: tablet_id: "a5cee8e20bf24f75ae3e9dced00a7101" candidate_uuid: "d5f47fc581a24ec4b2859a5943a04407" candidate_term: 1 candidate_status { last_received { term: 0 index: 0 } } ignore_live_leader: false dest_uuid: "9b0a970598714969a346ef0f5b4213ae"
I20260710 13:23:00.158879 17270 raft_consensus.cc:3060] T a5cee8e20bf24f75ae3e9dced00a7101 P 9b0a970598714969a346ef0f5b4213ae [term 0 FOLLOWER]: Advancing to term 1
I20260710 13:23:00.159370 17118 tablet_service.cc:1917] Received RequestConsensusVote() RPC: tablet_id: "b0607ebf6b69426bb75b5efb364a46f3" candidate_uuid: "9b0a970598714969a346ef0f5b4213ae" candidate_term: 1 candidate_status { last_received { term: 0 index: 0 } } ignore_live_leader: false dest_uuid: "f756e92d87384606aa19eeb020e8c89b"
I20260710 13:23:00.160383 17310 raft_consensus.cc:359] T 2b3308484e5e41f7a6624fea9a3997eb P 9b0a970598714969a346ef0f5b4213ae [term 0 FOLLOWER]: Replica starting. Triggering 0 pending ops. Active config: opid_index: -1 OBSOLETE_local: false peers { permanent_uuid: "f756e92d87384606aa19eeb020e8c89b" member_type: VOTER last_known_addr { host: "127.16.30.1" port: 38361 } } peers { permanent_uuid: "d5f47fc581a24ec4b2859a5943a04407" member_type: VOTER last_known_addr { host: "127.16.30.2" port: 33787 } } peers { permanent_uuid: "9b0a970598714969a346ef0f5b4213ae" member_type: VOTER last_known_addr { host: "127.16.30.3" port: 35011 } }
I20260710 13:23:00.161051 17310 raft_consensus.cc:385] T 2b3308484e5e41f7a6624fea9a3997eb P 9b0a970598714969a346ef0f5b4213ae [term 0 FOLLOWER]: Consensus starting up: Expiring failure detector timer to make a prompt election more likely
I20260710 13:23:00.161317 17310 raft_consensus.cc:740] T 2b3308484e5e41f7a6624fea9a3997eb P 9b0a970598714969a346ef0f5b4213ae [term 0 FOLLOWER]: Becoming Follower/Learner. State: Replica: 9b0a970598714969a346ef0f5b4213ae, State: Initialized, Role: FOLLOWER
I20260710 13:23:00.161988 17310 consensus_queue.cc:260] T 2b3308484e5e41f7a6624fea9a3997eb P 9b0a970598714969a346ef0f5b4213ae [NON_LEADER]: Queue going to NON_LEADER mode. State: All replicated index: 0, Majority replicated index: 0, Committed index: 0, Last appended: 0.0, Last appended by leader: 0, Current term: 0, Majority size: -1, State: 0, Mode: NON_LEADER, active raft config: opid_index: -1 OBSOLETE_local: false peers { permanent_uuid: "f756e92d87384606aa19eeb020e8c89b" member_type: VOTER last_known_addr { host: "127.16.30.1" port: 38361 } } peers { permanent_uuid: "d5f47fc581a24ec4b2859a5943a04407" member_type: VOTER last_known_addr { host: "127.16.30.2" port: 33787 } } peers { permanent_uuid: "9b0a970598714969a346ef0f5b4213ae" member_type: VOTER last_known_addr { host: "127.16.30.3" port: 35011 } }
I20260710 13:23:00.161389 17121 tablet_service.cc:1917] Received RequestConsensusVote() RPC: tablet_id: "b0607ebf6b69426bb75b5efb364a46f3" candidate_uuid: "9b0a970598714969a346ef0f5b4213ae" candidate_term: 1 candidate_status { last_received { term: 0 index: 0 } } ignore_live_leader: false dest_uuid: "f756e92d87384606aa19eeb020e8c89b" is_pre_election: true
I20260710 13:23:00.162806 17319 leader_election.cc:290] T 7a5c2e5912da4963ba9a28eeff1706cb P d5f47fc581a24ec4b2859a5943a04407 [CANDIDATE]: Term 1 election: Requested vote from peers f756e92d87384606aa19eeb020e8c89b (127.16.30.1:38361), 9b0a970598714969a346ef0f5b4213ae (127.16.30.3:35011)
W20260710 13:23:00.164194 17234 leader_election.cc:343] T ba6222f00a214ac08c57715846429da2 P 9b0a970598714969a346ef0f5b4213ae [CANDIDATE]: Term 1 pre-election: Tablet error from VoteRequest() call to peer f756e92d87384606aa19eeb020e8c89b (127.16.30.1:38361): Illegal state: must be running to vote when last-logged opid is not known
I20260710 13:23:00.164461 17269 tablet_service.cc:1917] Received RequestConsensusVote() RPC: tablet_id: "7a5c2e5912da4963ba9a28eeff1706cb" candidate_uuid: "d5f47fc581a24ec4b2859a5943a04407" candidate_term: 1 candidate_status { last_received { term: 0 index: 0 } } ignore_live_leader: false dest_uuid: "9b0a970598714969a346ef0f5b4213ae"
I20260710 13:23:00.164654 17234 leader_election.cc:304] T ba6222f00a214ac08c57715846429da2 P 9b0a970598714969a346ef0f5b4213ae [CANDIDATE]: Term 1 pre-election: Election decided. Result: candidate lost. Election summary: received 3 responses out of 3 voters: 1 yes votes; 2 no votes. yes voters: 9b0a970598714969a346ef0f5b4213ae; no voters: d5f47fc581a24ec4b2859a5943a04407, f756e92d87384606aa19eeb020e8c89b
I20260710 13:23:00.165059 17313 tablet_bootstrap.cc:492] T b0607ebf6b69426bb75b5efb364a46f3 P f756e92d87384606aa19eeb020e8c89b: No bootstrap required, opened a new log
I20260710 13:23:00.165537 17313 ts_tablet_manager.cc:1403] T b0607ebf6b69426bb75b5efb364a46f3 P f756e92d87384606aa19eeb020e8c89b: Time spent bootstrapping tablet: real 0.055s	user 0.024s	sys 0.000s
W20260710 13:23:00.165760 17234 leader_election.cc:343] T b0607ebf6b69426bb75b5efb364a46f3 P 9b0a970598714969a346ef0f5b4213ae [CANDIDATE]: Term 1 election: Tablet error from VoteRequest() call to peer f756e92d87384606aa19eeb020e8c89b (127.16.30.1:38361): Illegal state: must be running to vote when last-logged opid is not known
I20260710 13:23:00.166241 17270 raft_consensus.cc:2468] T a5cee8e20bf24f75ae3e9dced00a7101 P 9b0a970598714969a346ef0f5b4213ae [term 1 FOLLOWER]: Leader election vote request: Granting yes vote for candidate d5f47fc581a24ec4b2859a5943a04407 in term 1.
I20260710 13:23:00.167621 17160 leader_election.cc:304] T baf35c75da084e659996c3b8763af174 P d5f47fc581a24ec4b2859a5943a04407 [CANDIDATE]: Term 1 pre-election: Election decided. Result: candidate lost. Election summary: received 3 responses out of 3 voters: 1 yes votes; 2 no votes. yes voters: d5f47fc581a24ec4b2859a5943a04407; no voters: 9b0a970598714969a346ef0f5b4213ae, f756e92d87384606aa19eeb020e8c89b
I20260710 13:23:00.168977 17121 tablet_service.cc:1917] Received RequestConsensusVote() RPC: tablet_id: "7a5c2e5912da4963ba9a28eeff1706cb" candidate_uuid: "d5f47fc581a24ec4b2859a5943a04407" candidate_term: 1 candidate_status { last_received { term: 0 index: 0 } } ignore_live_leader: false dest_uuid: "f756e92d87384606aa19eeb020e8c89b"
I20260710 13:23:00.168690 17313 raft_consensus.cc:359] T b0607ebf6b69426bb75b5efb364a46f3 P f756e92d87384606aa19eeb020e8c89b [term 0 FOLLOWER]: Replica starting. Triggering 0 pending ops. Active config: opid_index: -1 OBSOLETE_local: false peers { permanent_uuid: "f756e92d87384606aa19eeb020e8c89b" member_type: VOTER last_known_addr { host: "127.16.30.1" port: 38361 } } peers { permanent_uuid: "d5f47fc581a24ec4b2859a5943a04407" member_type: VOTER last_known_addr { host: "127.16.30.2" port: 33787 } } peers { permanent_uuid: "9b0a970598714969a346ef0f5b4213ae" member_type: VOTER last_known_addr { host: "127.16.30.3" port: 35011 } }
I20260710 13:23:00.168174 17314 raft_consensus.cc:2749] T ba6222f00a214ac08c57715846429da2 P 9b0a970598714969a346ef0f5b4213ae [term 0 FOLLOWER]: Leader pre-election lost for term 1. Reason: could not achieve majority
I20260710 13:23:00.169472 17313 raft_consensus.cc:385] T b0607ebf6b69426bb75b5efb364a46f3 P f756e92d87384606aa19eeb020e8c89b [term 0 FOLLOWER]: Consensus starting up: Expiring failure detector timer to make a prompt election more likely
I20260710 13:23:00.170009 17313 raft_consensus.cc:740] T b0607ebf6b69426bb75b5efb364a46f3 P f756e92d87384606aa19eeb020e8c89b [term 0 FOLLOWER]: Becoming Follower/Learner. State: Replica: f756e92d87384606aa19eeb020e8c89b, State: Initialized, Role: FOLLOWER
I20260710 13:23:00.170271 17310 ts_tablet_manager.cc:1434] T 2b3308484e5e41f7a6624fea9a3997eb P 9b0a970598714969a346ef0f5b4213ae: Time spent starting tablet: real 0.012s	user 0.006s	sys 0.000s
I20260710 13:23:00.171118 17310 tablet_bootstrap.cc:492] T baf35c75da084e659996c3b8763af174 P 9b0a970598714969a346ef0f5b4213ae: Bootstrap starting.
I20260710 13:23:00.170836 17313 consensus_queue.cc:260] T b0607ebf6b69426bb75b5efb364a46f3 P f756e92d87384606aa19eeb020e8c89b [NON_LEADER]: Queue going to NON_LEADER mode. State: All replicated index: 0, Majority replicated index: 0, Committed index: 0, Last appended: 0.0, Last appended by leader: 0, Current term: 0, Majority size: -1, State: 0, Mode: NON_LEADER, active raft config: opid_index: -1 OBSOLETE_local: false peers { permanent_uuid: "f756e92d87384606aa19eeb020e8c89b" member_type: VOTER last_known_addr { host: "127.16.30.1" port: 38361 } } peers { permanent_uuid: "d5f47fc581a24ec4b2859a5943a04407" member_type: VOTER last_known_addr { host: "127.16.30.2" port: 33787 } } peers { permanent_uuid: "9b0a970598714969a346ef0f5b4213ae" member_type: VOTER last_known_addr { host: "127.16.30.3" port: 35011 } }
I20260710 13:23:00.169519 17121 raft_consensus.cc:3060] T 7a5c2e5912da4963ba9a28eeff1706cb P f756e92d87384606aa19eeb020e8c89b [term 0 FOLLOWER]: Advancing to term 1
I20260710 13:23:00.173300 17313 ts_tablet_manager.cc:1434] T b0607ebf6b69426bb75b5efb364a46f3 P f756e92d87384606aa19eeb020e8c89b: Time spent starting tablet: real 0.007s	user 0.004s	sys 0.003s
I20260710 13:23:00.174402 17313 tablet_bootstrap.cc:492] T ba6222f00a214ac08c57715846429da2 P f756e92d87384606aa19eeb020e8c89b: Bootstrap starting.
I20260710 13:23:00.175969 17310 tablet_bootstrap.cc:654] T baf35c75da084e659996c3b8763af174 P 9b0a970598714969a346ef0f5b4213ae: Neither blocks nor log segments found. Creating new log.
W20260710 13:23:00.168875 17234 leader_election.cc:343] T b0607ebf6b69426bb75b5efb364a46f3 P 9b0a970598714969a346ef0f5b4213ae [CANDIDATE]: Term 1 pre-election: Tablet error from VoteRequest() call to peer f756e92d87384606aa19eeb020e8c89b (127.16.30.1:38361): Illegal state: must be running to vote when last-logged opid is not known
I20260710 13:23:00.177116 17195 raft_consensus.cc:2468] T b0607ebf6b69426bb75b5efb364a46f3 P d5f47fc581a24ec4b2859a5943a04407 [term 1 FOLLOWER]: Leader election vote request: Granting yes vote for candidate 9b0a970598714969a346ef0f5b4213ae in term 1.
W20260710 13:23:00.178493 17162 leader_election.cc:343] T 7a5c2e5912da4963ba9a28eeff1706cb P d5f47fc581a24ec4b2859a5943a04407 [CANDIDATE]: Term 1 election: Tablet error from VoteRequest() call to peer 9b0a970598714969a346ef0f5b4213ae (127.16.30.3:35011): Illegal state: must be running to vote when last-logged opid is not known
I20260710 13:23:00.180537 17311 tablet_bootstrap.cc:492] T b960bb96d94446a7abcc1f8666a4e04c P d5f47fc581a24ec4b2859a5943a04407: No bootstrap required, opened a new log
I20260710 13:23:00.181056 17311 ts_tablet_manager.cc:1403] T b960bb96d94446a7abcc1f8666a4e04c P d5f47fc581a24ec4b2859a5943a04407: Time spent bootstrapping tablet: real 0.098s	user 0.019s	sys 0.019s
I20260710 13:23:00.183168 17234 leader_election.cc:304] T b0607ebf6b69426bb75b5efb364a46f3 P 9b0a970598714969a346ef0f5b4213ae [CANDIDATE]: Term 1 election: Election decided. Result: candidate won. Election summary: received 3 responses out of 3 voters: 2 yes votes; 1 no votes. yes voters: 9b0a970598714969a346ef0f5b4213ae, d5f47fc581a24ec4b2859a5943a04407; no voters: f756e92d87384606aa19eeb020e8c89b
I20260710 13:23:00.186420 17337 raft_consensus.cc:515] T aa4a960ac5124ed18ddefaee6c3a28f8 P f756e92d87384606aa19eeb020e8c89b [term 1 FOLLOWER]: Starting leader election with config: opid_index: -1 OBSOLETE_local: false peers { permanent_uuid: "f756e92d87384606aa19eeb020e8c89b" member_type: VOTER last_known_addr { host: "127.16.30.1" port: 38361 } } peers { permanent_uuid: "d5f47fc581a24ec4b2859a5943a04407" member_type: VOTER last_known_addr { host: "127.16.30.2" port: 33787 } } peers { permanent_uuid: "9b0a970598714969a346ef0f5b4213ae" member_type: VOTER last_known_addr { host: "127.16.30.3" port: 35011 } }
I20260710 13:23:00.187704 17162 leader_election.cc:304] T a5cee8e20bf24f75ae3e9dced00a7101 P d5f47fc581a24ec4b2859a5943a04407 [CANDIDATE]: Term 1 election: Election decided. Result: candidate won. Election summary: received 3 responses out of 3 voters: 2 yes votes; 1 no votes. yes voters: 9b0a970598714969a346ef0f5b4213ae, d5f47fc581a24ec4b2859a5943a04407; no voters: f756e92d87384606aa19eeb020e8c89b
I20260710 13:23:00.189574 17348 raft_consensus.cc:2804] T b0607ebf6b69426bb75b5efb364a46f3 P 9b0a970598714969a346ef0f5b4213ae [term 1 FOLLOWER]: Leader election won for term 1
I20260710 13:23:00.190270 17348 raft_consensus.cc:697] T b0607ebf6b69426bb75b5efb364a46f3 P 9b0a970598714969a346ef0f5b4213ae [term 1 LEADER]: Becoming Leader. State: Replica: 9b0a970598714969a346ef0f5b4213ae, State: Running, Role: LEADER
I20260710 13:23:00.188966 17196 raft_consensus.cc:2468] T baf35c75da084e659996c3b8763af174 P d5f47fc581a24ec4b2859a5943a04407 [term 1 FOLLOWER]: Leader election vote request: Granting yes vote for candidate f756e92d87384606aa19eeb020e8c89b in term 1.
I20260710 13:23:00.191295 17319 raft_consensus.cc:2749] T baf35c75da084e659996c3b8763af174 P d5f47fc581a24ec4b2859a5943a04407 [term 1 FOLLOWER]: Leader pre-election lost for term 1. Reason: could not achieve majority
I20260710 13:23:00.191365 17348 consensus_queue.cc:237] T b0607ebf6b69426bb75b5efb364a46f3 P 9b0a970598714969a346ef0f5b4213ae [LEADER]: Queue going to LEADER mode. State: All replicated index: 0, Majority replicated index: 0, Committed index: 0, Last appended: 0.0, Last appended by leader: 0, Current term: 1, Majority size: 2, State: 0, Mode: LEADER, active raft config: opid_index: -1 OBSOLETE_local: false peers { permanent_uuid: "f756e92d87384606aa19eeb020e8c89b" member_type: VOTER last_known_addr { host: "127.16.30.1" port: 38361 } } peers { permanent_uuid: "d5f47fc581a24ec4b2859a5943a04407" member_type: VOTER last_known_addr { host: "127.16.30.2" port: 33787 } } peers { permanent_uuid: "9b0a970598714969a346ef0f5b4213ae" member_type: VOTER last_known_addr { host: "127.16.30.3" port: 35011 } }
I20260710 13:23:00.200791 17195 tablet_service.cc:1917] Received RequestConsensusVote() RPC: tablet_id: "aa4a960ac5124ed18ddefaee6c3a28f8" candidate_uuid: "f756e92d87384606aa19eeb020e8c89b" candidate_term: 1 candidate_status { last_received { term: 0 index: 0 } } ignore_live_leader: false dest_uuid: "d5f47fc581a24ec4b2859a5943a04407"
I20260710 13:23:00.207002 17085 leader_election.cc:304] T baf35c75da084e659996c3b8763af174 P f756e92d87384606aa19eeb020e8c89b [CANDIDATE]: Term 1 election: Election decided. Result: candidate won. Election summary: received 3 responses out of 3 voters: 2 yes votes; 1 no votes. yes voters: d5f47fc581a24ec4b2859a5943a04407, f756e92d87384606aa19eeb020e8c89b; no voters: 9b0a970598714969a346ef0f5b4213ae
I20260710 13:23:00.208104 17318 raft_consensus.cc:2804] T baf35c75da084e659996c3b8763af174 P f756e92d87384606aa19eeb020e8c89b [term 1 FOLLOWER]: Leader election won for term 1
I20260710 13:23:00.208774 17318 raft_consensus.cc:697] T baf35c75da084e659996c3b8763af174 P f756e92d87384606aa19eeb020e8c89b [term 1 LEADER]: Becoming Leader. State: Replica: f756e92d87384606aa19eeb020e8c89b, State: Running, Role: LEADER
I20260710 13:23:00.197535 17319 raft_consensus.cc:493] T c4d5a858f5644a1abc75879b1e5ae22a P d5f47fc581a24ec4b2859a5943a04407 [term 0 FOLLOWER]: Starting pre-election (no leader contacted us within the election timeout)
W20260710 13:23:00.208532 17085 leader_election.cc:343] T aa4a960ac5124ed18ddefaee6c3a28f8 P f756e92d87384606aa19eeb020e8c89b [CANDIDATE]: Term 1 election: Tablet error from VoteRequest() call to peer d5f47fc581a24ec4b2859a5943a04407 (127.16.30.2:33787): Illegal state: must be running to vote when last-logged opid is not known
I20260710 13:23:00.202934 17121 raft_consensus.cc:2468] T 7a5c2e5912da4963ba9a28eeff1706cb P f756e92d87384606aa19eeb020e8c89b [term 1 FOLLOWER]: Leader election vote request: Granting yes vote for candidate d5f47fc581a24ec4b2859a5943a04407 in term 1.
I20260710 13:23:00.210410 17319 raft_consensus.cc:515] T c4d5a858f5644a1abc75879b1e5ae22a P d5f47fc581a24ec4b2859a5943a04407 [term 0 FOLLOWER]: Starting pre-election with config: opid_index: -1 OBSOLETE_local: false peers { permanent_uuid: "f756e92d87384606aa19eeb020e8c89b" member_type: VOTER last_known_addr { host: "127.16.30.1" port: 38361 } } peers { permanent_uuid: "d5f47fc581a24ec4b2859a5943a04407" member_type: VOTER last_known_addr { host: "127.16.30.2" port: 33787 } } peers { permanent_uuid: "9b0a970598714969a346ef0f5b4213ae" member_type: VOTER last_known_addr { host: "127.16.30.3" port: 35011 } }
I20260710 13:23:00.212195 17270 tablet_service.cc:1917] Received RequestConsensusVote() RPC: tablet_id: "aa4a960ac5124ed18ddefaee6c3a28f8" candidate_uuid: "f756e92d87384606aa19eeb020e8c89b" candidate_term: 1 candidate_status { last_received { term: 0 index: 0 } } ignore_live_leader: false dest_uuid: "9b0a970598714969a346ef0f5b4213ae"
I20260710 13:23:00.212016 17160 leader_election.cc:304] T 7a5c2e5912da4963ba9a28eeff1706cb P d5f47fc581a24ec4b2859a5943a04407 [CANDIDATE]: Term 1 election: Election decided. Result: candidate won. Election summary: received 3 responses out of 3 voters: 2 yes votes; 1 no votes. yes voters: d5f47fc581a24ec4b2859a5943a04407, f756e92d87384606aa19eeb020e8c89b; no voters: 9b0a970598714969a346ef0f5b4213ae
I20260710 13:23:00.212750 17270 raft_consensus.cc:3060] T aa4a960ac5124ed18ddefaee6c3a28f8 P 9b0a970598714969a346ef0f5b4213ae [term 0 FOLLOWER]: Advancing to term 1
I20260710 13:23:00.213155 17319 leader_election.cc:290] T c4d5a858f5644a1abc75879b1e5ae22a P d5f47fc581a24ec4b2859a5943a04407 [CANDIDATE]: Term 1 pre-election: Requested pre-vote from peers f756e92d87384606aa19eeb020e8c89b (127.16.30.1:38361), 9b0a970598714969a346ef0f5b4213ae (127.16.30.3:35011)
I20260710 13:23:00.213632 17319 raft_consensus.cc:2804] T a5cee8e20bf24f75ae3e9dced00a7101 P d5f47fc581a24ec4b2859a5943a04407 [term 1 FOLLOWER]: Leader election won for term 1
I20260710 13:23:00.214028 17319 raft_consensus.cc:697] T a5cee8e20bf24f75ae3e9dced00a7101 P d5f47fc581a24ec4b2859a5943a04407 [term 1 LEADER]: Becoming Leader. State: Replica: d5f47fc581a24ec4b2859a5943a04407, State: Running, Role: LEADER
I20260710 13:23:00.210410 17318 consensus_queue.cc:237] T baf35c75da084e659996c3b8763af174 P f756e92d87384606aa19eeb020e8c89b [LEADER]: Queue going to LEADER mode. State: All replicated index: 0, Majority replicated index: 0, Committed index: 0, Last appended: 0.0, Last appended by leader: 0, Current term: 1, Majority size: 2, State: 0, Mode: LEADER, active raft config: opid_index: -1 OBSOLETE_local: false peers { permanent_uuid: "f756e92d87384606aa19eeb020e8c89b" member_type: VOTER last_known_addr { host: "127.16.30.1" port: 38361 } } peers { permanent_uuid: "d5f47fc581a24ec4b2859a5943a04407" member_type: VOTER last_known_addr { host: "127.16.30.2" port: 33787 } } peers { permanent_uuid: "9b0a970598714969a346ef0f5b4213ae" member_type: VOTER last_known_addr { host: "127.16.30.3" port: 35011 } }
I20260710 13:23:00.215165 17121 tablet_service.cc:1917] Received RequestConsensusVote() RPC: tablet_id: "c4d5a858f5644a1abc75879b1e5ae22a" candidate_uuid: "d5f47fc581a24ec4b2859a5943a04407" candidate_term: 1 candidate_status { last_received { term: 0 index: 0 } } ignore_live_leader: false dest_uuid: "f756e92d87384606aa19eeb020e8c89b" is_pre_election: true
I20260710 13:23:00.216027 17121 raft_consensus.cc:2468] T c4d5a858f5644a1abc75879b1e5ae22a P f756e92d87384606aa19eeb020e8c89b [term 0 FOLLOWER]: Leader pre-election vote request: Granting yes vote for candidate d5f47fc581a24ec4b2859a5943a04407 in term 0.
I20260710 13:23:00.217665 17160 leader_election.cc:304] T c4d5a858f5644a1abc75879b1e5ae22a P d5f47fc581a24ec4b2859a5943a04407 [CANDIDATE]: Term 1 pre-election: Election decided. Result: candidate won. Election summary: received 2 responses out of 3 voters: 2 yes votes; 0 no votes. yes voters: d5f47fc581a24ec4b2859a5943a04407, f756e92d87384606aa19eeb020e8c89b; no voters: 
I20260710 13:23:00.202059 17313 tablet_bootstrap.cc:654] T ba6222f00a214ac08c57715846429da2 P f756e92d87384606aa19eeb020e8c89b: Neither blocks nor log segments found. Creating new log.
I20260710 13:23:00.219731 17270 raft_consensus.cc:2468] T aa4a960ac5124ed18ddefaee6c3a28f8 P 9b0a970598714969a346ef0f5b4213ae [term 1 FOLLOWER]: Leader election vote request: Granting yes vote for candidate f756e92d87384606aa19eeb020e8c89b in term 1.
I20260710 13:23:00.220968 17087 leader_election.cc:304] T aa4a960ac5124ed18ddefaee6c3a28f8 P f756e92d87384606aa19eeb020e8c89b [CANDIDATE]: Term 1 election: Election decided. Result: candidate won. Election summary: received 3 responses out of 3 voters: 2 yes votes; 1 no votes. yes voters: 9b0a970598714969a346ef0f5b4213ae, f756e92d87384606aa19eeb020e8c89b; no voters: d5f47fc581a24ec4b2859a5943a04407
I20260710 13:23:00.221768 17337 leader_election.cc:290] T aa4a960ac5124ed18ddefaee6c3a28f8 P f756e92d87384606aa19eeb020e8c89b [CANDIDATE]: Term 1 election: Requested vote from peers d5f47fc581a24ec4b2859a5943a04407 (127.16.30.2:33787), 9b0a970598714969a346ef0f5b4213ae (127.16.30.3:35011)
I20260710 13:23:00.221872 17346 raft_consensus.cc:2804] T aa4a960ac5124ed18ddefaee6c3a28f8 P f756e92d87384606aa19eeb020e8c89b [term 1 FOLLOWER]: Leader election won for term 1
I20260710 13:23:00.214788 17319 consensus_queue.cc:237] T a5cee8e20bf24f75ae3e9dced00a7101 P d5f47fc581a24ec4b2859a5943a04407 [LEADER]: Queue going to LEADER mode. State: All replicated index: 0, Majority replicated index: 0, Committed index: 0, Last appended: 0.0, Last appended by leader: 0, Current term: 1, Majority size: 2, State: 0, Mode: LEADER, active raft config: opid_index: -1 OBSOLETE_local: false peers { permanent_uuid: "f756e92d87384606aa19eeb020e8c89b" member_type: VOTER last_known_addr { host: "127.16.30.1" port: 38361 } } peers { permanent_uuid: "d5f47fc581a24ec4b2859a5943a04407" member_type: VOTER last_known_addr { host: "127.16.30.2" port: 33787 } } peers { permanent_uuid: "9b0a970598714969a346ef0f5b4213ae" member_type: VOTER last_known_addr { host: "127.16.30.3" port: 35011 } }
I20260710 13:23:00.222582 17346 raft_consensus.cc:697] T aa4a960ac5124ed18ddefaee6c3a28f8 P f756e92d87384606aa19eeb020e8c89b [term 1 LEADER]: Becoming Leader. State: Replica: f756e92d87384606aa19eeb020e8c89b, State: Running, Role: LEADER
I20260710 13:23:00.223935 17346 consensus_queue.cc:237] T aa4a960ac5124ed18ddefaee6c3a28f8 P f756e92d87384606aa19eeb020e8c89b [LEADER]: Queue going to LEADER mode. State: All replicated index: 0, Majority replicated index: 0, Committed index: 0, Last appended: 0.0, Last appended by leader: 0, Current term: 1, Majority size: 2, State: 0, Mode: LEADER, active raft config: opid_index: -1 OBSOLETE_local: false peers { permanent_uuid: "f756e92d87384606aa19eeb020e8c89b" member_type: VOTER last_known_addr { host: "127.16.30.1" port: 38361 } } peers { permanent_uuid: "d5f47fc581a24ec4b2859a5943a04407" member_type: VOTER last_known_addr { host: "127.16.30.2" port: 33787 } } peers { permanent_uuid: "9b0a970598714969a346ef0f5b4213ae" member_type: VOTER last_known_addr { host: "127.16.30.3" port: 35011 } }
I20260710 13:23:00.202251 17311 raft_consensus.cc:359] T b960bb96d94446a7abcc1f8666a4e04c P d5f47fc581a24ec4b2859a5943a04407 [term 0 FOLLOWER]: Replica starting. Triggering 0 pending ops. Active config: opid_index: -1 OBSOLETE_local: false peers { permanent_uuid: "f756e92d87384606aa19eeb020e8c89b" member_type: VOTER last_known_addr { host: "127.16.30.1" port: 38361 } } peers { permanent_uuid: "d5f47fc581a24ec4b2859a5943a04407" member_type: VOTER last_known_addr { host: "127.16.30.2" port: 33787 } } peers { permanent_uuid: "9b0a970598714969a346ef0f5b4213ae" member_type: VOTER last_known_addr { host: "127.16.30.3" port: 35011 } }
I20260710 13:23:00.225679 17349 raft_consensus.cc:2804] T 7a5c2e5912da4963ba9a28eeff1706cb P d5f47fc581a24ec4b2859a5943a04407 [term 1 FOLLOWER]: Leader election won for term 1
I20260710 13:23:00.225895 17311 raft_consensus.cc:385] T b960bb96d94446a7abcc1f8666a4e04c P d5f47fc581a24ec4b2859a5943a04407 [term 0 FOLLOWER]: Consensus starting up: Expiring failure detector timer to make a prompt election more likely
I20260710 13:23:00.226240 17311 raft_consensus.cc:740] T b960bb96d94446a7abcc1f8666a4e04c P d5f47fc581a24ec4b2859a5943a04407 [term 0 FOLLOWER]: Becoming Follower/Learner. State: Replica: d5f47fc581a24ec4b2859a5943a04407, State: Initialized, Role: FOLLOWER
I20260710 13:23:00.233078 17314 raft_consensus.cc:493] T c4d5a858f5644a1abc75879b1e5ae22a P 9b0a970598714969a346ef0f5b4213ae [term 0 FOLLOWER]: Starting pre-election (no leader contacted us within the election timeout)
I20260710 13:23:00.243162 17314 raft_consensus.cc:515] T c4d5a858f5644a1abc75879b1e5ae22a P 9b0a970598714969a346ef0f5b4213ae [term 0 FOLLOWER]: Starting pre-election with config: opid_index: -1 OBSOLETE_local: false peers { permanent_uuid: "f756e92d87384606aa19eeb020e8c89b" member_type: VOTER last_known_addr { host: "127.16.30.1" port: 38361 } } peers { permanent_uuid: "d5f47fc581a24ec4b2859a5943a04407" member_type: VOTER last_known_addr { host: "127.16.30.2" port: 33787 } } peers { permanent_uuid: "9b0a970598714969a346ef0f5b4213ae" member_type: VOTER last_known_addr { host: "127.16.30.3" port: 35011 } }
I20260710 13:23:00.245729 17314 leader_election.cc:290] T c4d5a858f5644a1abc75879b1e5ae22a P 9b0a970598714969a346ef0f5b4213ae [CANDIDATE]: Term 1 pre-election: Requested pre-vote from peers f756e92d87384606aa19eeb020e8c89b (127.16.30.1:38361), d5f47fc581a24ec4b2859a5943a04407 (127.16.30.2:33787)
I20260710 13:23:00.228453 17357 raft_consensus.cc:2804] T c4d5a858f5644a1abc75879b1e5ae22a P d5f47fc581a24ec4b2859a5943a04407 [term 0 FOLLOWER]: Leader pre-election won for term 1
I20260710 13:23:00.246672 17357 raft_consensus.cc:493] T c4d5a858f5644a1abc75879b1e5ae22a P d5f47fc581a24ec4b2859a5943a04407 [term 0 FOLLOWER]: Starting leader election (no leader contacted us within the election timeout)
I20260710 13:23:00.247196 17357 raft_consensus.cc:3060] T c4d5a858f5644a1abc75879b1e5ae22a P d5f47fc581a24ec4b2859a5943a04407 [term 0 FOLLOWER]: Advancing to term 1
I20260710 13:23:00.250644 17121 tablet_service.cc:1917] Received RequestConsensusVote() RPC: tablet_id: "c4d5a858f5644a1abc75879b1e5ae22a" candidate_uuid: "9b0a970598714969a346ef0f5b4213ae" candidate_term: 1 candidate_status { last_received { term: 0 index: 0 } } ignore_live_leader: false dest_uuid: "f756e92d87384606aa19eeb020e8c89b" is_pre_election: true
I20260710 13:23:00.251493 17121 raft_consensus.cc:2468] T c4d5a858f5644a1abc75879b1e5ae22a P f756e92d87384606aa19eeb020e8c89b [term 0 FOLLOWER]: Leader pre-election vote request: Granting yes vote for candidate 9b0a970598714969a346ef0f5b4213ae in term 0.
W20260710 13:23:00.240168 17162 outbound_call.cc:321] RPC callback for RPC call kudu.consensus.ConsensusService.RequestConsensusVote -> {remote=127.16.30.3:35011, user_credentials={real_user=slave}} blocked reactor thread for 52524.7us
I20260710 13:23:00.253355 17195 tablet_service.cc:1917] Received RequestConsensusVote() RPC: tablet_id: "c4d5a858f5644a1abc75879b1e5ae22a" candidate_uuid: "9b0a970598714969a346ef0f5b4213ae" candidate_term: 1 candidate_status { last_received { term: 0 index: 0 } } ignore_live_leader: false dest_uuid: "d5f47fc581a24ec4b2859a5943a04407" is_pre_election: true
I20260710 13:23:00.227062 17311 consensus_queue.cc:260] T b960bb96d94446a7abcc1f8666a4e04c P d5f47fc581a24ec4b2859a5943a04407 [NON_LEADER]: Queue going to NON_LEADER mode. State: All replicated index: 0, Majority replicated index: 0, Committed index: 0, Last appended: 0.0, Last appended by leader: 0, Current term: 0, Majority size: -1, State: 0, Mode: NON_LEADER, active raft config: opid_index: -1 OBSOLETE_local: false peers { permanent_uuid: "f756e92d87384606aa19eeb020e8c89b" member_type: VOTER last_known_addr { host: "127.16.30.1" port: 38361 } } peers { permanent_uuid: "d5f47fc581a24ec4b2859a5943a04407" member_type: VOTER last_known_addr { host: "127.16.30.2" port: 33787 } } peers { permanent_uuid: "9b0a970598714969a346ef0f5b4213ae" member_type: VOTER last_known_addr { host: "127.16.30.3" port: 35011 } }
I20260710 13:23:00.254413 17270 tablet_service.cc:1917] Received RequestConsensusVote() RPC: tablet_id: "c4d5a858f5644a1abc75879b1e5ae22a" candidate_uuid: "d5f47fc581a24ec4b2859a5943a04407" candidate_term: 1 candidate_status { last_received { term: 0 index: 0 } } ignore_live_leader: false dest_uuid: "9b0a970598714969a346ef0f5b4213ae" is_pre_election: true
I20260710 13:23:00.254987 17270 raft_consensus.cc:2468] T c4d5a858f5644a1abc75879b1e5ae22a P 9b0a970598714969a346ef0f5b4213ae [term 0 FOLLOWER]: Leader pre-election vote request: Granting yes vote for candidate d5f47fc581a24ec4b2859a5943a04407 in term 0.
I20260710 13:23:00.255105 17234 leader_election.cc:304] T c4d5a858f5644a1abc75879b1e5ae22a P 9b0a970598714969a346ef0f5b4213ae [CANDIDATE]: Term 1 pre-election: Election decided. Result: candidate won. Election summary: received 2 responses out of 3 voters: 2 yes votes; 0 no votes. yes voters: 9b0a970598714969a346ef0f5b4213ae, f756e92d87384606aa19eeb020e8c89b; no voters: 
I20260710 13:23:00.256052 17311 ts_tablet_manager.cc:1434] T b960bb96d94446a7abcc1f8666a4e04c P d5f47fc581a24ec4b2859a5943a04407: Time spent starting tablet: real 0.075s	user 0.006s	sys 0.000s
I20260710 13:23:00.230736 17349 raft_consensus.cc:697] T 7a5c2e5912da4963ba9a28eeff1706cb P d5f47fc581a24ec4b2859a5943a04407 [term 1 LEADER]: Becoming Leader. State: Replica: d5f47fc581a24ec4b2859a5943a04407, State: Running, Role: LEADER
I20260710 13:23:00.256989 17314 raft_consensus.cc:2804] T c4d5a858f5644a1abc75879b1e5ae22a P 9b0a970598714969a346ef0f5b4213ae [term 0 FOLLOWER]: Leader pre-election won for term 1
I20260710 13:23:00.257534 17314 raft_consensus.cc:493] T c4d5a858f5644a1abc75879b1e5ae22a P 9b0a970598714969a346ef0f5b4213ae [term 0 FOLLOWER]: Starting leader election (no leader contacted us within the election timeout)
I20260710 13:23:00.258177 17314 raft_consensus.cc:3060] T c4d5a858f5644a1abc75879b1e5ae22a P 9b0a970598714969a346ef0f5b4213ae [term 0 FOLLOWER]: Advancing to term 1
I20260710 13:23:00.248325 17019 catalog_manager.cc:5697] T baf35c75da084e659996c3b8763af174 P f756e92d87384606aa19eeb020e8c89b reported cstate change: term changed from 0 to 1, leader changed from <none> to f756e92d87384606aa19eeb020e8c89b (127.16.30.1). New cstate: current_term: 1 leader_uuid: "f756e92d87384606aa19eeb020e8c89b" committed_config { opid_index: -1 OBSOLETE_local: false peers { permanent_uuid: "f756e92d87384606aa19eeb020e8c89b" member_type: VOTER last_known_addr { host: "127.16.30.1" port: 38361 } health_report { overall_health: HEALTHY } } peers { permanent_uuid: "d5f47fc581a24ec4b2859a5943a04407" member_type: VOTER last_known_addr { host: "127.16.30.2" port: 33787 } health_report { overall_health: UNKNOWN } } peers { permanent_uuid: "9b0a970598714969a346ef0f5b4213ae" member_type: VOTER last_known_addr { host: "127.16.30.3" port: 35011 } health_report { overall_health: UNKNOWN } } }
I20260710 13:23:00.257886 17349 consensus_queue.cc:237] T 7a5c2e5912da4963ba9a28eeff1706cb P d5f47fc581a24ec4b2859a5943a04407 [LEADER]: Queue going to LEADER mode. State: All replicated index: 0, Majority replicated index: 0, Committed index: 0, Last appended: 0.0, Last appended by leader: 0, Current term: 1, Majority size: 2, State: 0, Mode: LEADER, active raft config: opid_index: -1 OBSOLETE_local: false peers { permanent_uuid: "f756e92d87384606aa19eeb020e8c89b" member_type: VOTER last_known_addr { host: "127.16.30.1" port: 38361 } } peers { permanent_uuid: "d5f47fc581a24ec4b2859a5943a04407" member_type: VOTER last_known_addr { host: "127.16.30.2" port: 33787 } } peers { permanent_uuid: "9b0a970598714969a346ef0f5b4213ae" member_type: VOTER last_known_addr { host: "127.16.30.3" port: 35011 } }
I20260710 13:23:00.269322 17311 tablet_bootstrap.cc:492] T ba6222f00a214ac08c57715846429da2 P d5f47fc581a24ec4b2859a5943a04407: Bootstrap starting.
I20260710 13:23:00.283161 17310 tablet_bootstrap.cc:492] T baf35c75da084e659996c3b8763af174 P 9b0a970598714969a346ef0f5b4213ae: No bootstrap required, opened a new log
I20260710 13:23:00.284724 17310 ts_tablet_manager.cc:1403] T baf35c75da084e659996c3b8763af174 P 9b0a970598714969a346ef0f5b4213ae: Time spent bootstrapping tablet: real 0.114s	user 0.011s	sys 0.021s
I20260710 13:23:00.285802 17314 raft_consensus.cc:515] T c4d5a858f5644a1abc75879b1e5ae22a P 9b0a970598714969a346ef0f5b4213ae [term 1 FOLLOWER]: Starting leader election with config: opid_index: -1 OBSOLETE_local: false peers { permanent_uuid: "f756e92d87384606aa19eeb020e8c89b" member_type: VOTER last_known_addr { host: "127.16.30.1" port: 38361 } } peers { permanent_uuid: "d5f47fc581a24ec4b2859a5943a04407" member_type: VOTER last_known_addr { host: "127.16.30.2" port: 33787 } } peers { permanent_uuid: "9b0a970598714969a346ef0f5b4213ae" member_type: VOTER last_known_addr { host: "127.16.30.3" port: 35011 } }
W20260710 13:23:00.280346 17160 outbound_call.cc:321] RPC callback for RPC call kudu.consensus.ConsensusService.RequestConsensusVote -> {remote=127.16.30.1:38361, user_credentials={real_user=slave}} blocked reactor thread for 62818.2us
I20260710 13:23:00.296737 17313 tablet_bootstrap.cc:492] T ba6222f00a214ac08c57715846429da2 P f756e92d87384606aa19eeb020e8c89b: No bootstrap required, opened a new log
I20260710 13:23:00.297441 17313 ts_tablet_manager.cc:1403] T ba6222f00a214ac08c57715846429da2 P f756e92d87384606aa19eeb020e8c89b: Time spent bootstrapping tablet: real 0.123s	user 0.020s	sys 0.030s
I20260710 13:23:00.299413 17016 catalog_manager.cc:5697] T b0607ebf6b69426bb75b5efb364a46f3 P 9b0a970598714969a346ef0f5b4213ae reported cstate change: term changed from 0 to 1, leader changed from <none> to 9b0a970598714969a346ef0f5b4213ae (127.16.30.3). New cstate: current_term: 1 leader_uuid: "9b0a970598714969a346ef0f5b4213ae" committed_config { opid_index: -1 OBSOLETE_local: false peers { permanent_uuid: "f756e92d87384606aa19eeb020e8c89b" member_type: VOTER last_known_addr { host: "127.16.30.1" port: 38361 } health_report { overall_health: UNKNOWN } } peers { permanent_uuid: "d5f47fc581a24ec4b2859a5943a04407" member_type: VOTER last_known_addr { host: "127.16.30.2" port: 33787 } health_report { overall_health: UNKNOWN } } peers { permanent_uuid: "9b0a970598714969a346ef0f5b4213ae" member_type: VOTER last_known_addr { host: "127.16.30.3" port: 35011 } health_report { overall_health: HEALTHY } } }
I20260710 13:23:00.301072 17313 raft_consensus.cc:359] T ba6222f00a214ac08c57715846429da2 P f756e92d87384606aa19eeb020e8c89b [term 0 FOLLOWER]: Replica starting. Triggering 0 pending ops. Active config: opid_index: -1 OBSOLETE_local: false peers { permanent_uuid: "f756e92d87384606aa19eeb020e8c89b" member_type: VOTER last_known_addr { host: "127.16.30.1" port: 38361 } } peers { permanent_uuid: "d5f47fc581a24ec4b2859a5943a04407" member_type: VOTER last_known_addr { host: "127.16.30.2" port: 33787 } } peers { permanent_uuid: "9b0a970598714969a346ef0f5b4213ae" member_type: VOTER last_known_addr { host: "127.16.30.3" port: 35011 } }
I20260710 13:23:00.300693 17018 catalog_manager.cc:5697] T a5cee8e20bf24f75ae3e9dced00a7101 P d5f47fc581a24ec4b2859a5943a04407 reported cstate change: term changed from 0 to 1, leader changed from <none> to d5f47fc581a24ec4b2859a5943a04407 (127.16.30.2). New cstate: current_term: 1 leader_uuid: "d5f47fc581a24ec4b2859a5943a04407" committed_config { opid_index: -1 OBSOLETE_local: false peers { permanent_uuid: "f756e92d87384606aa19eeb020e8c89b" member_type: VOTER last_known_addr { host: "127.16.30.1" port: 38361 } health_report { overall_health: UNKNOWN } } peers { permanent_uuid: "d5f47fc581a24ec4b2859a5943a04407" member_type: VOTER last_known_addr { host: "127.16.30.2" port: 33787 } health_report { overall_health: HEALTHY } } peers { permanent_uuid: "9b0a970598714969a346ef0f5b4213ae" member_type: VOTER last_known_addr { host: "127.16.30.3" port: 35011 } health_report { overall_health: UNKNOWN } } }
I20260710 13:23:00.301908 17313 raft_consensus.cc:385] T ba6222f00a214ac08c57715846429da2 P f756e92d87384606aa19eeb020e8c89b [term 0 FOLLOWER]: Consensus starting up: Expiring failure detector timer to make a prompt election more likely
I20260710 13:23:00.302281 17313 raft_consensus.cc:740] T ba6222f00a214ac08c57715846429da2 P f756e92d87384606aa19eeb020e8c89b [term 0 FOLLOWER]: Becoming Follower/Learner. State: Replica: f756e92d87384606aa19eeb020e8c89b, State: Initialized, Role: FOLLOWER
I20260710 13:23:00.290540 17121 tablet_service.cc:1917] Received RequestConsensusVote() RPC: tablet_id: "c4d5a858f5644a1abc75879b1e5ae22a" candidate_uuid: "9b0a970598714969a346ef0f5b4213ae" candidate_term: 1 candidate_status { last_received { term: 0 index: 0 } } ignore_live_leader: false dest_uuid: "f756e92d87384606aa19eeb020e8c89b"
I20260710 13:23:00.302853 17121 raft_consensus.cc:3060] T c4d5a858f5644a1abc75879b1e5ae22a P f756e92d87384606aa19eeb020e8c89b [term 0 FOLLOWER]: Advancing to term 1
I20260710 13:23:00.303051 17313 consensus_queue.cc:260] T ba6222f00a214ac08c57715846429da2 P f756e92d87384606aa19eeb020e8c89b [NON_LEADER]: Queue going to NON_LEADER mode. State: All replicated index: 0, Majority replicated index: 0, Committed index: 0, Last appended: 0.0, Last appended by leader: 0, Current term: 0, Majority size: -1, State: 0, Mode: NON_LEADER, active raft config: opid_index: -1 OBSOLETE_local: false peers { permanent_uuid: "f756e92d87384606aa19eeb020e8c89b" member_type: VOTER last_known_addr { host: "127.16.30.1" port: 38361 } } peers { permanent_uuid: "d5f47fc581a24ec4b2859a5943a04407" member_type: VOTER last_known_addr { host: "127.16.30.2" port: 33787 } } peers { permanent_uuid: "9b0a970598714969a346ef0f5b4213ae" member_type: VOTER last_known_addr { host: "127.16.30.3" port: 35011 } }
I20260710 13:23:00.291455 17196 tablet_service.cc:1917] Received RequestConsensusVote() RPC: tablet_id: "c4d5a858f5644a1abc75879b1e5ae22a" candidate_uuid: "9b0a970598714969a346ef0f5b4213ae" candidate_term: 1 candidate_status { last_received { term: 0 index: 0 } } ignore_live_leader: false dest_uuid: "d5f47fc581a24ec4b2859a5943a04407"
I20260710 13:23:00.305724 17313 ts_tablet_manager.cc:1434] T ba6222f00a214ac08c57715846429da2 P f756e92d87384606aa19eeb020e8c89b: Time spent starting tablet: real 0.008s	user 0.007s	sys 0.000s
I20260710 13:23:00.306746 17313 tablet_bootstrap.cc:492] T 12d41cf1991b4124868bf0114146781f P f756e92d87384606aa19eeb020e8c89b: Bootstrap starting.
I20260710 13:23:00.308182 17311 tablet_bootstrap.cc:654] T ba6222f00a214ac08c57715846429da2 P d5f47fc581a24ec4b2859a5943a04407: Neither blocks nor log segments found. Creating new log.
I20260710 13:23:00.311100 17121 raft_consensus.cc:2468] T c4d5a858f5644a1abc75879b1e5ae22a P f756e92d87384606aa19eeb020e8c89b [term 1 FOLLOWER]: Leader election vote request: Granting yes vote for candidate 9b0a970598714969a346ef0f5b4213ae in term 1.
I20260710 13:23:00.312373 17234 leader_election.cc:304] T c4d5a858f5644a1abc75879b1e5ae22a P 9b0a970598714969a346ef0f5b4213ae [CANDIDATE]: Term 1 election: Election decided. Result: candidate won. Election summary: received 3 responses out of 3 voters: 2 yes votes; 1 no votes. yes voters: 9b0a970598714969a346ef0f5b4213ae, f756e92d87384606aa19eeb020e8c89b; no voters: d5f47fc581a24ec4b2859a5943a04407
I20260710 13:23:00.313016 17313 tablet_bootstrap.cc:654] T 12d41cf1991b4124868bf0114146781f P f756e92d87384606aa19eeb020e8c89b: Neither blocks nor log segments found. Creating new log.
I20260710 13:23:00.313323 17348 raft_consensus.cc:2804] T c4d5a858f5644a1abc75879b1e5ae22a P 9b0a970598714969a346ef0f5b4213ae [term 1 FOLLOWER]: Leader election won for term 1
I20260710 13:23:00.292002 17357 raft_consensus.cc:515] T c4d5a858f5644a1abc75879b1e5ae22a P d5f47fc581a24ec4b2859a5943a04407 [term 1 FOLLOWER]: Starting leader election with config: opid_index: -1 OBSOLETE_local: false peers { permanent_uuid: "f756e92d87384606aa19eeb020e8c89b" member_type: VOTER last_known_addr { host: "127.16.30.1" port: 38361 } } peers { permanent_uuid: "d5f47fc581a24ec4b2859a5943a04407" member_type: VOTER last_known_addr { host: "127.16.30.2" port: 33787 } } peers { permanent_uuid: "9b0a970598714969a346ef0f5b4213ae" member_type: VOTER last_known_addr { host: "127.16.30.3" port: 35011 } }
I20260710 13:23:00.316152 17195 raft_consensus.cc:2393] T c4d5a858f5644a1abc75879b1e5ae22a P d5f47fc581a24ec4b2859a5943a04407 [term 1 FOLLOWER]: Leader pre-election vote request: Denying vote to candidate 9b0a970598714969a346ef0f5b4213ae in current term 1: Already voted for candidate d5f47fc581a24ec4b2859a5943a04407 in this term.
I20260710 13:23:00.288298 17314 leader_election.cc:290] T c4d5a858f5644a1abc75879b1e5ae22a P 9b0a970598714969a346ef0f5b4213ae [CANDIDATE]: Term 1 election: Requested vote from peers f756e92d87384606aa19eeb020e8c89b (127.16.30.1:38361), d5f47fc581a24ec4b2859a5943a04407 (127.16.30.2:33787)
I20260710 13:23:00.324095 17313 tablet_bootstrap.cc:492] T 12d41cf1991b4124868bf0114146781f P f756e92d87384606aa19eeb020e8c89b: No bootstrap required, opened a new log
I20260710 13:23:00.324994 17121 tablet_service.cc:1917] Received RequestConsensusVote() RPC: tablet_id: "c4d5a858f5644a1abc75879b1e5ae22a" candidate_uuid: "d5f47fc581a24ec4b2859a5943a04407" candidate_term: 1 candidate_status { last_received { term: 0 index: 0 } } ignore_live_leader: false dest_uuid: "f756e92d87384606aa19eeb020e8c89b"
I20260710 13:23:00.338065 17313 ts_tablet_manager.cc:1403] T 12d41cf1991b4124868bf0114146781f P f756e92d87384606aa19eeb020e8c89b: Time spent bootstrapping tablet: real 0.032s	user 0.021s	sys 0.008s
I20260710 13:23:00.325228 17357 leader_election.cc:290] T c4d5a858f5644a1abc75879b1e5ae22a P d5f47fc581a24ec4b2859a5943a04407 [CANDIDATE]: Term 1 election: Requested vote from peers f756e92d87384606aa19eeb020e8c89b (127.16.30.1:38361), 9b0a970598714969a346ef0f5b4213ae (127.16.30.3:35011)
I20260710 13:23:00.338338 17121 raft_consensus.cc:2393] T c4d5a858f5644a1abc75879b1e5ae22a P f756e92d87384606aa19eeb020e8c89b [term 1 FOLLOWER]: Leader election vote request: Denying vote to candidate d5f47fc581a24ec4b2859a5943a04407 in current term 1: Already voted for candidate 9b0a970598714969a346ef0f5b4213ae in this term.
I20260710 13:23:00.320613 17310 raft_consensus.cc:359] T baf35c75da084e659996c3b8763af174 P 9b0a970598714969a346ef0f5b4213ae [term 0 FOLLOWER]: Replica starting. Triggering 0 pending ops. Active config: opid_index: -1 OBSOLETE_local: false peers { permanent_uuid: "f756e92d87384606aa19eeb020e8c89b" member_type: VOTER last_known_addr { host: "127.16.30.1" port: 38361 } } peers { permanent_uuid: "d5f47fc581a24ec4b2859a5943a04407" member_type: VOTER last_known_addr { host: "127.16.30.2" port: 33787 } } peers { permanent_uuid: "9b0a970598714969a346ef0f5b4213ae" member_type: VOTER last_known_addr { host: "127.16.30.3" port: 35011 } }
I20260710 13:23:00.338902 17310 raft_consensus.cc:385] T baf35c75da084e659996c3b8763af174 P 9b0a970598714969a346ef0f5b4213ae [term 0 FOLLOWER]: Consensus starting up: Expiring failure detector timer to make a prompt election more likely
I20260710 13:23:00.339272 17310 raft_consensus.cc:740] T baf35c75da084e659996c3b8763af174 P 9b0a970598714969a346ef0f5b4213ae [term 0 FOLLOWER]: Becoming Follower/Learner. State: Replica: 9b0a970598714969a346ef0f5b4213ae, State: Initialized, Role: FOLLOWER
I20260710 13:23:00.325472 17270 tablet_service.cc:1917] Received RequestConsensusVote() RPC: tablet_id: "c4d5a858f5644a1abc75879b1e5ae22a" candidate_uuid: "d5f47fc581a24ec4b2859a5943a04407" candidate_term: 1 candidate_status { last_received { term: 0 index: 0 } } ignore_live_leader: false dest_uuid: "9b0a970598714969a346ef0f5b4213ae"
I20260710 13:23:00.340237 17310 consensus_queue.cc:260] T baf35c75da084e659996c3b8763af174 P 9b0a970598714969a346ef0f5b4213ae [NON_LEADER]: Queue going to NON_LEADER mode. State: All replicated index: 0, Majority replicated index: 0, Committed index: 0, Last appended: 0.0, Last appended by leader: 0, Current term: 0, Majority size: -1, State: 0, Mode: NON_LEADER, active raft config: opid_index: -1 OBSOLETE_local: false peers { permanent_uuid: "f756e92d87384606aa19eeb020e8c89b" member_type: VOTER last_known_addr { host: "127.16.30.1" port: 38361 } } peers { permanent_uuid: "d5f47fc581a24ec4b2859a5943a04407" member_type: VOTER last_known_addr { host: "127.16.30.2" port: 33787 } } peers { permanent_uuid: "9b0a970598714969a346ef0f5b4213ae" member_type: VOTER last_known_addr { host: "127.16.30.3" port: 35011 } }
I20260710 13:23:00.340433 17346 raft_consensus.cc:493] T b0607ebf6b69426bb75b5efb364a46f3 P f756e92d87384606aa19eeb020e8c89b [term 0 FOLLOWER]: Starting pre-election (no leader contacted us within the election timeout)
I20260710 13:23:00.340835 17313 raft_consensus.cc:359] T 12d41cf1991b4124868bf0114146781f P f756e92d87384606aa19eeb020e8c89b [term 0 FOLLOWER]: Replica starting. Triggering 0 pending ops. Active config: opid_index: -1 OBSOLETE_local: false peers { permanent_uuid: "f756e92d87384606aa19eeb020e8c89b" member_type: VOTER last_known_addr { host: "127.16.30.1" port: 38361 } } peers { permanent_uuid: "d5f47fc581a24ec4b2859a5943a04407" member_type: VOTER last_known_addr { host: "127.16.30.2" port: 33787 } } peers { permanent_uuid: "9b0a970598714969a346ef0f5b4213ae" member_type: VOTER last_known_addr { host: "127.16.30.3" port: 35011 } }
I20260710 13:23:00.341497 17313 raft_consensus.cc:385] T 12d41cf1991b4124868bf0114146781f P f756e92d87384606aa19eeb020e8c89b [term 0 FOLLOWER]: Consensus starting up: Expiring failure detector timer to make a prompt election more likely
I20260710 13:23:00.341183 17346 raft_consensus.cc:515] T b0607ebf6b69426bb75b5efb364a46f3 P f756e92d87384606aa19eeb020e8c89b [term 0 FOLLOWER]: Starting pre-election with config: opid_index: -1 OBSOLETE_local: false peers { permanent_uuid: "f756e92d87384606aa19eeb020e8c89b" member_type: VOTER last_known_addr { host: "127.16.30.1" port: 38361 } } peers { permanent_uuid: "d5f47fc581a24ec4b2859a5943a04407" member_type: VOTER last_known_addr { host: "127.16.30.2" port: 33787 } } peers { permanent_uuid: "9b0a970598714969a346ef0f5b4213ae" member_type: VOTER last_known_addr { host: "127.16.30.3" port: 35011 } }
