I20260710 13:22:49.406337 22175 leader_election.cc:304] T 3e9296ca9ab34b04abbd23e568bd49f3 P 5c8885d91812464492388755013651de [CANDIDATE]: Term 1 pre-election: Election decided. Result: candidate won. Election summary: received 2 responses out of 3 voters: 2 yes votes; 0 no votes. yes voters: 5c8885d91812464492388755013651de, 7b7d31fd7acb4c83b0a56efab55f6733; no voters: 
I20260710 13:22:49.407158 22259 raft_consensus.cc:2804] T 3e9296ca9ab34b04abbd23e568bd49f3 P 5c8885d91812464492388755013651de [term 0 FOLLOWER]: Leader pre-election won for term 1
I20260710 13:22:49.407500 22259 raft_consensus.cc:493] T 3e9296ca9ab34b04abbd23e568bd49f3 P 5c8885d91812464492388755013651de [term 0 FOLLOWER]: Starting leader election (no leader contacted us within the election timeout)
I20260710 13:22:49.407814 22259 raft_consensus.cc:3060] T 3e9296ca9ab34b04abbd23e568bd49f3 P 5c8885d91812464492388755013651de [term 0 FOLLOWER]: Advancing to term 1
I20260710 13:22:49.408231 22255 tablet_bootstrap.cc:492] T e33d960b20024c8f93b6d4dcde2b44a2 P 7b7d31fd7acb4c83b0a56efab55f6733: No bootstrap required, opened a new log
I20260710 13:22:49.408725 22255 ts_tablet_manager.cc:1403] T e33d960b20024c8f93b6d4dcde2b44a2 P 7b7d31fd7acb4c83b0a56efab55f6733: Time spent bootstrapping tablet: real 0.108s	user 0.014s	sys 0.023s
I20260710 13:22:49.422079 22284 raft_consensus.cc:493] T 7aa316a275f748e2bd7b3cc0de9a7173 P 7b7d31fd7acb4c83b0a56efab55f6733 [term 0 FOLLOWER]: Starting pre-election (no leader contacted us within the election timeout)
I20260710 13:22:49.424232 22284 raft_consensus.cc:515] T 7aa316a275f748e2bd7b3cc0de9a7173 P 7b7d31fd7acb4c83b0a56efab55f6733 [term 0 FOLLOWER]: Starting pre-election with config: opid_index: -1 OBSOLETE_local: false peers { permanent_uuid: "7b7d31fd7acb4c83b0a56efab55f6733" member_type: VOTER last_known_addr { host: "127.21.105.193" port: 42615 } } peers { permanent_uuid: "5c8885d91812464492388755013651de" member_type: VOTER last_known_addr { host: "127.21.105.195" port: 34881 } } peers { permanent_uuid: "d74ce59078ad46cda2882b32909038df" member_type: VOTER last_known_addr { host: "127.21.105.194" port: 44203 } }
I20260710 13:22:49.430083 22211 tablet_service.cc:1917] Received RequestConsensusVote() RPC: tablet_id: "7aa316a275f748e2bd7b3cc0de9a7173" candidate_uuid: "7b7d31fd7acb4c83b0a56efab55f6733" candidate_term: 1 candidate_status { last_received { term: 0 index: 0 } } ignore_live_leader: false dest_uuid: "5c8885d91812464492388755013651de" is_pre_election: true
I20260710 13:22:49.425110 22255 raft_consensus.cc:359] T e33d960b20024c8f93b6d4dcde2b44a2 P 7b7d31fd7acb4c83b0a56efab55f6733 [term 0 FOLLOWER]: Replica starting. Triggering 0 pending ops. Active config: opid_index: -1 OBSOLETE_local: false peers { permanent_uuid: "7b7d31fd7acb4c83b0a56efab55f6733" member_type: VOTER last_known_addr { host: "127.21.105.193" port: 42615 } } peers { permanent_uuid: "d74ce59078ad46cda2882b32909038df" member_type: VOTER last_known_addr { host: "127.21.105.194" port: 44203 } } peers { permanent_uuid: "5c8885d91812464492388755013651de" member_type: VOTER last_known_addr { host: "127.21.105.195" port: 34881 } }
I20260710 13:22:49.449208 21957 catalog_manager.cc:5697] T 04fe4402513d4136bcff33dbc1f91321 P d74ce59078ad46cda2882b32909038df reported cstate change: term changed from 0 to 1, leader changed from <none> to d74ce59078ad46cda2882b32909038df (127.21.105.194). New cstate: current_term: 1 leader_uuid: "d74ce59078ad46cda2882b32909038df" committed_config { opid_index: -1 OBSOLETE_local: false peers { permanent_uuid: "7b7d31fd7acb4c83b0a56efab55f6733" member_type: VOTER last_known_addr { host: "127.21.105.193" port: 42615 } health_report { overall_health: UNKNOWN } } peers { permanent_uuid: "d74ce59078ad46cda2882b32909038df" member_type: VOTER last_known_addr { host: "127.21.105.194" port: 44203 } health_report { overall_health: HEALTHY } } peers { permanent_uuid: "5c8885d91812464492388755013651de" member_type: VOTER last_known_addr { host: "127.21.105.195" port: 34881 } health_report { overall_health: UNKNOWN } } }
I20260710 13:22:49.450493 22254 ts_tablet_manager.cc:1434] T b6a9db728cce4a02b34e224da537aeb1 P 5c8885d91812464492388755013651de: Time spent starting tablet: real 0.063s	user 0.007s	sys 0.001s
I20260710 13:22:49.438514 22062 raft_consensus.cc:2468] T e749c89d4f2c462fbc2cf337da6ad8c2 P 7b7d31fd7acb4c83b0a56efab55f6733 [term 1 FOLLOWER]: Leader election vote request: Granting yes vote for candidate d74ce59078ad46cda2882b32909038df in term 1.
I20260710 13:22:49.436321 22060 raft_consensus.cc:2468] T 04fe4402513d4136bcff33dbc1f91321 P 7b7d31fd7acb4c83b0a56efab55f6733 [term 1 FOLLOWER]: Leader election vote request: Granting yes vote for candidate d74ce59078ad46cda2882b32909038df in term 1.
I20260710 13:22:49.440274 22259 raft_consensus.cc:515] T 3e9296ca9ab34b04abbd23e568bd49f3 P 5c8885d91812464492388755013651de [term 1 FOLLOWER]: Starting leader election with config: opid_index: -1 OBSOLETE_local: false peers { permanent_uuid: "7b7d31fd7acb4c83b0a56efab55f6733" member_type: VOTER last_known_addr { host: "127.21.105.193" port: 42615 } } peers { permanent_uuid: "d74ce59078ad46cda2882b32909038df" member_type: VOTER last_known_addr { host: "127.21.105.194" port: 44203 } } peers { permanent_uuid: "5c8885d91812464492388755013651de" member_type: VOTER last_known_addr { host: "127.21.105.195" port: 34881 } }
I20260710 13:22:49.462838 22254 tablet_bootstrap.cc:492] T e749c89d4f2c462fbc2cf337da6ad8c2 P 5c8885d91812464492388755013651de: Bootstrap starting.
I20260710 13:22:49.464694 22101 leader_election.cc:304] T e749c89d4f2c462fbc2cf337da6ad8c2 P d74ce59078ad46cda2882b32909038df [CANDIDATE]: Term 1 election: Election decided. Result: candidate won. Election summary: received 3 responses out of 3 voters: 2 yes votes; 1 no votes. yes voters: 7b7d31fd7acb4c83b0a56efab55f6733, d74ce59078ad46cda2882b32909038df; no voters: 5c8885d91812464492388755013651de
I20260710 13:22:49.465178 22135 tablet_service.cc:1917] Received RequestConsensusVote() RPC: tablet_id: "3e9296ca9ab34b04abbd23e568bd49f3" candidate_uuid: "5c8885d91812464492388755013651de" candidate_term: 1 candidate_status { last_received { term: 0 index: 0 } } ignore_live_leader: false dest_uuid: "d74ce59078ad46cda2882b32909038df"
I20260710 13:22:49.466336 22274 raft_consensus.cc:2804] T e749c89d4f2c462fbc2cf337da6ad8c2 P d74ce59078ad46cda2882b32909038df [term 1 FOLLOWER]: Leader election won for term 1
W20260710 13:22:49.466549 22174 leader_election.cc:343] T 3e9296ca9ab34b04abbd23e568bd49f3 P 5c8885d91812464492388755013651de [CANDIDATE]: Term 1 election: Tablet error from VoteRequest() call to peer d74ce59078ad46cda2882b32909038df (127.21.105.194:44203): Illegal state: must be running to vote when last-logged opid is not known
I20260710 13:22:49.467008 22274 raft_consensus.cc:697] T e749c89d4f2c462fbc2cf337da6ad8c2 P d74ce59078ad46cda2882b32909038df [term 1 LEADER]: Becoming Leader. State: Replica: d74ce59078ad46cda2882b32909038df, State: Running, Role: LEADER
I20260710 13:22:49.467099 22259 leader_election.cc:290] T 3e9296ca9ab34b04abbd23e568bd49f3 P 5c8885d91812464492388755013651de [CANDIDATE]: Term 1 election: Requested vote from peers 7b7d31fd7acb4c83b0a56efab55f6733 (127.21.105.193:42615), d74ce59078ad46cda2882b32909038df (127.21.105.194:44203)
I20260710 13:22:49.467243 21959 catalog_manager.cc:5697] T 7e146a5071614adf9ab659f7131d7988 P 7b7d31fd7acb4c83b0a56efab55f6733 reported cstate change: term changed from 0 to 1, leader changed from <none> to 7b7d31fd7acb4c83b0a56efab55f6733 (127.21.105.193). New cstate: current_term: 1 leader_uuid: "7b7d31fd7acb4c83b0a56efab55f6733" committed_config { opid_index: -1 OBSOLETE_local: false peers { permanent_uuid: "7b7d31fd7acb4c83b0a56efab55f6733" member_type: VOTER last_known_addr { host: "127.21.105.193" port: 42615 } health_report { overall_health: HEALTHY } } peers { permanent_uuid: "d74ce59078ad46cda2882b32909038df" member_type: VOTER last_known_addr { host: "127.21.105.194" port: 44203 } health_report { overall_health: UNKNOWN } } peers { permanent_uuid: "5c8885d91812464492388755013651de" member_type: VOTER last_known_addr { host: "127.21.105.195" port: 34881 } health_report { overall_health: UNKNOWN } } }
I20260710 13:22:49.467854 22274 consensus_queue.cc:237] T e749c89d4f2c462fbc2cf337da6ad8c2 P d74ce59078ad46cda2882b32909038df [LEADER]: Queue going to LEADER mode. State: All replicated index: 0, Majority replicated index: 0, Committed index: 0, Last appended: 0.0, Last appended by leader: 0, Current term: 1, Majority size: 2, State: 0, Mode: LEADER, active raft config: opid_index: -1 OBSOLETE_local: false peers { permanent_uuid: "7b7d31fd7acb4c83b0a56efab55f6733" member_type: VOTER last_known_addr { host: "127.21.105.193" port: 42615 } } peers { permanent_uuid: "d74ce59078ad46cda2882b32909038df" member_type: VOTER last_known_addr { host: "127.21.105.194" port: 44203 } } peers { permanent_uuid: "5c8885d91812464492388755013651de" member_type: VOTER last_known_addr { host: "127.21.105.195" port: 34881 } }
I20260710 13:22:49.429211 22284 leader_election.cc:290] T 7aa316a275f748e2bd7b3cc0de9a7173 P 7b7d31fd7acb4c83b0a56efab55f6733 [CANDIDATE]: Term 1 pre-election: Requested pre-vote from peers 5c8885d91812464492388755013651de (127.21.105.195:34881), d74ce59078ad46cda2882b32909038df (127.21.105.194:44203)
I20260710 13:22:49.451524 22257 tablet_bootstrap.cc:492] T 7aa316a275f748e2bd7b3cc0de9a7173 P d74ce59078ad46cda2882b32909038df: No bootstrap required, opened a new log
I20260710 13:22:49.469316 22257 ts_tablet_manager.cc:1403] T 7aa316a275f748e2bd7b3cc0de9a7173 P d74ce59078ad46cda2882b32909038df: Time spent bootstrapping tablet: real 0.136s	user 0.015s	sys 0.007s
I20260710 13:22:49.471845 22257 raft_consensus.cc:359] T 7aa316a275f748e2bd7b3cc0de9a7173 P d74ce59078ad46cda2882b32909038df [term 0 FOLLOWER]: Replica starting. Triggering 0 pending ops. Active config: opid_index: -1 OBSOLETE_local: false peers { permanent_uuid: "7b7d31fd7acb4c83b0a56efab55f6733" member_type: VOTER last_known_addr { host: "127.21.105.193" port: 42615 } } peers { permanent_uuid: "5c8885d91812464492388755013651de" member_type: VOTER last_known_addr { host: "127.21.105.195" port: 34881 } } peers { permanent_uuid: "d74ce59078ad46cda2882b32909038df" member_type: VOTER last_known_addr { host: "127.21.105.194" port: 44203 } }
I20260710 13:22:49.431007 22136 tablet_service.cc:1917] Received RequestConsensusVote() RPC: tablet_id: "7aa316a275f748e2bd7b3cc0de9a7173" candidate_uuid: "7b7d31fd7acb4c83b0a56efab55f6733" candidate_term: 1 candidate_status { last_received { term: 0 index: 0 } } ignore_live_leader: false dest_uuid: "d74ce59078ad46cda2882b32909038df" is_pre_election: true
I20260710 13:22:49.459792 22211 raft_consensus.cc:2468] T 7aa316a275f748e2bd7b3cc0de9a7173 P 5c8885d91812464492388755013651de [term 0 FOLLOWER]: Leader pre-election vote request: Granting yes vote for candidate 7b7d31fd7acb4c83b0a56efab55f6733 in term 0.
I20260710 13:22:49.474316 22028 leader_election.cc:304] T 7aa316a275f748e2bd7b3cc0de9a7173 P 7b7d31fd7acb4c83b0a56efab55f6733 [CANDIDATE]: Term 1 pre-election: Election decided. Result: candidate won. Election summary: received 2 responses out of 3 voters: 2 yes votes; 0 no votes. yes voters: 5c8885d91812464492388755013651de, 7b7d31fd7acb4c83b0a56efab55f6733; no voters: 
I20260710 13:22:49.475286 22284 raft_consensus.cc:2804] T 7aa316a275f748e2bd7b3cc0de9a7173 P 7b7d31fd7acb4c83b0a56efab55f6733 [term 0 FOLLOWER]: Leader pre-election won for term 1
I20260710 13:22:49.475752 22284 raft_consensus.cc:493] T 7aa316a275f748e2bd7b3cc0de9a7173 P 7b7d31fd7acb4c83b0a56efab55f6733 [term 0 FOLLOWER]: Starting leader election (no leader contacted us within the election timeout)
I20260710 13:22:49.476207 22284 raft_consensus.cc:3060] T 7aa316a275f748e2bd7b3cc0de9a7173 P 7b7d31fd7acb4c83b0a56efab55f6733 [term 0 FOLLOWER]: Advancing to term 1
I20260710 13:22:49.477758 22060 tablet_service.cc:1917] Received RequestConsensusVote() RPC: tablet_id: "3e9296ca9ab34b04abbd23e568bd49f3" candidate_uuid: "5c8885d91812464492388755013651de" candidate_term: 1 candidate_status { last_received { term: 0 index: 0 } } ignore_live_leader: false dest_uuid: "7b7d31fd7acb4c83b0a56efab55f6733"
I20260710 13:22:49.459817 22255 raft_consensus.cc:385] T e33d960b20024c8f93b6d4dcde2b44a2 P 7b7d31fd7acb4c83b0a56efab55f6733 [term 0 FOLLOWER]: Consensus starting up: Expiring failure detector timer to make a prompt election more likely
I20260710 13:22:49.422720 22137 tablet_service.cc:1917] Received RequestConsensusVote() RPC: tablet_id: "3e9296ca9ab34b04abbd23e568bd49f3" candidate_uuid: "5c8885d91812464492388755013651de" candidate_term: 1 candidate_status { last_received { term: 0 index: 0 } } ignore_live_leader: false dest_uuid: "d74ce59078ad46cda2882b32909038df" is_pre_election: true
I20260710 13:22:49.482282 22255 raft_consensus.cc:740] T e33d960b20024c8f93b6d4dcde2b44a2 P 7b7d31fd7acb4c83b0a56efab55f6733 [term 0 FOLLOWER]: Becoming Follower/Learner. State: Replica: 7b7d31fd7acb4c83b0a56efab55f6733, State: Initialized, Role: FOLLOWER
I20260710 13:22:49.482484 22060 raft_consensus.cc:3060] T 3e9296ca9ab34b04abbd23e568bd49f3 P 7b7d31fd7acb4c83b0a56efab55f6733 [term 0 FOLLOWER]: Advancing to term 1
W20260710 13:22:49.483321 22174 leader_election.cc:343] T 3e9296ca9ab34b04abbd23e568bd49f3 P 5c8885d91812464492388755013651de [CANDIDATE]: Term 1 pre-election: Tablet error from VoteRequest() call to peer d74ce59078ad46cda2882b32909038df (127.21.105.194:44203): Illegal state: must be running to vote when last-logged opid is not known
I20260710 13:22:49.483525 22255 consensus_queue.cc:260] T e33d960b20024c8f93b6d4dcde2b44a2 P 7b7d31fd7acb4c83b0a56efab55f6733 [NON_LEADER]: Queue going to NON_LEADER mode. State: All replicated index: 0, Majority replicated index: 0, Committed index: 0, Last appended: 0.0, Last appended by leader: 0, Current term: 0, Majority size: -1, State: 0, Mode: NON_LEADER, active raft config: opid_index: -1 OBSOLETE_local: false peers { permanent_uuid: "7b7d31fd7acb4c83b0a56efab55f6733" member_type: VOTER last_known_addr { host: "127.21.105.193" port: 42615 } } peers { permanent_uuid: "d74ce59078ad46cda2882b32909038df" member_type: VOTER last_known_addr { host: "127.21.105.194" port: 44203 } } peers { permanent_uuid: "5c8885d91812464492388755013651de" member_type: VOTER last_known_addr { host: "127.21.105.195" port: 34881 } }
I20260710 13:22:49.481356 22257 raft_consensus.cc:385] T 7aa316a275f748e2bd7b3cc0de9a7173 P d74ce59078ad46cda2882b32909038df [term 0 FOLLOWER]: Consensus starting up: Expiring failure detector timer to make a prompt election more likely
I20260710 13:22:49.484525 22257 raft_consensus.cc:740] T 7aa316a275f748e2bd7b3cc0de9a7173 P d74ce59078ad46cda2882b32909038df [term 0 FOLLOWER]: Becoming Follower/Learner. State: Replica: d74ce59078ad46cda2882b32909038df, State: Initialized, Role: FOLLOWER
I20260710 13:22:49.485275 22257 consensus_queue.cc:260] T 7aa316a275f748e2bd7b3cc0de9a7173 P d74ce59078ad46cda2882b32909038df [NON_LEADER]: Queue going to NON_LEADER mode. State: All replicated index: 0, Majority replicated index: 0, Committed index: 0, Last appended: 0.0, Last appended by leader: 0, Current term: 0, Majority size: -1, State: 0, Mode: NON_LEADER, active raft config: opid_index: -1 OBSOLETE_local: false peers { permanent_uuid: "7b7d31fd7acb4c83b0a56efab55f6733" member_type: VOTER last_known_addr { host: "127.21.105.193" port: 42615 } } peers { permanent_uuid: "5c8885d91812464492388755013651de" member_type: VOTER last_known_addr { host: "127.21.105.195" port: 34881 } } peers { permanent_uuid: "d74ce59078ad46cda2882b32909038df" member_type: VOTER last_known_addr { host: "127.21.105.194" port: 44203 } }
I20260710 13:22:49.486137 22255 ts_tablet_manager.cc:1434] T e33d960b20024c8f93b6d4dcde2b44a2 P 7b7d31fd7acb4c83b0a56efab55f6733: Time spent starting tablet: real 0.076s	user 0.006s	sys 0.006s
I20260710 13:22:49.486264 22136 raft_consensus.cc:2468] T 7aa316a275f748e2bd7b3cc0de9a7173 P d74ce59078ad46cda2882b32909038df [term 0 FOLLOWER]: Leader pre-election vote request: Granting yes vote for candidate 7b7d31fd7acb4c83b0a56efab55f6733 in term 0.
I20260710 13:22:49.487255 22255 tablet_bootstrap.cc:492] T 12eee6abfb3c48b1b0899125c87fe6f4 P 7b7d31fd7acb4c83b0a56efab55f6733: Bootstrap starting.
I20260710 13:22:49.489890 22257 ts_tablet_manager.cc:1434] T 7aa316a275f748e2bd7b3cc0de9a7173 P d74ce59078ad46cda2882b32909038df: Time spent starting tablet: real 0.020s	user 0.006s	sys 0.000s
I20260710 13:22:49.490859 22257 tablet_bootstrap.cc:492] T 3e9296ca9ab34b04abbd23e568bd49f3 P d74ce59078ad46cda2882b32909038df: Bootstrap starting.
I20260710 13:22:49.495781 22060 raft_consensus.cc:2468] T 3e9296ca9ab34b04abbd23e568bd49f3 P 7b7d31fd7acb4c83b0a56efab55f6733 [term 1 FOLLOWER]: Leader election vote request: Granting yes vote for candidate 5c8885d91812464492388755013651de in term 1.
I20260710 13:22:49.501549 22284 raft_consensus.cc:515] T 7aa316a275f748e2bd7b3cc0de9a7173 P 7b7d31fd7acb4c83b0a56efab55f6733 [term 1 FOLLOWER]: Starting leader election with config: opid_index: -1 OBSOLETE_local: false peers { permanent_uuid: "7b7d31fd7acb4c83b0a56efab55f6733" member_type: VOTER last_known_addr { host: "127.21.105.193" port: 42615 } } peers { permanent_uuid: "5c8885d91812464492388755013651de" member_type: VOTER last_known_addr { host: "127.21.105.195" port: 34881 } } peers { permanent_uuid: "d74ce59078ad46cda2882b32909038df" member_type: VOTER last_known_addr { host: "127.21.105.194" port: 44203 } }
I20260710 13:22:49.504369 22211 tablet_service.cc:1917] Received RequestConsensusVote() RPC: tablet_id: "7aa316a275f748e2bd7b3cc0de9a7173" candidate_uuid: "7b7d31fd7acb4c83b0a56efab55f6733" candidate_term: 1 candidate_status { last_received { term: 0 index: 0 } } ignore_live_leader: false dest_uuid: "5c8885d91812464492388755013651de"
I20260710 13:22:49.504977 22211 raft_consensus.cc:3060] T 7aa316a275f748e2bd7b3cc0de9a7173 P 5c8885d91812464492388755013651de [term 0 FOLLOWER]: Advancing to term 1
I20260710 13:22:49.506105 22175 leader_election.cc:304] T 3e9296ca9ab34b04abbd23e568bd49f3 P 5c8885d91812464492388755013651de [CANDIDATE]: Term 1 election: Election decided. Result: candidate won. Election summary: received 3 responses out of 3 voters: 2 yes votes; 1 no votes. yes voters: 5c8885d91812464492388755013651de, 7b7d31fd7acb4c83b0a56efab55f6733; no voters: d74ce59078ad46cda2882b32909038df
I20260710 13:22:49.507279 22259 raft_consensus.cc:2804] T 3e9296ca9ab34b04abbd23e568bd49f3 P 5c8885d91812464492388755013651de [term 1 FOLLOWER]: Leader election won for term 1
I20260710 13:22:49.507753 22259 raft_consensus.cc:697] T 3e9296ca9ab34b04abbd23e568bd49f3 P 5c8885d91812464492388755013651de [term 1 LEADER]: Becoming Leader. State: Replica: 5c8885d91812464492388755013651de, State: Running, Role: LEADER
I20260710 13:22:49.508776 22259 consensus_queue.cc:237] T 3e9296ca9ab34b04abbd23e568bd49f3 P 5c8885d91812464492388755013651de [LEADER]: Queue going to LEADER mode. State: All replicated index: 0, Majority replicated index: 0, Committed index: 0, Last appended: 0.0, Last appended by leader: 0, Current term: 1, Majority size: 2, State: 0, Mode: LEADER, active raft config: opid_index: -1 OBSOLETE_local: false peers { permanent_uuid: "7b7d31fd7acb4c83b0a56efab55f6733" member_type: VOTER last_known_addr { host: "127.21.105.193" port: 42615 } } peers { permanent_uuid: "d74ce59078ad46cda2882b32909038df" member_type: VOTER last_known_addr { host: "127.21.105.194" port: 44203 } } peers { permanent_uuid: "5c8885d91812464492388755013651de" member_type: VOTER last_known_addr { host: "127.21.105.195" port: 34881 } }
I20260710 13:22:49.508344 22284 leader_election.cc:290] T 7aa316a275f748e2bd7b3cc0de9a7173 P 7b7d31fd7acb4c83b0a56efab55f6733 [CANDIDATE]: Term 1 election: Requested vote from peers 5c8885d91812464492388755013651de (127.21.105.195:34881), d74ce59078ad46cda2882b32909038df (127.21.105.194:44203)
I20260710 13:22:49.509898 22136 tablet_service.cc:1917] Received RequestConsensusVote() RPC: tablet_id: "7aa316a275f748e2bd7b3cc0de9a7173" candidate_uuid: "7b7d31fd7acb4c83b0a56efab55f6733" candidate_term: 1 candidate_status { last_received { term: 0 index: 0 } } ignore_live_leader: false dest_uuid: "d74ce59078ad46cda2882b32909038df"
I20260710 13:22:49.510440 22136 raft_consensus.cc:3060] T 7aa316a275f748e2bd7b3cc0de9a7173 P d74ce59078ad46cda2882b32909038df [term 0 FOLLOWER]: Advancing to term 1
I20260710 13:22:49.511224 22257 tablet_bootstrap.cc:654] T 3e9296ca9ab34b04abbd23e568bd49f3 P d74ce59078ad46cda2882b32909038df: Neither blocks nor log segments found. Creating new log.
I20260710 13:22:49.511428 22211 raft_consensus.cc:2468] T 7aa316a275f748e2bd7b3cc0de9a7173 P 5c8885d91812464492388755013651de [term 1 FOLLOWER]: Leader election vote request: Granting yes vote for candidate 7b7d31fd7acb4c83b0a56efab55f6733 in term 1.
I20260710 13:22:49.512663 22028 leader_election.cc:304] T 7aa316a275f748e2bd7b3cc0de9a7173 P 7b7d31fd7acb4c83b0a56efab55f6733 [CANDIDATE]: Term 1 election: Election decided. Result: candidate won. Election summary: received 2 responses out of 3 voters: 2 yes votes; 0 no votes. yes voters: 5c8885d91812464492388755013651de, 7b7d31fd7acb4c83b0a56efab55f6733; no voters: 
I20260710 13:22:49.513617 22284 raft_consensus.cc:2804] T 7aa316a275f748e2bd7b3cc0de9a7173 P 7b7d31fd7acb4c83b0a56efab55f6733 [term 1 FOLLOWER]: Leader election won for term 1
I20260710 13:22:49.514132 22284 raft_consensus.cc:697] T 7aa316a275f748e2bd7b3cc0de9a7173 P 7b7d31fd7acb4c83b0a56efab55f6733 [term 1 LEADER]: Becoming Leader. State: Replica: 7b7d31fd7acb4c83b0a56efab55f6733, State: Running, Role: LEADER
I20260710 13:22:49.515102 22284 consensus_queue.cc:237] T 7aa316a275f748e2bd7b3cc0de9a7173 P 7b7d31fd7acb4c83b0a56efab55f6733 [LEADER]: Queue going to LEADER mode. State: All replicated index: 0, Majority replicated index: 0, Committed index: 0, Last appended: 0.0, Last appended by leader: 0, Current term: 1, Majority size: 2, State: 0, Mode: LEADER, active raft config: opid_index: -1 OBSOLETE_local: false peers { permanent_uuid: "7b7d31fd7acb4c83b0a56efab55f6733" member_type: VOTER last_known_addr { host: "127.21.105.193" port: 42615 } } peers { permanent_uuid: "5c8885d91812464492388755013651de" member_type: VOTER last_known_addr { host: "127.21.105.195" port: 34881 } } peers { permanent_uuid: "d74ce59078ad46cda2882b32909038df" member_type: VOTER last_known_addr { host: "127.21.105.194" port: 44203 } }
I20260710 13:22:49.522680 22136 raft_consensus.cc:2468] T 7aa316a275f748e2bd7b3cc0de9a7173 P d74ce59078ad46cda2882b32909038df [term 1 FOLLOWER]: Leader election vote request: Granting yes vote for candidate 7b7d31fd7acb4c83b0a56efab55f6733 in term 1.
I20260710 13:22:49.527953 21957 catalog_manager.cc:5697] T e749c89d4f2c462fbc2cf337da6ad8c2 P d74ce59078ad46cda2882b32909038df reported cstate change: term changed from 0 to 1, leader changed from <none> to d74ce59078ad46cda2882b32909038df (127.21.105.194). New cstate: current_term: 1 leader_uuid: "d74ce59078ad46cda2882b32909038df" committed_config { opid_index: -1 OBSOLETE_local: false peers { permanent_uuid: "7b7d31fd7acb4c83b0a56efab55f6733" member_type: VOTER last_known_addr { host: "127.21.105.193" port: 42615 } health_report { overall_health: UNKNOWN } } peers { permanent_uuid: "d74ce59078ad46cda2882b32909038df" member_type: VOTER last_known_addr { host: "127.21.105.194" port: 44203 } health_report { overall_health: HEALTHY } } peers { permanent_uuid: "5c8885d91812464492388755013651de" member_type: VOTER last_known_addr { host: "127.21.105.195" port: 34881 } health_report { overall_health: UNKNOWN } } }
I20260710 13:22:49.534847 21959 catalog_manager.cc:5697] T 3e9296ca9ab34b04abbd23e568bd49f3 P 5c8885d91812464492388755013651de reported cstate change: term changed from 0 to 1, leader changed from <none> to 5c8885d91812464492388755013651de (127.21.105.195). New cstate: current_term: 1 leader_uuid: "5c8885d91812464492388755013651de" committed_config { opid_index: -1 OBSOLETE_local: false peers { permanent_uuid: "7b7d31fd7acb4c83b0a56efab55f6733" member_type: VOTER last_known_addr { host: "127.21.105.193" port: 42615 } health_report { overall_health: UNKNOWN } } peers { permanent_uuid: "d74ce59078ad46cda2882b32909038df" member_type: VOTER last_known_addr { host: "127.21.105.194" port: 44203 } health_report { overall_health: UNKNOWN } } peers { permanent_uuid: "5c8885d91812464492388755013651de" member_type: VOTER last_known_addr { host: "127.21.105.195" port: 34881 } health_report { overall_health: HEALTHY } } }
I20260710 13:22:49.497334 22255 tablet_bootstrap.cc:654] T 12eee6abfb3c48b1b0899125c87fe6f4 P 7b7d31fd7acb4c83b0a56efab55f6733: Neither blocks nor log segments found. Creating new log.
I20260710 13:22:49.498917 22254 tablet_bootstrap.cc:654] T e749c89d4f2c462fbc2cf337da6ad8c2 P 5c8885d91812464492388755013651de: Neither blocks nor log segments found. Creating new log.
I20260710 13:22:49.540083 22257 tablet_bootstrap.cc:492] T 3e9296ca9ab34b04abbd23e568bd49f3 P d74ce59078ad46cda2882b32909038df: No bootstrap required, opened a new log
I20260710 13:22:49.540632 22257 ts_tablet_manager.cc:1403] T 3e9296ca9ab34b04abbd23e568bd49f3 P d74ce59078ad46cda2882b32909038df: Time spent bootstrapping tablet: real 0.050s	user 0.012s	sys 0.013s
I20260710 13:22:49.543247 22257 raft_consensus.cc:359] T 3e9296ca9ab34b04abbd23e568bd49f3 P d74ce59078ad46cda2882b32909038df [term 0 FOLLOWER]: Replica starting. Triggering 0 pending ops. Active config: opid_index: -1 OBSOLETE_local: false peers { permanent_uuid: "7b7d31fd7acb4c83b0a56efab55f6733" member_type: VOTER last_known_addr { host: "127.21.105.193" port: 42615 } } peers { permanent_uuid: "d74ce59078ad46cda2882b32909038df" member_type: VOTER last_known_addr { host: "127.21.105.194" port: 44203 } } peers { permanent_uuid: "5c8885d91812464492388755013651de" member_type: VOTER last_known_addr { host: "127.21.105.195" port: 34881 } }
I20260710 13:22:49.543112 21956 catalog_manager.cc:5697] T 7aa316a275f748e2bd7b3cc0de9a7173 P 7b7d31fd7acb4c83b0a56efab55f6733 reported cstate change: term changed from 0 to 1, leader changed from <none> to 7b7d31fd7acb4c83b0a56efab55f6733 (127.21.105.193). New cstate: current_term: 1 leader_uuid: "7b7d31fd7acb4c83b0a56efab55f6733" committed_config { opid_index: -1 OBSOLETE_local: false peers { permanent_uuid: "7b7d31fd7acb4c83b0a56efab55f6733" member_type: VOTER last_known_addr { host: "127.21.105.193" port: 42615 } health_report { overall_health: HEALTHY } } peers { permanent_uuid: "5c8885d91812464492388755013651de" member_type: VOTER last_known_addr { host: "127.21.105.195" port: 34881 } health_report { overall_health: UNKNOWN } } peers { permanent_uuid: "d74ce59078ad46cda2882b32909038df" member_type: VOTER last_known_addr { host: "127.21.105.194" port: 44203 } health_report { overall_health: UNKNOWN } } }
I20260710 13:22:49.543992 22257 raft_consensus.cc:385] T 3e9296ca9ab34b04abbd23e568bd49f3 P d74ce59078ad46cda2882b32909038df [term 0 FOLLOWER]: Consensus starting up: Expiring failure detector timer to make a prompt election more likely
I20260710 13:22:49.544436 22257 raft_consensus.cc:740] T 3e9296ca9ab34b04abbd23e568bd49f3 P d74ce59078ad46cda2882b32909038df [term 0 FOLLOWER]: Becoming Follower/Learner. State: Replica: d74ce59078ad46cda2882b32909038df, State: Initialized, Role: FOLLOWER
I20260710 13:22:49.545188 22257 consensus_queue.cc:260] T 3e9296ca9ab34b04abbd23e568bd49f3 P d74ce59078ad46cda2882b32909038df [NON_LEADER]: Queue going to NON_LEADER mode. State: All replicated index: 0, Majority replicated index: 0, Committed index: 0, Last appended: 0.0, Last appended by leader: 0, Current term: 0, Majority size: -1, State: 0, Mode: NON_LEADER, active raft config: opid_index: -1 OBSOLETE_local: false peers { permanent_uuid: "7b7d31fd7acb4c83b0a56efab55f6733" member_type: VOTER last_known_addr { host: "127.21.105.193" port: 42615 } } peers { permanent_uuid: "d74ce59078ad46cda2882b32909038df" member_type: VOTER last_known_addr { host: "127.21.105.194" port: 44203 } } peers { permanent_uuid: "5c8885d91812464492388755013651de" member_type: VOTER last_known_addr { host: "127.21.105.195" port: 34881 } }
I20260710 13:22:49.547577 22257 ts_tablet_manager.cc:1434] T 3e9296ca9ab34b04abbd23e568bd49f3 P d74ce59078ad46cda2882b32909038df: Time spent starting tablet: real 0.007s	user 0.001s	sys 0.004s
I20260710 13:22:49.550629 22255 tablet_bootstrap.cc:492] T 12eee6abfb3c48b1b0899125c87fe6f4 P 7b7d31fd7acb4c83b0a56efab55f6733: No bootstrap required, opened a new log
I20260710 13:22:49.551234 22255 ts_tablet_manager.cc:1403] T 12eee6abfb3c48b1b0899125c87fe6f4 P 7b7d31fd7acb4c83b0a56efab55f6733: Time spent bootstrapping tablet: real 0.064s	user 0.004s	sys 0.008s
I20260710 13:22:49.554293 22255 raft_consensus.cc:359] T 12eee6abfb3c48b1b0899125c87fe6f4 P 7b7d31fd7acb4c83b0a56efab55f6733 [term 0 FOLLOWER]: Replica starting. Triggering 0 pending ops. Active config: opid_index: -1 OBSOLETE_local: false peers { permanent_uuid: "7b7d31fd7acb4c83b0a56efab55f6733" member_type: VOTER last_known_addr { host: "127.21.105.193" port: 42615 } } peers { permanent_uuid: "d74ce59078ad46cda2882b32909038df" member_type: VOTER last_known_addr { host: "127.21.105.194" port: 44203 } } peers { permanent_uuid: "5c8885d91812464492388755013651de" member_type: VOTER last_known_addr { host: "127.21.105.195" port: 34881 } }
I20260710 13:22:49.555075 22255 raft_consensus.cc:385] T 12eee6abfb3c48b1b0899125c87fe6f4 P 7b7d31fd7acb4c83b0a56efab55f6733 [term 0 FOLLOWER]: Consensus starting up: Expiring failure detector timer to make a prompt election more likely
I20260710 13:22:49.555476 22255 raft_consensus.cc:740] T 12eee6abfb3c48b1b0899125c87fe6f4 P 7b7d31fd7acb4c83b0a56efab55f6733 [term 0 FOLLOWER]: Becoming Follower/Learner. State: Replica: 7b7d31fd7acb4c83b0a56efab55f6733, State: Initialized, Role: FOLLOWER
I20260710 13:22:49.556440 22255 consensus_queue.cc:260] T 12eee6abfb3c48b1b0899125c87fe6f4 P 7b7d31fd7acb4c83b0a56efab55f6733 [NON_LEADER]: Queue going to NON_LEADER mode. State: All replicated index: 0, Majority replicated index: 0, Committed index: 0, Last appended: 0.0, Last appended by leader: 0, Current term: 0, Majority size: -1, State: 0, Mode: NON_LEADER, active raft config: opid_index: -1 OBSOLETE_local: false peers { permanent_uuid: "7b7d31fd7acb4c83b0a56efab55f6733" member_type: VOTER last_known_addr { host: "127.21.105.193" port: 42615 } } peers { permanent_uuid: "d74ce59078ad46cda2882b32909038df" member_type: VOTER last_known_addr { host: "127.21.105.194" port: 44203 } } peers { permanent_uuid: "5c8885d91812464492388755013651de" member_type: VOTER last_known_addr { host: "127.21.105.195" port: 34881 } }
I20260710 13:22:49.559172 22255 ts_tablet_manager.cc:1434] T 12eee6abfb3c48b1b0899125c87fe6f4 P 7b7d31fd7acb4c83b0a56efab55f6733: Time spent starting tablet: real 0.008s	user 0.006s	sys 0.000s
I20260710 13:22:49.561041 22255 tablet_bootstrap.cc:492] T b6a9db728cce4a02b34e224da537aeb1 P 7b7d31fd7acb4c83b0a56efab55f6733: Bootstrap starting.
I20260710 13:22:49.567869 22255 tablet_bootstrap.cc:654] T b6a9db728cce4a02b34e224da537aeb1 P 7b7d31fd7acb4c83b0a56efab55f6733: Neither blocks nor log segments found. Creating new log.
I20260710 13:22:49.571350 22254 tablet_bootstrap.cc:492] T e749c89d4f2c462fbc2cf337da6ad8c2 P 5c8885d91812464492388755013651de: No bootstrap required, opened a new log
I20260710 13:22:49.571805 22254 ts_tablet_manager.cc:1403] T e749c89d4f2c462fbc2cf337da6ad8c2 P 5c8885d91812464492388755013651de: Time spent bootstrapping tablet: real 0.109s	user 0.013s	sys 0.008s
I20260710 13:22:49.572839 22255 tablet_bootstrap.cc:492] T b6a9db728cce4a02b34e224da537aeb1 P 7b7d31fd7acb4c83b0a56efab55f6733: No bootstrap required, opened a new log
I20260710 13:22:49.573251 22255 ts_tablet_manager.cc:1403] T b6a9db728cce4a02b34e224da537aeb1 P 7b7d31fd7acb4c83b0a56efab55f6733: Time spent bootstrapping tablet: real 0.012s	user 0.009s	sys 0.002s
I20260710 13:22:49.574450 22254 raft_consensus.cc:359] T e749c89d4f2c462fbc2cf337da6ad8c2 P 5c8885d91812464492388755013651de [term 0 FOLLOWER]: Replica starting. Triggering 0 pending ops. Active config: opid_index: -1 OBSOLETE_local: false peers { permanent_uuid: "7b7d31fd7acb4c83b0a56efab55f6733" member_type: VOTER last_known_addr { host: "127.21.105.193" port: 42615 } } peers { permanent_uuid: "d74ce59078ad46cda2882b32909038df" member_type: VOTER last_known_addr { host: "127.21.105.194" port: 44203 } } peers { permanent_uuid: "5c8885d91812464492388755013651de" member_type: VOTER last_known_addr { host: "127.21.105.195" port: 34881 } }
I20260710 13:22:49.575052 22254 raft_consensus.cc:385] T e749c89d4f2c462fbc2cf337da6ad8c2 P 5c8885d91812464492388755013651de [term 0 FOLLOWER]: Consensus starting up: Expiring failure detector timer to make a prompt election more likely
I20260710 13:22:49.575294 22254 raft_consensus.cc:740] T e749c89d4f2c462fbc2cf337da6ad8c2 P 5c8885d91812464492388755013651de [term 0 FOLLOWER]: Becoming Follower/Learner. State: Replica: 5c8885d91812464492388755013651de, State: Initialized, Role: FOLLOWER
I20260710 13:22:49.575623 22255 raft_consensus.cc:359] T b6a9db728cce4a02b34e224da537aeb1 P 7b7d31fd7acb4c83b0a56efab55f6733 [term 0 FOLLOWER]: Replica starting. Triggering 0 pending ops. Active config: opid_index: -1 OBSOLETE_local: false peers { permanent_uuid: "7b7d31fd7acb4c83b0a56efab55f6733" member_type: VOTER last_known_addr { host: "127.21.105.193" port: 42615 } } peers { permanent_uuid: "d74ce59078ad46cda2882b32909038df" member_type: VOTER last_known_addr { host: "127.21.105.194" port: 44203 } } peers { permanent_uuid: "5c8885d91812464492388755013651de" member_type: VOTER last_known_addr { host: "127.21.105.195" port: 34881 } }
I20260710 13:22:49.575923 22254 consensus_queue.cc:260] T e749c89d4f2c462fbc2cf337da6ad8c2 P 5c8885d91812464492388755013651de [NON_LEADER]: Queue going to NON_LEADER mode. State: All replicated index: 0, Majority replicated index: 0, Committed index: 0, Last appended: 0.0, Last appended by leader: 0, Current term: 0, Majority size: -1, State: 0, Mode: NON_LEADER, active raft config: opid_index: -1 OBSOLETE_local: false peers { permanent_uuid: "7b7d31fd7acb4c83b0a56efab55f6733" member_type: VOTER last_known_addr { host: "127.21.105.193" port: 42615 } } peers { permanent_uuid: "d74ce59078ad46cda2882b32909038df" member_type: VOTER last_known_addr { host: "127.21.105.194" port: 44203 } } peers { permanent_uuid: "5c8885d91812464492388755013651de" member_type: VOTER last_known_addr { host: "127.21.105.195" port: 34881 } }
I20260710 13:22:49.576264 22255 raft_consensus.cc:385] T b6a9db728cce4a02b34e224da537aeb1 P 7b7d31fd7acb4c83b0a56efab55f6733 [term 0 FOLLOWER]: Consensus starting up: Expiring failure detector timer to make a prompt election more likely
I20260710 13:22:49.576629 22255 raft_consensus.cc:740] T b6a9db728cce4a02b34e224da537aeb1 P 7b7d31fd7acb4c83b0a56efab55f6733 [term 0 FOLLOWER]: Becoming Follower/Learner. State: Replica: 7b7d31fd7acb4c83b0a56efab55f6733, State: Initialized, Role: FOLLOWER
I20260710 13:22:49.577260 22255 consensus_queue.cc:260] T b6a9db728cce4a02b34e224da537aeb1 P 7b7d31fd7acb4c83b0a56efab55f6733 [NON_LEADER]: Queue going to NON_LEADER mode. State: All replicated index: 0, Majority replicated index: 0, Committed index: 0, Last appended: 0.0, Last appended by leader: 0, Current term: 0, Majority size: -1, State: 0, Mode: NON_LEADER, active raft config: opid_index: -1 OBSOLETE_local: false peers { permanent_uuid: "7b7d31fd7acb4c83b0a56efab55f6733" member_type: VOTER last_known_addr { host: "127.21.105.193" port: 42615 } } peers { permanent_uuid: "d74ce59078ad46cda2882b32909038df" member_type: VOTER last_known_addr { host: "127.21.105.194" port: 44203 } } peers { permanent_uuid: "5c8885d91812464492388755013651de" member_type: VOTER last_known_addr { host: "127.21.105.195" port: 34881 } }
I20260710 13:22:49.579087 22255 ts_tablet_manager.cc:1434] T b6a9db728cce4a02b34e224da537aeb1 P 7b7d31fd7acb4c83b0a56efab55f6733: Time spent starting tablet: real 0.006s	user 0.002s	sys 0.002s
I20260710 13:22:49.581670 22254 ts_tablet_manager.cc:1434] T e749c89d4f2c462fbc2cf337da6ad8c2 P 5c8885d91812464492388755013651de: Time spent starting tablet: real 0.010s	user 0.003s	sys 0.003s
I20260710 13:22:49.582679 22254 tablet_bootstrap.cc:492] T e33d960b20024c8f93b6d4dcde2b44a2 P 5c8885d91812464492388755013651de: Bootstrap starting.
I20260710 13:22:49.592407 22254 tablet_bootstrap.cc:654] T e33d960b20024c8f93b6d4dcde2b44a2 P 5c8885d91812464492388755013651de: Neither blocks nor log segments found. Creating new log.
I20260710 13:22:49.596132 22254 tablet_bootstrap.cc:492] T e33d960b20024c8f93b6d4dcde2b44a2 P 5c8885d91812464492388755013651de: No bootstrap required, opened a new log
I20260710 13:22:49.596555 22254 ts_tablet_manager.cc:1403] T e33d960b20024c8f93b6d4dcde2b44a2 P 5c8885d91812464492388755013651de: Time spent bootstrapping tablet: real 0.014s	user 0.010s	sys 0.000s
I20260710 13:22:49.598523 22254 raft_consensus.cc:359] T e33d960b20024c8f93b6d4dcde2b44a2 P 5c8885d91812464492388755013651de [term 0 FOLLOWER]: Replica starting. Triggering 0 pending ops. Active config: opid_index: -1 OBSOLETE_local: false peers { permanent_uuid: "7b7d31fd7acb4c83b0a56efab55f6733" member_type: VOTER last_known_addr { host: "127.21.105.193" port: 42615 } } peers { permanent_uuid: "d74ce59078ad46cda2882b32909038df" member_type: VOTER last_known_addr { host: "127.21.105.194" port: 44203 } } peers { permanent_uuid: "5c8885d91812464492388755013651de" member_type: VOTER last_known_addr { host: "127.21.105.195" port: 34881 } }
I20260710 13:22:49.599011 22254 raft_consensus.cc:385] T e33d960b20024c8f93b6d4dcde2b44a2 P 5c8885d91812464492388755013651de [term 0 FOLLOWER]: Consensus starting up: Expiring failure detector timer to make a prompt election more likely
I20260710 13:22:49.599318 22254 raft_consensus.cc:740] T e33d960b20024c8f93b6d4dcde2b44a2 P 5c8885d91812464492388755013651de [term 0 FOLLOWER]: Becoming Follower/Learner. State: Replica: 5c8885d91812464492388755013651de, State: Initialized, Role: FOLLOWER
I20260710 13:22:49.599906 22254 consensus_queue.cc:260] T e33d960b20024c8f93b6d4dcde2b44a2 P 5c8885d91812464492388755013651de [NON_LEADER]: Queue going to NON_LEADER mode. State: All replicated index: 0, Majority replicated index: 0, Committed index: 0, Last appended: 0.0, Last appended by leader: 0, Current term: 0, Majority size: -1, State: 0, Mode: NON_LEADER, active raft config: opid_index: -1 OBSOLETE_local: false peers { permanent_uuid: "7b7d31fd7acb4c83b0a56efab55f6733" member_type: VOTER last_known_addr { host: "127.21.105.193" port: 42615 } } peers { permanent_uuid: "d74ce59078ad46cda2882b32909038df" member_type: VOTER last_known_addr { host: "127.21.105.194" port: 44203 } } peers { permanent_uuid: "5c8885d91812464492388755013651de" member_type: VOTER last_known_addr { host: "127.21.105.195" port: 34881 } }
I20260710 13:22:49.601406 22254 ts_tablet_manager.cc:1434] T e33d960b20024c8f93b6d4dcde2b44a2 P 5c8885d91812464492388755013651de: Time spent starting tablet: real 0.005s	user 0.001s	sys 0.003s
I20260710 13:22:49.602342 22254 tablet_bootstrap.cc:492] T 7e146a5071614adf9ab659f7131d7988 P 5c8885d91812464492388755013651de: Bootstrap starting.
I20260710 13:22:49.606354 22254 tablet_bootstrap.cc:654] T 7e146a5071614adf9ab659f7131d7988 P 5c8885d91812464492388755013651de: Neither blocks nor log segments found. Creating new log.
I20260710 13:22:49.612746 22254 tablet_bootstrap.cc:492] T 7e146a5071614adf9ab659f7131d7988 P 5c8885d91812464492388755013651de: No bootstrap required, opened a new log
I20260710 13:22:49.613095 22254 ts_tablet_manager.cc:1403] T 7e146a5071614adf9ab659f7131d7988 P 5c8885d91812464492388755013651de: Time spent bootstrapping tablet: real 0.011s	user 0.002s	sys 0.008s
I20260710 13:22:49.615104 22254 raft_consensus.cc:359] T 7e146a5071614adf9ab659f7131d7988 P 5c8885d91812464492388755013651de [term 0 FOLLOWER]: Replica starting. Triggering 0 pending ops. Active config: opid_index: -1 OBSOLETE_local: false peers { permanent_uuid: "7b7d31fd7acb4c83b0a56efab55f6733" member_type: VOTER last_known_addr { host: "127.21.105.193" port: 42615 } } peers { permanent_uuid: "d74ce59078ad46cda2882b32909038df" member_type: VOTER last_known_addr { host: "127.21.105.194" port: 44203 } } peers { permanent_uuid: "5c8885d91812464492388755013651de" member_type: VOTER last_known_addr { host: "127.21.105.195" port: 34881 } }
I20260710 13:22:49.615540 22254 raft_consensus.cc:385] T 7e146a5071614adf9ab659f7131d7988 P 5c8885d91812464492388755013651de [term 0 FOLLOWER]: Consensus starting up: Expiring failure detector timer to make a prompt election more likely
I20260710 13:22:49.615768 22254 raft_consensus.cc:740] T 7e146a5071614adf9ab659f7131d7988 P 5c8885d91812464492388755013651de [term 0 FOLLOWER]: Becoming Follower/Learner. State: Replica: 5c8885d91812464492388755013651de, State: Initialized, Role: FOLLOWER
I20260710 13:22:49.616376 22254 consensus_queue.cc:260] T 7e146a5071614adf9ab659f7131d7988 P 5c8885d91812464492388755013651de [NON_LEADER]: Queue going to NON_LEADER mode. State: All replicated index: 0, Majority replicated index: 0, Committed index: 0, Last appended: 0.0, Last appended by leader: 0, Current term: 0, Majority size: -1, State: 0, Mode: NON_LEADER, active raft config: opid_index: -1 OBSOLETE_local: false peers { permanent_uuid: "7b7d31fd7acb4c83b0a56efab55f6733" member_type: VOTER last_known_addr { host: "127.21.105.193" port: 42615 } } peers { permanent_uuid: "d74ce59078ad46cda2882b32909038df" member_type: VOTER last_known_addr { host: "127.21.105.194" port: 44203 } } peers { permanent_uuid: "5c8885d91812464492388755013651de" member_type: VOTER last_known_addr { host: "127.21.105.195" port: 34881 } }
I20260710 13:22:49.618161 22254 ts_tablet_manager.cc:1434] T 7e146a5071614adf9ab659f7131d7988 P 5c8885d91812464492388755013651de: Time spent starting tablet: real 0.005s	user 0.004s	sys 0.000s
I20260710 13:22:49.640039 22274 raft_consensus.cc:493] T 12eee6abfb3c48b1b0899125c87fe6f4 P d74ce59078ad46cda2882b32909038df [term 0 FOLLOWER]: Starting pre-election (no leader contacted us within the election timeout)
I20260710 13:22:49.640640 22274 raft_consensus.cc:515] T 12eee6abfb3c48b1b0899125c87fe6f4 P d74ce59078ad46cda2882b32909038df [term 0 FOLLOWER]: Starting pre-election with config: opid_index: -1 OBSOLETE_local: false peers { permanent_uuid: "7b7d31fd7acb4c83b0a56efab55f6733" member_type: VOTER last_known_addr { host: "127.21.105.193" port: 42615 } } peers { permanent_uuid: "d74ce59078ad46cda2882b32909038df" member_type: VOTER last_known_addr { host: "127.21.105.194" port: 44203 } } peers { permanent_uuid: "5c8885d91812464492388755013651de" member_type: VOTER last_known_addr { host: "127.21.105.195" port: 34881 } }
I20260710 13:22:49.642536 22274 leader_election.cc:290] T 12eee6abfb3c48b1b0899125c87fe6f4 P d74ce59078ad46cda2882b32909038df [CANDIDATE]: Term 1 pre-election: Requested pre-vote from peers 7b7d31fd7acb4c83b0a56efab55f6733 (127.21.105.193:42615), 5c8885d91812464492388755013651de (127.21.105.195:34881)
I20260710 13:22:49.643308 22060 tablet_service.cc:1917] Received RequestConsensusVote() RPC: tablet_id: "12eee6abfb3c48b1b0899125c87fe6f4" candidate_uuid: "d74ce59078ad46cda2882b32909038df" candidate_term: 1 candidate_status { last_received { term: 0 index: 0 } } ignore_live_leader: false dest_uuid: "7b7d31fd7acb4c83b0a56efab55f6733" is_pre_election: true
I20260710 13:22:49.643865 22060 raft_consensus.cc:2468] T 12eee6abfb3c48b1b0899125c87fe6f4 P 7b7d31fd7acb4c83b0a56efab55f6733 [term 0 FOLLOWER]: Leader pre-election vote request: Granting yes vote for candidate d74ce59078ad46cda2882b32909038df in term 0.
I20260710 13:22:49.644495 22211 tablet_service.cc:1917] Received RequestConsensusVote() RPC: tablet_id: "12eee6abfb3c48b1b0899125c87fe6f4" candidate_uuid: "d74ce59078ad46cda2882b32909038df" candidate_term: 1 candidate_status { last_received { term: 0 index: 0 } } ignore_live_leader: false dest_uuid: "5c8885d91812464492388755013651de" is_pre_election: true
I20260710 13:22:49.644914 22101 leader_election.cc:304] T 12eee6abfb3c48b1b0899125c87fe6f4 P d74ce59078ad46cda2882b32909038df [CANDIDATE]: Term 1 pre-election: Election decided. Result: candidate won. Election summary: received 2 responses out of 3 voters: 2 yes votes; 0 no votes. yes voters: 7b7d31fd7acb4c83b0a56efab55f6733, d74ce59078ad46cda2882b32909038df; no voters: 
I20260710 13:22:49.645183 22211 raft_consensus.cc:2468] T 12eee6abfb3c48b1b0899125c87fe6f4 P 5c8885d91812464492388755013651de [term 0 FOLLOWER]: Leader pre-election vote request: Granting yes vote for candidate d74ce59078ad46cda2882b32909038df in term 0.
I20260710 13:22:49.645768 22274 raft_consensus.cc:2804] T 12eee6abfb3c48b1b0899125c87fe6f4 P d74ce59078ad46cda2882b32909038df [term 0 FOLLOWER]: Leader pre-election won for term 1
I20260710 13:22:49.646191 22274 raft_consensus.cc:493] T 12eee6abfb3c48b1b0899125c87fe6f4 P d74ce59078ad46cda2882b32909038df [term 0 FOLLOWER]: Starting leader election (no leader contacted us within the election timeout)
I20260710 13:22:49.646526 22274 raft_consensus.cc:3060] T 12eee6abfb3c48b1b0899125c87fe6f4 P d74ce59078ad46cda2882b32909038df [term 0 FOLLOWER]: Advancing to term 1
I20260710 13:22:49.653091 22274 raft_consensus.cc:515] T 12eee6abfb3c48b1b0899125c87fe6f4 P d74ce59078ad46cda2882b32909038df [term 1 FOLLOWER]: Starting leader election with config: opid_index: -1 OBSOLETE_local: false peers { permanent_uuid: "7b7d31fd7acb4c83b0a56efab55f6733" member_type: VOTER last_known_addr { host: "127.21.105.193" port: 42615 } } peers { permanent_uuid: "d74ce59078ad46cda2882b32909038df" member_type: VOTER last_known_addr { host: "127.21.105.194" port: 44203 } } peers { permanent_uuid: "5c8885d91812464492388755013651de" member_type: VOTER last_known_addr { host: "127.21.105.195" port: 34881 } }
I20260710 13:22:49.655160 22274 leader_election.cc:290] T 12eee6abfb3c48b1b0899125c87fe6f4 P d74ce59078ad46cda2882b32909038df [CANDIDATE]: Term 1 election: Requested vote from peers 7b7d31fd7acb4c83b0a56efab55f6733 (127.21.105.193:42615), 5c8885d91812464492388755013651de (127.21.105.195:34881)
I20260710 13:22:49.656186 22211 tablet_service.cc:1917] Received RequestConsensusVote() RPC: tablet_id: "12eee6abfb3c48b1b0899125c87fe6f4" candidate_uuid: "d74ce59078ad46cda2882b32909038df" candidate_term: 1 candidate_status { last_received { term: 0 index: 0 } } ignore_live_leader: false dest_uuid: "5c8885d91812464492388755013651de"
I20260710 13:22:49.656196 22060 tablet_service.cc:1917] Received RequestConsensusVote() RPC: tablet_id: "12eee6abfb3c48b1b0899125c87fe6f4" candidate_uuid: "d74ce59078ad46cda2882b32909038df" candidate_term: 1 candidate_status { last_received { term: 0 index: 0 } } ignore_live_leader: false dest_uuid: "7b7d31fd7acb4c83b0a56efab55f6733"
I20260710 13:22:49.656817 22211 raft_consensus.cc:3060] T 12eee6abfb3c48b1b0899125c87fe6f4 P 5c8885d91812464492388755013651de [term 0 FOLLOWER]: Advancing to term 1
I20260710 13:22:49.656869 22060 raft_consensus.cc:3060] T 12eee6abfb3c48b1b0899125c87fe6f4 P 7b7d31fd7acb4c83b0a56efab55f6733 [term 0 FOLLOWER]: Advancing to term 1
I20260710 13:22:49.664052 22060 raft_consensus.cc:2468] T 12eee6abfb3c48b1b0899125c87fe6f4 P 7b7d31fd7acb4c83b0a56efab55f6733 [term 1 FOLLOWER]: Leader election vote request: Granting yes vote for candidate d74ce59078ad46cda2882b32909038df in term 1.
I20260710 13:22:49.664052 22211 raft_consensus.cc:2468] T 12eee6abfb3c48b1b0899125c87fe6f4 P 5c8885d91812464492388755013651de [term 1 FOLLOWER]: Leader election vote request: Granting yes vote for candidate d74ce59078ad46cda2882b32909038df in term 1.
I20260710 13:22:49.665483 22259 raft_consensus.cc:493] T e749c89d4f2c462fbc2cf337da6ad8c2 P 5c8885d91812464492388755013651de [term 0 FOLLOWER]: Starting pre-election (no leader contacted us within the election timeout)
I20260710 13:22:49.665488 22103 leader_election.cc:304] T 12eee6abfb3c48b1b0899125c87fe6f4 P d74ce59078ad46cda2882b32909038df [CANDIDATE]: Term 1 election: Election decided. Result: candidate won. Election summary: received 2 responses out of 3 voters: 2 yes votes; 0 no votes. yes voters: 5c8885d91812464492388755013651de, d74ce59078ad46cda2882b32909038df; no voters: 
I20260710 13:22:49.666183 22259 raft_consensus.cc:515] T e749c89d4f2c462fbc2cf337da6ad8c2 P 5c8885d91812464492388755013651de [term 0 FOLLOWER]: Starting pre-election with config: opid_index: -1 OBSOLETE_local: false peers { permanent_uuid: "7b7d31fd7acb4c83b0a56efab55f6733" member_type: VOTER last_known_addr { host: "127.21.105.193" port: 42615 } } peers { permanent_uuid: "d74ce59078ad46cda2882b32909038df" member_type: VOTER last_known_addr { host: "127.21.105.194" port: 44203 } } peers { permanent_uuid: "5c8885d91812464492388755013651de" member_type: VOTER last_known_addr { host: "127.21.105.195" port: 34881 } }
I20260710 13:22:49.666571 22274 raft_consensus.cc:2804] T 12eee6abfb3c48b1b0899125c87fe6f4 P d74ce59078ad46cda2882b32909038df [term 1 FOLLOWER]: Leader election won for term 1
I20260710 13:22:49.667198 22274 raft_consensus.cc:697] T 12eee6abfb3c48b1b0899125c87fe6f4 P d74ce59078ad46cda2882b32909038df [term 1 LEADER]: Becoming Leader. State: Replica: d74ce59078ad46cda2882b32909038df, State: Running, Role: LEADER
