I20260710 13:23:12.552958 23243 raft_consensus.cc:359] T ddf7ad2918be4dbc972f4fe1bc19bbd9 P 745f651abf344c80afa0d138d7f48572 [term 0 FOLLOWER]: Replica starting. Triggering 0 pending ops. Active config: opid_index: -1 OBSOLETE_local: false peers { permanent_uuid: "b3cea1dcb8f14e3bba7f9b46a5740f9c" member_type: VOTER last_known_addr { host: "127.21.105.193" port: 38629 } } peers { permanent_uuid: "cf347e1ab5df4cc19fdb1d1b2a3f1a3d" member_type: VOTER last_known_addr { host: "127.21.105.194" port: 46155 } } peers { permanent_uuid: "745f651abf344c80afa0d138d7f48572" member_type: VOTER last_known_addr { host: "127.21.105.195" port: 39799 } }
I20260710 13:23:12.553615 23243 raft_consensus.cc:385] T ddf7ad2918be4dbc972f4fe1bc19bbd9 P 745f651abf344c80afa0d138d7f48572 [term 0 FOLLOWER]: Consensus starting up: Expiring failure detector timer to make a prompt election more likely
I20260710 13:23:12.553884 23243 raft_consensus.cc:740] T ddf7ad2918be4dbc972f4fe1bc19bbd9 P 745f651abf344c80afa0d138d7f48572 [term 0 FOLLOWER]: Becoming Follower/Learner. State: Replica: 745f651abf344c80afa0d138d7f48572, State: Initialized, Role: FOLLOWER
I20260710 13:23:12.554744 23243 consensus_queue.cc:260] T ddf7ad2918be4dbc972f4fe1bc19bbd9 P 745f651abf344c80afa0d138d7f48572 [NON_LEADER]: Queue going to NON_LEADER mode. State: All replicated index: 0, Majority replicated index: 0, Committed index: 0, Last appended: 0.0, Last appended by leader: 0, Current term: 0, Majority size: -1, State: 0, Mode: NON_LEADER, active raft config: opid_index: -1 OBSOLETE_local: false peers { permanent_uuid: "b3cea1dcb8f14e3bba7f9b46a5740f9c" member_type: VOTER last_known_addr { host: "127.21.105.193" port: 38629 } } peers { permanent_uuid: "cf347e1ab5df4cc19fdb1d1b2a3f1a3d" member_type: VOTER last_known_addr { host: "127.21.105.194" port: 46155 } } peers { permanent_uuid: "745f651abf344c80afa0d138d7f48572" member_type: VOTER last_known_addr { host: "127.21.105.195" port: 39799 } }
I20260710 13:23:12.556833 23243 ts_tablet_manager.cc:1434] T ddf7ad2918be4dbc972f4fe1bc19bbd9 P 745f651abf344c80afa0d138d7f48572: Time spent starting tablet: real 0.006s	user 0.006s	sys 0.000s
I20260710 13:23:12.558588 23243 tablet_bootstrap.cc:492] T ff99e37d1f78424ea3af3870d299522f P 745f651abf344c80afa0d138d7f48572: Bootstrap starting.
I20260710 13:23:12.559684 23242 ts_tablet_manager.cc:1434] T ff99e37d1f78424ea3af3870d299522f P cf347e1ab5df4cc19fdb1d1b2a3f1a3d: Time spent starting tablet: real 0.083s	user 0.006s	sys 0.001s
I20260710 13:23:12.564402 23243 tablet_bootstrap.cc:654] T ff99e37d1f78424ea3af3870d299522f P 745f651abf344c80afa0d138d7f48572: Neither blocks nor log segments found. Creating new log.
I20260710 13:23:12.569423 23242 tablet_bootstrap.cc:492] T 8df1f6789d7c44fba8fb62d138d845a8 P cf347e1ab5df4cc19fdb1d1b2a3f1a3d: Bootstrap starting.
I20260710 13:23:12.579375 23241 tablet_bootstrap.cc:492] T ff99e37d1f78424ea3af3870d299522f P b3cea1dcb8f14e3bba7f9b46a5740f9c: No bootstrap required, opened a new log
I20260710 13:23:12.580044 23241 ts_tablet_manager.cc:1403] T ff99e37d1f78424ea3af3870d299522f P b3cea1dcb8f14e3bba7f9b46a5740f9c: Time spent bootstrapping tablet: real 0.083s	user 0.018s	sys 0.019s
I20260710 13:23:12.582194 23241 raft_consensus.cc:359] T ff99e37d1f78424ea3af3870d299522f P b3cea1dcb8f14e3bba7f9b46a5740f9c [term 0 FOLLOWER]: Replica starting. Triggering 0 pending ops. Active config: opid_index: -1 OBSOLETE_local: false peers { permanent_uuid: "b3cea1dcb8f14e3bba7f9b46a5740f9c" member_type: VOTER last_known_addr { host: "127.21.105.193" port: 38629 } } peers { permanent_uuid: "cf347e1ab5df4cc19fdb1d1b2a3f1a3d" member_type: VOTER last_known_addr { host: "127.21.105.194" port: 46155 } } peers { permanent_uuid: "745f651abf344c80afa0d138d7f48572" member_type: VOTER last_known_addr { host: "127.21.105.195" port: 39799 } }
I20260710 13:23:12.582718 23241 raft_consensus.cc:385] T ff99e37d1f78424ea3af3870d299522f P b3cea1dcb8f14e3bba7f9b46a5740f9c [term 0 FOLLOWER]: Consensus starting up: Expiring failure detector timer to make a prompt election more likely
I20260710 13:23:12.582950 23241 raft_consensus.cc:740] T ff99e37d1f78424ea3af3870d299522f P b3cea1dcb8f14e3bba7f9b46a5740f9c [term 0 FOLLOWER]: Becoming Follower/Learner. State: Replica: b3cea1dcb8f14e3bba7f9b46a5740f9c, State: Initialized, Role: FOLLOWER
I20260710 13:23:12.583870 23241 consensus_queue.cc:260] T ff99e37d1f78424ea3af3870d299522f P b3cea1dcb8f14e3bba7f9b46a5740f9c [NON_LEADER]: Queue going to NON_LEADER mode. State: All replicated index: 0, Majority replicated index: 0, Committed index: 0, Last appended: 0.0, Last appended by leader: 0, Current term: 0, Majority size: -1, State: 0, Mode: NON_LEADER, active raft config: opid_index: -1 OBSOLETE_local: false peers { permanent_uuid: "b3cea1dcb8f14e3bba7f9b46a5740f9c" member_type: VOTER last_known_addr { host: "127.21.105.193" port: 38629 } } peers { permanent_uuid: "cf347e1ab5df4cc19fdb1d1b2a3f1a3d" member_type: VOTER last_known_addr { host: "127.21.105.194" port: 46155 } } peers { permanent_uuid: "745f651abf344c80afa0d138d7f48572" member_type: VOTER last_known_addr { host: "127.21.105.195" port: 39799 } }
I20260710 13:23:12.585798 23241 ts_tablet_manager.cc:1434] T ff99e37d1f78424ea3af3870d299522f P b3cea1dcb8f14e3bba7f9b46a5740f9c: Time spent starting tablet: real 0.005s	user 0.003s	sys 0.004s
I20260710 13:23:12.586747 23241 tablet_bootstrap.cc:492] T d4021097713b49859095a99d3103dce3 P b3cea1dcb8f14e3bba7f9b46a5740f9c: Bootstrap starting.
I20260710 13:23:12.592031 23242 tablet_bootstrap.cc:654] T 8df1f6789d7c44fba8fb62d138d845a8 P cf347e1ab5df4cc19fdb1d1b2a3f1a3d: Neither blocks nor log segments found. Creating new log.
I20260710 13:23:12.592476 23241 tablet_bootstrap.cc:654] T d4021097713b49859095a99d3103dce3 P b3cea1dcb8f14e3bba7f9b46a5740f9c: Neither blocks nor log segments found. Creating new log.
I20260710 13:23:12.597222 23243 tablet_bootstrap.cc:492] T ff99e37d1f78424ea3af3870d299522f P 745f651abf344c80afa0d138d7f48572: No bootstrap required, opened a new log
I20260710 13:23:12.597703 23243 ts_tablet_manager.cc:1403] T ff99e37d1f78424ea3af3870d299522f P 745f651abf344c80afa0d138d7f48572: Time spent bootstrapping tablet: real 0.039s	user 0.018s	sys 0.012s
I20260710 13:23:12.598434 22948 catalog_manager.cc:5697] T 72ccd184866847ff8a2f2b0e43b46175 P b3cea1dcb8f14e3bba7f9b46a5740f9c reported cstate change: term changed from 0 to 1, leader changed from <none> to b3cea1dcb8f14e3bba7f9b46a5740f9c (127.21.105.193). New cstate: current_term: 1 leader_uuid: "b3cea1dcb8f14e3bba7f9b46a5740f9c" committed_config { opid_index: -1 OBSOLETE_local: false peers { permanent_uuid: "b3cea1dcb8f14e3bba7f9b46a5740f9c" member_type: VOTER last_known_addr { host: "127.21.105.193" port: 38629 } health_report { overall_health: HEALTHY } } peers { permanent_uuid: "cf347e1ab5df4cc19fdb1d1b2a3f1a3d" member_type: VOTER last_known_addr { host: "127.21.105.194" port: 46155 } health_report { overall_health: UNKNOWN } } peers { permanent_uuid: "745f651abf344c80afa0d138d7f48572" member_type: VOTER last_known_addr { host: "127.21.105.195" port: 39799 } health_report { overall_health: UNKNOWN } } }
I20260710 13:23:12.600119 23243 raft_consensus.cc:359] T ff99e37d1f78424ea3af3870d299522f P 745f651abf344c80afa0d138d7f48572 [term 0 FOLLOWER]: Replica starting. Triggering 0 pending ops. Active config: opid_index: -1 OBSOLETE_local: false peers { permanent_uuid: "b3cea1dcb8f14e3bba7f9b46a5740f9c" member_type: VOTER last_known_addr { host: "127.21.105.193" port: 38629 } } peers { permanent_uuid: "cf347e1ab5df4cc19fdb1d1b2a3f1a3d" member_type: VOTER last_known_addr { host: "127.21.105.194" port: 46155 } } peers { permanent_uuid: "745f651abf344c80afa0d138d7f48572" member_type: VOTER last_known_addr { host: "127.21.105.195" port: 39799 } }
I20260710 13:23:12.600769 23243 raft_consensus.cc:385] T ff99e37d1f78424ea3af3870d299522f P 745f651abf344c80afa0d138d7f48572 [term 0 FOLLOWER]: Consensus starting up: Expiring failure detector timer to make a prompt election more likely
I20260710 13:23:12.601078 23243 raft_consensus.cc:740] T ff99e37d1f78424ea3af3870d299522f P 745f651abf344c80afa0d138d7f48572 [term 0 FOLLOWER]: Becoming Follower/Learner. State: Replica: 745f651abf344c80afa0d138d7f48572, State: Initialized, Role: FOLLOWER
I20260710 13:23:12.601794 23243 consensus_queue.cc:260] T ff99e37d1f78424ea3af3870d299522f P 745f651abf344c80afa0d138d7f48572 [NON_LEADER]: Queue going to NON_LEADER mode. State: All replicated index: 0, Majority replicated index: 0, Committed index: 0, Last appended: 0.0, Last appended by leader: 0, Current term: 0, Majority size: -1, State: 0, Mode: NON_LEADER, active raft config: opid_index: -1 OBSOLETE_local: false peers { permanent_uuid: "b3cea1dcb8f14e3bba7f9b46a5740f9c" member_type: VOTER last_known_addr { host: "127.21.105.193" port: 38629 } } peers { permanent_uuid: "cf347e1ab5df4cc19fdb1d1b2a3f1a3d" member_type: VOTER last_known_addr { host: "127.21.105.194" port: 46155 } } peers { permanent_uuid: "745f651abf344c80afa0d138d7f48572" member_type: VOTER last_known_addr { host: "127.21.105.195" port: 39799 } }
I20260710 13:23:12.603760 23243 ts_tablet_manager.cc:1434] T ff99e37d1f78424ea3af3870d299522f P 745f651abf344c80afa0d138d7f48572: Time spent starting tablet: real 0.006s	user 0.004s	sys 0.000s
I20260710 13:23:12.604907 23243 tablet_bootstrap.cc:492] T 0c28419dff5e4909a16e307ede5c62fe P 745f651abf344c80afa0d138d7f48572: Bootstrap starting.
I20260710 13:23:12.628947 23243 tablet_bootstrap.cc:654] T 0c28419dff5e4909a16e307ede5c62fe P 745f651abf344c80afa0d138d7f48572: Neither blocks nor log segments found. Creating new log.
I20260710 13:23:12.629917 23241 tablet_bootstrap.cc:492] T d4021097713b49859095a99d3103dce3 P b3cea1dcb8f14e3bba7f9b46a5740f9c: No bootstrap required, opened a new log
I20260710 13:23:12.630456 23241 ts_tablet_manager.cc:1403] T d4021097713b49859095a99d3103dce3 P b3cea1dcb8f14e3bba7f9b46a5740f9c: Time spent bootstrapping tablet: real 0.044s	user 0.008s	sys 0.008s
I20260710 13:23:12.630873 23242 tablet_bootstrap.cc:492] T 8df1f6789d7c44fba8fb62d138d845a8 P cf347e1ab5df4cc19fdb1d1b2a3f1a3d: No bootstrap required, opened a new log
I20260710 13:23:12.631443 23242 ts_tablet_manager.cc:1403] T 8df1f6789d7c44fba8fb62d138d845a8 P cf347e1ab5df4cc19fdb1d1b2a3f1a3d: Time spent bootstrapping tablet: real 0.062s	user 0.012s	sys 0.016s
I20260710 13:23:12.633941 23243 tablet_bootstrap.cc:492] T 0c28419dff5e4909a16e307ede5c62fe P 745f651abf344c80afa0d138d7f48572: No bootstrap required, opened a new log
I20260710 13:23:12.634379 23243 ts_tablet_manager.cc:1403] T 0c28419dff5e4909a16e307ede5c62fe P 745f651abf344c80afa0d138d7f48572: Time spent bootstrapping tablet: real 0.030s	user 0.009s	sys 0.001s
I20260710 13:23:12.633951 23241 raft_consensus.cc:359] T d4021097713b49859095a99d3103dce3 P b3cea1dcb8f14e3bba7f9b46a5740f9c [term 0 FOLLOWER]: Replica starting. Triggering 0 pending ops. Active config: opid_index: -1 OBSOLETE_local: false peers { permanent_uuid: "b3cea1dcb8f14e3bba7f9b46a5740f9c" member_type: VOTER last_known_addr { host: "127.21.105.193" port: 38629 } } peers { permanent_uuid: "cf347e1ab5df4cc19fdb1d1b2a3f1a3d" member_type: VOTER last_known_addr { host: "127.21.105.194" port: 46155 } } peers { permanent_uuid: "745f651abf344c80afa0d138d7f48572" member_type: VOTER last_known_addr { host: "127.21.105.195" port: 39799 } }
I20260710 13:23:12.634410 23242 raft_consensus.cc:359] T 8df1f6789d7c44fba8fb62d138d845a8 P cf347e1ab5df4cc19fdb1d1b2a3f1a3d [term 0 FOLLOWER]: Replica starting. Triggering 0 pending ops. Active config: opid_index: -1 OBSOLETE_local: false peers { permanent_uuid: "b3cea1dcb8f14e3bba7f9b46a5740f9c" member_type: VOTER last_known_addr { host: "127.21.105.193" port: 38629 } } peers { permanent_uuid: "cf347e1ab5df4cc19fdb1d1b2a3f1a3d" member_type: VOTER last_known_addr { host: "127.21.105.194" port: 46155 } } peers { permanent_uuid: "745f651abf344c80afa0d138d7f48572" member_type: VOTER last_known_addr { host: "127.21.105.195" port: 39799 } }
I20260710 13:23:12.634830 23241 raft_consensus.cc:385] T d4021097713b49859095a99d3103dce3 P b3cea1dcb8f14e3bba7f9b46a5740f9c [term 0 FOLLOWER]: Consensus starting up: Expiring failure detector timer to make a prompt election more likely
I20260710 13:23:12.635143 23242 raft_consensus.cc:385] T 8df1f6789d7c44fba8fb62d138d845a8 P cf347e1ab5df4cc19fdb1d1b2a3f1a3d [term 0 FOLLOWER]: Consensus starting up: Expiring failure detector timer to make a prompt election more likely
I20260710 13:23:12.635200 23241 raft_consensus.cc:740] T d4021097713b49859095a99d3103dce3 P b3cea1dcb8f14e3bba7f9b46a5740f9c [term 0 FOLLOWER]: Becoming Follower/Learner. State: Replica: b3cea1dcb8f14e3bba7f9b46a5740f9c, State: Initialized, Role: FOLLOWER
I20260710 13:23:12.635527 23242 raft_consensus.cc:740] T 8df1f6789d7c44fba8fb62d138d845a8 P cf347e1ab5df4cc19fdb1d1b2a3f1a3d [term 0 FOLLOWER]: Becoming Follower/Learner. State: Replica: cf347e1ab5df4cc19fdb1d1b2a3f1a3d, State: Initialized, Role: FOLLOWER
I20260710 13:23:12.636175 23242 consensus_queue.cc:260] T 8df1f6789d7c44fba8fb62d138d845a8 P cf347e1ab5df4cc19fdb1d1b2a3f1a3d [NON_LEADER]: Queue going to NON_LEADER mode. State: All replicated index: 0, Majority replicated index: 0, Committed index: 0, Last appended: 0.0, Last appended by leader: 0, Current term: 0, Majority size: -1, State: 0, Mode: NON_LEADER, active raft config: opid_index: -1 OBSOLETE_local: false peers { permanent_uuid: "b3cea1dcb8f14e3bba7f9b46a5740f9c" member_type: VOTER last_known_addr { host: "127.21.105.193" port: 38629 } } peers { permanent_uuid: "cf347e1ab5df4cc19fdb1d1b2a3f1a3d" member_type: VOTER last_known_addr { host: "127.21.105.194" port: 46155 } } peers { permanent_uuid: "745f651abf344c80afa0d138d7f48572" member_type: VOTER last_known_addr { host: "127.21.105.195" port: 39799 } }
I20260710 13:23:12.636170 23241 consensus_queue.cc:260] T d4021097713b49859095a99d3103dce3 P b3cea1dcb8f14e3bba7f9b46a5740f9c [NON_LEADER]: Queue going to NON_LEADER mode. State: All replicated index: 0, Majority replicated index: 0, Committed index: 0, Last appended: 0.0, Last appended by leader: 0, Current term: 0, Majority size: -1, State: 0, Mode: NON_LEADER, active raft config: opid_index: -1 OBSOLETE_local: false peers { permanent_uuid: "b3cea1dcb8f14e3bba7f9b46a5740f9c" member_type: VOTER last_known_addr { host: "127.21.105.193" port: 38629 } } peers { permanent_uuid: "cf347e1ab5df4cc19fdb1d1b2a3f1a3d" member_type: VOTER last_known_addr { host: "127.21.105.194" port: 46155 } } peers { permanent_uuid: "745f651abf344c80afa0d138d7f48572" member_type: VOTER last_known_addr { host: "127.21.105.195" port: 39799 } }
I20260710 13:23:12.636793 23243 raft_consensus.cc:359] T 0c28419dff5e4909a16e307ede5c62fe P 745f651abf344c80afa0d138d7f48572 [term 0 FOLLOWER]: Replica starting. Triggering 0 pending ops. Active config: opid_index: -1 OBSOLETE_local: false peers { permanent_uuid: "b3cea1dcb8f14e3bba7f9b46a5740f9c" member_type: VOTER last_known_addr { host: "127.21.105.193" port: 38629 } } peers { permanent_uuid: "cf347e1ab5df4cc19fdb1d1b2a3f1a3d" member_type: VOTER last_known_addr { host: "127.21.105.194" port: 46155 } } peers { permanent_uuid: "745f651abf344c80afa0d138d7f48572" member_type: VOTER last_known_addr { host: "127.21.105.195" port: 39799 } }
I20260710 13:23:12.637444 23243 raft_consensus.cc:385] T 0c28419dff5e4909a16e307ede5c62fe P 745f651abf344c80afa0d138d7f48572 [term 0 FOLLOWER]: Consensus starting up: Expiring failure detector timer to make a prompt election more likely
I20260710 13:23:12.637723 23243 raft_consensus.cc:740] T 0c28419dff5e4909a16e307ede5c62fe P 745f651abf344c80afa0d138d7f48572 [term 0 FOLLOWER]: Becoming Follower/Learner. State: Replica: 745f651abf344c80afa0d138d7f48572, State: Initialized, Role: FOLLOWER
I20260710 13:23:12.638515 23243 consensus_queue.cc:260] T 0c28419dff5e4909a16e307ede5c62fe P 745f651abf344c80afa0d138d7f48572 [NON_LEADER]: Queue going to NON_LEADER mode. State: All replicated index: 0, Majority replicated index: 0, Committed index: 0, Last appended: 0.0, Last appended by leader: 0, Current term: 0, Majority size: -1, State: 0, Mode: NON_LEADER, active raft config: opid_index: -1 OBSOLETE_local: false peers { permanent_uuid: "b3cea1dcb8f14e3bba7f9b46a5740f9c" member_type: VOTER last_known_addr { host: "127.21.105.193" port: 38629 } } peers { permanent_uuid: "cf347e1ab5df4cc19fdb1d1b2a3f1a3d" member_type: VOTER last_known_addr { host: "127.21.105.194" port: 46155 } } peers { permanent_uuid: "745f651abf344c80afa0d138d7f48572" member_type: VOTER last_known_addr { host: "127.21.105.195" port: 39799 } }
I20260710 13:23:12.638976 23241 ts_tablet_manager.cc:1434] T d4021097713b49859095a99d3103dce3 P b3cea1dcb8f14e3bba7f9b46a5740f9c: Time spent starting tablet: real 0.008s	user 0.008s	sys 0.000s
I20260710 13:23:12.640631 23242 ts_tablet_manager.cc:1434] T 8df1f6789d7c44fba8fb62d138d845a8 P cf347e1ab5df4cc19fdb1d1b2a3f1a3d: Time spent starting tablet: real 0.009s	user 0.007s	sys 0.000s
I20260710 13:23:12.641587 23241 tablet_bootstrap.cc:492] T 455c806a4f9842bb85aedda71aa11022 P b3cea1dcb8f14e3bba7f9b46a5740f9c: Bootstrap starting.
I20260710 13:23:12.641587 23242 tablet_bootstrap.cc:492] T 909b1d917ab44d31a7ff653ec4f3e9e3 P cf347e1ab5df4cc19fdb1d1b2a3f1a3d: Bootstrap starting.
I20260710 13:23:12.645812 23243 ts_tablet_manager.cc:1434] T 0c28419dff5e4909a16e307ede5c62fe P 745f651abf344c80afa0d138d7f48572: Time spent starting tablet: real 0.011s	user 0.005s	sys 0.001s
I20260710 13:23:12.646853 23243 tablet_bootstrap.cc:492] T d4021097713b49859095a99d3103dce3 P 745f651abf344c80afa0d138d7f48572: Bootstrap starting.
I20260710 13:23:12.648132 23242 tablet_bootstrap.cc:654] T 909b1d917ab44d31a7ff653ec4f3e9e3 P cf347e1ab5df4cc19fdb1d1b2a3f1a3d: Neither blocks nor log segments found. Creating new log.
I20260710 13:23:12.648761 23241 tablet_bootstrap.cc:654] T 455c806a4f9842bb85aedda71aa11022 P b3cea1dcb8f14e3bba7f9b46a5740f9c: Neither blocks nor log segments found. Creating new log.
I20260710 13:23:12.655993 23243 tablet_bootstrap.cc:654] T d4021097713b49859095a99d3103dce3 P 745f651abf344c80afa0d138d7f48572: Neither blocks nor log segments found. Creating new log.
I20260710 13:23:12.661650 23241 tablet_bootstrap.cc:492] T 455c806a4f9842bb85aedda71aa11022 P b3cea1dcb8f14e3bba7f9b46a5740f9c: No bootstrap required, opened a new log
I20260710 13:23:12.662177 23241 ts_tablet_manager.cc:1403] T 455c806a4f9842bb85aedda71aa11022 P b3cea1dcb8f14e3bba7f9b46a5740f9c: Time spent bootstrapping tablet: real 0.021s	user 0.014s	sys 0.004s
I20260710 13:23:12.665222 23241 raft_consensus.cc:359] T 455c806a4f9842bb85aedda71aa11022 P b3cea1dcb8f14e3bba7f9b46a5740f9c [term 0 FOLLOWER]: Replica starting. Triggering 0 pending ops. Active config: opid_index: -1 OBSOLETE_local: false peers { permanent_uuid: "b3cea1dcb8f14e3bba7f9b46a5740f9c" member_type: VOTER last_known_addr { host: "127.21.105.193" port: 38629 } } peers { permanent_uuid: "cf347e1ab5df4cc19fdb1d1b2a3f1a3d" member_type: VOTER last_known_addr { host: "127.21.105.194" port: 46155 } } peers { permanent_uuid: "745f651abf344c80afa0d138d7f48572" member_type: VOTER last_known_addr { host: "127.21.105.195" port: 39799 } }
I20260710 13:23:12.666182 23241 raft_consensus.cc:385] T 455c806a4f9842bb85aedda71aa11022 P b3cea1dcb8f14e3bba7f9b46a5740f9c [term 0 FOLLOWER]: Consensus starting up: Expiring failure detector timer to make a prompt election more likely
I20260710 13:23:12.666561 23241 raft_consensus.cc:740] T 455c806a4f9842bb85aedda71aa11022 P b3cea1dcb8f14e3bba7f9b46a5740f9c [term 0 FOLLOWER]: Becoming Follower/Learner. State: Replica: b3cea1dcb8f14e3bba7f9b46a5740f9c, State: Initialized, Role: FOLLOWER
I20260710 13:23:12.667245 23241 consensus_queue.cc:260] T 455c806a4f9842bb85aedda71aa11022 P b3cea1dcb8f14e3bba7f9b46a5740f9c [NON_LEADER]: Queue going to NON_LEADER mode. State: All replicated index: 0, Majority replicated index: 0, Committed index: 0, Last appended: 0.0, Last appended by leader: 0, Current term: 0, Majority size: -1, State: 0, Mode: NON_LEADER, active raft config: opid_index: -1 OBSOLETE_local: false peers { permanent_uuid: "b3cea1dcb8f14e3bba7f9b46a5740f9c" member_type: VOTER last_known_addr { host: "127.21.105.193" port: 38629 } } peers { permanent_uuid: "cf347e1ab5df4cc19fdb1d1b2a3f1a3d" member_type: VOTER last_known_addr { host: "127.21.105.194" port: 46155 } } peers { permanent_uuid: "745f651abf344c80afa0d138d7f48572" member_type: VOTER last_known_addr { host: "127.21.105.195" port: 39799 } }
I20260710 13:23:12.667845 23242 tablet_bootstrap.cc:492] T 909b1d917ab44d31a7ff653ec4f3e9e3 P cf347e1ab5df4cc19fdb1d1b2a3f1a3d: No bootstrap required, opened a new log
I20260710 13:23:12.668285 23242 ts_tablet_manager.cc:1403] T 909b1d917ab44d31a7ff653ec4f3e9e3 P cf347e1ab5df4cc19fdb1d1b2a3f1a3d: Time spent bootstrapping tablet: real 0.027s	user 0.014s	sys 0.003s
I20260710 13:23:12.669608 23241 ts_tablet_manager.cc:1434] T 455c806a4f9842bb85aedda71aa11022 P b3cea1dcb8f14e3bba7f9b46a5740f9c: Time spent starting tablet: real 0.007s	user 0.006s	sys 0.000s
I20260710 13:23:12.670881 23241 tablet_bootstrap.cc:492] T 0c28419dff5e4909a16e307ede5c62fe P b3cea1dcb8f14e3bba7f9b46a5740f9c: Bootstrap starting.
I20260710 13:23:12.671527 23242 raft_consensus.cc:359] T 909b1d917ab44d31a7ff653ec4f3e9e3 P cf347e1ab5df4cc19fdb1d1b2a3f1a3d [term 0 FOLLOWER]: Replica starting. Triggering 0 pending ops. Active config: opid_index: -1 OBSOLETE_local: false peers { permanent_uuid: "b3cea1dcb8f14e3bba7f9b46a5740f9c" member_type: VOTER last_known_addr { host: "127.21.105.193" port: 38629 } } peers { permanent_uuid: "cf347e1ab5df4cc19fdb1d1b2a3f1a3d" member_type: VOTER last_known_addr { host: "127.21.105.194" port: 46155 } } peers { permanent_uuid: "745f651abf344c80afa0d138d7f48572" member_type: VOTER last_known_addr { host: "127.21.105.195" port: 39799 } }
I20260710 13:23:12.672052 23243 tablet_bootstrap.cc:492] T d4021097713b49859095a99d3103dce3 P 745f651abf344c80afa0d138d7f48572: No bootstrap required, opened a new log
I20260710 13:23:12.672199 23242 raft_consensus.cc:385] T 909b1d917ab44d31a7ff653ec4f3e9e3 P cf347e1ab5df4cc19fdb1d1b2a3f1a3d [term 0 FOLLOWER]: Consensus starting up: Expiring failure detector timer to make a prompt election more likely
I20260710 13:23:12.672624 23243 ts_tablet_manager.cc:1403] T d4021097713b49859095a99d3103dce3 P 745f651abf344c80afa0d138d7f48572: Time spent bootstrapping tablet: real 0.026s	user 0.013s	sys 0.003s
I20260710 13:23:12.672791 23242 raft_consensus.cc:740] T 909b1d917ab44d31a7ff653ec4f3e9e3 P cf347e1ab5df4cc19fdb1d1b2a3f1a3d [term 0 FOLLOWER]: Becoming Follower/Learner. State: Replica: cf347e1ab5df4cc19fdb1d1b2a3f1a3d, State: Initialized, Role: FOLLOWER
I20260710 13:23:12.673486 23242 consensus_queue.cc:260] T 909b1d917ab44d31a7ff653ec4f3e9e3 P cf347e1ab5df4cc19fdb1d1b2a3f1a3d [NON_LEADER]: Queue going to NON_LEADER mode. State: All replicated index: 0, Majority replicated index: 0, Committed index: 0, Last appended: 0.0, Last appended by leader: 0, Current term: 0, Majority size: -1, State: 0, Mode: NON_LEADER, active raft config: opid_index: -1 OBSOLETE_local: false peers { permanent_uuid: "b3cea1dcb8f14e3bba7f9b46a5740f9c" member_type: VOTER last_known_addr { host: "127.21.105.193" port: 38629 } } peers { permanent_uuid: "cf347e1ab5df4cc19fdb1d1b2a3f1a3d" member_type: VOTER last_known_addr { host: "127.21.105.194" port: 46155 } } peers { permanent_uuid: "745f651abf344c80afa0d138d7f48572" member_type: VOTER last_known_addr { host: "127.21.105.195" port: 39799 } }
I20260710 13:23:12.675493 23243 raft_consensus.cc:359] T d4021097713b49859095a99d3103dce3 P 745f651abf344c80afa0d138d7f48572 [term 0 FOLLOWER]: Replica starting. Triggering 0 pending ops. Active config: opid_index: -1 OBSOLETE_local: false peers { permanent_uuid: "b3cea1dcb8f14e3bba7f9b46a5740f9c" member_type: VOTER last_known_addr { host: "127.21.105.193" port: 38629 } } peers { permanent_uuid: "cf347e1ab5df4cc19fdb1d1b2a3f1a3d" member_type: VOTER last_known_addr { host: "127.21.105.194" port: 46155 } } peers { permanent_uuid: "745f651abf344c80afa0d138d7f48572" member_type: VOTER last_known_addr { host: "127.21.105.195" port: 39799 } }
I20260710 13:23:12.676271 23243 raft_consensus.cc:385] T d4021097713b49859095a99d3103dce3 P 745f651abf344c80afa0d138d7f48572 [term 0 FOLLOWER]: Consensus starting up: Expiring failure detector timer to make a prompt election more likely
I20260710 13:23:12.676580 23243 raft_consensus.cc:740] T d4021097713b49859095a99d3103dce3 P 745f651abf344c80afa0d138d7f48572 [term 0 FOLLOWER]: Becoming Follower/Learner. State: Replica: 745f651abf344c80afa0d138d7f48572, State: Initialized, Role: FOLLOWER
I20260710 13:23:12.677282 23315 raft_consensus.cc:493] T 0c28419dff5e4909a16e307ede5c62fe P 745f651abf344c80afa0d138d7f48572 [term 0 FOLLOWER]: Starting pre-election (no leader contacted us within the election timeout)
I20260710 13:23:12.677783 23315 raft_consensus.cc:515] T 0c28419dff5e4909a16e307ede5c62fe P 745f651abf344c80afa0d138d7f48572 [term 0 FOLLOWER]: Starting pre-election with config: opid_index: -1 OBSOLETE_local: false peers { permanent_uuid: "b3cea1dcb8f14e3bba7f9b46a5740f9c" member_type: VOTER last_known_addr { host: "127.21.105.193" port: 38629 } } peers { permanent_uuid: "cf347e1ab5df4cc19fdb1d1b2a3f1a3d" member_type: VOTER last_known_addr { host: "127.21.105.194" port: 46155 } } peers { permanent_uuid: "745f651abf344c80afa0d138d7f48572" member_type: VOTER last_known_addr { host: "127.21.105.195" port: 39799 } }
I20260710 13:23:12.678676 23242 ts_tablet_manager.cc:1434] T 909b1d917ab44d31a7ff653ec4f3e9e3 P cf347e1ab5df4cc19fdb1d1b2a3f1a3d: Time spent starting tablet: real 0.010s	user 0.005s	sys 0.000s
I20260710 13:23:12.677277 23243 consensus_queue.cc:260] T d4021097713b49859095a99d3103dce3 P 745f651abf344c80afa0d138d7f48572 [NON_LEADER]: Queue going to NON_LEADER mode. State: All replicated index: 0, Majority replicated index: 0, Committed index: 0, Last appended: 0.0, Last appended by leader: 0, Current term: 0, Majority size: -1, State: 0, Mode: NON_LEADER, active raft config: opid_index: -1 OBSOLETE_local: false peers { permanent_uuid: "b3cea1dcb8f14e3bba7f9b46a5740f9c" member_type: VOTER last_known_addr { host: "127.21.105.193" port: 38629 } } peers { permanent_uuid: "cf347e1ab5df4cc19fdb1d1b2a3f1a3d" member_type: VOTER last_known_addr { host: "127.21.105.194" port: 46155 } } peers { permanent_uuid: "745f651abf344c80afa0d138d7f48572" member_type: VOTER last_known_addr { host: "127.21.105.195" port: 39799 } }
I20260710 13:23:12.682186 23127 tablet_service.cc:1917] Received RequestConsensusVote() RPC: tablet_id: "0c28419dff5e4909a16e307ede5c62fe" candidate_uuid: "745f651abf344c80afa0d138d7f48572" candidate_term: 1 candidate_status { last_received { term: 0 index: 0 } } ignore_live_leader: false dest_uuid: "cf347e1ab5df4cc19fdb1d1b2a3f1a3d" is_pre_election: true
I20260710 13:23:12.683526 23049 tablet_service.cc:1917] Received RequestConsensusVote() RPC: tablet_id: "0c28419dff5e4909a16e307ede5c62fe" candidate_uuid: "745f651abf344c80afa0d138d7f48572" candidate_term: 1 candidate_status { last_received { term: 0 index: 0 } } ignore_live_leader: false dest_uuid: "b3cea1dcb8f14e3bba7f9b46a5740f9c" is_pre_election: true
W20260710 13:23:12.685477 23165 leader_election.cc:343] T 0c28419dff5e4909a16e307ede5c62fe P 745f651abf344c80afa0d138d7f48572 [CANDIDATE]: Term 1 pre-election: Tablet error from VoteRequest() call to peer b3cea1dcb8f14e3bba7f9b46a5740f9c (127.21.105.193:38629): Illegal state: must be running to vote when last-logged opid is not known
I20260710 13:23:12.695694 23314 raft_consensus.cc:493] T 8df1f6789d7c44fba8fb62d138d845a8 P cf347e1ab5df4cc19fdb1d1b2a3f1a3d [term 0 FOLLOWER]: Starting pre-election (no leader contacted us within the election timeout)
I20260710 13:23:12.696417 23314 raft_consensus.cc:515] T 8df1f6789d7c44fba8fb62d138d845a8 P cf347e1ab5df4cc19fdb1d1b2a3f1a3d [term 0 FOLLOWER]: Starting pre-election with config: opid_index: -1 OBSOLETE_local: false peers { permanent_uuid: "b3cea1dcb8f14e3bba7f9b46a5740f9c" member_type: VOTER last_known_addr { host: "127.21.105.193" port: 38629 } } peers { permanent_uuid: "cf347e1ab5df4cc19fdb1d1b2a3f1a3d" member_type: VOTER last_known_addr { host: "127.21.105.194" port: 46155 } } peers { permanent_uuid: "745f651abf344c80afa0d138d7f48572" member_type: VOTER last_known_addr { host: "127.21.105.195" port: 39799 } }
I20260710 13:23:12.699083 23243 ts_tablet_manager.cc:1434] T d4021097713b49859095a99d3103dce3 P 745f651abf344c80afa0d138d7f48572: Time spent starting tablet: real 0.026s	user 0.013s	sys 0.001s
I20260710 13:23:12.700232 23242 tablet_bootstrap.cc:492] T d4021097713b49859095a99d3103dce3 P cf347e1ab5df4cc19fdb1d1b2a3f1a3d: Bootstrap starting.
I20260710 13:23:12.699111 23314 leader_election.cc:290] T 8df1f6789d7c44fba8fb62d138d845a8 P cf347e1ab5df4cc19fdb1d1b2a3f1a3d [CANDIDATE]: Term 1 pre-election: Requested pre-vote from peers b3cea1dcb8f14e3bba7f9b46a5740f9c (127.21.105.193:38629), 745f651abf344c80afa0d138d7f48572 (127.21.105.195:39799)
I20260710 13:23:12.677330 23241 tablet_bootstrap.cc:654] T 0c28419dff5e4909a16e307ede5c62fe P b3cea1dcb8f14e3bba7f9b46a5740f9c: Neither blocks nor log segments found. Creating new log.
W20260710 13:23:12.702665 23166 leader_election.cc:343] T 0c28419dff5e4909a16e307ede5c62fe P 745f651abf344c80afa0d138d7f48572 [CANDIDATE]: Term 1 pre-election: Tablet error from VoteRequest() call to peer cf347e1ab5df4cc19fdb1d1b2a3f1a3d (127.21.105.194:46155): Illegal state: must be running to vote when last-logged opid is not known
I20260710 13:23:12.703137 23166 leader_election.cc:304] T 0c28419dff5e4909a16e307ede5c62fe P 745f651abf344c80afa0d138d7f48572 [CANDIDATE]: Term 1 pre-election: Election decided. Result: candidate lost. Election summary: received 3 responses out of 3 voters: 1 yes votes; 2 no votes. yes voters: 745f651abf344c80afa0d138d7f48572; no voters: b3cea1dcb8f14e3bba7f9b46a5740f9c, cf347e1ab5df4cc19fdb1d1b2a3f1a3d
I20260710 13:23:12.703382 23200 tablet_service.cc:1917] Received RequestConsensusVote() RPC: tablet_id: "8df1f6789d7c44fba8fb62d138d845a8" candidate_uuid: "cf347e1ab5df4cc19fdb1d1b2a3f1a3d" candidate_term: 1 candidate_status { last_received { term: 0 index: 0 } } ignore_live_leader: false dest_uuid: "745f651abf344c80afa0d138d7f48572" is_pre_election: true
I20260710 13:23:12.704093 23200 raft_consensus.cc:2468] T 8df1f6789d7c44fba8fb62d138d845a8 P 745f651abf344c80afa0d138d7f48572 [term 0 FOLLOWER]: Leader pre-election vote request: Granting yes vote for candidate cf347e1ab5df4cc19fdb1d1b2a3f1a3d in term 0.
I20260710 13:23:12.704983 23358 raft_consensus.cc:2749] T 0c28419dff5e4909a16e307ede5c62fe P 745f651abf344c80afa0d138d7f48572 [term 0 FOLLOWER]: Leader pre-election lost for term 1. Reason: could not achieve majority
I20260710 13:23:12.707353 23092 leader_election.cc:304] T 8df1f6789d7c44fba8fb62d138d845a8 P cf347e1ab5df4cc19fdb1d1b2a3f1a3d [CANDIDATE]: Term 1 pre-election: Election decided. Result: candidate won. Election summary: received 2 responses out of 3 voters: 2 yes votes; 0 no votes. yes voters: 745f651abf344c80afa0d138d7f48572, cf347e1ab5df4cc19fdb1d1b2a3f1a3d; no voters: 
I20260710 13:23:12.707906 23242 tablet_bootstrap.cc:654] T d4021097713b49859095a99d3103dce3 P cf347e1ab5df4cc19fdb1d1b2a3f1a3d: Neither blocks nor log segments found. Creating new log.
I20260710 13:23:12.708251 23314 raft_consensus.cc:2804] T 8df1f6789d7c44fba8fb62d138d845a8 P cf347e1ab5df4cc19fdb1d1b2a3f1a3d [term 0 FOLLOWER]: Leader pre-election won for term 1
I20260710 13:23:12.708678 23314 raft_consensus.cc:493] T 8df1f6789d7c44fba8fb62d138d845a8 P cf347e1ab5df4cc19fdb1d1b2a3f1a3d [term 0 FOLLOWER]: Starting leader election (no leader contacted us within the election timeout)
I20260710 13:23:12.709040 23314 raft_consensus.cc:3060] T 8df1f6789d7c44fba8fb62d138d845a8 P cf347e1ab5df4cc19fdb1d1b2a3f1a3d [term 0 FOLLOWER]: Advancing to term 1
I20260710 13:23:12.712680 23049 tablet_service.cc:1917] Received RequestConsensusVote() RPC: tablet_id: "8df1f6789d7c44fba8fb62d138d845a8" candidate_uuid: "cf347e1ab5df4cc19fdb1d1b2a3f1a3d" candidate_term: 1 candidate_status { last_received { term: 0 index: 0 } } ignore_live_leader: false dest_uuid: "b3cea1dcb8f14e3bba7f9b46a5740f9c" is_pre_election: true
W20260710 13:23:12.714324 23091 leader_election.cc:343] T 8df1f6789d7c44fba8fb62d138d845a8 P cf347e1ab5df4cc19fdb1d1b2a3f1a3d [CANDIDATE]: Term 1 pre-election: Tablet error from VoteRequest() call to peer b3cea1dcb8f14e3bba7f9b46a5740f9c (127.21.105.193:38629): Illegal state: must be running to vote when last-logged opid is not known
I20260710 13:23:12.723552 23361 raft_consensus.cc:493] T ff99e37d1f78424ea3af3870d299522f P cf347e1ab5df4cc19fdb1d1b2a3f1a3d [term 0 FOLLOWER]: Starting pre-election (no leader contacted us within the election timeout)
I20260710 13:23:12.724097 23361 raft_consensus.cc:515] T ff99e37d1f78424ea3af3870d299522f P cf347e1ab5df4cc19fdb1d1b2a3f1a3d [term 0 FOLLOWER]: Starting pre-election with config: opid_index: -1 OBSOLETE_local: false peers { permanent_uuid: "b3cea1dcb8f14e3bba7f9b46a5740f9c" member_type: VOTER last_known_addr { host: "127.21.105.193" port: 38629 } } peers { permanent_uuid: "cf347e1ab5df4cc19fdb1d1b2a3f1a3d" member_type: VOTER last_known_addr { host: "127.21.105.194" port: 46155 } } peers { permanent_uuid: "745f651abf344c80afa0d138d7f48572" member_type: VOTER last_known_addr { host: "127.21.105.195" port: 39799 } }
I20260710 13:23:12.726495 23361 leader_election.cc:290] T ff99e37d1f78424ea3af3870d299522f P cf347e1ab5df4cc19fdb1d1b2a3f1a3d [CANDIDATE]: Term 1 pre-election: Requested pre-vote from peers b3cea1dcb8f14e3bba7f9b46a5740f9c (127.21.105.193:38629), 745f651abf344c80afa0d138d7f48572 (127.21.105.195:39799)
I20260710 13:23:12.729453 23241 tablet_bootstrap.cc:492] T 0c28419dff5e4909a16e307ede5c62fe P b3cea1dcb8f14e3bba7f9b46a5740f9c: No bootstrap required, opened a new log
I20260710 13:23:12.730780 23241 ts_tablet_manager.cc:1403] T 0c28419dff5e4909a16e307ede5c62fe P b3cea1dcb8f14e3bba7f9b46a5740f9c: Time spent bootstrapping tablet: real 0.060s	user 0.008s	sys 0.004s
I20260710 13:23:12.731791 23200 tablet_service.cc:1917] Received RequestConsensusVote() RPC: tablet_id: "ff99e37d1f78424ea3af3870d299522f" candidate_uuid: "cf347e1ab5df4cc19fdb1d1b2a3f1a3d" candidate_term: 1 candidate_status { last_received { term: 0 index: 0 } } ignore_live_leader: false dest_uuid: "745f651abf344c80afa0d138d7f48572" is_pre_election: true
I20260710 13:23:12.732694 23200 raft_consensus.cc:2468] T ff99e37d1f78424ea3af3870d299522f P 745f651abf344c80afa0d138d7f48572 [term 0 FOLLOWER]: Leader pre-election vote request: Granting yes vote for candidate cf347e1ab5df4cc19fdb1d1b2a3f1a3d in term 0.
I20260710 13:23:12.735005 23092 leader_election.cc:304] T ff99e37d1f78424ea3af3870d299522f P cf347e1ab5df4cc19fdb1d1b2a3f1a3d [CANDIDATE]: Term 1 pre-election: Election decided. Result: candidate won. Election summary: received 2 responses out of 3 voters: 2 yes votes; 0 no votes. yes voters: 745f651abf344c80afa0d138d7f48572, cf347e1ab5df4cc19fdb1d1b2a3f1a3d; no voters: 
I20260710 13:23:12.738798 23361 raft_consensus.cc:2804] T ff99e37d1f78424ea3af3870d299522f P cf347e1ab5df4cc19fdb1d1b2a3f1a3d [term 0 FOLLOWER]: Leader pre-election won for term 1
I20260710 13:23:12.739228 23361 raft_consensus.cc:493] T ff99e37d1f78424ea3af3870d299522f P cf347e1ab5df4cc19fdb1d1b2a3f1a3d [term 0 FOLLOWER]: Starting leader election (no leader contacted us within the election timeout)
I20260710 13:23:12.739596 23361 raft_consensus.cc:3060] T ff99e37d1f78424ea3af3870d299522f P cf347e1ab5df4cc19fdb1d1b2a3f1a3d [term 0 FOLLOWER]: Advancing to term 1
I20260710 13:23:12.740504 23049 tablet_service.cc:1917] Received RequestConsensusVote() RPC: tablet_id: "ff99e37d1f78424ea3af3870d299522f" candidate_uuid: "cf347e1ab5df4cc19fdb1d1b2a3f1a3d" candidate_term: 1 candidate_status { last_received { term: 0 index: 0 } } ignore_live_leader: false dest_uuid: "b3cea1dcb8f14e3bba7f9b46a5740f9c" is_pre_election: true
I20260710 13:23:12.741231 23049 raft_consensus.cc:2468] T ff99e37d1f78424ea3af3870d299522f P b3cea1dcb8f14e3bba7f9b46a5740f9c [term 0 FOLLOWER]: Leader pre-election vote request: Granting yes vote for candidate cf347e1ab5df4cc19fdb1d1b2a3f1a3d in term 0.
W20260710 13:23:12.743543 23165 outbound_call.cc:321] RPC callback for RPC call kudu.consensus.ConsensusService.RequestConsensusVote -> {remote=127.21.105.193:38629, user_credentials={real_user=slave}} blocked reactor thread for 58129.8us
I20260710 13:23:12.743884 23241 raft_consensus.cc:359] T 0c28419dff5e4909a16e307ede5c62fe P b3cea1dcb8f14e3bba7f9b46a5740f9c [term 0 FOLLOWER]: Replica starting. Triggering 0 pending ops. Active config: opid_index: -1 OBSOLETE_local: false peers { permanent_uuid: "b3cea1dcb8f14e3bba7f9b46a5740f9c" member_type: VOTER last_known_addr { host: "127.21.105.193" port: 38629 } } peers { permanent_uuid: "cf347e1ab5df4cc19fdb1d1b2a3f1a3d" member_type: VOTER last_known_addr { host: "127.21.105.194" port: 46155 } } peers { permanent_uuid: "745f651abf344c80afa0d138d7f48572" member_type: VOTER last_known_addr { host: "127.21.105.195" port: 39799 } }
I20260710 13:23:12.744612 23241 raft_consensus.cc:385] T 0c28419dff5e4909a16e307ede5c62fe P b3cea1dcb8f14e3bba7f9b46a5740f9c [term 0 FOLLOWER]: Consensus starting up: Expiring failure detector timer to make a prompt election more likely
I20260710 13:23:12.744931 23241 raft_consensus.cc:740] T 0c28419dff5e4909a16e307ede5c62fe P b3cea1dcb8f14e3bba7f9b46a5740f9c [term 0 FOLLOWER]: Becoming Follower/Learner. State: Replica: b3cea1dcb8f14e3bba7f9b46a5740f9c, State: Initialized, Role: FOLLOWER
I20260710 13:23:12.745338 23242 tablet_bootstrap.cc:492] T d4021097713b49859095a99d3103dce3 P cf347e1ab5df4cc19fdb1d1b2a3f1a3d: No bootstrap required, opened a new log
I20260710 13:23:12.745826 23242 ts_tablet_manager.cc:1403] T d4021097713b49859095a99d3103dce3 P cf347e1ab5df4cc19fdb1d1b2a3f1a3d: Time spent bootstrapping tablet: real 0.046s	user 0.022s	sys 0.020s
I20260710 13:23:12.745584 23241 consensus_queue.cc:260] T 0c28419dff5e4909a16e307ede5c62fe P b3cea1dcb8f14e3bba7f9b46a5740f9c [NON_LEADER]: Queue going to NON_LEADER mode. State: All replicated index: 0, Majority replicated index: 0, Committed index: 0, Last appended: 0.0, Last appended by leader: 0, Current term: 0, Majority size: -1, State: 0, Mode: NON_LEADER, active raft config: opid_index: -1 OBSOLETE_local: false peers { permanent_uuid: "b3cea1dcb8f14e3bba7f9b46a5740f9c" member_type: VOTER last_known_addr { host: "127.21.105.193" port: 38629 } } peers { permanent_uuid: "cf347e1ab5df4cc19fdb1d1b2a3f1a3d" member_type: VOTER last_known_addr { host: "127.21.105.194" port: 46155 } } peers { permanent_uuid: "745f651abf344c80afa0d138d7f48572" member_type: VOTER last_known_addr { host: "127.21.105.195" port: 39799 } }
I20260710 13:23:12.747563 23241 ts_tablet_manager.cc:1434] T 0c28419dff5e4909a16e307ede5c62fe P b3cea1dcb8f14e3bba7f9b46a5740f9c: Time spent starting tablet: real 0.014s	user 0.004s	sys 0.000s
I20260710 13:23:12.747300 23361 raft_consensus.cc:515] T ff99e37d1f78424ea3af3870d299522f P cf347e1ab5df4cc19fdb1d1b2a3f1a3d [term 1 FOLLOWER]: Starting leader election with config: opid_index: -1 OBSOLETE_local: false peers { permanent_uuid: "b3cea1dcb8f14e3bba7f9b46a5740f9c" member_type: VOTER last_known_addr { host: "127.21.105.193" port: 38629 } } peers { permanent_uuid: "cf347e1ab5df4cc19fdb1d1b2a3f1a3d" member_type: VOTER last_known_addr { host: "127.21.105.194" port: 46155 } } peers { permanent_uuid: "745f651abf344c80afa0d138d7f48572" member_type: VOTER last_known_addr { host: "127.21.105.195" port: 39799 } }
I20260710 13:23:12.748425 23241 tablet_bootstrap.cc:492] T 909b1d917ab44d31a7ff653ec4f3e9e3 P b3cea1dcb8f14e3bba7f9b46a5740f9c: Bootstrap starting.
I20260710 13:23:12.748593 23242 raft_consensus.cc:359] T d4021097713b49859095a99d3103dce3 P cf347e1ab5df4cc19fdb1d1b2a3f1a3d [term 0 FOLLOWER]: Replica starting. Triggering 0 pending ops. Active config: opid_index: -1 OBSOLETE_local: false peers { permanent_uuid: "b3cea1dcb8f14e3bba7f9b46a5740f9c" member_type: VOTER last_known_addr { host: "127.21.105.193" port: 38629 } } peers { permanent_uuid: "cf347e1ab5df4cc19fdb1d1b2a3f1a3d" member_type: VOTER last_known_addr { host: "127.21.105.194" port: 46155 } } peers { permanent_uuid: "745f651abf344c80afa0d138d7f48572" member_type: VOTER last_known_addr { host: "127.21.105.195" port: 39799 } }
I20260710 13:23:12.749295 23242 raft_consensus.cc:385] T d4021097713b49859095a99d3103dce3 P cf347e1ab5df4cc19fdb1d1b2a3f1a3d [term 0 FOLLOWER]: Consensus starting up: Expiring failure detector timer to make a prompt election more likely
I20260710 13:23:12.749588 23242 raft_consensus.cc:740] T d4021097713b49859095a99d3103dce3 P cf347e1ab5df4cc19fdb1d1b2a3f1a3d [term 0 FOLLOWER]: Becoming Follower/Learner. State: Replica: cf347e1ab5df4cc19fdb1d1b2a3f1a3d, State: Initialized, Role: FOLLOWER
I20260710 13:23:12.749887 23315 leader_election.cc:290] T 0c28419dff5e4909a16e307ede5c62fe P 745f651abf344c80afa0d138d7f48572 [CANDIDATE]: Term 1 pre-election: Requested pre-vote from peers b3cea1dcb8f14e3bba7f9b46a5740f9c (127.21.105.193:38629), cf347e1ab5df4cc19fdb1d1b2a3f1a3d (127.21.105.194:46155)
I20260710 13:23:12.750286 23361 leader_election.cc:290] T ff99e37d1f78424ea3af3870d299522f P cf347e1ab5df4cc19fdb1d1b2a3f1a3d [CANDIDATE]: Term 1 election: Requested vote from peers b3cea1dcb8f14e3bba7f9b46a5740f9c (127.21.105.193:38629), 745f651abf344c80afa0d138d7f48572 (127.21.105.195:39799)
I20260710 13:23:12.750304 23242 consensus_queue.cc:260] T d4021097713b49859095a99d3103dce3 P cf347e1ab5df4cc19fdb1d1b2a3f1a3d [NON_LEADER]: Queue going to NON_LEADER mode. State: All replicated index: 0, Majority replicated index: 0, Committed index: 0, Last appended: 0.0, Last appended by leader: 0, Current term: 0, Majority size: -1, State: 0, Mode: NON_LEADER, active raft config: opid_index: -1 OBSOLETE_local: false peers { permanent_uuid: "b3cea1dcb8f14e3bba7f9b46a5740f9c" member_type: VOTER last_known_addr { host: "127.21.105.193" port: 38629 } } peers { permanent_uuid: "cf347e1ab5df4cc19fdb1d1b2a3f1a3d" member_type: VOTER last_known_addr { host: "127.21.105.194" port: 46155 } } peers { permanent_uuid: "745f651abf344c80afa0d138d7f48572" member_type: VOTER last_known_addr { host: "127.21.105.195" port: 39799 } }
I20260710 13:23:12.752252 23051 tablet_service.cc:1917] Received RequestConsensusVote() RPC: tablet_id: "ff99e37d1f78424ea3af3870d299522f" candidate_uuid: "cf347e1ab5df4cc19fdb1d1b2a3f1a3d" candidate_term: 1 candidate_status { last_received { term: 0 index: 0 } } ignore_live_leader: false dest_uuid: "b3cea1dcb8f14e3bba7f9b46a5740f9c"
I20260710 13:23:12.752926 23051 raft_consensus.cc:3060] T ff99e37d1f78424ea3af3870d299522f P b3cea1dcb8f14e3bba7f9b46a5740f9c [term 0 FOLLOWER]: Advancing to term 1
I20260710 13:23:12.753063 23242 ts_tablet_manager.cc:1434] T d4021097713b49859095a99d3103dce3 P cf347e1ab5df4cc19fdb1d1b2a3f1a3d: Time spent starting tablet: real 0.007s	user 0.006s	sys 0.000s
I20260710 13:23:12.754122 23242 tablet_bootstrap.cc:492] T 0c28419dff5e4909a16e307ede5c62fe P cf347e1ab5df4cc19fdb1d1b2a3f1a3d: Bootstrap starting.
I20260710 13:23:12.755427 23200 tablet_service.cc:1917] Received RequestConsensusVote() RPC: tablet_id: "ff99e37d1f78424ea3af3870d299522f" candidate_uuid: "cf347e1ab5df4cc19fdb1d1b2a3f1a3d" candidate_term: 1 candidate_status { last_received { term: 0 index: 0 } } ignore_live_leader: false dest_uuid: "745f651abf344c80afa0d138d7f48572"
I20260710 13:23:12.756124 23241 tablet_bootstrap.cc:654] T 909b1d917ab44d31a7ff653ec4f3e9e3 P b3cea1dcb8f14e3bba7f9b46a5740f9c: Neither blocks nor log segments found. Creating new log.
I20260710 13:23:12.756053 23200 raft_consensus.cc:3060] T ff99e37d1f78424ea3af3870d299522f P 745f651abf344c80afa0d138d7f48572 [term 0 FOLLOWER]: Advancing to term 1
I20260710 13:23:12.756783 23315 raft_consensus.cc:493] T 49274e0383b9412bbf1941cb4c501223 P 745f651abf344c80afa0d138d7f48572 [term 0 FOLLOWER]: Starting pre-election (no leader contacted us within the election timeout)
I20260710 13:23:12.757302 23315 raft_consensus.cc:515] T 49274e0383b9412bbf1941cb4c501223 P 745f651abf344c80afa0d138d7f48572 [term 0 FOLLOWER]: Starting pre-election with config: opid_index: -1 OBSOLETE_local: false peers { permanent_uuid: "b3cea1dcb8f14e3bba7f9b46a5740f9c" member_type: VOTER last_known_addr { host: "127.21.105.193" port: 38629 } } peers { permanent_uuid: "cf347e1ab5df4cc19fdb1d1b2a3f1a3d" member_type: VOTER last_known_addr { host: "127.21.105.194" port: 46155 } } peers { permanent_uuid: "745f651abf344c80afa0d138d7f48572" member_type: VOTER last_known_addr { host: "127.21.105.195" port: 39799 } }
I20260710 13:23:12.759537 23315 leader_election.cc:290] T 49274e0383b9412bbf1941cb4c501223 P 745f651abf344c80afa0d138d7f48572 [CANDIDATE]: Term 1 pre-election: Requested pre-vote from peers b3cea1dcb8f14e3bba7f9b46a5740f9c (127.21.105.193:38629), cf347e1ab5df4cc19fdb1d1b2a3f1a3d (127.21.105.194:46155)
I20260710 13:23:12.760370 23242 tablet_bootstrap.cc:654] T 0c28419dff5e4909a16e307ede5c62fe P cf347e1ab5df4cc19fdb1d1b2a3f1a3d: Neither blocks nor log segments found. Creating new log.
I20260710 13:23:12.760836 23127 tablet_service.cc:1917] Received RequestConsensusVote() RPC: tablet_id: "49274e0383b9412bbf1941cb4c501223" candidate_uuid: "745f651abf344c80afa0d138d7f48572" candidate_term: 1 candidate_status { last_received { term: 0 index: 0 } } ignore_live_leader: false dest_uuid: "cf347e1ab5df4cc19fdb1d1b2a3f1a3d" is_pre_election: true
I20260710 13:23:12.761484 23127 raft_consensus.cc:2468] T 49274e0383b9412bbf1941cb4c501223 P cf347e1ab5df4cc19fdb1d1b2a3f1a3d [term 0 FOLLOWER]: Leader pre-election vote request: Granting yes vote for candidate 745f651abf344c80afa0d138d7f48572 in term 0.
I20260710 13:23:12.762603 23166 leader_election.cc:304] T 49274e0383b9412bbf1941cb4c501223 P 745f651abf344c80afa0d138d7f48572 [CANDIDATE]: Term 1 pre-election: Election decided. Result: candidate won. Election summary: received 2 responses out of 3 voters: 2 yes votes; 0 no votes. yes voters: 745f651abf344c80afa0d138d7f48572, cf347e1ab5df4cc19fdb1d1b2a3f1a3d; no voters: 
I20260710 13:23:12.765076 23315 raft_consensus.cc:2804] T 49274e0383b9412bbf1941cb4c501223 P 745f651abf344c80afa0d138d7f48572 [term 0 FOLLOWER]: Leader pre-election won for term 1
I20260710 13:23:12.765599 23315 raft_consensus.cc:493] T 49274e0383b9412bbf1941cb4c501223 P 745f651abf344c80afa0d138d7f48572 [term 0 FOLLOWER]: Starting leader election (no leader contacted us within the election timeout)
I20260710 13:23:12.766042 23315 raft_consensus.cc:3060] T 49274e0383b9412bbf1941cb4c501223 P 745f651abf344c80afa0d138d7f48572 [term 0 FOLLOWER]: Advancing to term 1
I20260710 13:23:12.769677 23049 tablet_service.cc:1917] Received RequestConsensusVote() RPC: tablet_id: "49274e0383b9412bbf1941cb4c501223" candidate_uuid: "745f651abf344c80afa0d138d7f48572" candidate_term: 1 candidate_status { last_received { term: 0 index: 0 } } ignore_live_leader: false dest_uuid: "b3cea1dcb8f14e3bba7f9b46a5740f9c" is_pre_election: true
I20260710 13:23:12.770334 23049 raft_consensus.cc:2468] T 49274e0383b9412bbf1941cb4c501223 P b3cea1dcb8f14e3bba7f9b46a5740f9c [term 0 FOLLOWER]: Leader pre-election vote request: Granting yes vote for candidate 745f651abf344c80afa0d138d7f48572 in term 0.
I20260710 13:23:12.722914 23314 raft_consensus.cc:515] T 8df1f6789d7c44fba8fb62d138d845a8 P cf347e1ab5df4cc19fdb1d1b2a3f1a3d [term 1 FOLLOWER]: Starting leader election with config: opid_index: -1 OBSOLETE_local: false peers { permanent_uuid: "b3cea1dcb8f14e3bba7f9b46a5740f9c" member_type: VOTER last_known_addr { host: "127.21.105.193" port: 38629 } } peers { permanent_uuid: "cf347e1ab5df4cc19fdb1d1b2a3f1a3d" member_type: VOTER last_known_addr { host: "127.21.105.194" port: 46155 } } peers { permanent_uuid: "745f651abf344c80afa0d138d7f48572" member_type: VOTER last_known_addr { host: "127.21.105.195" port: 39799 } }
I20260710 13:23:12.773810 23049 tablet_service.cc:1917] Received RequestConsensusVote() RPC: tablet_id: "8df1f6789d7c44fba8fb62d138d845a8" candidate_uuid: "cf347e1ab5df4cc19fdb1d1b2a3f1a3d" candidate_term: 1 candidate_status { last_received { term: 0 index: 0 } } ignore_live_leader: false dest_uuid: "b3cea1dcb8f14e3bba7f9b46a5740f9c"
I20260710 13:23:12.774554 23305 raft_consensus.cc:493] T d4021097713b49859095a99d3103dce3 P b3cea1dcb8f14e3bba7f9b46a5740f9c [term 0 FOLLOWER]: Starting pre-election (no leader contacted us within the election timeout)
I20260710 13:23:12.774761 23200 raft_consensus.cc:2468] T ff99e37d1f78424ea3af3870d299522f P 745f651abf344c80afa0d138d7f48572 [term 1 FOLLOWER]: Leader election vote request: Granting yes vote for candidate cf347e1ab5df4cc19fdb1d1b2a3f1a3d in term 1.
W20260710 13:23:12.775044 23091 leader_election.cc:343] T 8df1f6789d7c44fba8fb62d138d845a8 P cf347e1ab5df4cc19fdb1d1b2a3f1a3d [CANDIDATE]: Term 1 election: Tablet error from VoteRequest() call to peer b3cea1dcb8f14e3bba7f9b46a5740f9c (127.21.105.193:38629): Illegal state: must be running to vote when last-logged opid is not known
I20260710 13:23:12.777066 23092 leader_election.cc:304] T ff99e37d1f78424ea3af3870d299522f P cf347e1ab5df4cc19fdb1d1b2a3f1a3d [CANDIDATE]: Term 1 election: Election decided. Result: candidate won. Election summary: received 2 responses out of 3 voters: 2 yes votes; 0 no votes. yes voters: 745f651abf344c80afa0d138d7f48572, cf347e1ab5df4cc19fdb1d1b2a3f1a3d; no voters: 
