I20260710 13:23:08.996695 21925 raft_consensus.cc:2272] T d11fc941dde443489d68138f180f3da5 P 46ca495b0cfd471182b529d8de76f80a [term 2 FOLLOWER]: Raft consensus is shut down!
I20260710 13:23:08.998277 21925 tablet_replica.cc:333] T 334b4acdd4f8476ba80da8234b075e3a P 46ca495b0cfd471182b529d8de76f80a: stopping tablet replica
I20260710 13:23:08.998718 21925 raft_consensus.cc:2243] T 334b4acdd4f8476ba80da8234b075e3a P 46ca495b0cfd471182b529d8de76f80a [term 3 FOLLOWER]: Raft consensus shutting down.
I20260710 13:23:08.999142 21925 raft_consensus.cc:2272] T 334b4acdd4f8476ba80da8234b075e3a P 46ca495b0cfd471182b529d8de76f80a [term 3 FOLLOWER]: Raft consensus is shut down!
I20260710 13:23:09.001729 21925 tablet_replica.cc:333] T 9f783ad952ed4f059c0668ecdfd53c83 P 46ca495b0cfd471182b529d8de76f80a: stopping tablet replica
I20260710 13:23:09.002241 21925 raft_consensus.cc:2243] T 9f783ad952ed4f059c0668ecdfd53c83 P 46ca495b0cfd471182b529d8de76f80a [term 4 FOLLOWER]: Raft consensus shutting down.
I20260710 13:23:09.002650 21925 raft_consensus.cc:2272] T 9f783ad952ed4f059c0668ecdfd53c83 P 46ca495b0cfd471182b529d8de76f80a [term 4 FOLLOWER]: Raft consensus is shut down!
I20260710 13:23:09.004555 21925 tablet_replica.cc:333] T 2a2157bf002045bfb1a48851e82d925b P 46ca495b0cfd471182b529d8de76f80a: stopping tablet replica
I20260710 13:23:09.005048 21925 raft_consensus.cc:2243] T 2a2157bf002045bfb1a48851e82d925b P 46ca495b0cfd471182b529d8de76f80a [term 2 FOLLOWER]: Raft consensus shutting down.
I20260710 13:23:09.005436 21925 raft_consensus.cc:2272] T 2a2157bf002045bfb1a48851e82d925b P 46ca495b0cfd471182b529d8de76f80a [term 2 FOLLOWER]: Raft consensus is shut down!
I20260710 13:23:09.007015 21925 tablet_replica.cc:333] T 1e4d78d00c3b4e50ae7023b61c0931c6 P 46ca495b0cfd471182b529d8de76f80a: stopping tablet replica
I20260710 13:23:09.007462 21925 raft_consensus.cc:2243] T 1e4d78d00c3b4e50ae7023b61c0931c6 P 46ca495b0cfd471182b529d8de76f80a [term 2 FOLLOWER]: Raft consensus shutting down.
I20260710 13:23:09.007850 21925 raft_consensus.cc:2272] T 1e4d78d00c3b4e50ae7023b61c0931c6 P 46ca495b0cfd471182b529d8de76f80a [term 2 FOLLOWER]: Raft consensus is shut down!
I20260710 13:23:09.009265 21925 tablet_replica.cc:333] T 3b8d5be395b4481793b6d2604fd80dcd P 46ca495b0cfd471182b529d8de76f80a: stopping tablet replica
I20260710 13:23:09.009702 21925 raft_consensus.cc:2243] T 3b8d5be395b4481793b6d2604fd80dcd P 46ca495b0cfd471182b529d8de76f80a [term 2 FOLLOWER]: Raft consensus shutting down.
I20260710 13:23:09.010066 21925 raft_consensus.cc:2272] T 3b8d5be395b4481793b6d2604fd80dcd P 46ca495b0cfd471182b529d8de76f80a [term 2 FOLLOWER]: Raft consensus is shut down!
I20260710 13:23:09.011579 21925 tablet_replica.cc:333] T 244526f535b9413b873570104618c423 P 46ca495b0cfd471182b529d8de76f80a: stopping tablet replica
I20260710 13:23:09.012029 21925 raft_consensus.cc:2243] T 244526f535b9413b873570104618c423 P 46ca495b0cfd471182b529d8de76f80a [term 3 LEADER]: Raft consensus shutting down.
I20260710 13:23:09.012693 21925 raft_consensus.cc:2272] T 244526f535b9413b873570104618c423 P 46ca495b0cfd471182b529d8de76f80a [term 3 FOLLOWER]: Raft consensus is shut down!
I20260710 13:23:09.014318 21925 tablet_replica.cc:333] T d9f3a76dce6c4290ba8a5f5c87ad2d62 P 46ca495b0cfd471182b529d8de76f80a: stopping tablet replica
I20260710 13:23:09.014797 21925 raft_consensus.cc:2243] T d9f3a76dce6c4290ba8a5f5c87ad2d62 P 46ca495b0cfd471182b529d8de76f80a [term 4 FOLLOWER]: Raft consensus shutting down.
I20260710 13:23:09.015230 21925 raft_consensus.cc:2272] T d9f3a76dce6c4290ba8a5f5c87ad2d62 P 46ca495b0cfd471182b529d8de76f80a [term 4 FOLLOWER]: Raft consensus is shut down!
I20260710 13:23:09.016618 21925 tablet_replica.cc:333] T e510e3f861784f6b9600be68ca26ef07 P 46ca495b0cfd471182b529d8de76f80a: stopping tablet replica
I20260710 13:23:09.017084 21925 raft_consensus.cc:2243] T e510e3f861784f6b9600be68ca26ef07 P 46ca495b0cfd471182b529d8de76f80a [term 1 LEADER]: Raft consensus shutting down.
I20260710 13:23:09.017773 21925 raft_consensus.cc:2272] T e510e3f861784f6b9600be68ca26ef07 P 46ca495b0cfd471182b529d8de76f80a [term 1 FOLLOWER]: Raft consensus is shut down!
I20260710 13:23:09.019465 21925 tablet_replica.cc:333] T f92bd386e23940b293c118236f04aaa8 P 46ca495b0cfd471182b529d8de76f80a: stopping tablet replica
I20260710 13:23:09.019872 21925 raft_consensus.cc:2243] T f92bd386e23940b293c118236f04aaa8 P 46ca495b0cfd471182b529d8de76f80a [term 5 LEADER]: Raft consensus shutting down.
I20260710 13:23:09.020581 21925 raft_consensus.cc:2272] T f92bd386e23940b293c118236f04aaa8 P 46ca495b0cfd471182b529d8de76f80a [term 5 FOLLOWER]: Raft consensus is shut down!
I20260710 13:23:09.047091 21925 tablet_server.cc:196] TabletServer@127.21.105.66:0 shutdown complete.
I20260710 13:23:09.063843 21925 tablet_server.cc:179] TabletServer@127.21.105.67:0 shutting down...
I20260710 13:23:09.085649 21925 ts_tablet_manager.cc:1507] Shutting down tablet manager...
I20260710 13:23:09.086303 21925 tablet_replica.cc:333] T d11fc941dde443489d68138f180f3da5 P a8b8166e8d6c416b94ccd6c2e4219ef2: stopping tablet replica
I20260710 13:23:09.086933 21925 raft_consensus.cc:2243] T d11fc941dde443489d68138f180f3da5 P a8b8166e8d6c416b94ccd6c2e4219ef2 [term 2 LEADER]: Raft consensus shutting down.
I20260710 13:23:09.087695 21925 raft_consensus.cc:2272] T d11fc941dde443489d68138f180f3da5 P a8b8166e8d6c416b94ccd6c2e4219ef2 [term 2 FOLLOWER]: Raft consensus is shut down!
I20260710 13:23:09.089295 21925 tablet_replica.cc:333] T 334b4acdd4f8476ba80da8234b075e3a P a8b8166e8d6c416b94ccd6c2e4219ef2: stopping tablet replica
I20260710 13:23:09.089778 21925 raft_consensus.cc:2243] T 334b4acdd4f8476ba80da8234b075e3a P a8b8166e8d6c416b94ccd6c2e4219ef2 [term 3 LEADER]: Raft consensus shutting down.
I20260710 13:23:09.090448 21925 raft_consensus.cc:2272] T 334b4acdd4f8476ba80da8234b075e3a P a8b8166e8d6c416b94ccd6c2e4219ef2 [term 3 FOLLOWER]: Raft consensus is shut down!
I20260710 13:23:09.092233 21925 tablet_replica.cc:333] T 9f783ad952ed4f059c0668ecdfd53c83 P a8b8166e8d6c416b94ccd6c2e4219ef2: stopping tablet replica
I20260710 13:23:09.092708 21925 raft_consensus.cc:2243] T 9f783ad952ed4f059c0668ecdfd53c83 P a8b8166e8d6c416b94ccd6c2e4219ef2 [term 4 LEADER]: Raft consensus shutting down.
I20260710 13:23:09.093379 21925 raft_consensus.cc:2272] T 9f783ad952ed4f059c0668ecdfd53c83 P a8b8166e8d6c416b94ccd6c2e4219ef2 [term 4 FOLLOWER]: Raft consensus is shut down!
I20260710 13:23:09.095376 21925 tablet_replica.cc:333] T 2a2157bf002045bfb1a48851e82d925b P a8b8166e8d6c416b94ccd6c2e4219ef2: stopping tablet replica
I20260710 13:23:09.095826 21925 raft_consensus.cc:2243] T 2a2157bf002045bfb1a48851e82d925b P a8b8166e8d6c416b94ccd6c2e4219ef2 [term 2 FOLLOWER]: Raft consensus shutting down.
I20260710 13:23:09.096186 21925 raft_consensus.cc:2272] T 2a2157bf002045bfb1a48851e82d925b P a8b8166e8d6c416b94ccd6c2e4219ef2 [term 2 FOLLOWER]: Raft consensus is shut down!
I20260710 13:23:09.097679 21925 tablet_replica.cc:333] T 1e4d78d00c3b4e50ae7023b61c0931c6 P a8b8166e8d6c416b94ccd6c2e4219ef2: stopping tablet replica
I20260710 13:23:09.098157 21925 raft_consensus.cc:2243] T 1e4d78d00c3b4e50ae7023b61c0931c6 P a8b8166e8d6c416b94ccd6c2e4219ef2 [term 2 FOLLOWER]: Raft consensus shutting down.
I20260710 13:23:09.098520 21925 raft_consensus.cc:2272] T 1e4d78d00c3b4e50ae7023b61c0931c6 P a8b8166e8d6c416b94ccd6c2e4219ef2 [term 2 FOLLOWER]: Raft consensus is shut down!
I20260710 13:23:09.099977 21925 tablet_replica.cc:333] T 3b8d5be395b4481793b6d2604fd80dcd P a8b8166e8d6c416b94ccd6c2e4219ef2: stopping tablet replica
I20260710 13:23:09.100416 21925 raft_consensus.cc:2243] T 3b8d5be395b4481793b6d2604fd80dcd P a8b8166e8d6c416b94ccd6c2e4219ef2 [term 2 FOLLOWER]: Raft consensus shutting down.
I20260710 13:23:09.100838 21925 raft_consensus.cc:2272] T 3b8d5be395b4481793b6d2604fd80dcd P a8b8166e8d6c416b94ccd6c2e4219ef2 [term 2 FOLLOWER]: Raft consensus is shut down!
I20260710 13:23:09.102460 21925 tablet_replica.cc:333] T d9f3a76dce6c4290ba8a5f5c87ad2d62 P a8b8166e8d6c416b94ccd6c2e4219ef2: stopping tablet replica
I20260710 13:23:09.103013 21925 raft_consensus.cc:2243] T d9f3a76dce6c4290ba8a5f5c87ad2d62 P a8b8166e8d6c416b94ccd6c2e4219ef2 [term 4 FOLLOWER]: Raft consensus shutting down.
I20260710 13:23:09.103399 21925 raft_consensus.cc:2272] T d9f3a76dce6c4290ba8a5f5c87ad2d62 P a8b8166e8d6c416b94ccd6c2e4219ef2 [term 4 FOLLOWER]: Raft consensus is shut down!
I20260710 13:23:09.104847 21925 tablet_replica.cc:333] T 244526f535b9413b873570104618c423 P a8b8166e8d6c416b94ccd6c2e4219ef2: stopping tablet replica
I20260710 13:23:09.105291 21925 raft_consensus.cc:2243] T 244526f535b9413b873570104618c423 P a8b8166e8d6c416b94ccd6c2e4219ef2 [term 3 FOLLOWER]: Raft consensus shutting down.
I20260710 13:23:09.105661 21925 raft_consensus.cc:2272] T 244526f535b9413b873570104618c423 P a8b8166e8d6c416b94ccd6c2e4219ef2 [term 3 FOLLOWER]: Raft consensus is shut down!
I20260710 13:23:09.107646 21925 tablet_replica.cc:333] T e510e3f861784f6b9600be68ca26ef07 P a8b8166e8d6c416b94ccd6c2e4219ef2: stopping tablet replica
I20260710 13:23:09.108080 21925 raft_consensus.cc:2243] T e510e3f861784f6b9600be68ca26ef07 P a8b8166e8d6c416b94ccd6c2e4219ef2 [term 1 FOLLOWER]: Raft consensus shutting down.
I20260710 13:23:09.108445 21925 raft_consensus.cc:2272] T e510e3f861784f6b9600be68ca26ef07 P a8b8166e8d6c416b94ccd6c2e4219ef2 [term 1 FOLLOWER]: Raft consensus is shut down!
I20260710 13:23:09.110064 21925 tablet_replica.cc:333] T f92bd386e23940b293c118236f04aaa8 P a8b8166e8d6c416b94ccd6c2e4219ef2: stopping tablet replica
I20260710 13:23:09.110491 21925 raft_consensus.cc:2243] T f92bd386e23940b293c118236f04aaa8 P a8b8166e8d6c416b94ccd6c2e4219ef2 [term 5 FOLLOWER]: Raft consensus shutting down.
I20260710 13:23:09.110905 21925 raft_consensus.cc:2272] T f92bd386e23940b293c118236f04aaa8 P a8b8166e8d6c416b94ccd6c2e4219ef2 [term 5 FOLLOWER]: Raft consensus is shut down!
I20260710 13:23:09.137018 21925 tablet_server.cc:196] TabletServer@127.21.105.67:0 shutdown complete.
I20260710 13:23:09.153563 21925 master.cc:562] Master@127.21.105.126:35945 shutting down...
I20260710 13:23:09.172649 21925 raft_consensus.cc:2243] T 00000000000000000000000000000000 P f0ec4b921897481691480611c167051f [term 1 LEADER]: Raft consensus shutting down.
I20260710 13:23:09.173105 21925 raft_consensus.cc:2272] T 00000000000000000000000000000000 P f0ec4b921897481691480611c167051f [term 1 FOLLOWER]: Raft consensus is shut down!
I20260710 13:23:09.173359 21925 tablet_replica.cc:333] T 00000000000000000000000000000000 P f0ec4b921897481691480611c167051f: stopping tablet replica
I20260710 13:23:09.192035 21925 master.cc:584] Master@127.21.105.126:35945 shutdown complete.
46ca495b0cfd471182b529d8de76f80a  4
a8b8166e8d6c416b94ccd6c2e4219ef2  1
fae01515d5f54bb5b549e8ef9f13fa55  5
[       OK ] LeaderRebalancerTest.FunctionalTestForNotDivided (10536 ms)
[ RUN      ] LeaderRebalancerTest.AddTserver
I20260710 13:23:09.230546 21925 internal_mini_cluster.cc:156] Creating distributed mini masters. Addrs: 127.21.105.126:46269
I20260710 13:23:09.231606 21925 file_cache.cc:504] Constructed file cache file cache with capacity 419430
W20260710 13:23:09.236510 22912 instance_detector.cc:116] could not retrieve Azure instance metadata: Network error: curl error: HTTP response code said error: The requested URL returned error: 404
W20260710 13:23:09.236500 22911 instance_detector.cc:116] could not retrieve AWS instance metadata: Network error: curl error: HTTP response code said error: The requested URL returned error: 404
I20260710 13:23:09.239162 21925 server_base.cc:1061] running on GCE node
W20260710 13:23:09.239426 22914 instance_detector.cc:116] could not retrieve OpenStack instance metadata: Network error: curl error: HTTP response code said error: The requested URL returned error: 404
I20260710 13:23:09.240280 21925 hybrid_clock.cc:584] initializing the hybrid clock with 'system_unsync' time source
W20260710 13:23:09.240456 21925 system_unsync_time.cc:38] NTP support is disabled. Clock error bounds will not be accurate. This configuration is not suitable for distributed clusters.
I20260710 13:23:09.240682 21925 hybrid_clock.cc:648] HybridClock initialized: now 1783689789240645 us; error 0 us; skew 500 ppm
I20260710 13:23:09.241206 21925 server_base.cc:861] Flag tcmalloc_max_total_thread_cache_bytes is not working since tcmalloc is not enabled.
I20260710 13:23:09.243578 21925 webserver.cc:533] Webserver started at http://127.21.105.126:35069/ using document root <none> and password file <none>
I20260710 13:23:09.244035 21925 fs_manager.cc:362] Metadata directory not provided
I20260710 13:23:09.244231 21925 fs_manager.cc:368] Using write-ahead log directory (fs_wal_dir) as metadata directory
I20260710 13:23:09.244494 21925 server_base.cc:909] This appears to be a new deployment of Kudu; creating new FS layout
I20260710 13:23:09.245543 21925 fs_manager.cc:1068] Generated new instance metadata in path /tmp/dist-test-task1jKE4w/test-tmp/auto_leader_rebalancer-test.0.LeaderRebalancerTest.AddTserver.1783689764967153-21925-0/minicluster-data/master-0-root/instance:
uuid: "0d9971cab9e345128a043a8f5a511c14"
format_stamp: "Formatted at 2026-07-10 13:23:09 on dist-test-slave-v06g"
I20260710 13:23:09.250070 21925 fs_manager.cc:696] Time spent creating directory manager: real 0.004s	user 0.003s	sys 0.003s
I20260710 13:23:09.253444 22919 log_block_manager.cc:4127] Time spent loading block containers with low live blocks: real 0.000s	user 0.000s	sys 0.000s
I20260710 13:23:09.254181 21925 fs_manager.cc:730] Time spent opening block manager: real 0.002s	user 0.002s	sys 0.000s
I20260710 13:23:09.254460 21925 fs_manager.cc:647] Opened local filesystem: /tmp/dist-test-task1jKE4w/test-tmp/auto_leader_rebalancer-test.0.LeaderRebalancerTest.AddTserver.1783689764967153-21925-0/minicluster-data/master-0-root
uuid: "0d9971cab9e345128a043a8f5a511c14"
format_stamp: "Formatted at 2026-07-10 13:23:09 on dist-test-slave-v06g"
I20260710 13:23:09.254794 21925 fs_report.cc:389] FS layout report
--------------------
wal directory: /tmp/dist-test-task1jKE4w/test-tmp/auto_leader_rebalancer-test.0.LeaderRebalancerTest.AddTserver.1783689764967153-21925-0/minicluster-data/master-0-root
metadata directory: /tmp/dist-test-task1jKE4w/test-tmp/auto_leader_rebalancer-test.0.LeaderRebalancerTest.AddTserver.1783689764967153-21925-0/minicluster-data/master-0-root
1 data directories: /tmp/dist-test-task1jKE4w/test-tmp/auto_leader_rebalancer-test.0.LeaderRebalancerTest.AddTserver.1783689764967153-21925-0/minicluster-data/master-0-root/data
Total live blocks: 0
Total live bytes: 0
Total live bytes (after alignment): 0
Total number of LBM containers: 0 (0 full)
Did not check for missing blocks
Did not check for orphaned blocks
Total full LBM containers with extra space: 0 (0 repaired)
Total full LBM container extra space in bytes: 0 (0 repaired)
Total incomplete LBM containers: 0 (0 repaired)
Total LBM partial records: 0 (0 repaired)
Total corrupted LBM metadata records in RocksDB: 0 (0 repaired)
I20260710 13:23:09.277438 21925 rpc_server.cc:225] running with OpenSSL 1.1.1  11 Sep 2018
I20260710 13:23:09.278685 21925 kserver.cc:163] Server-wide thread pool size limit: 3276
I20260710 13:23:09.315037 21925 rpc_server.cc:307] RPC server started. Bound to: 127.21.105.126:46269
I20260710 13:23:09.315136 22970 acceptor_pool.cc:272] collecting diagnostics on the listening RPC socket 127.21.105.126:46269 every 8 connection(s)
I20260710 13:23:09.318783 22971 data_dirs.cc:400] Could only allocate 1 dirs of requested 3 for tablet 00000000000000000000000000000000. 1 dirs total, 0 dirs full, 0 dirs failed
I20260710 13:23:09.328114 22971 tablet_bootstrap.cc:492] T 00000000000000000000000000000000 P 0d9971cab9e345128a043a8f5a511c14: Bootstrap starting.
I20260710 13:23:09.332424 22971 tablet_bootstrap.cc:654] T 00000000000000000000000000000000 P 0d9971cab9e345128a043a8f5a511c14: Neither blocks nor log segments found. Creating new log.
I20260710 13:23:09.336305 22971 tablet_bootstrap.cc:492] T 00000000000000000000000000000000 P 0d9971cab9e345128a043a8f5a511c14: No bootstrap required, opened a new log
I20260710 13:23:09.338304 22971 raft_consensus.cc:359] T 00000000000000000000000000000000 P 0d9971cab9e345128a043a8f5a511c14 [term 0 FOLLOWER]: Replica starting. Triggering 0 pending ops. Active config: opid_index: -1 OBSOLETE_local: true peers { permanent_uuid: "0d9971cab9e345128a043a8f5a511c14" member_type: VOTER }
I20260710 13:23:09.338683 22971 raft_consensus.cc:385] T 00000000000000000000000000000000 P 0d9971cab9e345128a043a8f5a511c14 [term 0 FOLLOWER]: Consensus starting up: Expiring failure detector timer to make a prompt election more likely
I20260710 13:23:09.338984 22971 raft_consensus.cc:740] T 00000000000000000000000000000000 P 0d9971cab9e345128a043a8f5a511c14 [term 0 FOLLOWER]: Becoming Follower/Learner. State: Replica: 0d9971cab9e345128a043a8f5a511c14, State: Initialized, Role: FOLLOWER
I20260710 13:23:09.339540 22971 consensus_queue.cc:260] T 00000000000000000000000000000000 P 0d9971cab9e345128a043a8f5a511c14 [NON_LEADER]: Queue going to NON_LEADER mode. State: All replicated index: 0, Majority replicated index: 0, Committed index: 0, Last appended: 0.0, Last appended by leader: 0, Current term: 0, Majority size: -1, State: 0, Mode: NON_LEADER, active raft config: opid_index: -1 OBSOLETE_local: true peers { permanent_uuid: "0d9971cab9e345128a043a8f5a511c14" member_type: VOTER }
I20260710 13:23:09.339990 22971 raft_consensus.cc:399] T 00000000000000000000000000000000 P 0d9971cab9e345128a043a8f5a511c14 [term 0 FOLLOWER]: Only one voter in the Raft config. Triggering election immediately
I20260710 13:23:09.340234 22971 raft_consensus.cc:493] T 00000000000000000000000000000000 P 0d9971cab9e345128a043a8f5a511c14 [term 0 FOLLOWER]: Starting leader election (initial election of a single-replica configuration)
I20260710 13:23:09.340494 22971 raft_consensus.cc:3060] T 00000000000000000000000000000000 P 0d9971cab9e345128a043a8f5a511c14 [term 0 FOLLOWER]: Advancing to term 1
I20260710 13:23:09.344431 22971 raft_consensus.cc:515] T 00000000000000000000000000000000 P 0d9971cab9e345128a043a8f5a511c14 [term 1 FOLLOWER]: Starting leader election with config: opid_index: -1 OBSOLETE_local: true peers { permanent_uuid: "0d9971cab9e345128a043a8f5a511c14" member_type: VOTER }
I20260710 13:23:09.344911 22971 leader_election.cc:304] T 00000000000000000000000000000000 P 0d9971cab9e345128a043a8f5a511c14 [CANDIDATE]: Term 1 election: Election decided. Result: candidate won. Election summary: received 1 responses out of 1 voters: 1 yes votes; 0 no votes. yes voters: 0d9971cab9e345128a043a8f5a511c14; no voters: 
I20260710 13:23:09.345968 22971 leader_election.cc:290] T 00000000000000000000000000000000 P 0d9971cab9e345128a043a8f5a511c14 [CANDIDATE]: Term 1 election: Requested vote from peers 
I20260710 13:23:09.346379 22974 raft_consensus.cc:2804] T 00000000000000000000000000000000 P 0d9971cab9e345128a043a8f5a511c14 [term 1 FOLLOWER]: Leader election won for term 1
I20260710 13:23:09.347831 22974 raft_consensus.cc:697] T 00000000000000000000000000000000 P 0d9971cab9e345128a043a8f5a511c14 [term 1 LEADER]: Becoming Leader. State: Replica: 0d9971cab9e345128a043a8f5a511c14, State: Running, Role: LEADER
I20260710 13:23:09.348469 22974 consensus_queue.cc:237] T 00000000000000000000000000000000 P 0d9971cab9e345128a043a8f5a511c14 [LEADER]: Queue going to LEADER mode. State: All replicated index: 0, Majority replicated index: 0, Committed index: 0, Last appended: 0.0, Last appended by leader: 0, Current term: 1, Majority size: 1, State: 0, Mode: LEADER, active raft config: opid_index: -1 OBSOLETE_local: true peers { permanent_uuid: "0d9971cab9e345128a043a8f5a511c14" member_type: VOTER }
I20260710 13:23:09.348735 22971 sys_catalog.cc:565] T 00000000000000000000000000000000 P 0d9971cab9e345128a043a8f5a511c14 [sys.catalog]: configured and running, proceeding with master startup.
I20260710 13:23:09.352842 22975 sys_catalog.cc:455] T 00000000000000000000000000000000 P 0d9971cab9e345128a043a8f5a511c14 [sys.catalog]: SysCatalogTable state changed. Reason: RaftConsensus started. Latest consensus state: current_term: 1 leader_uuid: "0d9971cab9e345128a043a8f5a511c14" committed_config { opid_index: -1 OBSOLETE_local: true peers { permanent_uuid: "0d9971cab9e345128a043a8f5a511c14" member_type: VOTER } }
I20260710 13:23:09.352916 22976 sys_catalog.cc:455] T 00000000000000000000000000000000 P 0d9971cab9e345128a043a8f5a511c14 [sys.catalog]: SysCatalogTable state changed. Reason: New leader 0d9971cab9e345128a043a8f5a511c14. Latest consensus state: current_term: 1 leader_uuid: "0d9971cab9e345128a043a8f5a511c14" committed_config { opid_index: -1 OBSOLETE_local: true peers { permanent_uuid: "0d9971cab9e345128a043a8f5a511c14" member_type: VOTER } }
I20260710 13:23:09.353507 22975 sys_catalog.cc:458] T 00000000000000000000000000000000 P 0d9971cab9e345128a043a8f5a511c14 [sys.catalog]: This master's current role is: LEADER
I20260710 13:23:09.353528 22976 sys_catalog.cc:458] T 00000000000000000000000000000000 P 0d9971cab9e345128a043a8f5a511c14 [sys.catalog]: This master's current role is: LEADER
I20260710 13:23:09.361478 22981 catalog_manager.cc:1511] Loading table and tablet metadata into memory...
I20260710 13:23:09.366286 22981 catalog_manager.cc:1520] Initializing Kudu cluster ID...
I20260710 13:23:09.367763 21925 internal_mini_cluster.cc:184] Waiting to initialize catalog manager on master 0
I20260710 13:23:09.374221 22981 catalog_manager.cc:1383] Generated new cluster ID: 8c2ce9ed3acd42c995005ffcfed180d5
I20260710 13:23:09.374509 22981 catalog_manager.cc:1531] Initializing Kudu internal certificate authority...
I20260710 13:23:09.385389 22981 catalog_manager.cc:1406] Generated new certificate authority record
I20260710 13:23:09.386538 22981 catalog_manager.cc:1540] Loading token signing keys...
I20260710 13:23:09.400725 22981 catalog_manager.cc:6070] T 00000000000000000000000000000000 P 0d9971cab9e345128a043a8f5a511c14: Generated new TSK 0
I20260710 13:23:09.401310 22981 catalog_manager.cc:1550] Initializing in-progress tserver states...
I20260710 13:23:09.433871 21925 file_cache.cc:504] Constructed file cache file cache with capacity 419430
W20260710 13:23:09.439795 22992 instance_detector.cc:116] could not retrieve AWS instance metadata: Network error: curl error: HTTP response code said error: The requested URL returned error: 404
W20260710 13:23:09.441001 22993 instance_detector.cc:116] could not retrieve Azure instance metadata: Network error: curl error: HTTP response code said error: The requested URL returned error: 404
W20260710 13:23:09.442808 22995 instance_detector.cc:116] could not retrieve OpenStack instance metadata: Network error: curl error: HTTP response code said error: The requested URL returned error: 404
I20260710 13:23:09.443147 21925 server_base.cc:1061] running on GCE node
I20260710 13:23:09.443989 21925 hybrid_clock.cc:584] initializing the hybrid clock with 'system_unsync' time source
W20260710 13:23:09.444185 21925 system_unsync_time.cc:38] NTP support is disabled. Clock error bounds will not be accurate. This configuration is not suitable for distributed clusters.
I20260710 13:23:09.444314 21925 hybrid_clock.cc:648] HybridClock initialized: now 1783689789444302 us; error 0 us; skew 500 ppm
I20260710 13:23:09.444798 21925 server_base.cc:861] Flag tcmalloc_max_total_thread_cache_bytes is not working since tcmalloc is not enabled.
I20260710 13:23:09.447126 21925 webserver.cc:533] Webserver started at http://127.21.105.65:36513/ using document root <none> and password file <none>
I20260710 13:23:09.447603 21925 fs_manager.cc:362] Metadata directory not provided
I20260710 13:23:09.447767 21925 fs_manager.cc:368] Using write-ahead log directory (fs_wal_dir) as metadata directory
I20260710 13:23:09.447990 21925 server_base.cc:909] This appears to be a new deployment of Kudu; creating new FS layout
I20260710 13:23:09.449025 21925 fs_manager.cc:1068] Generated new instance metadata in path /tmp/dist-test-task1jKE4w/test-tmp/auto_leader_rebalancer-test.0.LeaderRebalancerTest.AddTserver.1783689764967153-21925-0/minicluster-data/ts-0-root/instance:
uuid: "dc7ae7013e7840a88925a9f25eb2b171"
format_stamp: "Formatted at 2026-07-10 13:23:09 on dist-test-slave-v06g"
I20260710 13:23:09.453655 21925 fs_manager.cc:696] Time spent creating directory manager: real 0.004s	user 0.003s	sys 0.003s
I20260710 13:23:09.457012 23000 log_block_manager.cc:4127] Time spent loading block containers with low live blocks: real 0.000s	user 0.000s	sys 0.000s
I20260710 13:23:09.457808 21925 fs_manager.cc:730] Time spent opening block manager: real 0.002s	user 0.000s	sys 0.002s
I20260710 13:23:09.458117 21925 fs_manager.cc:647] Opened local filesystem: /tmp/dist-test-task1jKE4w/test-tmp/auto_leader_rebalancer-test.0.LeaderRebalancerTest.AddTserver.1783689764967153-21925-0/minicluster-data/ts-0-root
uuid: "dc7ae7013e7840a88925a9f25eb2b171"
format_stamp: "Formatted at 2026-07-10 13:23:09 on dist-test-slave-v06g"
I20260710 13:23:09.458349 21925 fs_report.cc:389] FS layout report
--------------------
wal directory: /tmp/dist-test-task1jKE4w/test-tmp/auto_leader_rebalancer-test.0.LeaderRebalancerTest.AddTserver.1783689764967153-21925-0/minicluster-data/ts-0-root
metadata directory: /tmp/dist-test-task1jKE4w/test-tmp/auto_leader_rebalancer-test.0.LeaderRebalancerTest.AddTserver.1783689764967153-21925-0/minicluster-data/ts-0-root
1 data directories: /tmp/dist-test-task1jKE4w/test-tmp/auto_leader_rebalancer-test.0.LeaderRebalancerTest.AddTserver.1783689764967153-21925-0/minicluster-data/ts-0-root/data
Total live blocks: 0
Total live bytes: 0
Total live bytes (after alignment): 0
Total number of LBM containers: 0 (0 full)
Did not check for missing blocks
Did not check for orphaned blocks
Total full LBM containers with extra space: 0 (0 repaired)
Total full LBM container extra space in bytes: 0 (0 repaired)
Total incomplete LBM containers: 0 (0 repaired)
Total LBM partial records: 0 (0 repaired)
Total corrupted LBM metadata records in RocksDB: 0 (0 repaired)
I20260710 13:23:09.473004 21925 rpc_server.cc:225] running with OpenSSL 1.1.1  11 Sep 2018
I20260710 13:23:09.474077 21925 kserver.cc:163] Server-wide thread pool size limit: 3276
I20260710 13:23:09.475489 21925 txn_system_client.cc:432] TxnSystemClient initialization is disabled...
I20260710 13:23:09.477628 21925 ts_tablet_manager.cc:585] Loaded tablet metadata (0 total tablets, 0 live tablets)
I20260710 13:23:09.477793 21925 ts_tablet_manager.cc:531] Time spent load tablet metadata: real 0.000s	user 0.000s	sys 0.000s
I20260710 13:23:09.478078 21925 ts_tablet_manager.cc:616] Registered 0 tablets
I20260710 13:23:09.478255 21925 ts_tablet_manager.cc:595] Time spent register tablets: real 0.000s	user 0.000s	sys 0.000s
I20260710 13:23:09.517010 21925 rpc_server.cc:307] RPC server started. Bound to: 127.21.105.65:42091
I20260710 13:23:09.517097 23062 acceptor_pool.cc:272] collecting diagnostics on the listening RPC socket 127.21.105.65:42091 every 8 connection(s)
I20260710 13:23:09.521938 21925 file_cache.cc:504] Constructed file cache file cache with capacity 419430
W20260710 13:23:09.528599 23067 instance_detector.cc:116] could not retrieve AWS instance metadata: Network error: curl error: HTTP response code said error: The requested URL returned error: 404
W20260710 13:23:09.528887 23068 instance_detector.cc:116] could not retrieve Azure instance metadata: Network error: curl error: HTTP response code said error: The requested URL returned error: 404
W20260710 13:23:09.539086 23070 instance_detector.cc:116] could not retrieve OpenStack instance metadata: Network error: curl error: HTTP response code said error: The requested URL returned error: 404
I20260710 13:23:09.539665 21925 server_base.cc:1061] running on GCE node
I20260710 13:23:09.540261 23063 heartbeater.cc:344] Connected to a master server at 127.21.105.126:46269
I20260710 13:23:09.540702 23063 heartbeater.cc:461] Registering TS with master...
I20260710 13:23:09.541007 21925 hybrid_clock.cc:584] initializing the hybrid clock with 'system_unsync' time source
W20260710 13:23:09.541247 21925 system_unsync_time.cc:38] NTP support is disabled. Clock error bounds will not be accurate. This configuration is not suitable for distributed clusters.
I20260710 13:23:09.541411 21925 hybrid_clock.cc:648] HybridClock initialized: now 1783689789541394 us; error 0 us; skew 500 ppm
I20260710 13:23:09.541719 23063 heartbeater.cc:507] Master 127.21.105.126:46269 requested a full tablet report, sending...
I20260710 13:23:09.542059 21925 server_base.cc:861] Flag tcmalloc_max_total_thread_cache_bytes is not working since tcmalloc is not enabled.
I20260710 13:23:09.543949 22936 ts_manager.cc:194] Registered new tserver with Master: dc7ae7013e7840a88925a9f25eb2b171 (127.21.105.65:42091)
I20260710 13:23:09.544569 21925 webserver.cc:533] Webserver started at http://127.21.105.66:44011/ using document root <none> and password file <none>
I20260710 13:23:09.545073 21925 fs_manager.cc:362] Metadata directory not provided
I20260710 13:23:09.545286 21925 fs_manager.cc:368] Using write-ahead log directory (fs_wal_dir) as metadata directory
I20260710 13:23:09.545545 21925 server_base.cc:909] This appears to be a new deployment of Kudu; creating new FS layout
I20260710 13:23:09.546083 22936 master_service.cc:502] Signed X509 certificate for tserver {username='slave'} at 127.0.0.1:43596
I20260710 13:23:09.546696 21925 fs_manager.cc:1068] Generated new instance metadata in path /tmp/dist-test-task1jKE4w/test-tmp/auto_leader_rebalancer-test.0.LeaderRebalancerTest.AddTserver.1783689764967153-21925-0/minicluster-data/ts-1-root/instance:
uuid: "ababf74667744938b196e02010b8979b"
format_stamp: "Formatted at 2026-07-10 13:23:09 on dist-test-slave-v06g"
I20260710 13:23:09.551334 21925 fs_manager.cc:696] Time spent creating directory manager: real 0.004s	user 0.004s	sys 0.000s
I20260710 13:23:09.554440 23075 log_block_manager.cc:4127] Time spent loading block containers with low live blocks: real 0.000s	user 0.000s	sys 0.000s
I20260710 13:23:09.555243 21925 fs_manager.cc:730] Time spent opening block manager: real 0.002s	user 0.002s	sys 0.001s
I20260710 13:23:09.555539 21925 fs_manager.cc:647] Opened local filesystem: /tmp/dist-test-task1jKE4w/test-tmp/auto_leader_rebalancer-test.0.LeaderRebalancerTest.AddTserver.1783689764967153-21925-0/minicluster-data/ts-1-root
uuid: "ababf74667744938b196e02010b8979b"
format_stamp: "Formatted at 2026-07-10 13:23:09 on dist-test-slave-v06g"
I20260710 13:23:09.555806 21925 fs_report.cc:389] FS layout report
--------------------
wal directory: /tmp/dist-test-task1jKE4w/test-tmp/auto_leader_rebalancer-test.0.LeaderRebalancerTest.AddTserver.1783689764967153-21925-0/minicluster-data/ts-1-root
metadata directory: /tmp/dist-test-task1jKE4w/test-tmp/auto_leader_rebalancer-test.0.LeaderRebalancerTest.AddTserver.1783689764967153-21925-0/minicluster-data/ts-1-root
1 data directories: /tmp/dist-test-task1jKE4w/test-tmp/auto_leader_rebalancer-test.0.LeaderRebalancerTest.AddTserver.1783689764967153-21925-0/minicluster-data/ts-1-root/data
Total live blocks: 0
Total live bytes: 0
Total live bytes (after alignment): 0
Total number of LBM containers: 0 (0 full)
Did not check for missing blocks
Did not check for orphaned blocks
Total full LBM containers with extra space: 0 (0 repaired)
Total full LBM container extra space in bytes: 0 (0 repaired)
Total incomplete LBM containers: 0 (0 repaired)
Total LBM partial records: 0 (0 repaired)
Total corrupted LBM metadata records in RocksDB: 0 (0 repaired)
I20260710 13:23:09.585106 21925 rpc_server.cc:225] running with OpenSSL 1.1.1  11 Sep 2018
I20260710 13:23:09.586261 21925 kserver.cc:163] Server-wide thread pool size limit: 3276
I20260710 13:23:09.587693 21925 txn_system_client.cc:432] TxnSystemClient initialization is disabled...
I20260710 13:23:09.589818 21925 ts_tablet_manager.cc:585] Loaded tablet metadata (0 total tablets, 0 live tablets)
I20260710 13:23:09.590029 21925 ts_tablet_manager.cc:531] Time spent load tablet metadata: real 0.000s	user 0.000s	sys 0.000s
I20260710 13:23:09.590281 21925 ts_tablet_manager.cc:616] Registered 0 tablets
I20260710 13:23:09.590456 21925 ts_tablet_manager.cc:595] Time spent register tablets: real 0.000s	user 0.000s	sys 0.000s
I20260710 13:23:09.629593 21925 rpc_server.cc:307] RPC server started. Bound to: 127.21.105.66:36301
I20260710 13:23:09.629698 23137 acceptor_pool.cc:272] collecting diagnostics on the listening RPC socket 127.21.105.66:36301 every 8 connection(s)
I20260710 13:23:09.634166 21925 file_cache.cc:504] Constructed file cache file cache with capacity 419430
W20260710 13:23:09.640697 23141 instance_detector.cc:116] could not retrieve AWS instance metadata: Network error: curl error: HTTP response code said error: The requested URL returned error: 404
W20260710 13:23:09.642402 23142 instance_detector.cc:116] could not retrieve Azure instance metadata: Network error: curl error: HTTP response code said error: The requested URL returned error: 404
I20260710 13:23:09.645239 21925 server_base.cc:1061] running on GCE node
W20260710 13:23:09.645556 23144 instance_detector.cc:116] could not retrieve OpenStack instance metadata: Network error: curl error: HTTP response code said error: The requested URL returned error: 404
I20260710 13:23:09.646037 23138 heartbeater.cc:344] Connected to a master server at 127.21.105.126:46269
I20260710 13:23:09.646380 23138 heartbeater.cc:461] Registering TS with master...
I20260710 13:23:09.646572 21925 hybrid_clock.cc:584] initializing the hybrid clock with 'system_unsync' time source
W20260710 13:23:09.646831 21925 system_unsync_time.cc:38] NTP support is disabled. Clock error bounds will not be accurate. This configuration is not suitable for distributed clusters.
I20260710 13:23:09.647013 21925 hybrid_clock.cc:648] HybridClock initialized: now 1783689789646995 us; error 0 us; skew 500 ppm
I20260710 13:23:09.647143 23138 heartbeater.cc:507] Master 127.21.105.126:46269 requested a full tablet report, sending...
I20260710 13:23:09.647607 21925 server_base.cc:861] Flag tcmalloc_max_total_thread_cache_bytes is not working since tcmalloc is not enabled.
I20260710 13:23:09.649272 22936 ts_manager.cc:194] Registered new tserver with Master: ababf74667744938b196e02010b8979b (127.21.105.66:36301)
I20260710 13:23:09.650346 21925 webserver.cc:533] Webserver started at http://127.21.105.67:43001/ using document root <none> and password file <none>
I20260710 13:23:09.650971 21925 fs_manager.cc:362] Metadata directory not provided
I20260710 13:23:09.651064 22936 master_service.cc:502] Signed X509 certificate for tserver {username='slave'} at 127.0.0.1:43598
I20260710 13:23:09.651225 21925 fs_manager.cc:368] Using write-ahead log directory (fs_wal_dir) as metadata directory
I20260710 13:23:09.651535 21925 server_base.cc:909] This appears to be a new deployment of Kudu; creating new FS layout
I20260710 13:23:09.652967 21925 fs_manager.cc:1068] Generated new instance metadata in path /tmp/dist-test-task1jKE4w/test-tmp/auto_leader_rebalancer-test.0.LeaderRebalancerTest.AddTserver.1783689764967153-21925-0/minicluster-data/ts-2-root/instance:
uuid: "1d66e3e2e9a64651a7d449887bcd7012"
format_stamp: "Formatted at 2026-07-10 13:23:09 on dist-test-slave-v06g"
I20260710 13:23:09.657531 21925 fs_manager.cc:696] Time spent creating directory manager: real 0.004s	user 0.004s	sys 0.002s
I20260710 13:23:09.660943 23149 log_block_manager.cc:4127] Time spent loading block containers with low live blocks: real 0.000s	user 0.000s	sys 0.000s
I20260710 13:23:09.661684 21925 fs_manager.cc:730] Time spent opening block manager: real 0.002s	user 0.001s	sys 0.000s
I20260710 13:23:09.662045 21925 fs_manager.cc:647] Opened local filesystem: /tmp/dist-test-task1jKE4w/test-tmp/auto_leader_rebalancer-test.0.LeaderRebalancerTest.AddTserver.1783689764967153-21925-0/minicluster-data/ts-2-root
uuid: "1d66e3e2e9a64651a7d449887bcd7012"
format_stamp: "Formatted at 2026-07-10 13:23:09 on dist-test-slave-v06g"
I20260710 13:23:09.662314 21925 fs_report.cc:389] FS layout report
--------------------
wal directory: /tmp/dist-test-task1jKE4w/test-tmp/auto_leader_rebalancer-test.0.LeaderRebalancerTest.AddTserver.1783689764967153-21925-0/minicluster-data/ts-2-root
metadata directory: /tmp/dist-test-task1jKE4w/test-tmp/auto_leader_rebalancer-test.0.LeaderRebalancerTest.AddTserver.1783689764967153-21925-0/minicluster-data/ts-2-root
1 data directories: /tmp/dist-test-task1jKE4w/test-tmp/auto_leader_rebalancer-test.0.LeaderRebalancerTest.AddTserver.1783689764967153-21925-0/minicluster-data/ts-2-root/data
Total live blocks: 0
Total live bytes: 0
Total live bytes (after alignment): 0
Total number of LBM containers: 0 (0 full)
Did not check for missing blocks
Did not check for orphaned blocks
Total full LBM containers with extra space: 0 (0 repaired)
Total full LBM container extra space in bytes: 0 (0 repaired)
Total incomplete LBM containers: 0 (0 repaired)
Total LBM partial records: 0 (0 repaired)
Total corrupted LBM metadata records in RocksDB: 0 (0 repaired)
I20260710 13:23:09.684746 21925 rpc_server.cc:225] running with OpenSSL 1.1.1  11 Sep 2018
I20260710 13:23:09.685842 21925 kserver.cc:163] Server-wide thread pool size limit: 3276
I20260710 13:23:09.687240 21925 txn_system_client.cc:432] TxnSystemClient initialization is disabled...
I20260710 13:23:09.689337 21925 ts_tablet_manager.cc:585] Loaded tablet metadata (0 total tablets, 0 live tablets)
I20260710 13:23:09.689504 21925 ts_tablet_manager.cc:531] Time spent load tablet metadata: real 0.000s	user 0.000s	sys 0.000s
I20260710 13:23:09.689786 21925 ts_tablet_manager.cc:616] Registered 0 tablets
I20260710 13:23:09.689922 21925 ts_tablet_manager.cc:595] Time spent register tablets: real 0.000s	user 0.000s	sys 0.000s
I20260710 13:23:09.727205 21925 rpc_server.cc:307] RPC server started. Bound to: 127.21.105.67:46329
I20260710 13:23:09.727304 23211 acceptor_pool.cc:272] collecting diagnostics on the listening RPC socket 127.21.105.67:46329 every 8 connection(s)
I20260710 13:23:09.740012 23212 heartbeater.cc:344] Connected to a master server at 127.21.105.126:46269
I20260710 13:23:09.740403 23212 heartbeater.cc:461] Registering TS with master...
I20260710 13:23:09.741153 23212 heartbeater.cc:507] Master 127.21.105.126:46269 requested a full tablet report, sending...
I20260710 13:23:09.743021 22936 ts_manager.cc:194] Registered new tserver with Master: 1d66e3e2e9a64651a7d449887bcd7012 (127.21.105.67:46329)
I20260710 13:23:09.743409 21925 internal_mini_cluster.cc:371] 3 TS(s) registered with all masters after 0.013166085s
I20260710 13:23:09.744699 22936 master_service.cc:502] Signed X509 certificate for tserver {username='slave'} at 127.0.0.1:43608
I20260710 13:23:09.767609 22936 catalog_manager.cc:2283] Servicing CreateTable request from {username='slave'} at 127.0.0.1:43618:
name: "test-workload"
schema {
  columns {
    name: "key"
    type: INT32
    is_key: true
    is_nullable: false
    encoding: AUTO_ENCODING
    compression: DEFAULT_COMPRESSION
    cfile_block_size: 0
    immutable: false
  }
  columns {
    name: "int_val"
    type: INT32
    is_key: false
    is_nullable: false
    encoding: AUTO_ENCODING
    compression: DEFAULT_COMPRESSION
    cfile_block_size: 0
    immutable: false
  }
  columns {
    name: "string_val"
    type: STRING
    is_key: false
    is_nullable: true
    encoding: AUTO_ENCODING
    compression: DEFAULT_COMPRESSION
    cfile_block_size: 0
    immutable: false
  }
}
num_replicas: 3
split_rows_range_bounds {
  rows: "\004\001\000UUU\005\004\001\000\252\252\252\n\004\001\000\377\377\377\017\004\001\000TUU\025\004\001\000\251\252\252\032\004\001\000\376\377\377\037\004\001\000SUU%\004\001\000\250\252\252*\004\001\000\375\377\377/\004\001\000RUU5\004\001\000\247\252\252:\004\001\000\374\377\377?\004\001\000QUUE\004\001\000\246\252\252J\004\001\000\373\377\377O\004\001\000PUUU\004\001\000\245\252\252Z\004\001\000\372\377\377_\004\001\000OUUe\004\001\000\244\252\252j\004\001\000\371\377\377o\004\001\000NUUu\004\001\000\243\252\252z""\004\001\000UUU\005\004\001\000\252\252\252\n\004\001\000\377\377\377\017\004\001\000TUU\025\004\001\000\251\252\252\032\004\001\000\376\377\377\037\004\001\000SUU%\004\001\000\250\252\252*\004\001\000\375\377\377/\004\001\000RUU5\004\001\000\247\252\252:\004\001\000\374\377\377?\004\001\000QUUE\004\001\000\246\252\252J\004\001\000\373\377\377O\004\001\000PUUU\004\001\000\245\252\252Z\004\001\000\372\377\377_\004\001\000OUUe\004\001\000\244\252\252j\004\001\000\371\377\377o\004\001\000NUUu\004\001\000\243\252\252z"
  indirect_data: """"
}
partition_schema {
  range_schema {
    columns {
      name: "key"
    }
  }
}
W20260710 13:23:09.771430 22936 catalog_manager.cc:7077] The number of live tablet servers is not enough to re-replicate a tablet replica of the newly created table test-workload in case of a server failure: 4 tablet servers would be needed, 3 are available. Consider bringing up more tablet servers.
I20260710 13:23:09.895910 23103 tablet_service.cc:1511] Processing CreateTablet for tablet 369e992e3a4a4aa7bb979027029d7da8 (DEFAULT_TABLE table=test-workload [id=70b9b9d8dc37414f826388a9598f1822]), partition=RANGE (key) PARTITION VALUES < 89478485
I20260710 13:23:09.897332 23103 data_dirs.cc:400] Could only allocate 1 dirs of requested 3 for tablet 369e992e3a4a4aa7bb979027029d7da8. 1 dirs total, 0 dirs full, 0 dirs failed
I20260710 13:23:09.899748 23102 tablet_service.cc:1511] Processing CreateTablet for tablet 687e8fa4b21b4fadb8de120ec144ab95 (DEFAULT_TABLE table=test-workload [id=70b9b9d8dc37414f826388a9598f1822]), partition=RANGE (key) PARTITION 89478485 <= VALUES < 178956970
I20260710 13:23:09.900115 23173 tablet_service.cc:1511] Processing CreateTablet for tablet 88b510604f7741caa9216089ce61fe5a (DEFAULT_TABLE table=test-workload [id=70b9b9d8dc37414f826388a9598f1822]), partition=RANGE (key) PARTITION 357913940 <= VALUES < 447392425
I20260710 13:23:09.901088 23102 data_dirs.cc:400] Could only allocate 1 dirs of requested 3 for tablet 687e8fa4b21b4fadb8de120ec144ab95. 1 dirs total, 0 dirs full, 0 dirs failed
I20260710 13:23:09.900832 23172 tablet_service.cc:1511] Processing CreateTablet for tablet e6d298d72fcf40a9998afefe0ef1528b (DEFAULT_TABLE table=test-workload [id=70b9b9d8dc37414f826388a9598f1822]), partition=RANGE (key) PARTITION 447392425 <= VALUES < 536870910
I20260710 13:23:09.901461 23173 data_dirs.cc:400] Could only allocate 1 dirs of requested 3 for tablet 88b510604f7741caa9216089ce61fe5a. 1 dirs total, 0 dirs full, 0 dirs failed
I20260710 13:23:09.902107 23172 data_dirs.cc:400] Could only allocate 1 dirs of requested 3 for tablet e6d298d72fcf40a9998afefe0ef1528b. 1 dirs total, 0 dirs full, 0 dirs failed
I20260710 13:23:09.903383 23174 tablet_service.cc:1511] Processing CreateTablet for tablet 6883b5a549d24566b64f8addbdfeb4a4 (DEFAULT_TABLE table=test-workload [id=70b9b9d8dc37414f826388a9598f1822]), partition=RANGE (key) PARTITION 268435455 <= VALUES < 357913940
I20260710 13:23:09.905920 23098 tablet_service.cc:1511] Processing CreateTablet for tablet e6d298d72fcf40a9998afefe0ef1528b (DEFAULT_TABLE table=test-workload [id=70b9b9d8dc37414f826388a9598f1822]), partition=RANGE (key) PARTITION 447392425 <= VALUES < 536870910
I20260710 13:23:09.906243 23176 tablet_service.cc:1511] Processing CreateTablet for tablet 687e8fa4b21b4fadb8de120ec144ab95 (DEFAULT_TABLE table=test-workload [id=70b9b9d8dc37414f826388a9598f1822]), partition=RANGE (key) PARTITION 89478485 <= VALUES < 178956970
I20260710 13:23:09.906651 23170 tablet_service.cc:1511] Processing CreateTablet for tablet 6a05a60de6e14ddeb480dad6b9d32b12 (DEFAULT_TABLE table=test-workload [id=70b9b9d8dc37414f826388a9598f1822]), partition=RANGE (key) PARTITION 626349395 <= VALUES < 715827880
I20260710 13:23:09.906867 23171 tablet_service.cc:1511] Processing CreateTablet for tablet da3a7b9aab2843e19ff9096a38e2a79f (DEFAULT_TABLE table=test-workload [id=70b9b9d8dc37414f826388a9598f1822]), partition=RANGE (key) PARTITION 536870910 <= VALUES < 626349395
I20260710 13:23:09.907919 23168 tablet_service.cc:1511] Processing CreateTablet for tablet 7ebf9d07fa374cec80670836e5ba68c9 (DEFAULT_TABLE table=test-workload [id=70b9b9d8dc37414f826388a9598f1822]), partition=RANGE (key) PARTITION 805306365 <= VALUES < 894784850
I20260710 13:23:09.908285 23169 tablet_service.cc:1511] Processing CreateTablet for tablet 624f26a3eda943199efddbd55e539aef (DEFAULT_TABLE table=test-workload [id=70b9b9d8dc37414f826388a9598f1822]), partition=RANGE (key) PARTITION 715827880 <= VALUES < 805306365
I20260710 13:23:09.909996 23097 tablet_service.cc:1511] Processing CreateTablet for tablet da3a7b9aab2843e19ff9096a38e2a79f (DEFAULT_TABLE table=test-workload [id=70b9b9d8dc37414f826388a9598f1822]), partition=RANGE (key) PARTITION 536870910 <= VALUES < 626349395
I20260710 13:23:09.910204 23099 tablet_service.cc:1511] Processing CreateTablet for tablet 88b510604f7741caa9216089ce61fe5a (DEFAULT_TABLE table=test-workload [id=70b9b9d8dc37414f826388a9598f1822]), partition=RANGE (key) PARTITION 357913940 <= VALUES < 447392425
I20260710 13:23:09.910676 23175 tablet_service.cc:1511] Processing CreateTablet for tablet 753caed9e98b4c538d6817cf4730df75 (DEFAULT_TABLE table=test-workload [id=70b9b9d8dc37414f826388a9598f1822]), partition=RANGE (key) PARTITION 178956970 <= VALUES < 268435455
I20260710 13:23:09.911448 23098 data_dirs.cc:400] Could only allocate 1 dirs of requested 3 for tablet e6d298d72fcf40a9998afefe0ef1528b. 1 dirs total, 0 dirs full, 0 dirs failed
I20260710 13:23:09.912055 23099 data_dirs.cc:400] Could only allocate 1 dirs of requested 3 for tablet 88b510604f7741caa9216089ce61fe5a. 1 dirs total, 0 dirs full, 0 dirs failed
I20260710 13:23:09.912779 23100 tablet_service.cc:1511] Processing CreateTablet for tablet 6883b5a549d24566b64f8addbdfeb4a4 (DEFAULT_TABLE table=test-workload [id=70b9b9d8dc37414f826388a9598f1822]), partition=RANGE (key) PARTITION 268435455 <= VALUES < 357913940
I20260710 13:23:09.914115 23100 data_dirs.cc:400] Could only allocate 1 dirs of requested 3 for tablet 6883b5a549d24566b64f8addbdfeb4a4. 1 dirs total, 0 dirs full, 0 dirs failed
I20260710 13:23:09.914361 23096 tablet_service.cc:1511] Processing CreateTablet for tablet 6a05a60de6e14ddeb480dad6b9d32b12 (DEFAULT_TABLE table=test-workload [id=70b9b9d8dc37414f826388a9598f1822]), partition=RANGE (key) PARTITION 626349395 <= VALUES < 715827880
I20260710 13:23:09.915624 23096 data_dirs.cc:400] Could only allocate 1 dirs of requested 3 for tablet 6a05a60de6e14ddeb480dad6b9d32b12. 1 dirs total, 0 dirs full, 0 dirs failed
I20260710 13:23:09.915784 23177 tablet_service.cc:1511] Processing CreateTablet for tablet 369e992e3a4a4aa7bb979027029d7da8 (DEFAULT_TABLE table=test-workload [id=70b9b9d8dc37414f826388a9598f1822]), partition=RANGE (key) PARTITION VALUES < 89478485
I20260710 13:23:09.903855 23101 tablet_service.cc:1511] Processing CreateTablet for tablet 753caed9e98b4c538d6817cf4730df75 (DEFAULT_TABLE table=test-workload [id=70b9b9d8dc37414f826388a9598f1822]), partition=RANGE (key) PARTITION 178956970 <= VALUES < 268435455
I20260710 13:23:09.917634 23101 data_dirs.cc:400] Could only allocate 1 dirs of requested 3 for tablet 753caed9e98b4c538d6817cf4730df75. 1 dirs total, 0 dirs full, 0 dirs failed
I20260710 13:23:09.919092 23097 data_dirs.cc:400] Could only allocate 1 dirs of requested 3 for tablet da3a7b9aab2843e19ff9096a38e2a79f. 1 dirs total, 0 dirs full, 0 dirs failed
I20260710 13:23:09.919827 23027 tablet_service.cc:1511] Processing CreateTablet for tablet 687e8fa4b21b4fadb8de120ec144ab95 (DEFAULT_TABLE table=test-workload [id=70b9b9d8dc37414f826388a9598f1822]), partition=RANGE (key) PARTITION 89478485 <= VALUES < 178956970
I20260710 13:23:09.919924 23095 tablet_service.cc:1511] Processing CreateTablet for tablet 624f26a3eda943199efddbd55e539aef (DEFAULT_TABLE table=test-workload [id=70b9b9d8dc37414f826388a9598f1822]), partition=RANGE (key) PARTITION 715827880 <= VALUES < 805306365
I20260710 13:23:09.921149 23027 data_dirs.cc:400] Could only allocate 1 dirs of requested 3 for tablet 687e8fa4b21b4fadb8de120ec144ab95. 1 dirs total, 0 dirs full, 0 dirs failed
I20260710 13:23:09.921264 23095 data_dirs.cc:400] Could only allocate 1 dirs of requested 3 for tablet 624f26a3eda943199efddbd55e539aef. 1 dirs total, 0 dirs full, 0 dirs failed
I20260710 13:23:09.923918 23094 tablet_service.cc:1511] Processing CreateTablet for tablet 7ebf9d07fa374cec80670836e5ba68c9 (DEFAULT_TABLE table=test-workload [id=70b9b9d8dc37414f826388a9598f1822]), partition=RANGE (key) PARTITION 805306365 <= VALUES < 894784850
I20260710 13:23:09.923966 23026 tablet_service.cc:1511] Processing CreateTablet for tablet 753caed9e98b4c538d6817cf4730df75 (DEFAULT_TABLE table=test-workload [id=70b9b9d8dc37414f826388a9598f1822]), partition=RANGE (key) PARTITION 178956970 <= VALUES < 268435455
I20260710 13:23:09.925982 23026 data_dirs.cc:400] Could only allocate 1 dirs of requested 3 for tablet 753caed9e98b4c538d6817cf4730df75. 1 dirs total, 0 dirs full, 0 dirs failed
I20260710 13:23:09.925719 23025 tablet_service.cc:1511] Processing CreateTablet for tablet 6883b5a549d24566b64f8addbdfeb4a4 (DEFAULT_TABLE table=test-workload [id=70b9b9d8dc37414f826388a9598f1822]), partition=RANGE (key) PARTITION 268435455 <= VALUES < 357913940
I20260710 13:23:09.927907 23024 tablet_service.cc:1511] Processing CreateTablet for tablet 88b510604f7741caa9216089ce61fe5a (DEFAULT_TABLE table=test-workload [id=70b9b9d8dc37414f826388a9598f1822]), partition=RANGE (key) PARTITION 357913940 <= VALUES < 447392425
I20260710 13:23:09.929862 23094 data_dirs.cc:400] Could only allocate 1 dirs of requested 3 for tablet 7ebf9d07fa374cec80670836e5ba68c9. 1 dirs total, 0 dirs full, 0 dirs failed
