I20260710 13:23:13.309253 23370 consensus_queue.cc:1048] T 3ce8b90bf3854bf9822803d47e7e9e56 P ae564c9734bb41dd86b5caac9519b017 [LEADER]: Connected to new peer: Peer: permanent_uuid: "32c3f9cdcf284402b3aed2afe2720e03" member_type: VOTER last_known_addr { host: "127.21.118.130" port: 42469 }, Status: LMP_MISMATCH, Last received: 0.0, Next index: 1, Last known committed idx: 0, Time since last communication: 0.000s
I20260710 13:23:13.320569 23316 raft_consensus.cc:515] T 378b20c1176d4cfb9ef029ca76fcf327 P ae564c9734bb41dd86b5caac9519b017 [term 1 FOLLOWER]: Starting leader election with config: opid_index: -1 OBSOLETE_local: false peers { permanent_uuid: "88615d618dc34571a8d759fc82ef1103" member_type: VOTER last_known_addr { host: "127.21.118.129" port: 40771 } } peers { permanent_uuid: "32c3f9cdcf284402b3aed2afe2720e03" member_type: VOTER last_known_addr { host: "127.21.118.130" port: 42469 } } peers { permanent_uuid: "ae564c9734bb41dd86b5caac9519b017" member_type: VOTER last_known_addr { host: "127.21.118.131" port: 37591 } }
I20260710 13:23:13.341639 23184 raft_consensus.cc:2468] T 67fb3725bef5497d9ceb39e864b68ae3 P 32c3f9cdcf284402b3aed2afe2720e03 [term 1 FOLLOWER]: Leader election vote request: Granting yes vote for candidate 88615d618dc34571a8d759fc82ef1103 in term 1.
I20260710 13:23:13.349591 23415 raft_consensus.cc:493] T b6a9e5e2e16441059181b64d7efc6346 P ae564c9734bb41dd86b5caac9519b017 [term 0 FOLLOWER]: Starting pre-election (no leader contacted us within the election timeout)
I20260710 13:23:13.350467 23415 raft_consensus.cc:515] T b6a9e5e2e16441059181b64d7efc6346 P ae564c9734bb41dd86b5caac9519b017 [term 0 FOLLOWER]: Starting pre-election with config: opid_index: -1 OBSOLETE_local: false peers { permanent_uuid: "88615d618dc34571a8d759fc82ef1103" member_type: VOTER last_known_addr { host: "127.21.118.129" port: 40771 } } peers { permanent_uuid: "32c3f9cdcf284402b3aed2afe2720e03" member_type: VOTER last_known_addr { host: "127.21.118.130" port: 42469 } } peers { permanent_uuid: "ae564c9734bb41dd86b5caac9519b017" member_type: VOTER last_known_addr { host: "127.21.118.131" port: 37591 } }
I20260710 13:23:13.386790 23322 raft_consensus.cc:493] T 4c3cbaa00f34449fb9104e3bd4fc04b8 P 32c3f9cdcf284402b3aed2afe2720e03 [term 0 FOLLOWER]: Starting pre-election (no leader contacted us within the election timeout)
I20260710 13:23:13.387527 23322 raft_consensus.cc:515] T 4c3cbaa00f34449fb9104e3bd4fc04b8 P 32c3f9cdcf284402b3aed2afe2720e03 [term 0 FOLLOWER]: Starting pre-election with config: opid_index: -1 OBSOLETE_local: false peers { permanent_uuid: "88615d618dc34571a8d759fc82ef1103" member_type: VOTER last_known_addr { host: "127.21.118.129" port: 40771 } } peers { permanent_uuid: "32c3f9cdcf284402b3aed2afe2720e03" member_type: VOTER last_known_addr { host: "127.21.118.130" port: 42469 } } peers { permanent_uuid: "ae564c9734bb41dd86b5caac9519b017" member_type: VOTER last_known_addr { host: "127.21.118.131" port: 37591 } }
I20260710 13:23:13.505154 23301 tablet_bootstrap.cc:654] T cd884e13b96941dcbd64d2a3f7f5353a P ae564c9734bb41dd86b5caac9519b017: Neither blocks nor log segments found. Creating new log.
I20260710 13:23:13.514250 23301 tablet_bootstrap.cc:492] T cd884e13b96941dcbd64d2a3f7f5353a P ae564c9734bb41dd86b5caac9519b017: No bootstrap required, opened a new log
I20260710 13:23:13.514920 23301 ts_tablet_manager.cc:1403] T cd884e13b96941dcbd64d2a3f7f5353a P ae564c9734bb41dd86b5caac9519b017: Time spent bootstrapping tablet: real 0.229s	user 0.074s	sys 0.106s
I20260710 13:23:13.516592 23300 tablet_bootstrap.cc:654] T ebfa6c51cd6744f39d0fa8496e4fec5a P 32c3f9cdcf284402b3aed2afe2720e03: Neither blocks nor log segments found. Creating new log.
I20260710 13:23:13.518563 23316 leader_election.cc:290] T 378b20c1176d4cfb9ef029ca76fcf327 P ae564c9734bb41dd86b5caac9519b017 [CANDIDATE]: Term 1 election: Requested vote from peers 88615d618dc34571a8d759fc82ef1103 (127.21.118.129:40771), 32c3f9cdcf284402b3aed2afe2720e03 (127.21.118.130:42469)
I20260710 13:23:13.519150 23301 raft_consensus.cc:359] T cd884e13b96941dcbd64d2a3f7f5353a P ae564c9734bb41dd86b5caac9519b017 [term 0 FOLLOWER]: Replica starting. Triggering 0 pending ops. Active config: opid_index: -1 OBSOLETE_local: false peers { permanent_uuid: "88615d618dc34571a8d759fc82ef1103" member_type: VOTER last_known_addr { host: "127.21.118.129" port: 40771 } } peers { permanent_uuid: "32c3f9cdcf284402b3aed2afe2720e03" member_type: VOTER last_known_addr { host: "127.21.118.130" port: 42469 } } peers { permanent_uuid: "ae564c9734bb41dd86b5caac9519b017" member_type: VOTER last_known_addr { host: "127.21.118.131" port: 37591 } }
I20260710 13:23:13.520015 23301 raft_consensus.cc:385] T cd884e13b96941dcbd64d2a3f7f5353a P ae564c9734bb41dd86b5caac9519b017 [term 0 FOLLOWER]: Consensus starting up: Expiring failure detector timer to make a prompt election more likely
I20260710 13:23:13.520345 23301 raft_consensus.cc:740] T cd884e13b96941dcbd64d2a3f7f5353a P ae564c9734bb41dd86b5caac9519b017 [term 0 FOLLOWER]: Becoming Follower/Learner. State: Replica: ae564c9734bb41dd86b5caac9519b017, State: Initialized, Role: FOLLOWER
I20260710 13:23:13.521194 23301 consensus_queue.cc:260] T cd884e13b96941dcbd64d2a3f7f5353a P ae564c9734bb41dd86b5caac9519b017 [NON_LEADER]: Queue going to NON_LEADER mode. State: All replicated index: 0, Majority replicated index: 0, Committed index: 0, Last appended: 0.0, Last appended by leader: 0, Current term: 0, Majority size: -1, State: 0, Mode: NON_LEADER, active raft config: opid_index: -1 OBSOLETE_local: false peers { permanent_uuid: "88615d618dc34571a8d759fc82ef1103" member_type: VOTER last_known_addr { host: "127.21.118.129" port: 40771 } } peers { permanent_uuid: "32c3f9cdcf284402b3aed2afe2720e03" member_type: VOTER last_known_addr { host: "127.21.118.130" port: 42469 } } peers { permanent_uuid: "ae564c9734bb41dd86b5caac9519b017" member_type: VOTER last_known_addr { host: "127.21.118.131" port: 37591 } }
I20260710 13:23:13.523262 23073 leader_election.cc:304] T 67fb3725bef5497d9ceb39e864b68ae3 P 88615d618dc34571a8d759fc82ef1103 [CANDIDATE]: Term 1 election: Election decided. Result: candidate won. Election summary: received 2 responses out of 3 voters: 2 yes votes; 0 no votes. yes voters: 32c3f9cdcf284402b3aed2afe2720e03, 88615d618dc34571a8d759fc82ef1103; no voters: 
I20260710 13:23:13.523965 23301 ts_tablet_manager.cc:1434] T cd884e13b96941dcbd64d2a3f7f5353a P ae564c9734bb41dd86b5caac9519b017: Time spent starting tablet: real 0.009s	user 0.005s	sys 0.000s
I20260710 13:23:13.525139 23301 tablet_bootstrap.cc:492] T 932c510336e648d79574ec08e05f52bf P ae564c9734bb41dd86b5caac9519b017: Bootstrap starting.
I20260710 13:23:13.525502 23340 raft_consensus.cc:2804] T 67fb3725bef5497d9ceb39e864b68ae3 P 88615d618dc34571a8d759fc82ef1103 [term 1 FOLLOWER]: Leader election won for term 1
I20260710 13:23:13.526212 23340 raft_consensus.cc:697] T 67fb3725bef5497d9ceb39e864b68ae3 P 88615d618dc34571a8d759fc82ef1103 [term 1 LEADER]: Becoming Leader. State: Replica: 88615d618dc34571a8d759fc82ef1103, State: Running, Role: LEADER
I20260710 13:23:13.527262 23346 raft_consensus.cc:493] T ebfa6c51cd6744f39d0fa8496e4fec5a P 88615d618dc34571a8d759fc82ef1103 [term 0 FOLLOWER]: Starting pre-election (no leader contacted us within the election timeout)
I20260710 13:23:13.527191 23340 consensus_queue.cc:237] T 67fb3725bef5497d9ceb39e864b68ae3 P 88615d618dc34571a8d759fc82ef1103 [LEADER]: Queue going to LEADER mode. State: All replicated index: 0, Majority replicated index: 0, Committed index: 0, Last appended: 0.0, Last appended by leader: 0, Current term: 1, Majority size: 2, State: 0, Mode: LEADER, active raft config: opid_index: -1 OBSOLETE_local: false peers { permanent_uuid: "88615d618dc34571a8d759fc82ef1103" member_type: VOTER last_known_addr { host: "127.21.118.129" port: 40771 } } peers { permanent_uuid: "32c3f9cdcf284402b3aed2afe2720e03" member_type: VOTER last_known_addr { host: "127.21.118.130" port: 42469 } } peers { permanent_uuid: "ae564c9734bb41dd86b5caac9519b017" member_type: VOTER last_known_addr { host: "127.21.118.131" port: 37591 } }
I20260710 13:23:13.527763 23346 raft_consensus.cc:515] T ebfa6c51cd6744f39d0fa8496e4fec5a P 88615d618dc34571a8d759fc82ef1103 [term 0 FOLLOWER]: Starting pre-election with config: opid_index: -1 OBSOLETE_local: false peers { permanent_uuid: "88615d618dc34571a8d759fc82ef1103" member_type: VOTER last_known_addr { host: "127.21.118.129" port: 40771 } } peers { permanent_uuid: "32c3f9cdcf284402b3aed2afe2720e03" member_type: VOTER last_known_addr { host: "127.21.118.130" port: 42469 } } peers { permanent_uuid: "ae564c9734bb41dd86b5caac9519b017" member_type: VOTER last_known_addr { host: "127.21.118.131" port: 37591 } }
I20260710 13:23:13.529924 23346 leader_election.cc:290] T ebfa6c51cd6744f39d0fa8496e4fec5a P 88615d618dc34571a8d759fc82ef1103 [CANDIDATE]: Term 1 pre-election: Requested pre-vote from peers 32c3f9cdcf284402b3aed2afe2720e03 (127.21.118.130:42469), ae564c9734bb41dd86b5caac9519b017 (127.21.118.131:37591)
I20260710 13:23:13.532490 23301 tablet_bootstrap.cc:654] T 932c510336e648d79574ec08e05f52bf P ae564c9734bb41dd86b5caac9519b017: Neither blocks nor log segments found. Creating new log.
I20260710 13:23:13.544922 23301 tablet_bootstrap.cc:492] T 932c510336e648d79574ec08e05f52bf P ae564c9734bb41dd86b5caac9519b017: No bootstrap required, opened a new log
I20260710 13:23:13.545423 23299 tablet_bootstrap.cc:492] T 932c510336e648d79574ec08e05f52bf P 88615d618dc34571a8d759fc82ef1103: No bootstrap required, opened a new log
I20260710 13:23:13.545617 23301 ts_tablet_manager.cc:1403] T 932c510336e648d79574ec08e05f52bf P ae564c9734bb41dd86b5caac9519b017: Time spent bootstrapping tablet: real 0.021s	user 0.012s	sys 0.006s
I20260710 13:23:13.546160 23299 ts_tablet_manager.cc:1403] T 932c510336e648d79574ec08e05f52bf P 88615d618dc34571a8d759fc82ef1103: Time spent bootstrapping tablet: real 0.448s	user 0.037s	sys 0.042s
I20260710 13:23:13.549355 23301 raft_consensus.cc:359] T 932c510336e648d79574ec08e05f52bf P ae564c9734bb41dd86b5caac9519b017 [term 0 FOLLOWER]: Replica starting. Triggering 0 pending ops. Active config: opid_index: -1 OBSOLETE_local: false peers { permanent_uuid: "88615d618dc34571a8d759fc82ef1103" member_type: VOTER last_known_addr { host: "127.21.118.129" port: 40771 } } peers { permanent_uuid: "32c3f9cdcf284402b3aed2afe2720e03" member_type: VOTER last_known_addr { host: "127.21.118.130" port: 42469 } } peers { permanent_uuid: "ae564c9734bb41dd86b5caac9519b017" member_type: VOTER last_known_addr { host: "127.21.118.131" port: 37591 } }
I20260710 13:23:13.550379 23301 raft_consensus.cc:385] T 932c510336e648d79574ec08e05f52bf P ae564c9734bb41dd86b5caac9519b017 [term 0 FOLLOWER]: Consensus starting up: Expiring failure detector timer to make a prompt election more likely
I20260710 13:23:13.554890 23340 raft_consensus.cc:493] T 6d118e38f6254639bf74b7681ccb2ea0 P 88615d618dc34571a8d759fc82ef1103 [term 0 FOLLOWER]: Starting pre-election (no leader contacted us within the election timeout)
I20260710 13:23:13.555190 23106 tablet_service.cc:1917] Received RequestConsensusVote() RPC: tablet_id: "378b20c1176d4cfb9ef029ca76fcf327" candidate_uuid: "ae564c9734bb41dd86b5caac9519b017" candidate_term: 1 candidate_status { last_received { term: 0 index: 0 } } ignore_live_leader: false dest_uuid: "88615d618dc34571a8d759fc82ef1103"
I20260710 13:23:13.555732 23340 raft_consensus.cc:515] T 6d118e38f6254639bf74b7681ccb2ea0 P 88615d618dc34571a8d759fc82ef1103 [term 0 FOLLOWER]: Starting pre-election with config: opid_index: -1 OBSOLETE_local: false peers { permanent_uuid: "88615d618dc34571a8d759fc82ef1103" member_type: VOTER last_known_addr { host: "127.21.118.129" port: 40771 } } peers { permanent_uuid: "32c3f9cdcf284402b3aed2afe2720e03" member_type: VOTER last_known_addr { host: "127.21.118.130" port: 42469 } } peers { permanent_uuid: "ae564c9734bb41dd86b5caac9519b017" member_type: VOTER last_known_addr { host: "127.21.118.131" port: 37591 } }
I20260710 13:23:13.550750 23301 raft_consensus.cc:740] T 932c510336e648d79574ec08e05f52bf P ae564c9734bb41dd86b5caac9519b017 [term 0 FOLLOWER]: Becoming Follower/Learner. State: Replica: ae564c9734bb41dd86b5caac9519b017, State: Initialized, Role: FOLLOWER
I20260710 13:23:13.554901 23300 tablet_bootstrap.cc:492] T ebfa6c51cd6744f39d0fa8496e4fec5a P 32c3f9cdcf284402b3aed2afe2720e03: No bootstrap required, opened a new log
I20260710 13:23:13.557902 23301 consensus_queue.cc:260] T 932c510336e648d79574ec08e05f52bf P ae564c9734bb41dd86b5caac9519b017 [NON_LEADER]: Queue going to NON_LEADER mode. State: All replicated index: 0, Majority replicated index: 0, Committed index: 0, Last appended: 0.0, Last appended by leader: 0, Current term: 0, Majority size: -1, State: 0, Mode: NON_LEADER, active raft config: opid_index: -1 OBSOLETE_local: false peers { permanent_uuid: "88615d618dc34571a8d759fc82ef1103" member_type: VOTER last_known_addr { host: "127.21.118.129" port: 40771 } } peers { permanent_uuid: "32c3f9cdcf284402b3aed2afe2720e03" member_type: VOTER last_known_addr { host: "127.21.118.130" port: 42469 } } peers { permanent_uuid: "ae564c9734bb41dd86b5caac9519b017" member_type: VOTER last_known_addr { host: "127.21.118.131" port: 37591 } }
I20260710 13:23:13.558590 23300 ts_tablet_manager.cc:1403] T ebfa6c51cd6744f39d0fa8496e4fec5a P 32c3f9cdcf284402b3aed2afe2720e03: Time spent bootstrapping tablet: real 0.272s	user 0.016s	sys 0.020s
I20260710 13:23:13.558960 23340 leader_election.cc:290] T 6d118e38f6254639bf74b7681ccb2ea0 P 88615d618dc34571a8d759fc82ef1103 [CANDIDATE]: Term 1 pre-election: Requested pre-vote from peers 32c3f9cdcf284402b3aed2afe2720e03 (127.21.118.130:42469), ae564c9734bb41dd86b5caac9519b017 (127.21.118.131:37591)
I20260710 13:23:13.560247 23257 raft_consensus.cc:3060] T 4b74287676ba4cd58353b74efe7abd59 P ae564c9734bb41dd86b5caac9519b017 [term 0 FOLLOWER]: Advancing to term 1
I20260710 13:23:13.561693 23415 leader_election.cc:290] T b6a9e5e2e16441059181b64d7efc6346 P ae564c9734bb41dd86b5caac9519b017 [CANDIDATE]: Term 1 pre-election: Requested pre-vote from peers 88615d618dc34571a8d759fc82ef1103 (127.21.118.129:40771), 32c3f9cdcf284402b3aed2afe2720e03 (127.21.118.130:42469)
I20260710 13:23:13.561367 23300 raft_consensus.cc:359] T ebfa6c51cd6744f39d0fa8496e4fec5a P 32c3f9cdcf284402b3aed2afe2720e03 [term 0 FOLLOWER]: Replica starting. Triggering 0 pending ops. Active config: opid_index: -1 OBSOLETE_local: false peers { permanent_uuid: "88615d618dc34571a8d759fc82ef1103" member_type: VOTER last_known_addr { host: "127.21.118.129" port: 40771 } } peers { permanent_uuid: "32c3f9cdcf284402b3aed2afe2720e03" member_type: VOTER last_known_addr { host: "127.21.118.130" port: 42469 } } peers { permanent_uuid: "ae564c9734bb41dd86b5caac9519b017" member_type: VOTER last_known_addr { host: "127.21.118.131" port: 37591 } }
I20260710 13:23:13.565704 23184 tablet_service.cc:1917] Received RequestConsensusVote() RPC: tablet_id: "ebfa6c51cd6744f39d0fa8496e4fec5a" candidate_uuid: "88615d618dc34571a8d759fc82ef1103" candidate_term: 1 candidate_status { last_received { term: 0 index: 0 } } ignore_live_leader: false dest_uuid: "32c3f9cdcf284402b3aed2afe2720e03" is_pre_election: true
I20260710 13:23:13.565867 23300 raft_consensus.cc:385] T ebfa6c51cd6744f39d0fa8496e4fec5a P 32c3f9cdcf284402b3aed2afe2720e03 [term 0 FOLLOWER]: Consensus starting up: Expiring failure detector timer to make a prompt election more likely
I20260710 13:23:13.566331 23300 raft_consensus.cc:740] T ebfa6c51cd6744f39d0fa8496e4fec5a P 32c3f9cdcf284402b3aed2afe2720e03 [term 0 FOLLOWER]: Becoming Follower/Learner. State: Replica: 32c3f9cdcf284402b3aed2afe2720e03, State: Initialized, Role: FOLLOWER
I20260710 13:23:13.567131 23182 tablet_service.cc:1917] Received RequestConsensusVote() RPC: tablet_id: "6d118e38f6254639bf74b7681ccb2ea0" candidate_uuid: "88615d618dc34571a8d759fc82ef1103" candidate_term: 1 candidate_status { last_received { term: 0 index: 0 } } ignore_live_leader: false dest_uuid: "32c3f9cdcf284402b3aed2afe2720e03" is_pre_election: true
I20260710 13:23:13.567529 23300 consensus_queue.cc:260] T ebfa6c51cd6744f39d0fa8496e4fec5a P 32c3f9cdcf284402b3aed2afe2720e03 [NON_LEADER]: Queue going to NON_LEADER mode. State: All replicated index: 0, Majority replicated index: 0, Committed index: 0, Last appended: 0.0, Last appended by leader: 0, Current term: 0, Majority size: -1, State: 0, Mode: NON_LEADER, active raft config: opid_index: -1 OBSOLETE_local: false peers { permanent_uuid: "88615d618dc34571a8d759fc82ef1103" member_type: VOTER last_known_addr { host: "127.21.118.129" port: 40771 } } peers { permanent_uuid: "32c3f9cdcf284402b3aed2afe2720e03" member_type: VOTER last_known_addr { host: "127.21.118.130" port: 42469 } } peers { permanent_uuid: "ae564c9734bb41dd86b5caac9519b017" member_type: VOTER last_known_addr { host: "127.21.118.131" port: 37591 } }
W20260710 13:23:13.568295 23073 leader_election.cc:343] T 6d118e38f6254639bf74b7681ccb2ea0 P 88615d618dc34571a8d759fc82ef1103 [CANDIDATE]: Term 1 pre-election: Tablet error from VoteRequest() call to peer 32c3f9cdcf284402b3aed2afe2720e03 (127.21.118.130:42469): Illegal state: must be running to vote when last-logged opid is not known
I20260710 13:23:13.568341 23184 raft_consensus.cc:2468] T ebfa6c51cd6744f39d0fa8496e4fec5a P 32c3f9cdcf284402b3aed2afe2720e03 [term 0 FOLLOWER]: Leader pre-election vote request: Granting yes vote for candidate 88615d618dc34571a8d759fc82ef1103 in term 0.
I20260710 13:23:13.569515 23300 ts_tablet_manager.cc:1434] T ebfa6c51cd6744f39d0fa8496e4fec5a P 32c3f9cdcf284402b3aed2afe2720e03: Time spent starting tablet: real 0.011s	user 0.005s	sys 0.001s
I20260710 13:23:13.570401 23300 tablet_bootstrap.cc:492] T 6d118e38f6254639bf74b7681ccb2ea0 P 32c3f9cdcf284402b3aed2afe2720e03: Bootstrap starting.
I20260710 13:23:13.571007 23110 tablet_service.cc:1917] Received RequestConsensusVote() RPC: tablet_id: "932c510336e648d79574ec08e05f52bf" candidate_uuid: "32c3f9cdcf284402b3aed2afe2720e03" candidate_term: 1 candidate_status { last_received { term: 0 index: 0 } } ignore_live_leader: false dest_uuid: "88615d618dc34571a8d759fc82ef1103" is_pre_election: true
W20260710 13:23:13.574281 23223 leader_election.cc:343] T 378b20c1176d4cfb9ef029ca76fcf327 P ae564c9734bb41dd86b5caac9519b017 [CANDIDATE]: Term 1 election: Tablet error from VoteRequest() call to peer 88615d618dc34571a8d759fc82ef1103 (127.21.118.129:40771): Illegal state: must be running to vote when last-logged opid is not known
I20260710 13:23:13.575428 23420 consensus_queue.cc:1048] T 3ce8b90bf3854bf9822803d47e7e9e56 P ae564c9734bb41dd86b5caac9519b017 [LEADER]: Connected to new peer: Peer: permanent_uuid: "88615d618dc34571a8d759fc82ef1103" member_type: VOTER last_known_addr { host: "127.21.118.129" port: 40771 }, Status: LMP_MISMATCH, Last received: 0.0, Next index: 1, Last known committed idx: 0, Time since last communication: 0.001s
I20260710 13:23:13.577427 23301 ts_tablet_manager.cc:1434] T 932c510336e648d79574ec08e05f52bf P ae564c9734bb41dd86b5caac9519b017: Time spent starting tablet: real 0.031s	user 0.008s	sys 0.000s
I20260710 13:23:13.577684 23108 tablet_service.cc:1917] Received RequestConsensusVote() RPC: tablet_id: "b6a9e5e2e16441059181b64d7efc6346" candidate_uuid: "ae564c9734bb41dd86b5caac9519b017" candidate_term: 1 candidate_status { last_received { term: 0 index: 0 } } ignore_live_leader: false dest_uuid: "88615d618dc34571a8d759fc82ef1103" is_pre_election: true
I20260710 13:23:13.578088 23322 leader_election.cc:290] T 4c3cbaa00f34449fb9104e3bd4fc04b8 P 32c3f9cdcf284402b3aed2afe2720e03 [CANDIDATE]: Term 1 pre-election: Requested pre-vote from peers 88615d618dc34571a8d759fc82ef1103 (127.21.118.129:40771), ae564c9734bb41dd86b5caac9519b017 (127.21.118.131:37591)
I20260710 13:23:13.578351 23301 tablet_bootstrap.cc:492] T 4ab885979ee641f89ae7f6a84e416164 P ae564c9734bb41dd86b5caac9519b017: Bootstrap starting.
W20260710 13:23:13.579118 23223 leader_election.cc:343] T b6a9e5e2e16441059181b64d7efc6346 P ae564c9734bb41dd86b5caac9519b017 [CANDIDATE]: Term 1 pre-election: Tablet error from VoteRequest() call to peer 88615d618dc34571a8d759fc82ef1103 (127.21.118.129:40771): Illegal state: must be running to vote when last-logged opid is not known
I20260710 13:23:13.582304 23108 tablet_service.cc:1917] Received RequestConsensusVote() RPC: tablet_id: "4c3cbaa00f34449fb9104e3bd4fc04b8" candidate_uuid: "32c3f9cdcf284402b3aed2afe2720e03" candidate_term: 1 candidate_status { last_received { term: 0 index: 0 } } ignore_live_leader: false dest_uuid: "88615d618dc34571a8d759fc82ef1103" is_pre_election: true
I20260710 13:23:13.585747 23301 tablet_bootstrap.cc:654] T 4ab885979ee641f89ae7f6a84e416164 P ae564c9734bb41dd86b5caac9519b017: Neither blocks nor log segments found. Creating new log.
I20260710 13:23:13.586905 23073 leader_election.cc:304] T ebfa6c51cd6744f39d0fa8496e4fec5a P 88615d618dc34571a8d759fc82ef1103 [CANDIDATE]: Term 1 pre-election: Election decided. Result: candidate won. Election summary: received 2 responses out of 3 voters: 2 yes votes; 0 no votes. yes voters: 32c3f9cdcf284402b3aed2afe2720e03, 88615d618dc34571a8d759fc82ef1103; no voters: 
I20260710 13:23:13.594954 23256 tablet_service.cc:1917] Received RequestConsensusVote() RPC: tablet_id: "4c3cbaa00f34449fb9104e3bd4fc04b8" candidate_uuid: "32c3f9cdcf284402b3aed2afe2720e03" candidate_term: 1 candidate_status { last_received { term: 0 index: 0 } } ignore_live_leader: false dest_uuid: "ae564c9734bb41dd86b5caac9519b017" is_pre_election: true
I20260710 13:23:13.549774 23299 raft_consensus.cc:359] T 932c510336e648d79574ec08e05f52bf P 88615d618dc34571a8d759fc82ef1103 [term 0 FOLLOWER]: Replica starting. Triggering 0 pending ops. Active config: opid_index: -1 OBSOLETE_local: false peers { permanent_uuid: "88615d618dc34571a8d759fc82ef1103" member_type: VOTER last_known_addr { host: "127.21.118.129" port: 40771 } } peers { permanent_uuid: "32c3f9cdcf284402b3aed2afe2720e03" member_type: VOTER last_known_addr { host: "127.21.118.130" port: 42469 } } peers { permanent_uuid: "ae564c9734bb41dd86b5caac9519b017" member_type: VOTER last_known_addr { host: "127.21.118.131" port: 37591 } }
I20260710 13:23:13.597445 23299 raft_consensus.cc:385] T 932c510336e648d79574ec08e05f52bf P 88615d618dc34571a8d759fc82ef1103 [term 0 FOLLOWER]: Consensus starting up: Expiring failure detector timer to make a prompt election more likely
I20260710 13:23:13.597795 23299 raft_consensus.cc:740] T 932c510336e648d79574ec08e05f52bf P 88615d618dc34571a8d759fc82ef1103 [term 0 FOLLOWER]: Becoming Follower/Learner. State: Replica: 88615d618dc34571a8d759fc82ef1103, State: Initialized, Role: FOLLOWER
I20260710 13:23:13.598254 23426 raft_consensus.cc:2804] T ebfa6c51cd6744f39d0fa8496e4fec5a P 88615d618dc34571a8d759fc82ef1103 [term 0 FOLLOWER]: Leader pre-election won for term 1
I20260710 13:23:13.598752 23426 raft_consensus.cc:493] T ebfa6c51cd6744f39d0fa8496e4fec5a P 88615d618dc34571a8d759fc82ef1103 [term 0 FOLLOWER]: Starting leader election (no leader contacted us within the election timeout)
I20260710 13:23:13.598162 23006 catalog_manager.cc:5697] T 47a1cbbd37f749b0b250b2564047531f P 88615d618dc34571a8d759fc82ef1103 reported cstate change: term changed from 0 to 1, leader changed from <none> to 88615d618dc34571a8d759fc82ef1103 (127.21.118.129). New cstate: current_term: 1 leader_uuid: "88615d618dc34571a8d759fc82ef1103" committed_config { opid_index: -1 OBSOLETE_local: false peers { permanent_uuid: "88615d618dc34571a8d759fc82ef1103" member_type: VOTER last_known_addr { host: "127.21.118.129" port: 40771 } health_report { overall_health: HEALTHY } } peers { permanent_uuid: "32c3f9cdcf284402b3aed2afe2720e03" member_type: VOTER last_known_addr { host: "127.21.118.130" port: 42469 } health_report { overall_health: UNKNOWN } } peers { permanent_uuid: "ae564c9734bb41dd86b5caac9519b017" member_type: VOTER last_known_addr { host: "127.21.118.131" port: 37591 } health_report { overall_health: UNKNOWN } } }
I20260710 13:23:13.599148 23426 raft_consensus.cc:3060] T ebfa6c51cd6744f39d0fa8496e4fec5a P 88615d618dc34571a8d759fc82ef1103 [term 0 FOLLOWER]: Advancing to term 1
I20260710 13:23:13.600307 23300 tablet_bootstrap.cc:654] T 6d118e38f6254639bf74b7681ccb2ea0 P 32c3f9cdcf284402b3aed2afe2720e03: Neither blocks nor log segments found. Creating new log.
I20260710 13:23:13.600047 23299 consensus_queue.cc:260] T 932c510336e648d79574ec08e05f52bf P 88615d618dc34571a8d759fc82ef1103 [NON_LEADER]: Queue going to NON_LEADER mode. State: All replicated index: 0, Majority replicated index: 0, Committed index: 0, Last appended: 0.0, Last appended by leader: 0, Current term: 0, Majority size: -1, State: 0, Mode: NON_LEADER, active raft config: opid_index: -1 OBSOLETE_local: false peers { permanent_uuid: "88615d618dc34571a8d759fc82ef1103" member_type: VOTER last_known_addr { host: "127.21.118.129" port: 40771 } } peers { permanent_uuid: "32c3f9cdcf284402b3aed2afe2720e03" member_type: VOTER last_known_addr { host: "127.21.118.130" port: 42469 } } peers { permanent_uuid: "ae564c9734bb41dd86b5caac9519b017" member_type: VOTER last_known_addr { host: "127.21.118.131" port: 37591 } }
W20260710 13:23:13.601243 23222 outbound_call.cc:321] RPC callback for RPC call kudu.consensus.ConsensusService.UpdateConsensus -> {remote=127.21.118.130:42469, user_credentials={real_user=slave}} blocked reactor thread for 296086us
I20260710 13:23:13.601693 23322 consensus_queue.cc:1048] T 4b74287676ba4cd58353b74efe7abd59 P 32c3f9cdcf284402b3aed2afe2720e03 [LEADER]: Connected to new peer: Peer: permanent_uuid: "88615d618dc34571a8d759fc82ef1103" member_type: VOTER last_known_addr { host: "127.21.118.129" port: 40771 }, Status: LMP_MISMATCH, Last received: 0.0, Next index: 1, Last known committed idx: 0, Time since last communication: 0.001s
I20260710 13:23:13.607532 23370 raft_consensus.cc:493] T 6d118e38f6254639bf74b7681ccb2ea0 P ae564c9734bb41dd86b5caac9519b017 [term 0 FOLLOWER]: Starting pre-election (no leader contacted us within the election timeout)
I20260710 13:23:13.608080 23370 raft_consensus.cc:515] T 6d118e38f6254639bf74b7681ccb2ea0 P ae564c9734bb41dd86b5caac9519b017 [term 0 FOLLOWER]: Starting pre-election with config: opid_index: -1 OBSOLETE_local: false peers { permanent_uuid: "88615d618dc34571a8d759fc82ef1103" member_type: VOTER last_known_addr { host: "127.21.118.129" port: 40771 } } peers { permanent_uuid: "32c3f9cdcf284402b3aed2afe2720e03" member_type: VOTER last_known_addr { host: "127.21.118.130" port: 42469 } } peers { permanent_uuid: "ae564c9734bb41dd86b5caac9519b017" member_type: VOTER last_known_addr { host: "127.21.118.131" port: 37591 } }
I20260710 13:23:13.611641 23108 tablet_service.cc:1917] Received RequestConsensusVote() RPC: tablet_id: "6d118e38f6254639bf74b7681ccb2ea0" candidate_uuid: "ae564c9734bb41dd86b5caac9519b017" candidate_term: 1 candidate_status { last_received { term: 0 index: 0 } } ignore_live_leader: false dest_uuid: "88615d618dc34571a8d759fc82ef1103" is_pre_election: true
I20260710 13:23:13.612143 23370 leader_election.cc:290] T 6d118e38f6254639bf74b7681ccb2ea0 P ae564c9734bb41dd86b5caac9519b017 [CANDIDATE]: Term 1 pre-election: Requested pre-vote from peers 88615d618dc34571a8d759fc82ef1103 (127.21.118.129:40771), 32c3f9cdcf284402b3aed2afe2720e03 (127.21.118.130:42469)
I20260710 13:23:13.612408 23108 raft_consensus.cc:2468] T 6d118e38f6254639bf74b7681ccb2ea0 P 88615d618dc34571a8d759fc82ef1103 [term 0 FOLLOWER]: Leader pre-election vote request: Granting yes vote for candidate ae564c9734bb41dd86b5caac9519b017 in term 0.
I20260710 13:23:13.614145 23223 leader_election.cc:304] T 6d118e38f6254639bf74b7681ccb2ea0 P ae564c9734bb41dd86b5caac9519b017 [CANDIDATE]: Term 1 pre-election: Election decided. Result: candidate won. Election summary: received 2 responses out of 3 voters: 2 yes votes; 0 no votes. yes voters: 88615d618dc34571a8d759fc82ef1103, ae564c9734bb41dd86b5caac9519b017; no voters: 
I20260710 13:23:13.615233 23322 raft_consensus.cc:493] T 727aeeaabc0e4bdcaae1ec54efd455c0 P 32c3f9cdcf284402b3aed2afe2720e03 [term 0 FOLLOWER]: Starting pre-election (no leader contacted us within the election timeout)
W20260710 13:23:13.601397 23149 leader_election.cc:343] T 4c3cbaa00f34449fb9104e3bd4fc04b8 P 32c3f9cdcf284402b3aed2afe2720e03 [CANDIDATE]: Term 1 pre-election: Tablet error from VoteRequest() call to peer 88615d618dc34571a8d759fc82ef1103 (127.21.118.129:40771): Illegal state: must be running to vote when last-logged opid is not known
I20260710 13:23:13.618101 23255 tablet_service.cc:1917] Received RequestConsensusVote() RPC: tablet_id: "ebfa6c51cd6744f39d0fa8496e4fec5a" candidate_uuid: "88615d618dc34571a8d759fc82ef1103" candidate_term: 1 candidate_status { last_received { term: 0 index: 0 } } ignore_live_leader: false dest_uuid: "ae564c9734bb41dd86b5caac9519b017" is_pre_election: true
I20260710 13:23:13.618914 23255 raft_consensus.cc:2468] T ebfa6c51cd6744f39d0fa8496e4fec5a P ae564c9734bb41dd86b5caac9519b017 [term 0 FOLLOWER]: Leader pre-election vote request: Granting yes vote for candidate 88615d618dc34571a8d759fc82ef1103 in term 0.
I20260710 13:23:13.620761 23259 tablet_service.cc:1917] Received RequestConsensusVote() RPC: tablet_id: "67fb3725bef5497d9ceb39e864b68ae3" candidate_uuid: "88615d618dc34571a8d759fc82ef1103" candidate_term: 1 candidate_status { last_received { term: 0 index: 0 } } ignore_live_leader: false dest_uuid: "ae564c9734bb41dd86b5caac9519b017"
I20260710 13:23:13.621354 23259 raft_consensus.cc:3060] T 67fb3725bef5497d9ceb39e864b68ae3 P ae564c9734bb41dd86b5caac9519b017 [term 0 FOLLOWER]: Advancing to term 1
I20260710 13:23:13.615724 23322 raft_consensus.cc:515] T 727aeeaabc0e4bdcaae1ec54efd455c0 P 32c3f9cdcf284402b3aed2afe2720e03 [term 0 FOLLOWER]: Starting pre-election with config: opid_index: -1 OBSOLETE_local: false peers { permanent_uuid: "88615d618dc34571a8d759fc82ef1103" member_type: VOTER last_known_addr { host: "127.21.118.129" port: 40771 } } peers { permanent_uuid: "32c3f9cdcf284402b3aed2afe2720e03" member_type: VOTER last_known_addr { host: "127.21.118.130" port: 42469 } } peers { permanent_uuid: "ae564c9734bb41dd86b5caac9519b017" member_type: VOTER last_known_addr { host: "127.21.118.131" port: 37591 } }
I20260710 13:23:13.626752 23258 tablet_service.cc:1917] Received RequestConsensusVote() RPC: tablet_id: "6d118e38f6254639bf74b7681ccb2ea0" candidate_uuid: "88615d618dc34571a8d759fc82ef1103" candidate_term: 1 candidate_status { last_received { term: 0 index: 0 } } ignore_live_leader: false dest_uuid: "ae564c9734bb41dd86b5caac9519b017" is_pre_election: true
I20260710 13:23:13.627573 23357 raft_consensus.cc:493] T cd884e13b96941dcbd64d2a3f7f5353a P ae564c9734bb41dd86b5caac9519b017 [term 0 FOLLOWER]: Starting pre-election (no leader contacted us within the election timeout)
I20260710 13:23:13.628078 23357 raft_consensus.cc:515] T cd884e13b96941dcbd64d2a3f7f5353a P ae564c9734bb41dd86b5caac9519b017 [term 0 FOLLOWER]: Starting pre-election with config: opid_index: -1 OBSOLETE_local: false peers { permanent_uuid: "88615d618dc34571a8d759fc82ef1103" member_type: VOTER last_known_addr { host: "127.21.118.129" port: 40771 } } peers { permanent_uuid: "32c3f9cdcf284402b3aed2afe2720e03" member_type: VOTER last_known_addr { host: "127.21.118.130" port: 42469 } } peers { permanent_uuid: "ae564c9734bb41dd86b5caac9519b017" member_type: VOTER last_known_addr { host: "127.21.118.131" port: 37591 } }
I20260710 13:23:13.628619 23322 leader_election.cc:290] T 727aeeaabc0e4bdcaae1ec54efd455c0 P 32c3f9cdcf284402b3aed2afe2720e03 [CANDIDATE]: Term 1 pre-election: Requested pre-vote from peers 88615d618dc34571a8d759fc82ef1103 (127.21.118.129:40771), ae564c9734bb41dd86b5caac9519b017 (127.21.118.131:37591)
I20260710 13:23:13.629712 23418 raft_consensus.cc:2804] T 6d118e38f6254639bf74b7681ccb2ea0 P ae564c9734bb41dd86b5caac9519b017 [term 0 FOLLOWER]: Leader pre-election won for term 1
I20260710 13:23:13.630195 23357 leader_election.cc:290] T cd884e13b96941dcbd64d2a3f7f5353a P ae564c9734bb41dd86b5caac9519b017 [CANDIDATE]: Term 1 pre-election: Requested pre-vote from peers 88615d618dc34571a8d759fc82ef1103 (127.21.118.129:40771), 32c3f9cdcf284402b3aed2afe2720e03 (127.21.118.130:42469)
I20260710 13:23:13.630257 23258 raft_consensus.cc:2468] T 6d118e38f6254639bf74b7681ccb2ea0 P ae564c9734bb41dd86b5caac9519b017 [term 0 FOLLOWER]: Leader pre-election vote request: Granting yes vote for candidate 88615d618dc34571a8d759fc82ef1103 in term 0.
I20260710 13:23:13.631253 23418 raft_consensus.cc:493] T 6d118e38f6254639bf74b7681ccb2ea0 P ae564c9734bb41dd86b5caac9519b017 [term 0 FOLLOWER]: Starting leader election (no leader contacted us within the election timeout)
I20260710 13:23:13.631677 23418 raft_consensus.cc:3060] T 6d118e38f6254639bf74b7681ccb2ea0 P ae564c9734bb41dd86b5caac9519b017 [term 0 FOLLOWER]: Advancing to term 1
I20260710 13:23:13.631421 23108 tablet_service.cc:1917] Received RequestConsensusVote() RPC: tablet_id: "cd884e13b96941dcbd64d2a3f7f5353a" candidate_uuid: "ae564c9734bb41dd86b5caac9519b017" candidate_term: 1 candidate_status { last_received { term: 0 index: 0 } } ignore_live_leader: false dest_uuid: "88615d618dc34571a8d759fc82ef1103" is_pre_election: true
I20260710 13:23:13.619535 23110 raft_consensus.cc:2468] T 932c510336e648d79574ec08e05f52bf P 88615d618dc34571a8d759fc82ef1103 [term 0 FOLLOWER]: Leader pre-election vote request: Granting yes vote for candidate 32c3f9cdcf284402b3aed2afe2720e03 in term 0.
W20260710 13:23:13.636344 23223 leader_election.cc:343] T cd884e13b96941dcbd64d2a3f7f5353a P ae564c9734bb41dd86b5caac9519b017 [CANDIDATE]: Term 1 pre-election: Tablet error from VoteRequest() call to peer 88615d618dc34571a8d759fc82ef1103 (127.21.118.129:40771): Illegal state: must be running to vote when last-logged opid is not known
I20260710 13:23:13.640673 23420 raft_consensus.cc:493] T 4b74287676ba4cd58353b74efe7abd59 P ae564c9734bb41dd86b5caac9519b017 [term 1 FOLLOWER]: Starting pre-election (no leader contacted us within the election timeout)
I20260710 13:23:13.642002 23426 raft_consensus.cc:515] T ebfa6c51cd6744f39d0fa8496e4fec5a P 88615d618dc34571a8d759fc82ef1103 [term 1 FOLLOWER]: Starting leader election with config: opid_index: -1 OBSOLETE_local: false peers { permanent_uuid: "88615d618dc34571a8d759fc82ef1103" member_type: VOTER last_known_addr { host: "127.21.118.129" port: 40771 } } peers { permanent_uuid: "32c3f9cdcf284402b3aed2afe2720e03" member_type: VOTER last_known_addr { host: "127.21.118.130" port: 42469 } } peers { permanent_uuid: "ae564c9734bb41dd86b5caac9519b017" member_type: VOTER last_known_addr { host: "127.21.118.131" port: 37591 } }
I20260710 13:23:13.642376 23420 raft_consensus.cc:515] T 4b74287676ba4cd58353b74efe7abd59 P ae564c9734bb41dd86b5caac9519b017 [term 1 FOLLOWER]: Starting pre-election with config: opid_index: -1 OBSOLETE_local: false peers { permanent_uuid: "88615d618dc34571a8d759fc82ef1103" member_type: VOTER last_known_addr { host: "127.21.118.129" port: 40771 } } peers { permanent_uuid: "32c3f9cdcf284402b3aed2afe2720e03" member_type: VOTER last_known_addr { host: "127.21.118.130" port: 42469 } } peers { permanent_uuid: "ae564c9734bb41dd86b5caac9519b017" member_type: VOTER last_known_addr { host: "127.21.118.131" port: 37591 } }
I20260710 13:23:13.646003 23184 tablet_service.cc:1917] Received RequestConsensusVote() RPC: tablet_id: "ebfa6c51cd6744f39d0fa8496e4fec5a" candidate_uuid: "88615d618dc34571a8d759fc82ef1103" candidate_term: 1 candidate_status { last_received { term: 0 index: 0 } } ignore_live_leader: false dest_uuid: "32c3f9cdcf284402b3aed2afe2720e03"
I20260710 13:23:13.645215 23426 leader_election.cc:290] T ebfa6c51cd6744f39d0fa8496e4fec5a P 88615d618dc34571a8d759fc82ef1103 [CANDIDATE]: Term 1 election: Requested vote from peers 32c3f9cdcf284402b3aed2afe2720e03 (127.21.118.130:42469), ae564c9734bb41dd86b5caac9519b017 (127.21.118.131:37591)
I20260710 13:23:13.648787 23184 raft_consensus.cc:3060] T ebfa6c51cd6744f39d0fa8496e4fec5a P 32c3f9cdcf284402b3aed2afe2720e03 [term 0 FOLLOWER]: Advancing to term 1
I20260710 13:23:13.649644 23259 raft_consensus.cc:2468] T 67fb3725bef5497d9ceb39e864b68ae3 P ae564c9734bb41dd86b5caac9519b017 [term 1 FOLLOWER]: Leader election vote request: Granting yes vote for candidate 88615d618dc34571a8d759fc82ef1103 in term 1.
I20260710 13:23:13.651917 23074 leader_election.cc:304] T 6d118e38f6254639bf74b7681ccb2ea0 P 88615d618dc34571a8d759fc82ef1103 [CANDIDATE]: Term 1 pre-election: Election decided. Result: candidate won. Election summary: received 3 responses out of 3 voters: 2 yes votes; 1 no votes. yes voters: 88615d618dc34571a8d759fc82ef1103, ae564c9734bb41dd86b5caac9519b017; no voters: 32c3f9cdcf284402b3aed2afe2720e03
I20260710 13:23:13.652794 23299 ts_tablet_manager.cc:1434] T 932c510336e648d79574ec08e05f52bf P 88615d618dc34571a8d759fc82ef1103: Time spent starting tablet: real 0.106s	user 0.010s	sys 0.000s
I20260710 13:23:13.653257 23340 raft_consensus.cc:2804] T 6d118e38f6254639bf74b7681ccb2ea0 P 88615d618dc34571a8d759fc82ef1103 [term 0 FOLLOWER]: Leader pre-election won for term 1
I20260710 13:23:13.653707 23299 tablet_bootstrap.cc:492] T 378b20c1176d4cfb9ef029ca76fcf327 P 88615d618dc34571a8d759fc82ef1103: Bootstrap starting.
I20260710 13:23:13.653622 23340 raft_consensus.cc:493] T 6d118e38f6254639bf74b7681ccb2ea0 P 88615d618dc34571a8d759fc82ef1103 [term 0 FOLLOWER]: Starting leader election (no leader contacted us within the election timeout)
I20260710 13:23:13.654031 23340 raft_consensus.cc:3060] T 6d118e38f6254639bf74b7681ccb2ea0 P 88615d618dc34571a8d759fc82ef1103 [term 0 FOLLOWER]: Advancing to term 1
I20260710 13:23:13.656601 23301 tablet_bootstrap.cc:492] T 4ab885979ee641f89ae7f6a84e416164 P ae564c9734bb41dd86b5caac9519b017: No bootstrap required, opened a new log
I20260710 13:23:13.658435 23301 ts_tablet_manager.cc:1403] T 4ab885979ee641f89ae7f6a84e416164 P ae564c9734bb41dd86b5caac9519b017: Time spent bootstrapping tablet: real 0.080s	user 0.009s	sys 0.034s
I20260710 13:23:13.660751 23418 raft_consensus.cc:515] T 6d118e38f6254639bf74b7681ccb2ea0 P ae564c9734bb41dd86b5caac9519b017 [term 1 FOLLOWER]: Starting leader election with config: opid_index: -1 OBSOLETE_local: false peers { permanent_uuid: "88615d618dc34571a8d759fc82ef1103" member_type: VOTER last_known_addr { host: "127.21.118.129" port: 40771 } } peers { permanent_uuid: "32c3f9cdcf284402b3aed2afe2720e03" member_type: VOTER last_known_addr { host: "127.21.118.130" port: 42469 } } peers { permanent_uuid: "ae564c9734bb41dd86b5caac9519b017" member_type: VOTER last_known_addr { host: "127.21.118.131" port: 37591 } }
I20260710 13:23:13.663110 23007 catalog_manager.cc:5697] T 67fb3725bef5497d9ceb39e864b68ae3 P 88615d618dc34571a8d759fc82ef1103 reported cstate change: term changed from 0 to 1, leader changed from <none> to 88615d618dc34571a8d759fc82ef1103 (127.21.118.129). New cstate: current_term: 1 leader_uuid: "88615d618dc34571a8d759fc82ef1103" committed_config { opid_index: -1 OBSOLETE_local: false peers { permanent_uuid: "88615d618dc34571a8d759fc82ef1103" member_type: VOTER last_known_addr { host: "127.21.118.129" port: 40771 } health_report { overall_health: HEALTHY } } peers { permanent_uuid: "32c3f9cdcf284402b3aed2afe2720e03" member_type: VOTER last_known_addr { host: "127.21.118.130" port: 42469 } health_report { overall_health: UNKNOWN } } peers { permanent_uuid: "ae564c9734bb41dd86b5caac9519b017" member_type: VOTER last_known_addr { host: "127.21.118.131" port: 37591 } health_report { overall_health: UNKNOWN } } }
I20260710 13:23:13.665680 23184 raft_consensus.cc:2468] T ebfa6c51cd6744f39d0fa8496e4fec5a P 32c3f9cdcf284402b3aed2afe2720e03 [term 1 FOLLOWER]: Leader election vote request: Granting yes vote for candidate 88615d618dc34571a8d759fc82ef1103 in term 1.
I20260710 13:23:13.669044 23418 leader_election.cc:290] T 6d118e38f6254639bf74b7681ccb2ea0 P ae564c9734bb41dd86b5caac9519b017 [CANDIDATE]: Term 1 election: Requested vote from peers 88615d618dc34571a8d759fc82ef1103 (127.21.118.129:40771), 32c3f9cdcf284402b3aed2afe2720e03 (127.21.118.130:42469)
I20260710 13:23:13.669582 23301 raft_consensus.cc:359] T 4ab885979ee641f89ae7f6a84e416164 P ae564c9734bb41dd86b5caac9519b017 [term 0 FOLLOWER]: Replica starting. Triggering 0 pending ops. Active config: opid_index: -1 OBSOLETE_local: false peers { permanent_uuid: "88615d618dc34571a8d759fc82ef1103" member_type: VOTER last_known_addr { host: "127.21.118.129" port: 40771 } } peers { permanent_uuid: "32c3f9cdcf284402b3aed2afe2720e03" member_type: VOTER last_known_addr { host: "127.21.118.130" port: 42469 } } peers { permanent_uuid: "ae564c9734bb41dd86b5caac9519b017" member_type: VOTER last_known_addr { host: "127.21.118.131" port: 37591 } }
I20260710 13:23:13.670259 23301 raft_consensus.cc:385] T 4ab885979ee641f89ae7f6a84e416164 P ae564c9734bb41dd86b5caac9519b017 [term 0 FOLLOWER]: Consensus starting up: Expiring failure detector timer to make a prompt election more likely
I20260710 13:23:13.670543 23301 raft_consensus.cc:740] T 4ab885979ee641f89ae7f6a84e416164 P ae564c9734bb41dd86b5caac9519b017 [term 0 FOLLOWER]: Becoming Follower/Learner. State: Replica: ae564c9734bb41dd86b5caac9519b017, State: Initialized, Role: FOLLOWER
I20260710 13:23:13.671496 23301 consensus_queue.cc:260] T 4ab885979ee641f89ae7f6a84e416164 P ae564c9734bb41dd86b5caac9519b017 [NON_LEADER]: Queue going to NON_LEADER mode. State: All replicated index: 0, Majority replicated index: 0, Committed index: 0, Last appended: 0.0, Last appended by leader: 0, Current term: 0, Majority size: -1, State: 0, Mode: NON_LEADER, active raft config: opid_index: -1 OBSOLETE_local: false peers { permanent_uuid: "88615d618dc34571a8d759fc82ef1103" member_type: VOTER last_known_addr { host: "127.21.118.129" port: 40771 } } peers { permanent_uuid: "32c3f9cdcf284402b3aed2afe2720e03" member_type: VOTER last_known_addr { host: "127.21.118.130" port: 42469 } } peers { permanent_uuid: "ae564c9734bb41dd86b5caac9519b017" member_type: VOTER last_known_addr { host: "127.21.118.131" port: 37591 } }
I20260710 13:23:13.670148 23110 tablet_service.cc:1917] Received RequestConsensusVote() RPC: tablet_id: "6d118e38f6254639bf74b7681ccb2ea0" candidate_uuid: "ae564c9734bb41dd86b5caac9519b017" candidate_term: 1 candidate_status { last_received { term: 0 index: 0 } } ignore_live_leader: false dest_uuid: "88615d618dc34571a8d759fc82ef1103"
I20260710 13:23:13.662149 23340 raft_consensus.cc:515] T 6d118e38f6254639bf74b7681ccb2ea0 P 88615d618dc34571a8d759fc82ef1103 [term 1 FOLLOWER]: Starting leader election with config: opid_index: -1 OBSOLETE_local: false peers { permanent_uuid: "88615d618dc34571a8d759fc82ef1103" member_type: VOTER last_known_addr { host: "127.21.118.129" port: 40771 } } peers { permanent_uuid: "32c3f9cdcf284402b3aed2afe2720e03" member_type: VOTER last_known_addr { host: "127.21.118.130" port: 42469 } } peers { permanent_uuid: "ae564c9734bb41dd86b5caac9519b017" member_type: VOTER last_known_addr { host: "127.21.118.131" port: 37591 } }
I20260710 13:23:13.678480 23110 raft_consensus.cc:2393] T 6d118e38f6254639bf74b7681ccb2ea0 P 88615d618dc34571a8d759fc82ef1103 [term 1 FOLLOWER]: Leader election vote request: Denying vote to candidate ae564c9734bb41dd86b5caac9519b017 in current term 1: Already voted for candidate 88615d618dc34571a8d759fc82ef1103 in this term.
I20260710 13:23:13.675007 23257 tablet_service.cc:1917] Received RequestConsensusVote() RPC: tablet_id: "ebfa6c51cd6744f39d0fa8496e4fec5a" candidate_uuid: "88615d618dc34571a8d759fc82ef1103" candidate_term: 1 candidate_status { last_received { term: 0 index: 0 } } ignore_live_leader: false dest_uuid: "ae564c9734bb41dd86b5caac9519b017"
I20260710 13:23:13.679068 23257 raft_consensus.cc:3060] T ebfa6c51cd6744f39d0fa8496e4fec5a P ae564c9734bb41dd86b5caac9519b017 [term 0 FOLLOWER]: Advancing to term 1
I20260710 13:23:13.680316 23073 leader_election.cc:304] T ebfa6c51cd6744f39d0fa8496e4fec5a P 88615d618dc34571a8d759fc82ef1103 [CANDIDATE]: Term 1 election: Election decided. Result: candidate won. Election summary: received 2 responses out of 3 voters: 2 yes votes; 0 no votes. yes voters: 32c3f9cdcf284402b3aed2afe2720e03, 88615d618dc34571a8d759fc82ef1103; no voters: 
I20260710 13:23:13.681452 23304 raft_consensus.cc:2804] T ebfa6c51cd6744f39d0fa8496e4fec5a P 88615d618dc34571a8d759fc82ef1103 [term 1 FOLLOWER]: Leader election won for term 1
I20260710 13:23:13.682026 23304 raft_consensus.cc:697] T ebfa6c51cd6744f39d0fa8496e4fec5a P 88615d618dc34571a8d759fc82ef1103 [term 1 LEADER]: Becoming Leader. State: Replica: 88615d618dc34571a8d759fc82ef1103, State: Running, Role: LEADER
I20260710 13:23:13.683790 23106 tablet_service.cc:1917] Received RequestConsensusVote() RPC: tablet_id: "727aeeaabc0e4bdcaae1ec54efd455c0" candidate_uuid: "32c3f9cdcf284402b3aed2afe2720e03" candidate_term: 1 candidate_status { last_received { term: 0 index: 0 } } ignore_live_leader: false dest_uuid: "88615d618dc34571a8d759fc82ef1103" is_pre_election: true
I20260710 13:23:13.689363 23301 ts_tablet_manager.cc:1434] T 4ab885979ee641f89ae7f6a84e416164 P ae564c9734bb41dd86b5caac9519b017: Time spent starting tablet: real 0.031s	user 0.007s	sys 0.000s
I20260710 13:23:13.690725 23301 tablet_bootstrap.cc:492] T 727aeeaabc0e4bdcaae1ec54efd455c0 P ae564c9734bb41dd86b5caac9519b017: Bootstrap starting.
I20260710 13:23:13.694968 23420 leader_election.cc:290] T 4b74287676ba4cd58353b74efe7abd59 P ae564c9734bb41dd86b5caac9519b017 [CANDIDATE]: Term 2 pre-election: Requested pre-vote from peers 88615d618dc34571a8d759fc82ef1103 (127.21.118.129:40771), 32c3f9cdcf284402b3aed2afe2720e03 (127.21.118.130:42469)
I20260710 13:23:13.703881 23301 tablet_bootstrap.cc:654] T 727aeeaabc0e4bdcaae1ec54efd455c0 P ae564c9734bb41dd86b5caac9519b017: Neither blocks nor log segments found. Creating new log.
I20260710 13:23:13.702564 23006 catalog_manager.cc:5697] T c877115247c44ed08bb5428d9dd0e8bb P ae564c9734bb41dd86b5caac9519b017 reported cstate change: term changed from 0 to 1, leader changed from <none> to ae564c9734bb41dd86b5caac9519b017 (127.21.118.131). New cstate: current_term: 1 leader_uuid: "ae564c9734bb41dd86b5caac9519b017" committed_config { opid_index: -1 OBSOLETE_local: false peers { permanent_uuid: "88615d618dc34571a8d759fc82ef1103" member_type: VOTER last_known_addr { host: "127.21.118.129" port: 40771 } health_report { overall_health: UNKNOWN } } peers { permanent_uuid: "32c3f9cdcf284402b3aed2afe2720e03" member_type: VOTER last_known_addr { host: "127.21.118.130" port: 42469 } health_report { overall_health: UNKNOWN } } peers { permanent_uuid: "ae564c9734bb41dd86b5caac9519b017" member_type: VOTER last_known_addr { host: "127.21.118.131" port: 37591 } health_report { overall_health: HEALTHY } } }
W20260710 13:23:13.715091 23149 leader_election.cc:343] T 4c3cbaa00f34449fb9104e3bd4fc04b8 P 32c3f9cdcf284402b3aed2afe2720e03 [CANDIDATE]: Term 1 pre-election: Tablet error from VoteRequest() call to peer ae564c9734bb41dd86b5caac9519b017 (127.21.118.131:37591): Illegal state: must be running to vote when last-logged opid is not known
I20260710 13:23:13.715773 23149 leader_election.cc:304] T 4c3cbaa00f34449fb9104e3bd4fc04b8 P 32c3f9cdcf284402b3aed2afe2720e03 [CANDIDATE]: Term 1 pre-election: Election decided. Result: candidate lost. Election summary: received 3 responses out of 3 voters: 1 yes votes; 2 no votes. yes voters: 32c3f9cdcf284402b3aed2afe2720e03; no voters: 88615d618dc34571a8d759fc82ef1103, ae564c9734bb41dd86b5caac9519b017
I20260710 13:23:13.709208 23106 tablet_service.cc:1917] Received RequestConsensusVote() RPC: tablet_id: "4b74287676ba4cd58353b74efe7abd59" candidate_uuid: "ae564c9734bb41dd86b5caac9519b017" candidate_term: 2 candidate_status { last_received { term: 0 index: 0 } } ignore_live_leader: false dest_uuid: "88615d618dc34571a8d759fc82ef1103" is_pre_election: true
I20260710 13:23:13.720191 23340 leader_election.cc:290] T 6d118e38f6254639bf74b7681ccb2ea0 P 88615d618dc34571a8d759fc82ef1103 [CANDIDATE]: Term 1 election: Requested vote from peers 32c3f9cdcf284402b3aed2afe2720e03 (127.21.118.130:42469), ae564c9734bb41dd86b5caac9519b017 (127.21.118.131:37591)
I20260710 13:23:13.688897 23304 consensus_queue.cc:237] T ebfa6c51cd6744f39d0fa8496e4fec5a P 88615d618dc34571a8d759fc82ef1103 [LEADER]: Queue going to LEADER mode. State: All replicated index: 0, Majority replicated index: 0, Committed index: 0, Last appended: 0.0, Last appended by leader: 0, Current term: 1, Majority size: 2, State: 0, Mode: LEADER, active raft config: opid_index: -1 OBSOLETE_local: false peers { permanent_uuid: "88615d618dc34571a8d759fc82ef1103" member_type: VOTER last_known_addr { host: "127.21.118.129" port: 40771 } } peers { permanent_uuid: "32c3f9cdcf284402b3aed2afe2720e03" member_type: VOTER last_known_addr { host: "127.21.118.130" port: 42469 } } peers { permanent_uuid: "ae564c9734bb41dd86b5caac9519b017" member_type: VOTER last_known_addr { host: "127.21.118.131" port: 37591 } }
I20260710 13:23:13.710219 23420 raft_consensus.cc:493] T 932c510336e648d79574ec08e05f52bf P ae564c9734bb41dd86b5caac9519b017 [term 0 FOLLOWER]: Starting pre-election (no leader contacted us within the election timeout)
I20260710 13:23:13.730279 23300 tablet_bootstrap.cc:492] T 6d118e38f6254639bf74b7681ccb2ea0 P 32c3f9cdcf284402b3aed2afe2720e03: No bootstrap required, opened a new log
I20260710 13:23:13.730898 23300 ts_tablet_manager.cc:1403] T 6d118e38f6254639bf74b7681ccb2ea0 P 32c3f9cdcf284402b3aed2afe2720e03: Time spent bootstrapping tablet: real 0.161s	user 0.018s	sys 0.004s
I20260710 13:23:13.734977 23178 tablet_service.cc:1917] Received RequestConsensusVote() RPC: tablet_id: "cd884e13b96941dcbd64d2a3f7f5353a" candidate_uuid: "ae564c9734bb41dd86b5caac9519b017" candidate_term: 1 candidate_status { last_received { term: 0 index: 0 } } ignore_live_leader: false dest_uuid: "32c3f9cdcf284402b3aed2afe2720e03" is_pre_election: true
