I20260710 13:23:12.606752 18162 consensus_queue.cc:1048] T 059279d1d9af4f7bb1d9e35df490b41f P 88e419a2b3ad464c9ca57df8153eaf98 [LEADER]: Connected to new peer: Peer: permanent_uuid: "4d5a8fbac7da4f00afd88b40fefe190e" member_type: VOTER last_known_addr { host: "127.16.80.129" port: 34975 }, Status: LMP_MISMATCH, Last received: 0.0, Next index: 2, Last known committed idx: 1, Time since last communication: 0.001s
W20260710 13:23:12.614641 17874 consensus_peers.cc:597] T 059279d1d9af4f7bb1d9e35df490b41f P 88e419a2b3ad464c9ca57df8153eaf98 -> Peer b68a02e58ac34350aa0d177303e6175c (127.16.80.132:36347): Couldn't send request to peer b68a02e58ac34350aa0d177303e6175c. Error code: TABLET_NOT_FOUND (6). Status: Not found: Tablet not found: 059279d1d9af4f7bb1d9e35df490b41f. This is attempt 1: this message will repeat every 5th retry.
I20260710 13:23:12.616464 18063 raft_consensus.cc:2955] T 059279d1d9af4f7bb1d9e35df490b41f P 88e419a2b3ad464c9ca57df8153eaf98 [term 1 LEADER]: Committing config change with OpId 1.2: config changed from index -1 to 2, NON_VOTER b68a02e58ac34350aa0d177303e6175c (127.16.80.132) added. New config: { opid_index: 2 OBSOLETE_local: false peers { permanent_uuid: "4d5a8fbac7da4f00afd88b40fefe190e" member_type: VOTER last_known_addr { host: "127.16.80.129" port: 34975 } } peers { permanent_uuid: "88e419a2b3ad464c9ca57df8153eaf98" member_type: VOTER last_known_addr { host: "127.16.80.130" port: 34881 } } peers { permanent_uuid: "e6d10df89aa74a6bbf41a38ae20920d3" member_type: VOTER last_known_addr { host: "127.16.80.131" port: 45001 } attrs { replace: true } } peers { permanent_uuid: "b68a02e58ac34350aa0d177303e6175c" member_type: NON_VOTER last_known_addr { host: "127.16.80.132" port: 36347 } attrs { promote: true } } }
I20260710 13:23:12.619133 17983 raft_consensus.cc:2955] T 059279d1d9af4f7bb1d9e35df490b41f P e6d10df89aa74a6bbf41a38ae20920d3 [term 1 FOLLOWER]: Committing config change with OpId 1.2: config changed from index -1 to 2, NON_VOTER b68a02e58ac34350aa0d177303e6175c (127.16.80.132) added. New config: { opid_index: 2 OBSOLETE_local: false peers { permanent_uuid: "4d5a8fbac7da4f00afd88b40fefe190e" member_type: VOTER last_known_addr { host: "127.16.80.129" port: 34975 } } peers { permanent_uuid: "88e419a2b3ad464c9ca57df8153eaf98" member_type: VOTER last_known_addr { host: "127.16.80.130" port: 34881 } } peers { permanent_uuid: "e6d10df89aa74a6bbf41a38ae20920d3" member_type: VOTER last_known_addr { host: "127.16.80.131" port: 45001 } attrs { replace: true } } peers { permanent_uuid: "b68a02e58ac34350aa0d177303e6175c" member_type: NON_VOTER last_known_addr { host: "127.16.80.132" port: 36347 } attrs { promote: true } } }
I20260710 13:23:12.622565 17835 raft_consensus.cc:2955] T 059279d1d9af4f7bb1d9e35df490b41f P 4d5a8fbac7da4f00afd88b40fefe190e [term 1 FOLLOWER]: Committing config change with OpId 1.2: config changed from index -1 to 2, NON_VOTER b68a02e58ac34350aa0d177303e6175c (127.16.80.132) added. New config: { opid_index: 2 OBSOLETE_local: false peers { permanent_uuid: "4d5a8fbac7da4f00afd88b40fefe190e" member_type: VOTER last_known_addr { host: "127.16.80.129" port: 34975 } } peers { permanent_uuid: "88e419a2b3ad464c9ca57df8153eaf98" member_type: VOTER last_known_addr { host: "127.16.80.130" port: 34881 } } peers { permanent_uuid: "e6d10df89aa74a6bbf41a38ae20920d3" member_type: VOTER last_known_addr { host: "127.16.80.131" port: 45001 } attrs { replace: true } } peers { permanent_uuid: "b68a02e58ac34350aa0d177303e6175c" member_type: NON_VOTER last_known_addr { host: "127.16.80.132" port: 36347 } attrs { promote: true } } }
I20260710 13:23:12.637117 17734 catalog_manager.cc:5697] T 059279d1d9af4f7bb1d9e35df490b41f P e6d10df89aa74a6bbf41a38ae20920d3 reported cstate change: config changed from index -1 to 2, NON_VOTER b68a02e58ac34350aa0d177303e6175c (127.16.80.132) added. New cstate: current_term: 1 leader_uuid: "88e419a2b3ad464c9ca57df8153eaf98" committed_config { opid_index: 2 OBSOLETE_local: false peers { permanent_uuid: "4d5a8fbac7da4f00afd88b40fefe190e" member_type: VOTER last_known_addr { host: "127.16.80.129" port: 34975 } } peers { permanent_uuid: "88e419a2b3ad464c9ca57df8153eaf98" member_type: VOTER last_known_addr { host: "127.16.80.130" port: 34881 } } peers { permanent_uuid: "e6d10df89aa74a6bbf41a38ae20920d3" member_type: VOTER last_known_addr { host: "127.16.80.131" port: 45001 } attrs { replace: true } } peers { permanent_uuid: "b68a02e58ac34350aa0d177303e6175c" member_type: NON_VOTER last_known_addr { host: "127.16.80.132" port: 36347 } attrs { promote: true } } }
I20260710 13:23:12.648020 17983 consensus_queue.cc:237] T 03c28eb3ed2b4d89b2fc9285ef2bf309 P e6d10df89aa74a6bbf41a38ae20920d3 [LEADER]: Queue going to LEADER mode. State: All replicated index: 0, Majority replicated index: 1, Committed index: 1, Last appended: 1.1, Last appended by leader: 0, Current term: 1, Majority size: 2, State: 0, Mode: LEADER, active raft config: opid_index: 2 OBSOLETE_local: false peers { permanent_uuid: "4d5a8fbac7da4f00afd88b40fefe190e" member_type: VOTER last_known_addr { host: "127.16.80.129" port: 34975 } } peers { permanent_uuid: "88e419a2b3ad464c9ca57df8153eaf98" member_type: VOTER last_known_addr { host: "127.16.80.130" port: 34881 } attrs { replace: true } } peers { permanent_uuid: "e6d10df89aa74a6bbf41a38ae20920d3" member_type: VOTER last_known_addr { host: "127.16.80.131" port: 45001 } } peers { permanent_uuid: "b68a02e58ac34350aa0d177303e6175c" member_type: NON_VOTER last_known_addr { host: "127.16.80.132" port: 36347 } attrs { promote: true } }
I20260710 13:23:12.654527 17907 raft_consensus.cc:1275] T 03c28eb3ed2b4d89b2fc9285ef2bf309 P 88e419a2b3ad464c9ca57df8153eaf98 [term 1 FOLLOWER]: Refusing update from remote peer e6d10df89aa74a6bbf41a38ae20920d3: Log matching property violated. Preceding OpId in replica: term: 1 index: 1. Preceding OpId from leader: term: 1 index: 2. (index mismatch)
I20260710 13:23:12.655886 17835 raft_consensus.cc:1275] T 03c28eb3ed2b4d89b2fc9285ef2bf309 P 4d5a8fbac7da4f00afd88b40fefe190e [term 1 FOLLOWER]: Refusing update from remote peer e6d10df89aa74a6bbf41a38ae20920d3: Log matching property violated. Preceding OpId in replica: term: 1 index: 1. Preceding OpId from leader: term: 1 index: 2. (index mismatch)
I20260710 13:23:12.656504 18289 consensus_queue.cc:1048] T 03c28eb3ed2b4d89b2fc9285ef2bf309 P e6d10df89aa74a6bbf41a38ae20920d3 [LEADER]: Connected to new peer: Peer: permanent_uuid: "88e419a2b3ad464c9ca57df8153eaf98" member_type: VOTER last_known_addr { host: "127.16.80.130" port: 34881 } attrs { replace: true }, Status: LMP_MISMATCH, Last received: 0.0, Next index: 2, Last known committed idx: 1, Time since last communication: 0.000s
I20260710 13:23:12.657505 18125 consensus_queue.cc:1048] T 03c28eb3ed2b4d89b2fc9285ef2bf309 P e6d10df89aa74a6bbf41a38ae20920d3 [LEADER]: Connected to new peer: Peer: permanent_uuid: "4d5a8fbac7da4f00afd88b40fefe190e" member_type: VOTER last_known_addr { host: "127.16.80.129" port: 34975 }, Status: LMP_MISMATCH, Last received: 0.0, Next index: 2, Last known committed idx: 1, Time since last communication: 0.000s
I20260710 13:23:12.672469 18125 raft_consensus.cc:2955] T 03c28eb3ed2b4d89b2fc9285ef2bf309 P e6d10df89aa74a6bbf41a38ae20920d3 [term 1 LEADER]: Committing config change with OpId 1.2: config changed from index -1 to 2, NON_VOTER b68a02e58ac34350aa0d177303e6175c (127.16.80.132) added. New config: { opid_index: 2 OBSOLETE_local: false peers { permanent_uuid: "4d5a8fbac7da4f00afd88b40fefe190e" member_type: VOTER last_known_addr { host: "127.16.80.129" port: 34975 } } peers { permanent_uuid: "88e419a2b3ad464c9ca57df8153eaf98" member_type: VOTER last_known_addr { host: "127.16.80.130" port: 34881 } attrs { replace: true } } peers { permanent_uuid: "e6d10df89aa74a6bbf41a38ae20920d3" member_type: VOTER last_known_addr { host: "127.16.80.131" port: 45001 } } peers { permanent_uuid: "b68a02e58ac34350aa0d177303e6175c" member_type: NON_VOTER last_known_addr { host: "127.16.80.132" port: 36347 } attrs { promote: true } } }
I20260710 13:23:12.676326 17835 raft_consensus.cc:2955] T 03c28eb3ed2b4d89b2fc9285ef2bf309 P 4d5a8fbac7da4f00afd88b40fefe190e [term 1 FOLLOWER]: Committing config change with OpId 1.2: config changed from index -1 to 2, NON_VOTER b68a02e58ac34350aa0d177303e6175c (127.16.80.132) added. New config: { opid_index: 2 OBSOLETE_local: false peers { permanent_uuid: "4d5a8fbac7da4f00afd88b40fefe190e" member_type: VOTER last_known_addr { host: "127.16.80.129" port: 34975 } } peers { permanent_uuid: "88e419a2b3ad464c9ca57df8153eaf98" member_type: VOTER last_known_addr { host: "127.16.80.130" port: 34881 } attrs { replace: true } } peers { permanent_uuid: "e6d10df89aa74a6bbf41a38ae20920d3" member_type: VOTER last_known_addr { host: "127.16.80.131" port: 45001 } } peers { permanent_uuid: "b68a02e58ac34350aa0d177303e6175c" member_type: NON_VOTER last_known_addr { host: "127.16.80.132" port: 36347 } attrs { promote: true } } }
W20260710 13:23:12.678746 17948 consensus_peers.cc:597] T 03c28eb3ed2b4d89b2fc9285ef2bf309 P e6d10df89aa74a6bbf41a38ae20920d3 -> Peer b68a02e58ac34350aa0d177303e6175c (127.16.80.132:36347): Couldn't send request to peer b68a02e58ac34350aa0d177303e6175c. Error code: TABLET_NOT_FOUND (6). Status: Not found: Tablet not found: 03c28eb3ed2b4d89b2fc9285ef2bf309. This is attempt 1: this message will repeat every 5th retry.
I20260710 13:23:12.676548 17907 raft_consensus.cc:2955] T 03c28eb3ed2b4d89b2fc9285ef2bf309 P 88e419a2b3ad464c9ca57df8153eaf98 [term 1 FOLLOWER]: Committing config change with OpId 1.2: config changed from index -1 to 2, NON_VOTER b68a02e58ac34350aa0d177303e6175c (127.16.80.132) added. New config: { opid_index: 2 OBSOLETE_local: false peers { permanent_uuid: "4d5a8fbac7da4f00afd88b40fefe190e" member_type: VOTER last_known_addr { host: "127.16.80.129" port: 34975 } } peers { permanent_uuid: "88e419a2b3ad464c9ca57df8153eaf98" member_type: VOTER last_known_addr { host: "127.16.80.130" port: 34881 } attrs { replace: true } } peers { permanent_uuid: "e6d10df89aa74a6bbf41a38ae20920d3" member_type: VOTER last_known_addr { host: "127.16.80.131" port: 45001 } } peers { permanent_uuid: "b68a02e58ac34350aa0d177303e6175c" member_type: NON_VOTER last_known_addr { host: "127.16.80.132" port: 36347 } attrs { promote: true } } }
I20260710 13:23:12.689960 17731 catalog_manager.cc:5697] T 03c28eb3ed2b4d89b2fc9285ef2bf309 P 4d5a8fbac7da4f00afd88b40fefe190e reported cstate change: config changed from index -1 to 2, NON_VOTER b68a02e58ac34350aa0d177303e6175c (127.16.80.132) added. New cstate: current_term: 1 leader_uuid: "e6d10df89aa74a6bbf41a38ae20920d3" committed_config { opid_index: 2 OBSOLETE_local: false peers { permanent_uuid: "4d5a8fbac7da4f00afd88b40fefe190e" member_type: VOTER last_known_addr { host: "127.16.80.129" port: 34975 } } peers { permanent_uuid: "88e419a2b3ad464c9ca57df8153eaf98" member_type: VOTER last_known_addr { host: "127.16.80.130" port: 34881 } attrs { replace: true } } peers { permanent_uuid: "e6d10df89aa74a6bbf41a38ae20920d3" member_type: VOTER last_known_addr { host: "127.16.80.131" port: 45001 } } peers { permanent_uuid: "b68a02e58ac34350aa0d177303e6175c" member_type: NON_VOTER last_known_addr { host: "127.16.80.132" port: 36347 } attrs { promote: true } } }
I20260710 13:23:12.694042 17983 consensus_queue.cc:237] T 494d81da0d5b4284ac872dbf308fc1fd P e6d10df89aa74a6bbf41a38ae20920d3 [LEADER]: Queue going to LEADER mode. State: All replicated index: 0, Majority replicated index: 1, Committed index: 1, Last appended: 1.1, Last appended by leader: 0, Current term: 1, Majority size: 2, State: 0, Mode: LEADER, active raft config: opid_index: 2 OBSOLETE_local: false peers { permanent_uuid: "4d5a8fbac7da4f00afd88b40fefe190e" member_type: VOTER last_known_addr { host: "127.16.80.129" port: 34975 } attrs { replace: true } } peers { permanent_uuid: "88e419a2b3ad464c9ca57df8153eaf98" member_type: VOTER last_known_addr { host: "127.16.80.130" port: 34881 } } peers { permanent_uuid: "e6d10df89aa74a6bbf41a38ae20920d3" member_type: VOTER last_known_addr { host: "127.16.80.131" port: 45001 } } peers { permanent_uuid: "b68a02e58ac34350aa0d177303e6175c" member_type: NON_VOTER last_known_addr { host: "127.16.80.132" port: 36347 } attrs { promote: true } }
W20260710 13:23:12.701292 17948 consensus_peers.cc:597] T 494d81da0d5b4284ac872dbf308fc1fd P e6d10df89aa74a6bbf41a38ae20920d3 -> Peer b68a02e58ac34350aa0d177303e6175c (127.16.80.132:36347): Couldn't send request to peer b68a02e58ac34350aa0d177303e6175c. Error code: TABLET_NOT_FOUND (6). Status: Not found: Tablet not found: 494d81da0d5b4284ac872dbf308fc1fd. This is attempt 1: this message will repeat every 5th retry.
I20260710 13:23:12.705200 17835 raft_consensus.cc:1275] T 494d81da0d5b4284ac872dbf308fc1fd P 4d5a8fbac7da4f00afd88b40fefe190e [term 1 FOLLOWER]: Refusing update from remote peer e6d10df89aa74a6bbf41a38ae20920d3: Log matching property violated. Preceding OpId in replica: term: 1 index: 1. Preceding OpId from leader: term: 1 index: 2. (index mismatch)
I20260710 13:23:12.703317 17907 raft_consensus.cc:1275] T 494d81da0d5b4284ac872dbf308fc1fd P 88e419a2b3ad464c9ca57df8153eaf98 [term 1 FOLLOWER]: Refusing update from remote peer e6d10df89aa74a6bbf41a38ae20920d3: Log matching property violated. Preceding OpId in replica: term: 1 index: 1. Preceding OpId from leader: term: 1 index: 2. (index mismatch)
I20260710 13:23:12.707911 18125 consensus_queue.cc:1048] T 494d81da0d5b4284ac872dbf308fc1fd P e6d10df89aa74a6bbf41a38ae20920d3 [LEADER]: Connected to new peer: Peer: permanent_uuid: "4d5a8fbac7da4f00afd88b40fefe190e" member_type: VOTER last_known_addr { host: "127.16.80.129" port: 34975 } attrs { replace: true }, Status: LMP_MISMATCH, Last received: 0.0, Next index: 2, Last known committed idx: 1, Time since last communication: 0.000s
I20260710 13:23:12.708813 18289 consensus_queue.cc:1048] T 494d81da0d5b4284ac872dbf308fc1fd P e6d10df89aa74a6bbf41a38ae20920d3 [LEADER]: Connected to new peer: Peer: permanent_uuid: "88e419a2b3ad464c9ca57df8153eaf98" member_type: VOTER last_known_addr { host: "127.16.80.130" port: 34881 }, Status: LMP_MISMATCH, Last received: 0.0, Next index: 2, Last known committed idx: 1, Time since last communication: 0.000s
I20260710 13:23:12.718679 18289 raft_consensus.cc:2955] T 494d81da0d5b4284ac872dbf308fc1fd P e6d10df89aa74a6bbf41a38ae20920d3 [term 1 LEADER]: Committing config change with OpId 1.2: config changed from index -1 to 2, NON_VOTER b68a02e58ac34350aa0d177303e6175c (127.16.80.132) added. New config: { opid_index: 2 OBSOLETE_local: false peers { permanent_uuid: "4d5a8fbac7da4f00afd88b40fefe190e" member_type: VOTER last_known_addr { host: "127.16.80.129" port: 34975 } attrs { replace: true } } peers { permanent_uuid: "88e419a2b3ad464c9ca57df8153eaf98" member_type: VOTER last_known_addr { host: "127.16.80.130" port: 34881 } } peers { permanent_uuid: "e6d10df89aa74a6bbf41a38ae20920d3" member_type: VOTER last_known_addr { host: "127.16.80.131" port: 45001 } } peers { permanent_uuid: "b68a02e58ac34350aa0d177303e6175c" member_type: NON_VOTER last_known_addr { host: "127.16.80.132" port: 36347 } attrs { promote: true } } }
I20260710 13:23:12.720278 17907 raft_consensus.cc:2955] T 494d81da0d5b4284ac872dbf308fc1fd P 88e419a2b3ad464c9ca57df8153eaf98 [term 1 FOLLOWER]: Committing config change with OpId 1.2: config changed from index -1 to 2, NON_VOTER b68a02e58ac34350aa0d177303e6175c (127.16.80.132) added. New config: { opid_index: 2 OBSOLETE_local: false peers { permanent_uuid: "4d5a8fbac7da4f00afd88b40fefe190e" member_type: VOTER last_known_addr { host: "127.16.80.129" port: 34975 } attrs { replace: true } } peers { permanent_uuid: "88e419a2b3ad464c9ca57df8153eaf98" member_type: VOTER last_known_addr { host: "127.16.80.130" port: 34881 } } peers { permanent_uuid: "e6d10df89aa74a6bbf41a38ae20920d3" member_type: VOTER last_known_addr { host: "127.16.80.131" port: 45001 } } peers { permanent_uuid: "b68a02e58ac34350aa0d177303e6175c" member_type: NON_VOTER last_known_addr { host: "127.16.80.132" port: 36347 } attrs { promote: true } } }
I20260710 13:23:12.724786 17835 raft_consensus.cc:2955] T 494d81da0d5b4284ac872dbf308fc1fd P 4d5a8fbac7da4f00afd88b40fefe190e [term 1 FOLLOWER]: Committing config change with OpId 1.2: config changed from index -1 to 2, NON_VOTER b68a02e58ac34350aa0d177303e6175c (127.16.80.132) added. New config: { opid_index: 2 OBSOLETE_local: false peers { permanent_uuid: "4d5a8fbac7da4f00afd88b40fefe190e" member_type: VOTER last_known_addr { host: "127.16.80.129" port: 34975 } attrs { replace: true } } peers { permanent_uuid: "88e419a2b3ad464c9ca57df8153eaf98" member_type: VOTER last_known_addr { host: "127.16.80.130" port: 34881 } } peers { permanent_uuid: "e6d10df89aa74a6bbf41a38ae20920d3" member_type: VOTER last_known_addr { host: "127.16.80.131" port: 45001 } } peers { permanent_uuid: "b68a02e58ac34350aa0d177303e6175c" member_type: NON_VOTER last_known_addr { host: "127.16.80.132" port: 36347 } attrs { promote: true } } }
I20260710 13:23:12.732609 17983 consensus_queue.cc:237] T 874189b850c5489ea349b5a25dde2369 P e6d10df89aa74a6bbf41a38ae20920d3 [LEADER]: Queue going to LEADER mode. State: All replicated index: 0, Majority replicated index: 1, Committed index: 1, Last appended: 1.1, Last appended by leader: 0, Current term: 1, Majority size: 2, State: 0, Mode: LEADER, active raft config: opid_index: 2 OBSOLETE_local: false peers { permanent_uuid: "4d5a8fbac7da4f00afd88b40fefe190e" member_type: VOTER last_known_addr { host: "127.16.80.129" port: 34975 } attrs { replace: true } } peers { permanent_uuid: "88e419a2b3ad464c9ca57df8153eaf98" member_type: VOTER last_known_addr { host: "127.16.80.130" port: 34881 } } peers { permanent_uuid: "e6d10df89aa74a6bbf41a38ae20920d3" member_type: VOTER last_known_addr { host: "127.16.80.131" port: 45001 } } peers { permanent_uuid: "b68a02e58ac34350aa0d177303e6175c" member_type: NON_VOTER last_known_addr { host: "127.16.80.132" port: 36347 } attrs { promote: true } }
I20260710 13:23:12.732456 17734 catalog_manager.cc:5697] T 494d81da0d5b4284ac872dbf308fc1fd P e6d10df89aa74a6bbf41a38ae20920d3 reported cstate change: config changed from index -1 to 2, NON_VOTER b68a02e58ac34350aa0d177303e6175c (127.16.80.132) added. New cstate: current_term: 1 leader_uuid: "e6d10df89aa74a6bbf41a38ae20920d3" committed_config { opid_index: 2 OBSOLETE_local: false peers { permanent_uuid: "4d5a8fbac7da4f00afd88b40fefe190e" member_type: VOTER last_known_addr { host: "127.16.80.129" port: 34975 } attrs { replace: true } health_report { overall_health: HEALTHY } } peers { permanent_uuid: "88e419a2b3ad464c9ca57df8153eaf98" member_type: VOTER last_known_addr { host: "127.16.80.130" port: 34881 } health_report { overall_health: HEALTHY } } peers { permanent_uuid: "e6d10df89aa74a6bbf41a38ae20920d3" member_type: VOTER last_known_addr { host: "127.16.80.131" port: 45001 } health_report { overall_health: HEALTHY } } peers { permanent_uuid: "b68a02e58ac34350aa0d177303e6175c" member_type: NON_VOTER last_known_addr { host: "127.16.80.132" port: 36347 } attrs { promote: true } health_report { overall_health: UNKNOWN } } }
W20260710 13:23:12.741721 17948 consensus_peers.cc:597] T 874189b850c5489ea349b5a25dde2369 P e6d10df89aa74a6bbf41a38ae20920d3 -> Peer b68a02e58ac34350aa0d177303e6175c (127.16.80.132:36347): Couldn't send request to peer b68a02e58ac34350aa0d177303e6175c. Error code: TABLET_NOT_FOUND (6). Status: Not found: Tablet not found: 874189b850c5489ea349b5a25dde2369. This is attempt 1: this message will repeat every 5th retry.
I20260710 13:23:12.742645 17835 raft_consensus.cc:1275] T 874189b850c5489ea349b5a25dde2369 P 4d5a8fbac7da4f00afd88b40fefe190e [term 1 FOLLOWER]: Refusing update from remote peer e6d10df89aa74a6bbf41a38ae20920d3: Log matching property violated. Preceding OpId in replica: term: 1 index: 1. Preceding OpId from leader: term: 1 index: 2. (index mismatch)
I20260710 13:23:12.744105 17907 raft_consensus.cc:1275] T 874189b850c5489ea349b5a25dde2369 P 88e419a2b3ad464c9ca57df8153eaf98 [term 1 FOLLOWER]: Refusing update from remote peer e6d10df89aa74a6bbf41a38ae20920d3: Log matching property violated. Preceding OpId in replica: term: 1 index: 1. Preceding OpId from leader: term: 1 index: 2. (index mismatch)
I20260710 13:23:12.745086 18289 consensus_queue.cc:1048] T 874189b850c5489ea349b5a25dde2369 P e6d10df89aa74a6bbf41a38ae20920d3 [LEADER]: Connected to new peer: Peer: permanent_uuid: "4d5a8fbac7da4f00afd88b40fefe190e" member_type: VOTER last_known_addr { host: "127.16.80.129" port: 34975 } attrs { replace: true }, Status: LMP_MISMATCH, Last received: 0.0, Next index: 2, Last known committed idx: 1, Time since last communication: 0.002s
I20260710 13:23:12.747761 18290 consensus_queue.cc:1048] T 874189b850c5489ea349b5a25dde2369 P e6d10df89aa74a6bbf41a38ae20920d3 [LEADER]: Connected to new peer: Peer: permanent_uuid: "88e419a2b3ad464c9ca57df8153eaf98" member_type: VOTER last_known_addr { host: "127.16.80.130" port: 34881 }, Status: LMP_MISMATCH, Last received: 0.0, Next index: 2, Last known committed idx: 1, Time since last communication: 0.000s
I20260710 13:23:12.757943 18290 raft_consensus.cc:2955] T 874189b850c5489ea349b5a25dde2369 P e6d10df89aa74a6bbf41a38ae20920d3 [term 1 LEADER]: Committing config change with OpId 1.2: config changed from index -1 to 2, NON_VOTER b68a02e58ac34350aa0d177303e6175c (127.16.80.132) added. New config: { opid_index: 2 OBSOLETE_local: false peers { permanent_uuid: "4d5a8fbac7da4f00afd88b40fefe190e" member_type: VOTER last_known_addr { host: "127.16.80.129" port: 34975 } attrs { replace: true } } peers { permanent_uuid: "88e419a2b3ad464c9ca57df8153eaf98" member_type: VOTER last_known_addr { host: "127.16.80.130" port: 34881 } } peers { permanent_uuid: "e6d10df89aa74a6bbf41a38ae20920d3" member_type: VOTER last_known_addr { host: "127.16.80.131" port: 45001 } } peers { permanent_uuid: "b68a02e58ac34350aa0d177303e6175c" member_type: NON_VOTER last_known_addr { host: "127.16.80.132" port: 36347 } attrs { promote: true } } }
I20260710 13:23:12.763731 17907 raft_consensus.cc:2955] T 874189b850c5489ea349b5a25dde2369 P 88e419a2b3ad464c9ca57df8153eaf98 [term 1 FOLLOWER]: Committing config change with OpId 1.2: config changed from index -1 to 2, NON_VOTER b68a02e58ac34350aa0d177303e6175c (127.16.80.132) added. New config: { opid_index: 2 OBSOLETE_local: false peers { permanent_uuid: "4d5a8fbac7da4f00afd88b40fefe190e" member_type: VOTER last_known_addr { host: "127.16.80.129" port: 34975 } attrs { replace: true } } peers { permanent_uuid: "88e419a2b3ad464c9ca57df8153eaf98" member_type: VOTER last_known_addr { host: "127.16.80.130" port: 34881 } } peers { permanent_uuid: "e6d10df89aa74a6bbf41a38ae20920d3" member_type: VOTER last_known_addr { host: "127.16.80.131" port: 45001 } } peers { permanent_uuid: "b68a02e58ac34350aa0d177303e6175c" member_type: NON_VOTER last_known_addr { host: "127.16.80.132" port: 36347 } attrs { promote: true } } }
I20260710 13:23:12.772091 17835 raft_consensus.cc:2955] T 874189b850c5489ea349b5a25dde2369 P 4d5a8fbac7da4f00afd88b40fefe190e [term 1 FOLLOWER]: Committing config change with OpId 1.2: config changed from index -1 to 2, NON_VOTER b68a02e58ac34350aa0d177303e6175c (127.16.80.132) added. New config: { opid_index: 2 OBSOLETE_local: false peers { permanent_uuid: "4d5a8fbac7da4f00afd88b40fefe190e" member_type: VOTER last_known_addr { host: "127.16.80.129" port: 34975 } attrs { replace: true } } peers { permanent_uuid: "88e419a2b3ad464c9ca57df8153eaf98" member_type: VOTER last_known_addr { host: "127.16.80.130" port: 34881 } } peers { permanent_uuid: "e6d10df89aa74a6bbf41a38ae20920d3" member_type: VOTER last_known_addr { host: "127.16.80.131" port: 45001 } } peers { permanent_uuid: "b68a02e58ac34350aa0d177303e6175c" member_type: NON_VOTER last_known_addr { host: "127.16.80.132" port: 36347 } attrs { promote: true } } }
I20260710 13:23:12.779253 17733 catalog_manager.cc:5697] T 874189b850c5489ea349b5a25dde2369 P e6d10df89aa74a6bbf41a38ae20920d3 reported cstate change: config changed from index -1 to 2, NON_VOTER b68a02e58ac34350aa0d177303e6175c (127.16.80.132) added. New cstate: current_term: 1 leader_uuid: "e6d10df89aa74a6bbf41a38ae20920d3" committed_config { opid_index: 2 OBSOLETE_local: false peers { permanent_uuid: "4d5a8fbac7da4f00afd88b40fefe190e" member_type: VOTER last_known_addr { host: "127.16.80.129" port: 34975 } attrs { replace: true } health_report { overall_health: UNKNOWN } } peers { permanent_uuid: "88e419a2b3ad464c9ca57df8153eaf98" member_type: VOTER last_known_addr { host: "127.16.80.130" port: 34881 } health_report { overall_health: HEALTHY } } peers { permanent_uuid: "e6d10df89aa74a6bbf41a38ae20920d3" member_type: VOTER last_known_addr { host: "127.16.80.131" port: 45001 } health_report { overall_health: HEALTHY } } peers { permanent_uuid: "b68a02e58ac34350aa0d177303e6175c" member_type: NON_VOTER last_known_addr { host: "127.16.80.132" port: 36347 } attrs { promote: true } health_report { overall_health: UNKNOWN } } }
I20260710 13:23:12.868023 18281 heartbeater.cc:499] Master 127.16.80.190:43935 was elected leader, sending a full tablet report...
I20260710 13:23:13.119872 18311 ts_tablet_manager.cc:933] T 059279d1d9af4f7bb1d9e35df490b41f P b68a02e58ac34350aa0d177303e6175c: Initiating tablet copy from peer 88e419a2b3ad464c9ca57df8153eaf98 (127.16.80.130:34881)
I20260710 13:23:13.121877 18311 tablet_copy_client.cc:323] T 059279d1d9af4f7bb1d9e35df490b41f P b68a02e58ac34350aa0d177303e6175c: tablet copy: Beginning tablet copy session from remote peer at address 127.16.80.130:34881
I20260710 13:23:13.138474 17921 tablet_copy_service.cc:140] P 88e419a2b3ad464c9ca57df8153eaf98: Received BeginTabletCopySession request for tablet 059279d1d9af4f7bb1d9e35df490b41f from peer b68a02e58ac34350aa0d177303e6175c ({username='slave'} at 127.0.0.1:38724)
I20260710 13:23:13.139021 17921 tablet_copy_service.cc:161] P 88e419a2b3ad464c9ca57df8153eaf98: Beginning new tablet copy session on tablet 059279d1d9af4f7bb1d9e35df490b41f from peer b68a02e58ac34350aa0d177303e6175c at {username='slave'} at 127.0.0.1:38724: session id = b68a02e58ac34350aa0d177303e6175c-059279d1d9af4f7bb1d9e35df490b41f
I20260710 13:23:13.145907 17921 tablet_copy_source_session.cc:215] T 059279d1d9af4f7bb1d9e35df490b41f P 88e419a2b3ad464c9ca57df8153eaf98: Tablet Copy: opened 0 blocks and 1 log segments
I20260710 13:23:13.149669 18311 data_dirs.cc:400] Could only allocate 1 dirs of requested 3 for tablet 059279d1d9af4f7bb1d9e35df490b41f. 1 dirs total, 0 dirs full, 0 dirs failed
I20260710 13:23:13.167852 18311 tablet_copy_client.cc:806] T 059279d1d9af4f7bb1d9e35df490b41f P b68a02e58ac34350aa0d177303e6175c: tablet copy: Starting download of 0 data blocks...
I20260710 13:23:13.168568 18311 tablet_copy_client.cc:670] T 059279d1d9af4f7bb1d9e35df490b41f P b68a02e58ac34350aa0d177303e6175c: tablet copy: Starting download of 1 WAL segments...
I20260710 13:23:13.172878 18311 tablet_copy_client.cc:538] T 059279d1d9af4f7bb1d9e35df490b41f P b68a02e58ac34350aa0d177303e6175c: tablet copy: Tablet Copy complete. Replacing tablet superblock.
I20260710 13:23:13.183801 18311 tablet_bootstrap.cc:492] T 059279d1d9af4f7bb1d9e35df490b41f P b68a02e58ac34350aa0d177303e6175c: Bootstrap starting.
I20260710 13:23:13.200834 18315 ts_tablet_manager.cc:933] T 494d81da0d5b4284ac872dbf308fc1fd P b68a02e58ac34350aa0d177303e6175c: Initiating tablet copy from peer e6d10df89aa74a6bbf41a38ae20920d3 (127.16.80.131:45001)
I20260710 13:23:13.210412 18315 tablet_copy_client.cc:323] T 494d81da0d5b4284ac872dbf308fc1fd P b68a02e58ac34350aa0d177303e6175c: tablet copy: Beginning tablet copy session from remote peer at address 127.16.80.131:45001
I20260710 13:23:13.218079 18311 tablet_bootstrap.cc:492] T 059279d1d9af4f7bb1d9e35df490b41f P b68a02e58ac34350aa0d177303e6175c: Bootstrap replayed 1/1 log segments. Stats: ops{read=2 overwritten=0 applied=2 ignored=0} inserts{seen=0 ignored=0} mutations{seen=0 ignored=0} orphaned_commits=0. Pending: 0 replicates
I20260710 13:23:13.219280 18311 tablet_bootstrap.cc:492] T 059279d1d9af4f7bb1d9e35df490b41f P b68a02e58ac34350aa0d177303e6175c: Bootstrap complete.
I20260710 13:23:13.220054 18311 ts_tablet_manager.cc:1403] T 059279d1d9af4f7bb1d9e35df490b41f P b68a02e58ac34350aa0d177303e6175c: Time spent bootstrapping tablet: real 0.036s	user 0.022s	sys 0.012s
I20260710 13:23:13.223470 18311 raft_consensus.cc:359] T 059279d1d9af4f7bb1d9e35df490b41f P b68a02e58ac34350aa0d177303e6175c [term 1 LEARNER]: Replica starting. Triggering 0 pending ops. Active config: opid_index: 2 OBSOLETE_local: false peers { permanent_uuid: "4d5a8fbac7da4f00afd88b40fefe190e" member_type: VOTER last_known_addr { host: "127.16.80.129" port: 34975 } } peers { permanent_uuid: "88e419a2b3ad464c9ca57df8153eaf98" member_type: VOTER last_known_addr { host: "127.16.80.130" port: 34881 } } peers { permanent_uuid: "e6d10df89aa74a6bbf41a38ae20920d3" member_type: VOTER last_known_addr { host: "127.16.80.131" port: 45001 } attrs { replace: true } } peers { permanent_uuid: "b68a02e58ac34350aa0d177303e6175c" member_type: NON_VOTER last_known_addr { host: "127.16.80.132" port: 36347 } attrs { promote: true } }
I20260710 13:23:13.224426 18311 raft_consensus.cc:740] T 059279d1d9af4f7bb1d9e35df490b41f P b68a02e58ac34350aa0d177303e6175c [term 1 LEARNER]: Becoming Follower/Learner. State: Replica: b68a02e58ac34350aa0d177303e6175c, State: Initialized, Role: LEARNER
I20260710 13:23:13.225390 17995 tablet_copy_service.cc:140] P e6d10df89aa74a6bbf41a38ae20920d3: Received BeginTabletCopySession request for tablet 494d81da0d5b4284ac872dbf308fc1fd from peer b68a02e58ac34350aa0d177303e6175c ({username='slave'} at 127.0.0.1:41050)
I20260710 13:23:13.225067 18311 consensus_queue.cc:260] T 059279d1d9af4f7bb1d9e35df490b41f P b68a02e58ac34350aa0d177303e6175c [NON_LEADER]: Queue going to NON_LEADER mode. State: All replicated index: 0, Majority replicated index: 0, Committed index: 2, Last appended: 1.2, Last appended by leader: 2, Current term: 0, Majority size: -1, State: 0, Mode: NON_LEADER, active raft config: opid_index: 2 OBSOLETE_local: false peers { permanent_uuid: "4d5a8fbac7da4f00afd88b40fefe190e" member_type: VOTER last_known_addr { host: "127.16.80.129" port: 34975 } } peers { permanent_uuid: "88e419a2b3ad464c9ca57df8153eaf98" member_type: VOTER last_known_addr { host: "127.16.80.130" port: 34881 } } peers { permanent_uuid: "e6d10df89aa74a6bbf41a38ae20920d3" member_type: VOTER last_known_addr { host: "127.16.80.131" port: 45001 } attrs { replace: true } } peers { permanent_uuid: "b68a02e58ac34350aa0d177303e6175c" member_type: NON_VOTER last_known_addr { host: "127.16.80.132" port: 36347 } attrs { promote: true } }
I20260710 13:23:13.226013 17995 tablet_copy_service.cc:161] P e6d10df89aa74a6bbf41a38ae20920d3: Beginning new tablet copy session on tablet 494d81da0d5b4284ac872dbf308fc1fd from peer b68a02e58ac34350aa0d177303e6175c at {username='slave'} at 127.0.0.1:41050: session id = b68a02e58ac34350aa0d177303e6175c-494d81da0d5b4284ac872dbf308fc1fd
I20260710 13:23:13.229079 18311 ts_tablet_manager.cc:1434] T 059279d1d9af4f7bb1d9e35df490b41f P b68a02e58ac34350aa0d177303e6175c: Time spent starting tablet: real 0.009s	user 0.008s	sys 0.000s
I20260710 13:23:13.232219 17921 tablet_copy_service.cc:342] P 88e419a2b3ad464c9ca57df8153eaf98: Request end of tablet copy session b68a02e58ac34350aa0d177303e6175c-059279d1d9af4f7bb1d9e35df490b41f received from {username='slave'} at 127.0.0.1:38724
I20260710 13:23:13.232750 17921 tablet_copy_service.cc:434] P 88e419a2b3ad464c9ca57df8153eaf98: ending tablet copy session b68a02e58ac34350aa0d177303e6175c-059279d1d9af4f7bb1d9e35df490b41f on tablet 059279d1d9af4f7bb1d9e35df490b41f with peer b68a02e58ac34350aa0d177303e6175c
I20260710 13:23:13.237377 17995 tablet_copy_source_session.cc:215] T 494d81da0d5b4284ac872dbf308fc1fd P e6d10df89aa74a6bbf41a38ae20920d3: Tablet Copy: opened 0 blocks and 1 log segments
I20260710 13:23:13.240638 18315 data_dirs.cc:400] Could only allocate 1 dirs of requested 3 for tablet 494d81da0d5b4284ac872dbf308fc1fd. 1 dirs total, 0 dirs full, 0 dirs failed
I20260710 13:23:13.244865 18311 ts_tablet_manager.cc:933] T 03c28eb3ed2b4d89b2fc9285ef2bf309 P b68a02e58ac34350aa0d177303e6175c: Initiating tablet copy from peer e6d10df89aa74a6bbf41a38ae20920d3 (127.16.80.131:45001)
I20260710 13:23:13.246577 18311 tablet_copy_client.cc:323] T 03c28eb3ed2b4d89b2fc9285ef2bf309 P b68a02e58ac34350aa0d177303e6175c: tablet copy: Beginning tablet copy session from remote peer at address 127.16.80.131:45001
I20260710 13:23:13.248317 17995 tablet_copy_service.cc:140] P e6d10df89aa74a6bbf41a38ae20920d3: Received BeginTabletCopySession request for tablet 03c28eb3ed2b4d89b2fc9285ef2bf309 from peer b68a02e58ac34350aa0d177303e6175c ({username='slave'} at 127.0.0.1:41050)
I20260710 13:23:13.248855 17995 tablet_copy_service.cc:161] P e6d10df89aa74a6bbf41a38ae20920d3: Beginning new tablet copy session on tablet 03c28eb3ed2b4d89b2fc9285ef2bf309 from peer b68a02e58ac34350aa0d177303e6175c at {username='slave'} at 127.0.0.1:41050: session id = b68a02e58ac34350aa0d177303e6175c-03c28eb3ed2b4d89b2fc9285ef2bf309
I20260710 13:23:13.255659 18315 tablet_copy_client.cc:806] T 494d81da0d5b4284ac872dbf308fc1fd P b68a02e58ac34350aa0d177303e6175c: tablet copy: Starting download of 0 data blocks...
I20260710 13:23:13.256428 18315 tablet_copy_client.cc:670] T 494d81da0d5b4284ac872dbf308fc1fd P b68a02e58ac34350aa0d177303e6175c: tablet copy: Starting download of 1 WAL segments...
I20260710 13:23:13.256567 17995 tablet_copy_source_session.cc:215] T 03c28eb3ed2b4d89b2fc9285ef2bf309 P e6d10df89aa74a6bbf41a38ae20920d3: Tablet Copy: opened 0 blocks and 1 log segments
I20260710 13:23:13.259938 18311 data_dirs.cc:400] Could only allocate 1 dirs of requested 3 for tablet 03c28eb3ed2b4d89b2fc9285ef2bf309. 1 dirs total, 0 dirs full, 0 dirs failed
I20260710 13:23:13.260668 18315 tablet_copy_client.cc:538] T 494d81da0d5b4284ac872dbf308fc1fd P b68a02e58ac34350aa0d177303e6175c: tablet copy: Tablet Copy complete. Replacing tablet superblock.
I20260710 13:23:13.268806 18315 tablet_bootstrap.cc:492] T 494d81da0d5b4284ac872dbf308fc1fd P b68a02e58ac34350aa0d177303e6175c: Bootstrap starting.
I20260710 13:23:13.279210 18311 tablet_copy_client.cc:806] T 03c28eb3ed2b4d89b2fc9285ef2bf309 P b68a02e58ac34350aa0d177303e6175c: tablet copy: Starting download of 0 data blocks...
I20260710 13:23:13.279865 18311 tablet_copy_client.cc:670] T 03c28eb3ed2b4d89b2fc9285ef2bf309 P b68a02e58ac34350aa0d177303e6175c: tablet copy: Starting download of 1 WAL segments...
I20260710 13:23:13.283535 18311 tablet_copy_client.cc:538] T 03c28eb3ed2b4d89b2fc9285ef2bf309 P b68a02e58ac34350aa0d177303e6175c: tablet copy: Tablet Copy complete. Replacing tablet superblock.
I20260710 13:23:13.287812 18315 tablet_bootstrap.cc:492] T 494d81da0d5b4284ac872dbf308fc1fd P b68a02e58ac34350aa0d177303e6175c: Bootstrap replayed 1/1 log segments. Stats: ops{read=2 overwritten=0 applied=2 ignored=0} inserts{seen=0 ignored=0} mutations{seen=0 ignored=0} orphaned_commits=0. Pending: 0 replicates
I20260710 13:23:13.288885 18315 tablet_bootstrap.cc:492] T 494d81da0d5b4284ac872dbf308fc1fd P b68a02e58ac34350aa0d177303e6175c: Bootstrap complete.
I20260710 13:23:13.289609 18315 ts_tablet_manager.cc:1403] T 494d81da0d5b4284ac872dbf308fc1fd P b68a02e58ac34350aa0d177303e6175c: Time spent bootstrapping tablet: real 0.021s	user 0.011s	sys 0.008s
I20260710 13:23:13.290331 18311 tablet_bootstrap.cc:492] T 03c28eb3ed2b4d89b2fc9285ef2bf309 P b68a02e58ac34350aa0d177303e6175c: Bootstrap starting.
I20260710 13:23:13.293547 18315 raft_consensus.cc:359] T 494d81da0d5b4284ac872dbf308fc1fd P b68a02e58ac34350aa0d177303e6175c [term 1 LEARNER]: Replica starting. Triggering 0 pending ops. Active config: opid_index: 2 OBSOLETE_local: false peers { permanent_uuid: "4d5a8fbac7da4f00afd88b40fefe190e" member_type: VOTER last_known_addr { host: "127.16.80.129" port: 34975 } attrs { replace: true } } peers { permanent_uuid: "88e419a2b3ad464c9ca57df8153eaf98" member_type: VOTER last_known_addr { host: "127.16.80.130" port: 34881 } } peers { permanent_uuid: "e6d10df89aa74a6bbf41a38ae20920d3" member_type: VOTER last_known_addr { host: "127.16.80.131" port: 45001 } } peers { permanent_uuid: "b68a02e58ac34350aa0d177303e6175c" member_type: NON_VOTER last_known_addr { host: "127.16.80.132" port: 36347 } attrs { promote: true } }
I20260710 13:23:13.294516 18315 raft_consensus.cc:740] T 494d81da0d5b4284ac872dbf308fc1fd P b68a02e58ac34350aa0d177303e6175c [term 1 LEARNER]: Becoming Follower/Learner. State: Replica: b68a02e58ac34350aa0d177303e6175c, State: Initialized, Role: LEARNER
I20260710 13:23:13.295296 18315 consensus_queue.cc:260] T 494d81da0d5b4284ac872dbf308fc1fd P b68a02e58ac34350aa0d177303e6175c [NON_LEADER]: Queue going to NON_LEADER mode. State: All replicated index: 0, Majority replicated index: 0, Committed index: 2, Last appended: 1.2, Last appended by leader: 2, Current term: 0, Majority size: -1, State: 0, Mode: NON_LEADER, active raft config: opid_index: 2 OBSOLETE_local: false peers { permanent_uuid: "4d5a8fbac7da4f00afd88b40fefe190e" member_type: VOTER last_known_addr { host: "127.16.80.129" port: 34975 } attrs { replace: true } } peers { permanent_uuid: "88e419a2b3ad464c9ca57df8153eaf98" member_type: VOTER last_known_addr { host: "127.16.80.130" port: 34881 } } peers { permanent_uuid: "e6d10df89aa74a6bbf41a38ae20920d3" member_type: VOTER last_known_addr { host: "127.16.80.131" port: 45001 } } peers { permanent_uuid: "b68a02e58ac34350aa0d177303e6175c" member_type: NON_VOTER last_known_addr { host: "127.16.80.132" port: 36347 } attrs { promote: true } }
I20260710 13:23:13.298285 18315 ts_tablet_manager.cc:1434] T 494d81da0d5b4284ac872dbf308fc1fd P b68a02e58ac34350aa0d177303e6175c: Time spent starting tablet: real 0.008s	user 0.009s	sys 0.000s
I20260710 13:23:13.301739 17995 tablet_copy_service.cc:342] P e6d10df89aa74a6bbf41a38ae20920d3: Request end of tablet copy session b68a02e58ac34350aa0d177303e6175c-494d81da0d5b4284ac872dbf308fc1fd received from {username='slave'} at 127.0.0.1:41050
I20260710 13:23:13.302191 17995 tablet_copy_service.cc:434] P e6d10df89aa74a6bbf41a38ae20920d3: ending tablet copy session b68a02e58ac34350aa0d177303e6175c-494d81da0d5b4284ac872dbf308fc1fd on tablet 494d81da0d5b4284ac872dbf308fc1fd with peer b68a02e58ac34350aa0d177303e6175c
I20260710 13:23:13.315500 18315 ts_tablet_manager.cc:933] T 874189b850c5489ea349b5a25dde2369 P b68a02e58ac34350aa0d177303e6175c: Initiating tablet copy from peer e6d10df89aa74a6bbf41a38ae20920d3 (127.16.80.131:45001)
I20260710 13:23:13.321261 18315 tablet_copy_client.cc:323] T 874189b850c5489ea349b5a25dde2369 P b68a02e58ac34350aa0d177303e6175c: tablet copy: Beginning tablet copy session from remote peer at address 127.16.80.131:45001
I20260710 13:23:13.325472 17995 tablet_copy_service.cc:140] P e6d10df89aa74a6bbf41a38ae20920d3: Received BeginTabletCopySession request for tablet 874189b850c5489ea349b5a25dde2369 from peer b68a02e58ac34350aa0d177303e6175c ({username='slave'} at 127.0.0.1:41050)
I20260710 13:23:13.326038 17995 tablet_copy_service.cc:161] P e6d10df89aa74a6bbf41a38ae20920d3: Beginning new tablet copy session on tablet 874189b850c5489ea349b5a25dde2369 from peer b68a02e58ac34350aa0d177303e6175c at {username='slave'} at 127.0.0.1:41050: session id = b68a02e58ac34350aa0d177303e6175c-874189b850c5489ea349b5a25dde2369
I20260710 13:23:13.337785 17995 tablet_copy_source_session.cc:215] T 874189b850c5489ea349b5a25dde2369 P e6d10df89aa74a6bbf41a38ae20920d3: Tablet Copy: opened 0 blocks and 1 log segments
I20260710 13:23:13.340202 18311 tablet_bootstrap.cc:492] T 03c28eb3ed2b4d89b2fc9285ef2bf309 P b68a02e58ac34350aa0d177303e6175c: Bootstrap replayed 1/1 log segments. Stats: ops{read=2 overwritten=0 applied=2 ignored=0} inserts{seen=0 ignored=0} mutations{seen=0 ignored=0} orphaned_commits=0. Pending: 0 replicates
I20260710 13:23:13.341218 18311 tablet_bootstrap.cc:492] T 03c28eb3ed2b4d89b2fc9285ef2bf309 P b68a02e58ac34350aa0d177303e6175c: Bootstrap complete.
I20260710 13:23:13.341463 18315 data_dirs.cc:400] Could only allocate 1 dirs of requested 3 for tablet 874189b850c5489ea349b5a25dde2369. 1 dirs total, 0 dirs full, 0 dirs failed
I20260710 13:23:13.341921 18311 ts_tablet_manager.cc:1403] T 03c28eb3ed2b4d89b2fc9285ef2bf309 P b68a02e58ac34350aa0d177303e6175c: Time spent bootstrapping tablet: real 0.052s	user 0.023s	sys 0.017s
I20260710 13:23:13.345312 18311 raft_consensus.cc:359] T 03c28eb3ed2b4d89b2fc9285ef2bf309 P b68a02e58ac34350aa0d177303e6175c [term 1 LEARNER]: Replica starting. Triggering 0 pending ops. Active config: opid_index: 2 OBSOLETE_local: false peers { permanent_uuid: "4d5a8fbac7da4f00afd88b40fefe190e" member_type: VOTER last_known_addr { host: "127.16.80.129" port: 34975 } } peers { permanent_uuid: "88e419a2b3ad464c9ca57df8153eaf98" member_type: VOTER last_known_addr { host: "127.16.80.130" port: 34881 } attrs { replace: true } } peers { permanent_uuid: "e6d10df89aa74a6bbf41a38ae20920d3" member_type: VOTER last_known_addr { host: "127.16.80.131" port: 45001 } } peers { permanent_uuid: "b68a02e58ac34350aa0d177303e6175c" member_type: NON_VOTER last_known_addr { host: "127.16.80.132" port: 36347 } attrs { promote: true } }
I20260710 13:23:13.346176 18311 raft_consensus.cc:740] T 03c28eb3ed2b4d89b2fc9285ef2bf309 P b68a02e58ac34350aa0d177303e6175c [term 1 LEARNER]: Becoming Follower/Learner. State: Replica: b68a02e58ac34350aa0d177303e6175c, State: Initialized, Role: LEARNER
I20260710 13:23:13.346828 18311 consensus_queue.cc:260] T 03c28eb3ed2b4d89b2fc9285ef2bf309 P b68a02e58ac34350aa0d177303e6175c [NON_LEADER]: Queue going to NON_LEADER mode. State: All replicated index: 0, Majority replicated index: 0, Committed index: 2, Last appended: 1.2, Last appended by leader: 2, Current term: 0, Majority size: -1, State: 0, Mode: NON_LEADER, active raft config: opid_index: 2 OBSOLETE_local: false peers { permanent_uuid: "4d5a8fbac7da4f00afd88b40fefe190e" member_type: VOTER last_known_addr { host: "127.16.80.129" port: 34975 } } peers { permanent_uuid: "88e419a2b3ad464c9ca57df8153eaf98" member_type: VOTER last_known_addr { host: "127.16.80.130" port: 34881 } attrs { replace: true } } peers { permanent_uuid: "e6d10df89aa74a6bbf41a38ae20920d3" member_type: VOTER last_known_addr { host: "127.16.80.131" port: 45001 } } peers { permanent_uuid: "b68a02e58ac34350aa0d177303e6175c" member_type: NON_VOTER last_known_addr { host: "127.16.80.132" port: 36347 } attrs { promote: true } }
I20260710 13:23:13.349273 18311 ts_tablet_manager.cc:1434] T 03c28eb3ed2b4d89b2fc9285ef2bf309 P b68a02e58ac34350aa0d177303e6175c: Time spent starting tablet: real 0.007s	user 0.008s	sys 0.000s
I20260710 13:23:13.357499 17995 tablet_copy_service.cc:342] P e6d10df89aa74a6bbf41a38ae20920d3: Request end of tablet copy session b68a02e58ac34350aa0d177303e6175c-03c28eb3ed2b4d89b2fc9285ef2bf309 received from {username='slave'} at 127.0.0.1:41050
I20260710 13:23:13.358021 17995 tablet_copy_service.cc:434] P e6d10df89aa74a6bbf41a38ae20920d3: ending tablet copy session b68a02e58ac34350aa0d177303e6175c-03c28eb3ed2b4d89b2fc9285ef2bf309 on tablet 03c28eb3ed2b4d89b2fc9285ef2bf309 with peer b68a02e58ac34350aa0d177303e6175c
I20260710 13:23:13.367044 18315 tablet_copy_client.cc:806] T 874189b850c5489ea349b5a25dde2369 P b68a02e58ac34350aa0d177303e6175c: tablet copy: Starting download of 0 data blocks...
I20260710 13:23:13.367727 18315 tablet_copy_client.cc:670] T 874189b850c5489ea349b5a25dde2369 P b68a02e58ac34350aa0d177303e6175c: tablet copy: Starting download of 1 WAL segments...
I20260710 13:23:13.371304 18315 tablet_copy_client.cc:538] T 874189b850c5489ea349b5a25dde2369 P b68a02e58ac34350aa0d177303e6175c: tablet copy: Tablet Copy complete. Replacing tablet superblock.
I20260710 13:23:13.380713 18315 tablet_bootstrap.cc:492] T 874189b850c5489ea349b5a25dde2369 P b68a02e58ac34350aa0d177303e6175c: Bootstrap starting.
I20260710 13:23:13.396085 18315 tablet_bootstrap.cc:492] T 874189b850c5489ea349b5a25dde2369 P b68a02e58ac34350aa0d177303e6175c: Bootstrap replayed 1/1 log segments. Stats: ops{read=2 overwritten=0 applied=2 ignored=0} inserts{seen=0 ignored=0} mutations{seen=0 ignored=0} orphaned_commits=0. Pending: 0 replicates
I20260710 13:23:13.396982 18315 tablet_bootstrap.cc:492] T 874189b850c5489ea349b5a25dde2369 P b68a02e58ac34350aa0d177303e6175c: Bootstrap complete.
I20260710 13:23:13.397655 18315 ts_tablet_manager.cc:1403] T 874189b850c5489ea349b5a25dde2369 P b68a02e58ac34350aa0d177303e6175c: Time spent bootstrapping tablet: real 0.017s	user 0.015s	sys 0.000s
I20260710 13:23:13.400295 18315 raft_consensus.cc:359] T 874189b850c5489ea349b5a25dde2369 P b68a02e58ac34350aa0d177303e6175c [term 1 LEARNER]: Replica starting. Triggering 0 pending ops. Active config: opid_index: 2 OBSOLETE_local: false peers { permanent_uuid: "4d5a8fbac7da4f00afd88b40fefe190e" member_type: VOTER last_known_addr { host: "127.16.80.129" port: 34975 } attrs { replace: true } } peers { permanent_uuid: "88e419a2b3ad464c9ca57df8153eaf98" member_type: VOTER last_known_addr { host: "127.16.80.130" port: 34881 } } peers { permanent_uuid: "e6d10df89aa74a6bbf41a38ae20920d3" member_type: VOTER last_known_addr { host: "127.16.80.131" port: 45001 } } peers { permanent_uuid: "b68a02e58ac34350aa0d177303e6175c" member_type: NON_VOTER last_known_addr { host: "127.16.80.132" port: 36347 } attrs { promote: true } }
I20260710 13:23:13.401104 18315 raft_consensus.cc:740] T 874189b850c5489ea349b5a25dde2369 P b68a02e58ac34350aa0d177303e6175c [term 1 LEARNER]: Becoming Follower/Learner. State: Replica: b68a02e58ac34350aa0d177303e6175c, State: Initialized, Role: LEARNER
I20260710 13:23:13.401630 18315 consensus_queue.cc:260] T 874189b850c5489ea349b5a25dde2369 P b68a02e58ac34350aa0d177303e6175c [NON_LEADER]: Queue going to NON_LEADER mode. State: All replicated index: 0, Majority replicated index: 0, Committed index: 2, Last appended: 1.2, Last appended by leader: 2, Current term: 0, Majority size: -1, State: 0, Mode: NON_LEADER, active raft config: opid_index: 2 OBSOLETE_local: false peers { permanent_uuid: "4d5a8fbac7da4f00afd88b40fefe190e" member_type: VOTER last_known_addr { host: "127.16.80.129" port: 34975 } attrs { replace: true } } peers { permanent_uuid: "88e419a2b3ad464c9ca57df8153eaf98" member_type: VOTER last_known_addr { host: "127.16.80.130" port: 34881 } } peers { permanent_uuid: "e6d10df89aa74a6bbf41a38ae20920d3" member_type: VOTER last_known_addr { host: "127.16.80.131" port: 45001 } } peers { permanent_uuid: "b68a02e58ac34350aa0d177303e6175c" member_type: NON_VOTER last_known_addr { host: "127.16.80.132" port: 36347 } attrs { promote: true } }
I20260710 13:23:13.403460 18315 ts_tablet_manager.cc:1434] T 874189b850c5489ea349b5a25dde2369 P b68a02e58ac34350aa0d177303e6175c: Time spent starting tablet: real 0.005s	user 0.004s	sys 0.004s
I20260710 13:23:13.405125 17995 tablet_copy_service.cc:342] P e6d10df89aa74a6bbf41a38ae20920d3: Request end of tablet copy session b68a02e58ac34350aa0d177303e6175c-874189b850c5489ea349b5a25dde2369 received from {username='slave'} at 127.0.0.1:41050
I20260710 13:23:13.405562 17995 tablet_copy_service.cc:434] P e6d10df89aa74a6bbf41a38ae20920d3: ending tablet copy session b68a02e58ac34350aa0d177303e6175c-874189b850c5489ea349b5a25dde2369 on tablet 874189b850c5489ea349b5a25dde2369 with peer b68a02e58ac34350aa0d177303e6175c
I20260710 13:23:13.705246 18256 raft_consensus.cc:1217] T 494d81da0d5b4284ac872dbf308fc1fd P b68a02e58ac34350aa0d177303e6175c [term 1 LEARNER]: Deduplicated request from leader. Original: 1.1->[1.2-1.2]   Dedup: 1.2->[]
I20260710 13:23:13.717803 18256 raft_consensus.cc:1217] T 03c28eb3ed2b4d89b2fc9285ef2bf309 P b68a02e58ac34350aa0d177303e6175c [term 1 LEARNER]: Deduplicated request from leader. Original: 1.1->[1.2-1.2]   Dedup: 1.2->[]
I20260710 13:23:13.730937 18256 raft_consensus.cc:1217] T 059279d1d9af4f7bb1d9e35df490b41f P b68a02e58ac34350aa0d177303e6175c [term 1 LEARNER]: Deduplicated request from leader. Original: 1.1->[1.2-1.2]   Dedup: 1.2->[]
I20260710 13:23:13.909101 18256 raft_consensus.cc:1217] T 874189b850c5489ea349b5a25dde2369 P b68a02e58ac34350aa0d177303e6175c [term 1 LEARNER]: Deduplicated request from leader. Original: 1.1->[1.2-1.2]   Dedup: 1.2->[]
I20260710 13:23:14.172979 18322 raft_consensus.cc:1064] T 059279d1d9af4f7bb1d9e35df490b41f P 88e419a2b3ad464c9ca57df8153eaf98: attempting to promote NON_VOTER b68a02e58ac34350aa0d177303e6175c to VOTER
I20260710 13:23:14.175853 18322 consensus_queue.cc:237] T 059279d1d9af4f7bb1d9e35df490b41f P 88e419a2b3ad464c9ca57df8153eaf98 [LEADER]: Queue going to LEADER mode. State: All replicated index: 0, Majority replicated index: 2, Committed index: 2, Last appended: 1.2, Last appended by leader: 0, Current term: 1, Majority size: 3, State: 0, Mode: LEADER, active raft config: opid_index: 3 OBSOLETE_local: false peers { permanent_uuid: "4d5a8fbac7da4f00afd88b40fefe190e" member_type: VOTER last_known_addr { host: "127.16.80.129" port: 34975 } } peers { permanent_uuid: "88e419a2b3ad464c9ca57df8153eaf98" member_type: VOTER last_known_addr { host: "127.16.80.130" port: 34881 } } peers { permanent_uuid: "e6d10df89aa74a6bbf41a38ae20920d3" member_type: VOTER last_known_addr { host: "127.16.80.131" port: 45001 } attrs { replace: true } } peers { permanent_uuid: "b68a02e58ac34350aa0d177303e6175c" member_type: VOTER last_known_addr { host: "127.16.80.132" port: 36347 } attrs { promote: false } }
I20260710 13:23:14.185509 18256 raft_consensus.cc:1275] T 059279d1d9af4f7bb1d9e35df490b41f P b68a02e58ac34350aa0d177303e6175c [term 1 LEARNER]: Refusing update from remote peer 88e419a2b3ad464c9ca57df8153eaf98: Log matching property violated. Preceding OpId in replica: term: 1 index: 2. Preceding OpId from leader: term: 1 index: 3. (index mismatch)
