I20260710 13:23:09.608392 22958 data_dirs.cc:400] Could only allocate 1 dirs of requested 3 for tablet bc242471d4514a609bc138ab39f7b02b. 1 dirs total, 0 dirs full, 0 dirs failed
I20260710 13:23:09.616564 23032 tablet_service.cc:1511] Processing CreateTablet for tablet bc6ba5be1e3b48fc8799151fa87f89da (DEFAULT_TABLE table=test-workload [id=1fc3dab69c914a3ab5e7f168701642f9]), partition=RANGE (key) PARTITION 1342177275 <= VALUES < 1431655760
I20260710 13:23:09.617856 23032 data_dirs.cc:400] Could only allocate 1 dirs of requested 3 for tablet bc6ba5be1e3b48fc8799151fa87f89da. 1 dirs total, 0 dirs full, 0 dirs failed
I20260710 13:23:09.617877 23115 tablet_service.cc:1511] Processing CreateTablet for tablet bc6ba5be1e3b48fc8799151fa87f89da (DEFAULT_TABLE table=test-workload [id=1fc3dab69c914a3ab5e7f168701642f9]), partition=RANGE (key) PARTITION 1342177275 <= VALUES < 1431655760
I20260710 13:23:09.622659 23115 data_dirs.cc:400] Could only allocate 1 dirs of requested 3 for tablet bc6ba5be1e3b48fc8799151fa87f89da. 1 dirs total, 0 dirs full, 0 dirs failed
I20260710 13:23:09.619617 23037 tablet_service.cc:1511] Processing CreateTablet for tablet bc242471d4514a609bc138ab39f7b02b (DEFAULT_TABLE table=test-workload [id=1fc3dab69c914a3ab5e7f168701642f9]), partition=RANGE (key) PARTITION 1252698790 <= VALUES < 1342177275
I20260710 13:23:09.622604 22959 tablet_service.cc:1511] Processing CreateTablet for tablet 91b1b6e4c90a43fd95fbe709c14cf869 (DEFAULT_TABLE table=test-workload [id=1fc3dab69c914a3ab5e7f168701642f9]), partition=RANGE (key) PARTITION 1431655760 <= VALUES < 1521134245
I20260710 13:23:09.624605 23035 tablet_service.cc:1511] Processing CreateTablet for tablet 91b1b6e4c90a43fd95fbe709c14cf869 (DEFAULT_TABLE table=test-workload [id=1fc3dab69c914a3ab5e7f168701642f9]), partition=RANGE (key) PARTITION 1431655760 <= VALUES < 1521134245
I20260710 13:23:09.625826 23035 data_dirs.cc:400] Could only allocate 1 dirs of requested 3 for tablet 91b1b6e4c90a43fd95fbe709c14cf869. 1 dirs total, 0 dirs full, 0 dirs failed
I20260710 13:23:09.629106 23110 tablet_service.cc:1511] Processing CreateTablet for tablet bc242471d4514a609bc138ab39f7b02b (DEFAULT_TABLE table=test-workload [id=1fc3dab69c914a3ab5e7f168701642f9]), partition=RANGE (key) PARTITION 1252698790 <= VALUES < 1342177275
I20260710 13:23:09.624608 22959 data_dirs.cc:400] Could only allocate 1 dirs of requested 3 for tablet 91b1b6e4c90a43fd95fbe709c14cf869. 1 dirs total, 0 dirs full, 0 dirs failed
I20260710 13:23:09.632997 23037 data_dirs.cc:400] Could only allocate 1 dirs of requested 3 for tablet bc242471d4514a609bc138ab39f7b02b. 1 dirs total, 0 dirs full, 0 dirs failed
I20260710 13:23:09.634673 22965 tablet_service.cc:1511] Processing CreateTablet for tablet bc6ba5be1e3b48fc8799151fa87f89da (DEFAULT_TABLE table=test-workload [id=1fc3dab69c914a3ab5e7f168701642f9]), partition=RANGE (key) PARTITION 1342177275 <= VALUES < 1431655760
I20260710 13:23:09.635710 23110 data_dirs.cc:400] Could only allocate 1 dirs of requested 3 for tablet bc242471d4514a609bc138ab39f7b02b. 1 dirs total, 0 dirs full, 0 dirs failed
I20260710 13:23:09.637369 23166 tablet_bootstrap.cc:492] T 2f62b0fea0144639a4f308ac26d5a97a P 87688929d9e84412b9754e3d56c9c474: No bootstrap required, opened a new log
I20260710 13:23:09.637842 23166 ts_tablet_manager.cc:1403] T 2f62b0fea0144639a4f308ac26d5a97a P 87688929d9e84412b9754e3d56c9c474: Time spent bootstrapping tablet: real 0.168s	user 0.034s	sys 0.034s
I20260710 13:23:09.640611 22965 data_dirs.cc:400] Could only allocate 1 dirs of requested 3 for tablet bc6ba5be1e3b48fc8799151fa87f89da. 1 dirs total, 0 dirs full, 0 dirs failed
I20260710 13:23:09.642593 23167 tablet_bootstrap.cc:492] T 30f8caa2acb549dabaa726f91e243051 P a7f3b125786d4ec8bd71d35b455961af: No bootstrap required, opened a new log
I20260710 13:23:09.648506 23167 ts_tablet_manager.cc:1403] T 30f8caa2acb549dabaa726f91e243051 P a7f3b125786d4ec8bd71d35b455961af: Time spent bootstrapping tablet: real 0.204s	user 0.060s	sys 0.054s
I20260710 13:23:09.650169 23165 tablet_bootstrap.cc:492] T 16349f3ee08a4cc7b414b2669ef9946d P f4634267177641b49f4b441d8a5eb272: No bootstrap required, opened a new log
I20260710 13:23:09.650635 23165 ts_tablet_manager.cc:1403] T 16349f3ee08a4cc7b414b2669ef9946d P f4634267177641b49f4b441d8a5eb272: Time spent bootstrapping tablet: real 0.218s	user 0.005s	sys 0.013s
I20260710 13:23:09.640817 23166 raft_consensus.cc:359] T 2f62b0fea0144639a4f308ac26d5a97a P 87688929d9e84412b9754e3d56c9c474 [term 0 FOLLOWER]: Replica starting. Triggering 0 pending ops. Active config: opid_index: -1 OBSOLETE_local: false peers { permanent_uuid: "a7f3b125786d4ec8bd71d35b455961af" member_type: VOTER last_known_addr { host: "127.21.89.129" port: 37183 } } peers { permanent_uuid: "87688929d9e84412b9754e3d56c9c474" member_type: VOTER last_known_addr { host: "127.21.89.130" port: 41751 } } peers { permanent_uuid: "f4634267177641b49f4b441d8a5eb272" member_type: VOTER last_known_addr { host: "127.21.89.131" port: 37133 } }
I20260710 13:23:09.656080 22962 tablet_service.cc:1511] Processing CreateTablet for tablet b6baa6315c1d4a0aaa24667244b83514 (DEFAULT_TABLE table=test-workload [id=1fc3dab69c914a3ab5e7f168701642f9]), partition=RANGE (key) PARTITION 1521134245 <= VALUES < 1610612730
I20260710 13:23:09.657388 22962 data_dirs.cc:400] Could only allocate 1 dirs of requested 3 for tablet b6baa6315c1d4a0aaa24667244b83514. 1 dirs total, 0 dirs full, 0 dirs failed
I20260710 13:23:09.657467 23033 tablet_service.cc:1511] Processing CreateTablet for tablet b6baa6315c1d4a0aaa24667244b83514 (DEFAULT_TABLE table=test-workload [id=1fc3dab69c914a3ab5e7f168701642f9]), partition=RANGE (key) PARTITION 1521134245 <= VALUES < 1610612730
I20260710 13:23:09.659050 23033 data_dirs.cc:400] Could only allocate 1 dirs of requested 3 for tablet b6baa6315c1d4a0aaa24667244b83514. 1 dirs total, 0 dirs full, 0 dirs failed
I20260710 13:23:09.651726 23166 raft_consensus.cc:385] T 2f62b0fea0144639a4f308ac26d5a97a P 87688929d9e84412b9754e3d56c9c474 [term 0 FOLLOWER]: Consensus starting up: Expiring failure detector timer to make a prompt election more likely
I20260710 13:23:09.662081 23166 raft_consensus.cc:740] T 2f62b0fea0144639a4f308ac26d5a97a P 87688929d9e84412b9754e3d56c9c474 [term 0 FOLLOWER]: Becoming Follower/Learner. State: Replica: 87688929d9e84412b9754e3d56c9c474, State: Initialized, Role: FOLLOWER
I20260710 13:23:09.662851 23166 consensus_queue.cc:260] T 2f62b0fea0144639a4f308ac26d5a97a P 87688929d9e84412b9754e3d56c9c474 [NON_LEADER]: Queue going to NON_LEADER mode. State: All replicated index: 0, Majority replicated index: 0, Committed index: 0, Last appended: 0.0, Last appended by leader: 0, Current term: 0, Majority size: -1, State: 0, Mode: NON_LEADER, active raft config: opid_index: -1 OBSOLETE_local: false peers { permanent_uuid: "a7f3b125786d4ec8bd71d35b455961af" member_type: VOTER last_known_addr { host: "127.21.89.129" port: 37183 } } peers { permanent_uuid: "87688929d9e84412b9754e3d56c9c474" member_type: VOTER last_known_addr { host: "127.21.89.130" port: 41751 } } peers { permanent_uuid: "f4634267177641b49f4b441d8a5eb272" member_type: VOTER last_known_addr { host: "127.21.89.131" port: 37133 } }
I20260710 13:23:09.663591 23106 tablet_service.cc:1511] Processing CreateTablet for tablet b6baa6315c1d4a0aaa24667244b83514 (DEFAULT_TABLE table=test-workload [id=1fc3dab69c914a3ab5e7f168701642f9]), partition=RANGE (key) PARTITION 1521134245 <= VALUES < 1610612730
I20260710 13:23:09.664959 23106 data_dirs.cc:400] Could only allocate 1 dirs of requested 3 for tablet b6baa6315c1d4a0aaa24667244b83514. 1 dirs total, 0 dirs full, 0 dirs failed
I20260710 13:23:09.666484 23165 raft_consensus.cc:359] T 16349f3ee08a4cc7b414b2669ef9946d P f4634267177641b49f4b441d8a5eb272 [term 0 FOLLOWER]: Replica starting. Triggering 0 pending ops. Active config: opid_index: -1 OBSOLETE_local: false peers { permanent_uuid: "a7f3b125786d4ec8bd71d35b455961af" member_type: VOTER last_known_addr { host: "127.21.89.129" port: 37183 } } peers { permanent_uuid: "87688929d9e84412b9754e3d56c9c474" member_type: VOTER last_known_addr { host: "127.21.89.130" port: 41751 } } peers { permanent_uuid: "f4634267177641b49f4b441d8a5eb272" member_type: VOTER last_known_addr { host: "127.21.89.131" port: 37133 } }
I20260710 13:23:09.667222 23165 raft_consensus.cc:385] T 16349f3ee08a4cc7b414b2669ef9946d P f4634267177641b49f4b441d8a5eb272 [term 0 FOLLOWER]: Consensus starting up: Expiring failure detector timer to make a prompt election more likely
I20260710 13:23:09.666901 22964 tablet_service.cc:1511] Processing CreateTablet for tablet e2f8d3316563432c9dd7899410670a43 (DEFAULT_TABLE table=test-workload [id=1fc3dab69c914a3ab5e7f168701642f9]), partition=RANGE (key) PARTITION 1610612730 <= VALUES < 1700091215
I20260710 13:23:09.667528 23165 raft_consensus.cc:740] T 16349f3ee08a4cc7b414b2669ef9946d P f4634267177641b49f4b441d8a5eb272 [term 0 FOLLOWER]: Becoming Follower/Learner. State: Replica: f4634267177641b49f4b441d8a5eb272, State: Initialized, Role: FOLLOWER
I20260710 13:23:09.668321 22964 data_dirs.cc:400] Could only allocate 1 dirs of requested 3 for tablet e2f8d3316563432c9dd7899410670a43. 1 dirs total, 0 dirs full, 0 dirs failed
I20260710 13:23:09.669045 23167 raft_consensus.cc:359] T 30f8caa2acb549dabaa726f91e243051 P a7f3b125786d4ec8bd71d35b455961af [term 0 FOLLOWER]: Replica starting. Triggering 0 pending ops. Active config: opid_index: -1 OBSOLETE_local: false peers { permanent_uuid: "a7f3b125786d4ec8bd71d35b455961af" member_type: VOTER last_known_addr { host: "127.21.89.129" port: 37183 } } peers { permanent_uuid: "87688929d9e84412b9754e3d56c9c474" member_type: VOTER last_known_addr { host: "127.21.89.130" port: 41751 } } peers { permanent_uuid: "f4634267177641b49f4b441d8a5eb272" member_type: VOTER last_known_addr { host: "127.21.89.131" port: 37133 } }
I20260710 13:23:09.669759 23167 raft_consensus.cc:385] T 30f8caa2acb549dabaa726f91e243051 P a7f3b125786d4ec8bd71d35b455961af [term 0 FOLLOWER]: Consensus starting up: Expiring failure detector timer to make a prompt election more likely
I20260710 13:23:09.670029 23167 raft_consensus.cc:740] T 30f8caa2acb549dabaa726f91e243051 P a7f3b125786d4ec8bd71d35b455961af [term 0 FOLLOWER]: Becoming Follower/Learner. State: Replica: a7f3b125786d4ec8bd71d35b455961af, State: Initialized, Role: FOLLOWER
I20260710 13:23:09.670801 23167 consensus_queue.cc:260] T 30f8caa2acb549dabaa726f91e243051 P a7f3b125786d4ec8bd71d35b455961af [NON_LEADER]: Queue going to NON_LEADER mode. State: All replicated index: 0, Majority replicated index: 0, Committed index: 0, Last appended: 0.0, Last appended by leader: 0, Current term: 0, Majority size: -1, State: 0, Mode: NON_LEADER, active raft config: opid_index: -1 OBSOLETE_local: false peers { permanent_uuid: "a7f3b125786d4ec8bd71d35b455961af" member_type: VOTER last_known_addr { host: "127.21.89.129" port: 37183 } } peers { permanent_uuid: "87688929d9e84412b9754e3d56c9c474" member_type: VOTER last_known_addr { host: "127.21.89.130" port: 41751 } } peers { permanent_uuid: "f4634267177641b49f4b441d8a5eb272" member_type: VOTER last_known_addr { host: "127.21.89.131" port: 37133 } }
I20260710 13:23:09.671962 23165 consensus_queue.cc:260] T 16349f3ee08a4cc7b414b2669ef9946d P f4634267177641b49f4b441d8a5eb272 [NON_LEADER]: Queue going to NON_LEADER mode. State: All replicated index: 0, Majority replicated index: 0, Committed index: 0, Last appended: 0.0, Last appended by leader: 0, Current term: 0, Majority size: -1, State: 0, Mode: NON_LEADER, active raft config: opid_index: -1 OBSOLETE_local: false peers { permanent_uuid: "a7f3b125786d4ec8bd71d35b455961af" member_type: VOTER last_known_addr { host: "127.21.89.129" port: 37183 } } peers { permanent_uuid: "87688929d9e84412b9754e3d56c9c474" member_type: VOTER last_known_addr { host: "127.21.89.130" port: 41751 } } peers { permanent_uuid: "f4634267177641b49f4b441d8a5eb272" member_type: VOTER last_known_addr { host: "127.21.89.131" port: 37133 } }
I20260710 13:23:09.676978 23111 tablet_service.cc:1511] Processing CreateTablet for tablet e2f8d3316563432c9dd7899410670a43 (DEFAULT_TABLE table=test-workload [id=1fc3dab69c914a3ab5e7f168701642f9]), partition=RANGE (key) PARTITION 1610612730 <= VALUES < 1700091215
I20260710 13:23:09.678423 23111 data_dirs.cc:400] Could only allocate 1 dirs of requested 3 for tablet e2f8d3316563432c9dd7899410670a43. 1 dirs total, 0 dirs full, 0 dirs failed
I20260710 13:23:09.681638 23032 tablet_service.cc:1511] Processing CreateTablet for tablet e2f8d3316563432c9dd7899410670a43 (DEFAULT_TABLE table=test-workload [id=1fc3dab69c914a3ab5e7f168701642f9]), partition=RANGE (key) PARTITION 1610612730 <= VALUES < 1700091215
I20260710 13:23:09.692983 23032 data_dirs.cc:400] Could only allocate 1 dirs of requested 3 for tablet e2f8d3316563432c9dd7899410670a43. 1 dirs total, 0 dirs full, 0 dirs failed
I20260710 13:23:09.685756 23114 tablet_service.cc:1511] Processing CreateTablet for tablet 91b1b6e4c90a43fd95fbe709c14cf869 (DEFAULT_TABLE table=test-workload [id=1fc3dab69c914a3ab5e7f168701642f9]), partition=RANGE (key) PARTITION 1431655760 <= VALUES < 1521134245
I20260710 13:23:09.698391 23076 heartbeater.cc:499] Master 127.21.89.190:41891 was elected leader, sending a full tablet report...
I20260710 13:23:09.698992 23166 ts_tablet_manager.cc:1434] T 2f62b0fea0144639a4f308ac26d5a97a P 87688929d9e84412b9754e3d56c9c474: Time spent starting tablet: real 0.061s	user 0.009s	sys 0.006s
I20260710 13:23:09.699929 23166 tablet_bootstrap.cc:492] T 30f8caa2acb549dabaa726f91e243051 P 87688929d9e84412b9754e3d56c9c474: Bootstrap starting.
I20260710 13:23:09.705508 23001 heartbeater.cc:499] Master 127.21.89.190:41891 was elected leader, sending a full tablet report...
I20260710 13:23:09.708997 23037 tablet_service.cc:1511] Processing CreateTablet for tablet 036e956c54cd4069955dfe48fcf568ad (DEFAULT_TABLE table=test-workload [id=1fc3dab69c914a3ab5e7f168701642f9]), partition=RANGE (key) PARTITION 1700091215 <= VALUES < 1789569700
I20260710 13:23:09.710367 23037 data_dirs.cc:400] Could only allocate 1 dirs of requested 3 for tablet 036e956c54cd4069955dfe48fcf568ad. 1 dirs total, 0 dirs full, 0 dirs failed
I20260710 13:23:09.712266 23165 ts_tablet_manager.cc:1434] T 16349f3ee08a4cc7b414b2669ef9946d P f4634267177641b49f4b441d8a5eb272: Time spent starting tablet: real 0.061s	user 0.010s	sys 0.006s
I20260710 13:23:09.712594 22960 tablet_service.cc:1511] Processing CreateTablet for tablet 036e956c54cd4069955dfe48fcf568ad (DEFAULT_TABLE table=test-workload [id=1fc3dab69c914a3ab5e7f168701642f9]), partition=RANGE (key) PARTITION 1700091215 <= VALUES < 1789569700
I20260710 13:23:09.712996 23150 heartbeater.cc:499] Master 127.21.89.190:41891 was elected leader, sending a full tablet report...
I20260710 13:23:09.713328 23165 tablet_bootstrap.cc:492] T 2b2e1b1d6af54950bd0441523aeb0d59 P f4634267177641b49f4b441d8a5eb272: Bootstrap starting.
I20260710 13:23:09.713860 22960 data_dirs.cc:400] Could only allocate 1 dirs of requested 3 for tablet 036e956c54cd4069955dfe48fcf568ad. 1 dirs total, 0 dirs full, 0 dirs failed
I20260710 13:23:09.714761 23114 data_dirs.cc:400] Could only allocate 1 dirs of requested 3 for tablet 91b1b6e4c90a43fd95fbe709c14cf869. 1 dirs total, 0 dirs full, 0 dirs failed
I20260710 13:23:09.721704 23115 tablet_service.cc:1511] Processing CreateTablet for tablet 036e956c54cd4069955dfe48fcf568ad (DEFAULT_TABLE table=test-workload [id=1fc3dab69c914a3ab5e7f168701642f9]), partition=RANGE (key) PARTITION 1700091215 <= VALUES < 1789569700
I20260710 13:23:09.723001 23115 data_dirs.cc:400] Could only allocate 1 dirs of requested 3 for tablet 036e956c54cd4069955dfe48fcf568ad. 1 dirs total, 0 dirs full, 0 dirs failed
I20260710 13:23:09.737560 23166 tablet_bootstrap.cc:654] T 30f8caa2acb549dabaa726f91e243051 P 87688929d9e84412b9754e3d56c9c474: Neither blocks nor log segments found. Creating new log.
I20260710 13:23:09.737085 23033 tablet_service.cc:1511] Processing CreateTablet for tablet 68dc7ae2bd4c4df8bd85233a9a5c949c (DEFAULT_TABLE table=test-workload [id=1fc3dab69c914a3ab5e7f168701642f9]), partition=RANGE (key) PARTITION 1789569700 <= VALUES < 1879048185
I20260710 13:23:09.737280 23107 tablet_service.cc:1511] Processing CreateTablet for tablet 68dc7ae2bd4c4df8bd85233a9a5c949c (DEFAULT_TABLE table=test-workload [id=1fc3dab69c914a3ab5e7f168701642f9]), partition=RANGE (key) PARTITION 1789569700 <= VALUES < 1879048185
I20260710 13:23:09.741222 23107 data_dirs.cc:400] Could only allocate 1 dirs of requested 3 for tablet 68dc7ae2bd4c4df8bd85233a9a5c949c. 1 dirs total, 0 dirs full, 0 dirs failed
I20260710 13:23:09.744360 23033 data_dirs.cc:400] Could only allocate 1 dirs of requested 3 for tablet 68dc7ae2bd4c4df8bd85233a9a5c949c. 1 dirs total, 0 dirs full, 0 dirs failed
I20260710 13:23:09.746313 23165 tablet_bootstrap.cc:654] T 2b2e1b1d6af54950bd0441523aeb0d59 P f4634267177641b49f4b441d8a5eb272: Neither blocks nor log segments found. Creating new log.
I20260710 13:23:09.738667 23167 ts_tablet_manager.cc:1434] T 30f8caa2acb549dabaa726f91e243051 P a7f3b125786d4ec8bd71d35b455961af: Time spent starting tablet: real 0.090s	user 0.006s	sys 0.010s
I20260710 13:23:09.737984 22958 tablet_service.cc:1511] Processing CreateTablet for tablet 68dc7ae2bd4c4df8bd85233a9a5c949c (DEFAULT_TABLE table=test-workload [id=1fc3dab69c914a3ab5e7f168701642f9]), partition=RANGE (key) PARTITION 1789569700 <= VALUES < 1879048185
I20260710 13:23:09.760093 22958 data_dirs.cc:400] Could only allocate 1 dirs of requested 3 for tablet 68dc7ae2bd4c4df8bd85233a9a5c949c. 1 dirs total, 0 dirs full, 0 dirs failed
I20260710 13:23:09.769819 23106 tablet_service.cc:1511] Processing CreateTablet for tablet b59eeeaa43d14187af8de831e6d0f4c9 (DEFAULT_TABLE table=test-workload [id=1fc3dab69c914a3ab5e7f168701642f9]), partition=RANGE (key) PARTITION 1879048185 <= VALUES < 1968526670
I20260710 13:23:09.770751 23173 raft_consensus.cc:493] T 16349f3ee08a4cc7b414b2669ef9946d P f4634267177641b49f4b441d8a5eb272 [term 0 FOLLOWER]: Starting pre-election (no leader contacted us within the election timeout)
I20260710 13:23:09.770606 23039 tablet_service.cc:1511] Processing CreateTablet for tablet d890418ab7074086a0d5a1febc53d1db (DEFAULT_TABLE table=test-workload [id=1fc3dab69c914a3ab5e7f168701642f9]), partition=RANGE (key) PARTITION 1968526670 <= VALUES < 2058005155
I20260710 13:23:09.771159 23106 data_dirs.cc:400] Could only allocate 1 dirs of requested 3 for tablet b59eeeaa43d14187af8de831e6d0f4c9. 1 dirs total, 0 dirs full, 0 dirs failed
I20260710 13:23:09.770448 23035 tablet_service.cc:1511] Processing CreateTablet for tablet b59eeeaa43d14187af8de831e6d0f4c9 (DEFAULT_TABLE table=test-workload [id=1fc3dab69c914a3ab5e7f168701642f9]), partition=RANGE (key) PARTITION 1879048185 <= VALUES < 1968526670
I20260710 13:23:09.768437 23167 tablet_bootstrap.cc:492] T 925ca5fc8fc7457a8b7cd59bd6e19207 P a7f3b125786d4ec8bd71d35b455961af: Bootstrap starting.
I20260710 13:23:09.771260 23173 raft_consensus.cc:515] T 16349f3ee08a4cc7b414b2669ef9946d P f4634267177641b49f4b441d8a5eb272 [term 0 FOLLOWER]: Starting pre-election with config: opid_index: -1 OBSOLETE_local: false peers { permanent_uuid: "a7f3b125786d4ec8bd71d35b455961af" member_type: VOTER last_known_addr { host: "127.21.89.129" port: 37183 } } peers { permanent_uuid: "87688929d9e84412b9754e3d56c9c474" member_type: VOTER last_known_addr { host: "127.21.89.130" port: 41751 } } peers { permanent_uuid: "f4634267177641b49f4b441d8a5eb272" member_type: VOTER last_known_addr { host: "127.21.89.131" port: 37133 } }
I20260710 13:23:09.778092 23039 data_dirs.cc:400] Could only allocate 1 dirs of requested 3 for tablet d890418ab7074086a0d5a1febc53d1db. 1 dirs total, 0 dirs full, 0 dirs failed
I20260710 13:23:09.782326 22963 tablet_service.cc:1511] Processing CreateTablet for tablet d890418ab7074086a0d5a1febc53d1db (DEFAULT_TABLE table=test-workload [id=1fc3dab69c914a3ab5e7f168701642f9]), partition=RANGE (key) PARTITION 1968526670 <= VALUES < 2058005155
I20260710 13:23:09.782500 22959 tablet_service.cc:1511] Processing CreateTablet for tablet b59eeeaa43d14187af8de831e6d0f4c9 (DEFAULT_TABLE table=test-workload [id=1fc3dab69c914a3ab5e7f168701642f9]), partition=RANGE (key) PARTITION 1879048185 <= VALUES < 1968526670
I20260710 13:23:09.783187 23166 tablet_bootstrap.cc:492] T 30f8caa2acb549dabaa726f91e243051 P 87688929d9e84412b9754e3d56c9c474: No bootstrap required, opened a new log
I20260710 13:23:09.783699 23166 ts_tablet_manager.cc:1403] T 30f8caa2acb549dabaa726f91e243051 P 87688929d9e84412b9754e3d56c9c474: Time spent bootstrapping tablet: real 0.084s	user 0.013s	sys 0.001s
I20260710 13:23:09.783984 22963 data_dirs.cc:400] Could only allocate 1 dirs of requested 3 for tablet d890418ab7074086a0d5a1febc53d1db. 1 dirs total, 0 dirs full, 0 dirs failed
I20260710 13:23:09.784660 22959 data_dirs.cc:400] Could only allocate 1 dirs of requested 3 for tablet b59eeeaa43d14187af8de831e6d0f4c9. 1 dirs total, 0 dirs full, 0 dirs failed
I20260710 13:23:09.785080 23173 leader_election.cc:290] T 16349f3ee08a4cc7b414b2669ef9946d P f4634267177641b49f4b441d8a5eb272 [CANDIDATE]: Term 1 pre-election: Requested pre-vote from peers a7f3b125786d4ec8bd71d35b455961af (127.21.89.129:37183), 87688929d9e84412b9754e3d56c9c474 (127.21.89.130:41751)
I20260710 13:23:09.787860 23166 raft_consensus.cc:359] T 30f8caa2acb549dabaa726f91e243051 P 87688929d9e84412b9754e3d56c9c474 [term 0 FOLLOWER]: Replica starting. Triggering 0 pending ops. Active config: opid_index: -1 OBSOLETE_local: false peers { permanent_uuid: "a7f3b125786d4ec8bd71d35b455961af" member_type: VOTER last_known_addr { host: "127.21.89.129" port: 37183 } } peers { permanent_uuid: "87688929d9e84412b9754e3d56c9c474" member_type: VOTER last_known_addr { host: "127.21.89.130" port: 41751 } } peers { permanent_uuid: "f4634267177641b49f4b441d8a5eb272" member_type: VOTER last_known_addr { host: "127.21.89.131" port: 37133 } }
I20260710 13:23:09.788503 23035 data_dirs.cc:400] Could only allocate 1 dirs of requested 3 for tablet b59eeeaa43d14187af8de831e6d0f4c9. 1 dirs total, 0 dirs full, 0 dirs failed
I20260710 13:23:09.793499 23166 raft_consensus.cc:385] T 30f8caa2acb549dabaa726f91e243051 P 87688929d9e84412b9754e3d56c9c474 [term 0 FOLLOWER]: Consensus starting up: Expiring failure detector timer to make a prompt election more likely
W20260710 13:23:09.803479 22922 auto_rebalancer.cc:288] Could not retrieve cluster info: Service unavailable: Tablet not running
I20260710 13:23:09.806387 23115 tablet_service.cc:1511] Processing CreateTablet for tablet d890418ab7074086a0d5a1febc53d1db (DEFAULT_TABLE table=test-workload [id=1fc3dab69c914a3ab5e7f168701642f9]), partition=RANGE (key) PARTITION 1968526670 <= VALUES < 2058005155
I20260710 13:23:09.806762 23034 tablet_service.cc:1511] Processing CreateTablet for tablet e360143019b6414aba3920436510a4de (DEFAULT_TABLE table=test-workload [id=1fc3dab69c914a3ab5e7f168701642f9]), partition=RANGE (key) PARTITION 2058005155 <= VALUES
I20260710 13:23:09.811359 23034 data_dirs.cc:400] Could only allocate 1 dirs of requested 3 for tablet e360143019b6414aba3920436510a4de. 1 dirs total, 0 dirs full, 0 dirs failed
I20260710 13:23:09.811359 23115 data_dirs.cc:400] Could only allocate 1 dirs of requested 3 for tablet d890418ab7074086a0d5a1febc53d1db. 1 dirs total, 0 dirs full, 0 dirs failed
I20260710 13:23:09.809556 22964 tablet_service.cc:1511] Processing CreateTablet for tablet e360143019b6414aba3920436510a4de (DEFAULT_TABLE table=test-workload [id=1fc3dab69c914a3ab5e7f168701642f9]), partition=RANGE (key) PARTITION 2058005155 <= VALUES
I20260710 13:23:09.820883 22964 data_dirs.cc:400] Could only allocate 1 dirs of requested 3 for tablet e360143019b6414aba3920436510a4de. 1 dirs total, 0 dirs full, 0 dirs failed
I20260710 13:23:09.841171 23167 tablet_bootstrap.cc:654] T 925ca5fc8fc7457a8b7cd59bd6e19207 P a7f3b125786d4ec8bd71d35b455961af: Neither blocks nor log segments found. Creating new log.
I20260710 13:23:09.799531 23166 raft_consensus.cc:740] T 30f8caa2acb549dabaa726f91e243051 P 87688929d9e84412b9754e3d56c9c474 [term 0 FOLLOWER]: Becoming Follower/Learner. State: Replica: 87688929d9e84412b9754e3d56c9c474, State: Initialized, Role: FOLLOWER
I20260710 13:23:09.877254 22976 tablet_service.cc:1917] Received RequestConsensusVote() RPC: tablet_id: "16349f3ee08a4cc7b414b2669ef9946d" candidate_uuid: "f4634267177641b49f4b441d8a5eb272" candidate_term: 1 candidate_status { last_received { term: 0 index: 0 } } ignore_live_leader: false dest_uuid: "a7f3b125786d4ec8bd71d35b455961af" is_pre_election: true
W20260710 13:23:09.878961 23090 leader_election.cc:343] T 16349f3ee08a4cc7b414b2669ef9946d P f4634267177641b49f4b441d8a5eb272 [CANDIDATE]: Term 1 pre-election: Tablet error from VoteRequest() call to peer a7f3b125786d4ec8bd71d35b455961af (127.21.89.129:37183): Illegal state: must be running to vote when last-logged opid is not known
I20260710 13:23:09.896727 23165 tablet_bootstrap.cc:492] T 2b2e1b1d6af54950bd0441523aeb0d59 P f4634267177641b49f4b441d8a5eb272: No bootstrap required, opened a new log
I20260710 13:23:09.897333 23165 ts_tablet_manager.cc:1403] T 2b2e1b1d6af54950bd0441523aeb0d59 P f4634267177641b49f4b441d8a5eb272: Time spent bootstrapping tablet: real 0.184s	user 0.011s	sys 0.004s
I20260710 13:23:09.884960 23106 tablet_service.cc:1511] Processing CreateTablet for tablet e360143019b6414aba3920436510a4de (DEFAULT_TABLE table=test-workload [id=1fc3dab69c914a3ab5e7f168701642f9]), partition=RANGE (key) PARTITION 2058005155 <= VALUES
I20260710 13:23:09.904316 23106 data_dirs.cc:400] Could only allocate 1 dirs of requested 3 for tablet e360143019b6414aba3920436510a4de. 1 dirs total, 0 dirs full, 0 dirs failed
I20260710 13:23:09.908633 23051 tablet_service.cc:1917] Received RequestConsensusVote() RPC: tablet_id: "16349f3ee08a4cc7b414b2669ef9946d" candidate_uuid: "f4634267177641b49f4b441d8a5eb272" candidate_term: 1 candidate_status { last_received { term: 0 index: 0 } } ignore_live_leader: false dest_uuid: "87688929d9e84412b9754e3d56c9c474" is_pre_election: true
I20260710 13:23:09.882100 23166 consensus_queue.cc:260] T 30f8caa2acb549dabaa726f91e243051 P 87688929d9e84412b9754e3d56c9c474 [NON_LEADER]: Queue going to NON_LEADER mode. State: All replicated index: 0, Majority replicated index: 0, Committed index: 0, Last appended: 0.0, Last appended by leader: 0, Current term: 0, Majority size: -1, State: 0, Mode: NON_LEADER, active raft config: opid_index: -1 OBSOLETE_local: false peers { permanent_uuid: "a7f3b125786d4ec8bd71d35b455961af" member_type: VOTER last_known_addr { host: "127.21.89.129" port: 37183 } } peers { permanent_uuid: "87688929d9e84412b9754e3d56c9c474" member_type: VOTER last_known_addr { host: "127.21.89.130" port: 41751 } } peers { permanent_uuid: "f4634267177641b49f4b441d8a5eb272" member_type: VOTER last_known_addr { host: "127.21.89.131" port: 37133 } }
I20260710 13:23:09.913854 23166 ts_tablet_manager.cc:1434] T 30f8caa2acb549dabaa726f91e243051 P 87688929d9e84412b9754e3d56c9c474: Time spent starting tablet: real 0.130s	user 0.000s	sys 0.008s
I20260710 13:23:09.918635 23166 tablet_bootstrap.cc:492] T b5fd6c343fee4f179c1b4483e3208f8c P 87688929d9e84412b9754e3d56c9c474: Bootstrap starting.
I20260710 13:23:09.919483 23171 raft_consensus.cc:493] T 2f62b0fea0144639a4f308ac26d5a97a P 87688929d9e84412b9754e3d56c9c474 [term 0 FOLLOWER]: Starting pre-election (no leader contacted us within the election timeout)
I20260710 13:23:09.919993 23171 raft_consensus.cc:515] T 2f62b0fea0144639a4f308ac26d5a97a P 87688929d9e84412b9754e3d56c9c474 [term 0 FOLLOWER]: Starting pre-election with config: opid_index: -1 OBSOLETE_local: false peers { permanent_uuid: "a7f3b125786d4ec8bd71d35b455961af" member_type: VOTER last_known_addr { host: "127.21.89.129" port: 37183 } } peers { permanent_uuid: "87688929d9e84412b9754e3d56c9c474" member_type: VOTER last_known_addr { host: "127.21.89.130" port: 41751 } } peers { permanent_uuid: "f4634267177641b49f4b441d8a5eb272" member_type: VOTER last_known_addr { host: "127.21.89.131" port: 37133 } }
W20260710 13:23:09.920740 23089 leader_election.cc:343] T 16349f3ee08a4cc7b414b2669ef9946d P f4634267177641b49f4b441d8a5eb272 [CANDIDATE]: Term 1 pre-election: Tablet error from VoteRequest() call to peer 87688929d9e84412b9754e3d56c9c474 (127.21.89.130:41751): Illegal state: must be running to vote when last-logged opid is not known
I20260710 13:23:09.921375 23089 leader_election.cc:304] T 16349f3ee08a4cc7b414b2669ef9946d P f4634267177641b49f4b441d8a5eb272 [CANDIDATE]: Term 1 pre-election: Election decided. Result: candidate lost. Election summary: received 3 responses out of 3 voters: 1 yes votes; 2 no votes. yes voters: f4634267177641b49f4b441d8a5eb272; no voters: 87688929d9e84412b9754e3d56c9c474, a7f3b125786d4ec8bd71d35b455961af
I20260710 13:23:09.922976 23172 raft_consensus.cc:493] T 30f8caa2acb549dabaa726f91e243051 P a7f3b125786d4ec8bd71d35b455961af [term 0 FOLLOWER]: Starting pre-election (no leader contacted us within the election timeout)
I20260710 13:23:09.923522 23173 raft_consensus.cc:2749] T 16349f3ee08a4cc7b414b2669ef9946d P f4634267177641b49f4b441d8a5eb272 [term 0 FOLLOWER]: Leader pre-election lost for term 1. Reason: could not achieve majority
I20260710 13:23:09.923915 23172 raft_consensus.cc:515] T 30f8caa2acb549dabaa726f91e243051 P a7f3b125786d4ec8bd71d35b455961af [term 0 FOLLOWER]: Starting pre-election with config: opid_index: -1 OBSOLETE_local: false peers { permanent_uuid: "a7f3b125786d4ec8bd71d35b455961af" member_type: VOTER last_known_addr { host: "127.21.89.129" port: 37183 } } peers { permanent_uuid: "87688929d9e84412b9754e3d56c9c474" member_type: VOTER last_known_addr { host: "127.21.89.130" port: 41751 } } peers { permanent_uuid: "f4634267177641b49f4b441d8a5eb272" member_type: VOTER last_known_addr { host: "127.21.89.131" port: 37133 } }
I20260710 13:23:09.926366 23166 tablet_bootstrap.cc:654] T b5fd6c343fee4f179c1b4483e3208f8c P 87688929d9e84412b9754e3d56c9c474: Neither blocks nor log segments found. Creating new log.
I20260710 13:23:09.940521 23165 raft_consensus.cc:359] T 2b2e1b1d6af54950bd0441523aeb0d59 P f4634267177641b49f4b441d8a5eb272 [term 0 FOLLOWER]: Replica starting. Triggering 0 pending ops. Active config: opid_index: -1 OBSOLETE_local: false peers { permanent_uuid: "87688929d9e84412b9754e3d56c9c474" member_type: VOTER last_known_addr { host: "127.21.89.130" port: 41751 } } peers { permanent_uuid: "f4634267177641b49f4b441d8a5eb272" member_type: VOTER last_known_addr { host: "127.21.89.131" port: 37133 } } peers { permanent_uuid: "a7f3b125786d4ec8bd71d35b455961af" member_type: VOTER last_known_addr { host: "127.21.89.129" port: 37183 } }
I20260710 13:23:09.942309 23165 raft_consensus.cc:385] T 2b2e1b1d6af54950bd0441523aeb0d59 P f4634267177641b49f4b441d8a5eb272 [term 0 FOLLOWER]: Consensus starting up: Expiring failure detector timer to make a prompt election more likely
I20260710 13:23:09.942678 23165 raft_consensus.cc:740] T 2b2e1b1d6af54950bd0441523aeb0d59 P f4634267177641b49f4b441d8a5eb272 [term 0 FOLLOWER]: Becoming Follower/Learner. State: Replica: f4634267177641b49f4b441d8a5eb272, State: Initialized, Role: FOLLOWER
I20260710 13:23:09.936671 23171 leader_election.cc:290] T 2f62b0fea0144639a4f308ac26d5a97a P 87688929d9e84412b9754e3d56c9c474 [CANDIDATE]: Term 1 pre-election: Requested pre-vote from peers a7f3b125786d4ec8bd71d35b455961af (127.21.89.129:37183), f4634267177641b49f4b441d8a5eb272 (127.21.89.131:37133)
I20260710 13:23:09.943640 23165 consensus_queue.cc:260] T 2b2e1b1d6af54950bd0441523aeb0d59 P f4634267177641b49f4b441d8a5eb272 [NON_LEADER]: Queue going to NON_LEADER mode. State: All replicated index: 0, Majority replicated index: 0, Committed index: 0, Last appended: 0.0, Last appended by leader: 0, Current term: 0, Majority size: -1, State: 0, Mode: NON_LEADER, active raft config: opid_index: -1 OBSOLETE_local: false peers { permanent_uuid: "87688929d9e84412b9754e3d56c9c474" member_type: VOTER last_known_addr { host: "127.21.89.130" port: 41751 } } peers { permanent_uuid: "f4634267177641b49f4b441d8a5eb272" member_type: VOTER last_known_addr { host: "127.21.89.131" port: 37133 } } peers { permanent_uuid: "a7f3b125786d4ec8bd71d35b455961af" member_type: VOTER last_known_addr { host: "127.21.89.129" port: 37183 } }
I20260710 13:23:09.937098 23172 leader_election.cc:290] T 30f8caa2acb549dabaa726f91e243051 P a7f3b125786d4ec8bd71d35b455961af [CANDIDATE]: Term 1 pre-election: Requested pre-vote from peers 87688929d9e84412b9754e3d56c9c474 (127.21.89.130:41751), f4634267177641b49f4b441d8a5eb272 (127.21.89.131:37133)
I20260710 13:23:09.972404 23165 ts_tablet_manager.cc:1434] T 2b2e1b1d6af54950bd0441523aeb0d59 P f4634267177641b49f4b441d8a5eb272: Time spent starting tablet: real 0.075s	user 0.008s	sys 0.000s
I20260710 13:23:09.973709 23165 tablet_bootstrap.cc:492] T 30f8caa2acb549dabaa726f91e243051 P f4634267177641b49f4b441d8a5eb272: Bootstrap starting.
I20260710 13:23:09.984479 23167 tablet_bootstrap.cc:492] T 925ca5fc8fc7457a8b7cd59bd6e19207 P a7f3b125786d4ec8bd71d35b455961af: No bootstrap required, opened a new log
I20260710 13:23:09.985134 23167 ts_tablet_manager.cc:1403] T 925ca5fc8fc7457a8b7cd59bd6e19207 P a7f3b125786d4ec8bd71d35b455961af: Time spent bootstrapping tablet: real 0.222s	user 0.027s	sys 0.016s
I20260710 13:23:09.994318 23167 raft_consensus.cc:359] T 925ca5fc8fc7457a8b7cd59bd6e19207 P a7f3b125786d4ec8bd71d35b455961af [term 0 FOLLOWER]: Replica starting. Triggering 0 pending ops. Active config: opid_index: -1 OBSOLETE_local: false peers { permanent_uuid: "a7f3b125786d4ec8bd71d35b455961af" member_type: VOTER last_known_addr { host: "127.21.89.129" port: 37183 } } peers { permanent_uuid: "87688929d9e84412b9754e3d56c9c474" member_type: VOTER last_known_addr { host: "127.21.89.130" port: 41751 } } peers { permanent_uuid: "f4634267177641b49f4b441d8a5eb272" member_type: VOTER last_known_addr { host: "127.21.89.131" port: 37133 } }
I20260710 13:23:09.995187 23167 raft_consensus.cc:385] T 925ca5fc8fc7457a8b7cd59bd6e19207 P a7f3b125786d4ec8bd71d35b455961af [term 0 FOLLOWER]: Consensus starting up: Expiring failure detector timer to make a prompt election more likely
I20260710 13:23:09.995525 23167 raft_consensus.cc:740] T 925ca5fc8fc7457a8b7cd59bd6e19207 P a7f3b125786d4ec8bd71d35b455961af [term 0 FOLLOWER]: Becoming Follower/Learner. State: Replica: a7f3b125786d4ec8bd71d35b455961af, State: Initialized, Role: FOLLOWER
I20260710 13:23:09.999017 23166 tablet_bootstrap.cc:492] T b5fd6c343fee4f179c1b4483e3208f8c P 87688929d9e84412b9754e3d56c9c474: No bootstrap required, opened a new log
I20260710 13:23:09.999534 23166 ts_tablet_manager.cc:1403] T b5fd6c343fee4f179c1b4483e3208f8c P 87688929d9e84412b9754e3d56c9c474: Time spent bootstrapping tablet: real 0.081s	user 0.008s	sys 0.020s
I20260710 13:23:10.001832 23167 consensus_queue.cc:260] T 925ca5fc8fc7457a8b7cd59bd6e19207 P a7f3b125786d4ec8bd71d35b455961af [NON_LEADER]: Queue going to NON_LEADER mode. State: All replicated index: 0, Majority replicated index: 0, Committed index: 0, Last appended: 0.0, Last appended by leader: 0, Current term: 0, Majority size: -1, State: 0, Mode: NON_LEADER, active raft config: opid_index: -1 OBSOLETE_local: false peers { permanent_uuid: "a7f3b125786d4ec8bd71d35b455961af" member_type: VOTER last_known_addr { host: "127.21.89.129" port: 37183 } } peers { permanent_uuid: "87688929d9e84412b9754e3d56c9c474" member_type: VOTER last_known_addr { host: "127.21.89.130" port: 41751 } } peers { permanent_uuid: "f4634267177641b49f4b441d8a5eb272" member_type: VOTER last_known_addr { host: "127.21.89.131" port: 37133 } }
I20260710 13:23:10.002492 23166 raft_consensus.cc:359] T b5fd6c343fee4f179c1b4483e3208f8c P 87688929d9e84412b9754e3d56c9c474 [term 0 FOLLOWER]: Replica starting. Triggering 0 pending ops. Active config: opid_index: -1 OBSOLETE_local: false peers { permanent_uuid: "a7f3b125786d4ec8bd71d35b455961af" member_type: VOTER last_known_addr { host: "127.21.89.129" port: 37183 } } peers { permanent_uuid: "87688929d9e84412b9754e3d56c9c474" member_type: VOTER last_known_addr { host: "127.21.89.130" port: 41751 } } peers { permanent_uuid: "f4634267177641b49f4b441d8a5eb272" member_type: VOTER last_known_addr { host: "127.21.89.131" port: 37133 } }
I20260710 13:23:10.003223 23166 raft_consensus.cc:385] T b5fd6c343fee4f179c1b4483e3208f8c P 87688929d9e84412b9754e3d56c9c474 [term 0 FOLLOWER]: Consensus starting up: Expiring failure detector timer to make a prompt election more likely
I20260710 13:23:10.003533 23166 raft_consensus.cc:740] T b5fd6c343fee4f179c1b4483e3208f8c P 87688929d9e84412b9754e3d56c9c474 [term 0 FOLLOWER]: Becoming Follower/Learner. State: Replica: 87688929d9e84412b9754e3d56c9c474, State: Initialized, Role: FOLLOWER
I20260710 13:23:10.007308 23167 ts_tablet_manager.cc:1434] T 925ca5fc8fc7457a8b7cd59bd6e19207 P a7f3b125786d4ec8bd71d35b455961af: Time spent starting tablet: real 0.022s	user 0.004s	sys 0.003s
I20260710 13:23:10.008534 23167 tablet_bootstrap.cc:492] T 7396814bc2e14b199b89693c29fe1694 P a7f3b125786d4ec8bd71d35b455961af: Bootstrap starting.
I20260710 13:23:10.008581 22976 tablet_service.cc:1917] Received RequestConsensusVote() RPC: tablet_id: "2f62b0fea0144639a4f308ac26d5a97a" candidate_uuid: "87688929d9e84412b9754e3d56c9c474" candidate_term: 1 candidate_status { last_received { term: 0 index: 0 } } ignore_live_leader: false dest_uuid: "a7f3b125786d4ec8bd71d35b455961af" is_pre_election: true
W20260710 13:23:10.010099 23016 leader_election.cc:343] T 2f62b0fea0144639a4f308ac26d5a97a P 87688929d9e84412b9754e3d56c9c474 [CANDIDATE]: Term 1 pre-election: Tablet error from VoteRequest() call to peer a7f3b125786d4ec8bd71d35b455961af (127.21.89.129:37183): Illegal state: must be running to vote when last-logged opid is not known
I20260710 13:23:10.010576 23166 consensus_queue.cc:260] T b5fd6c343fee4f179c1b4483e3208f8c P 87688929d9e84412b9754e3d56c9c474 [NON_LEADER]: Queue going to NON_LEADER mode. State: All replicated index: 0, Majority replicated index: 0, Committed index: 0, Last appended: 0.0, Last appended by leader: 0, Current term: 0, Majority size: -1, State: 0, Mode: NON_LEADER, active raft config: opid_index: -1 OBSOLETE_local: false peers { permanent_uuid: "a7f3b125786d4ec8bd71d35b455961af" member_type: VOTER last_known_addr { host: "127.21.89.129" port: 37183 } } peers { permanent_uuid: "87688929d9e84412b9754e3d56c9c474" member_type: VOTER last_known_addr { host: "127.21.89.130" port: 41751 } } peers { permanent_uuid: "f4634267177641b49f4b441d8a5eb272" member_type: VOTER last_known_addr { host: "127.21.89.131" port: 37133 } }
I20260710 13:23:10.014940 23165 tablet_bootstrap.cc:654] T 30f8caa2acb549dabaa726f91e243051 P f4634267177641b49f4b441d8a5eb272: Neither blocks nor log segments found. Creating new log.
I20260710 13:23:10.015858 23167 tablet_bootstrap.cc:654] T 7396814bc2e14b199b89693c29fe1694 P a7f3b125786d4ec8bd71d35b455961af: Neither blocks nor log segments found. Creating new log.
I20260710 13:23:10.016852 23166 ts_tablet_manager.cc:1434] T b5fd6c343fee4f179c1b4483e3208f8c P 87688929d9e84412b9754e3d56c9c474: Time spent starting tablet: real 0.017s	user 0.006s	sys 0.003s
I20260710 13:23:10.019452 23166 tablet_bootstrap.cc:492] T e13afff42e244073b6380e87f727046b P 87688929d9e84412b9754e3d56c9c474: Bootstrap starting.
I20260710 13:23:10.030891 23166 tablet_bootstrap.cc:654] T e13afff42e244073b6380e87f727046b P 87688929d9e84412b9754e3d56c9c474: Neither blocks nor log segments found. Creating new log.
I20260710 13:23:10.035835 23051 tablet_service.cc:1917] Received RequestConsensusVote() RPC: tablet_id: "30f8caa2acb549dabaa726f91e243051" candidate_uuid: "a7f3b125786d4ec8bd71d35b455961af" candidate_term: 1 candidate_status { last_received { term: 0 index: 0 } } ignore_live_leader: false dest_uuid: "87688929d9e84412b9754e3d56c9c474" is_pre_election: true
I20260710 13:23:10.040033 23125 tablet_service.cc:1917] Received RequestConsensusVote() RPC: tablet_id: "30f8caa2acb549dabaa726f91e243051" candidate_uuid: "a7f3b125786d4ec8bd71d35b455961af" candidate_term: 1 candidate_status { last_received { term: 0 index: 0 } } ignore_live_leader: false dest_uuid: "f4634267177641b49f4b441d8a5eb272" is_pre_election: true
I20260710 13:23:10.040033 23051 raft_consensus.cc:2468] T 30f8caa2acb549dabaa726f91e243051 P 87688929d9e84412b9754e3d56c9c474 [term 0 FOLLOWER]: Leader pre-election vote request: Granting yes vote for candidate a7f3b125786d4ec8bd71d35b455961af in term 0.
I20260710 13:23:10.038940 23165 tablet_bootstrap.cc:492] T 30f8caa2acb549dabaa726f91e243051 P f4634267177641b49f4b441d8a5eb272: No bootstrap required, opened a new log
I20260710 13:23:10.041905 23125 tablet_service.cc:1917] Received RequestConsensusVote() RPC: tablet_id: "2f62b0fea0144639a4f308ac26d5a97a" candidate_uuid: "87688929d9e84412b9754e3d56c9c474" candidate_term: 1 candidate_status { last_received { term: 0 index: 0 } } ignore_live_leader: false dest_uuid: "f4634267177641b49f4b441d8a5eb272" is_pre_election: true
I20260710 13:23:10.042435 23165 ts_tablet_manager.cc:1403] T 30f8caa2acb549dabaa726f91e243051 P f4634267177641b49f4b441d8a5eb272: Time spent bootstrapping tablet: real 0.069s	user 0.019s	sys 0.008s
I20260710 13:23:10.041939 22940 leader_election.cc:304] T 30f8caa2acb549dabaa726f91e243051 P a7f3b125786d4ec8bd71d35b455961af [CANDIDATE]: Term 1 pre-election: Election decided. Result: candidate won. Election summary: received 2 responses out of 3 voters: 2 yes votes; 0 no votes. yes voters: 87688929d9e84412b9754e3d56c9c474, a7f3b125786d4ec8bd71d35b455961af; no voters: 
W20260710 13:23:10.043385 23014 leader_election.cc:343] T 2f62b0fea0144639a4f308ac26d5a97a P 87688929d9e84412b9754e3d56c9c474 [CANDIDATE]: Term 1 pre-election: Tablet error from VoteRequest() call to peer f4634267177641b49f4b441d8a5eb272 (127.21.89.131:37133): Illegal state: must be running to vote when last-logged opid is not known
I20260710 13:23:10.043710 23167 tablet_bootstrap.cc:492] T 7396814bc2e14b199b89693c29fe1694 P a7f3b125786d4ec8bd71d35b455961af: No bootstrap required, opened a new log
I20260710 13:23:10.043744 23172 raft_consensus.cc:2804] T 30f8caa2acb549dabaa726f91e243051 P a7f3b125786d4ec8bd71d35b455961af [term 0 FOLLOWER]: Leader pre-election won for term 1
W20260710 13:23:10.043984 22939 leader_election.cc:343] T 30f8caa2acb549dabaa726f91e243051 P a7f3b125786d4ec8bd71d35b455961af [CANDIDATE]: Term 1 pre-election: Tablet error from VoteRequest() call to peer f4634267177641b49f4b441d8a5eb272 (127.21.89.131:37133): Illegal state: must be running to vote when last-logged opid is not known
I20260710 13:23:10.044348 23172 raft_consensus.cc:493] T 30f8caa2acb549dabaa726f91e243051 P a7f3b125786d4ec8bd71d35b455961af [term 0 FOLLOWER]: Starting leader election (no leader contacted us within the election timeout)
I20260710 13:23:10.044404 23167 ts_tablet_manager.cc:1403] T 7396814bc2e14b199b89693c29fe1694 P a7f3b125786d4ec8bd71d35b455961af: Time spent bootstrapping tablet: real 0.036s	user 0.024s	sys 0.004s
I20260710 13:23:10.044845 23172 raft_consensus.cc:3060] T 30f8caa2acb549dabaa726f91e243051 P a7f3b125786d4ec8bd71d35b455961af [term 0 FOLLOWER]: Advancing to term 1
I20260710 13:23:10.043821 23014 leader_election.cc:304] T 2f62b0fea0144639a4f308ac26d5a97a P 87688929d9e84412b9754e3d56c9c474 [CANDIDATE]: Term 1 pre-election: Election decided. Result: candidate lost. Election summary: received 3 responses out of 3 voters: 1 yes votes; 2 no votes. yes voters: 87688929d9e84412b9754e3d56c9c474; no voters: a7f3b125786d4ec8bd71d35b455961af, f4634267177641b49f4b441d8a5eb272
I20260710 13:23:10.045964 23165 raft_consensus.cc:359] T 30f8caa2acb549dabaa726f91e243051 P f4634267177641b49f4b441d8a5eb272 [term 0 FOLLOWER]: Replica starting. Triggering 0 pending ops. Active config: opid_index: -1 OBSOLETE_local: false peers { permanent_uuid: "a7f3b125786d4ec8bd71d35b455961af" member_type: VOTER last_known_addr { host: "127.21.89.129" port: 37183 } } peers { permanent_uuid: "87688929d9e84412b9754e3d56c9c474" member_type: VOTER last_known_addr { host: "127.21.89.130" port: 41751 } } peers { permanent_uuid: "f4634267177641b49f4b441d8a5eb272" member_type: VOTER last_known_addr { host: "127.21.89.131" port: 37133 } }
I20260710 13:23:10.046465 23171 raft_consensus.cc:2749] T 2f62b0fea0144639a4f308ac26d5a97a P 87688929d9e84412b9754e3d56c9c474 [term 0 FOLLOWER]: Leader pre-election lost for term 1. Reason: could not achieve majority
I20260710 13:23:10.046772 23165 raft_consensus.cc:385] T 30f8caa2acb549dabaa726f91e243051 P f4634267177641b49f4b441d8a5eb272 [term 0 FOLLOWER]: Consensus starting up: Expiring failure detector timer to make a prompt election more likely
I20260710 13:23:10.047106 23165 raft_consensus.cc:740] T 30f8caa2acb549dabaa726f91e243051 P f4634267177641b49f4b441d8a5eb272 [term 0 FOLLOWER]: Becoming Follower/Learner. State: Replica: f4634267177641b49f4b441d8a5eb272, State: Initialized, Role: FOLLOWER
I20260710 13:23:10.047648 23167 raft_consensus.cc:359] T 7396814bc2e14b199b89693c29fe1694 P a7f3b125786d4ec8bd71d35b455961af [term 0 FOLLOWER]: Replica starting. Triggering 0 pending ops. Active config: opid_index: -1 OBSOLETE_local: false peers { permanent_uuid: "a7f3b125786d4ec8bd71d35b455961af" member_type: VOTER last_known_addr { host: "127.21.89.129" port: 37183 } } peers { permanent_uuid: "87688929d9e84412b9754e3d56c9c474" member_type: VOTER last_known_addr { host: "127.21.89.130" port: 41751 } } peers { permanent_uuid: "f4634267177641b49f4b441d8a5eb272" member_type: VOTER last_known_addr { host: "127.21.89.131" port: 37133 } }
I20260710 13:23:10.048018 23165 consensus_queue.cc:260] T 30f8caa2acb549dabaa726f91e243051 P f4634267177641b49f4b441d8a5eb272 [NON_LEADER]: Queue going to NON_LEADER mode. State: All replicated index: 0, Majority replicated index: 0, Committed index: 0, Last appended: 0.0, Last appended by leader: 0, Current term: 0, Majority size: -1, State: 0, Mode: NON_LEADER, active raft config: opid_index: -1 OBSOLETE_local: false peers { permanent_uuid: "a7f3b125786d4ec8bd71d35b455961af" member_type: VOTER last_known_addr { host: "127.21.89.129" port: 37183 } } peers { permanent_uuid: "87688929d9e84412b9754e3d56c9c474" member_type: VOTER last_known_addr { host: "127.21.89.130" port: 41751 } } peers { permanent_uuid: "f4634267177641b49f4b441d8a5eb272" member_type: VOTER last_known_addr { host: "127.21.89.131" port: 37133 } }
I20260710 13:23:10.048506 23167 raft_consensus.cc:385] T 7396814bc2e14b199b89693c29fe1694 P a7f3b125786d4ec8bd71d35b455961af [term 0 FOLLOWER]: Consensus starting up: Expiring failure detector timer to make a prompt election more likely
I20260710 13:23:10.049075 23167 raft_consensus.cc:740] T 7396814bc2e14b199b89693c29fe1694 P a7f3b125786d4ec8bd71d35b455961af [term 0 FOLLOWER]: Becoming Follower/Learner. State: Replica: a7f3b125786d4ec8bd71d35b455961af, State: Initialized, Role: FOLLOWER
I20260710 13:23:10.050532 23165 ts_tablet_manager.cc:1434] T 30f8caa2acb549dabaa726f91e243051 P f4634267177641b49f4b441d8a5eb272: Time spent starting tablet: real 0.008s	user 0.003s	sys 0.003s
I20260710 13:23:10.050037 23167 consensus_queue.cc:260] T 7396814bc2e14b199b89693c29fe1694 P a7f3b125786d4ec8bd71d35b455961af [NON_LEADER]: Queue going to NON_LEADER mode. State: All replicated index: 0, Majority replicated index: 0, Committed index: 0, Last appended: 0.0, Last appended by leader: 0, Current term: 0, Majority size: -1, State: 0, Mode: NON_LEADER, active raft config: opid_index: -1 OBSOLETE_local: false peers { permanent_uuid: "a7f3b125786d4ec8bd71d35b455961af" member_type: VOTER last_known_addr { host: "127.21.89.129" port: 37183 } } peers { permanent_uuid: "87688929d9e84412b9754e3d56c9c474" member_type: VOTER last_known_addr { host: "127.21.89.130" port: 41751 } } peers { permanent_uuid: "f4634267177641b49f4b441d8a5eb272" member_type: VOTER last_known_addr { host: "127.21.89.131" port: 37133 } }
I20260710 13:23:10.052238 23172 raft_consensus.cc:515] T 30f8caa2acb549dabaa726f91e243051 P a7f3b125786d4ec8bd71d35b455961af [term 1 FOLLOWER]: Starting leader election with config: opid_index: -1 OBSOLETE_local: false peers { permanent_uuid: "a7f3b125786d4ec8bd71d35b455961af" member_type: VOTER last_known_addr { host: "127.21.89.129" port: 37183 } } peers { permanent_uuid: "87688929d9e84412b9754e3d56c9c474" member_type: VOTER last_known_addr { host: "127.21.89.130" port: 41751 } } peers { permanent_uuid: "f4634267177641b49f4b441d8a5eb272" member_type: VOTER last_known_addr { host: "127.21.89.131" port: 37133 } }
I20260710 13:23:10.054239 23165 tablet_bootstrap.cc:492] T e13afff42e244073b6380e87f727046b P f4634267177641b49f4b441d8a5eb272: Bootstrap starting.
I20260710 13:23:10.056010 23051 tablet_service.cc:1917] Received RequestConsensusVote() RPC: tablet_id: "30f8caa2acb549dabaa726f91e243051" candidate_uuid: "a7f3b125786d4ec8bd71d35b455961af" candidate_term: 1 candidate_status { last_received { term: 0 index: 0 } } ignore_live_leader: false dest_uuid: "87688929d9e84412b9754e3d56c9c474"
I20260710 13:23:10.056612 23051 raft_consensus.cc:3060] T 30f8caa2acb549dabaa726f91e243051 P 87688929d9e84412b9754e3d56c9c474 [term 0 FOLLOWER]: Advancing to term 1
I20260710 13:23:10.059046 23166 tablet_bootstrap.cc:492] T e13afff42e244073b6380e87f727046b P 87688929d9e84412b9754e3d56c9c474: No bootstrap required, opened a new log
I20260710 13:23:10.059576 23166 ts_tablet_manager.cc:1403] T e13afff42e244073b6380e87f727046b P 87688929d9e84412b9754e3d56c9c474: Time spent bootstrapping tablet: real 0.040s	user 0.005s	sys 0.011s
I20260710 13:23:10.063704 23051 raft_consensus.cc:2468] T 30f8caa2acb549dabaa726f91e243051 P 87688929d9e84412b9754e3d56c9c474 [term 1 FOLLOWER]: Leader election vote request: Granting yes vote for candidate a7f3b125786d4ec8bd71d35b455961af in term 1.
