I20260710 13:23:10.597119 23165 tablet_bootstrap.cc:492] T b7a98815978c47bc8c4949e2e9b4ca3d P f4634267177641b49f4b441d8a5eb272: No bootstrap required, opened a new log
I20260710 13:23:10.604789 23230 consensus_queue.cc:1048] T e13afff42e244073b6380e87f727046b P 87688929d9e84412b9754e3d56c9c474 [LEADER]: Connected to new peer: Peer: permanent_uuid: "a7f3b125786d4ec8bd71d35b455961af" member_type: VOTER last_known_addr { host: "127.21.89.129" port: 37183 }, Status: LMP_MISMATCH, Last received: 0.0, Next index: 1, Last known committed idx: 0, Time since last communication: 0.001s
I20260710 13:23:10.612282 23171 raft_consensus.cc:2804] T 3995cdca8d19402382cb70bfc6cfce70 P 87688929d9e84412b9754e3d56c9c474 [term 1 FOLLOWER]: Leader election won for term 1
I20260710 13:23:10.612905 23171 raft_consensus.cc:697] T 3995cdca8d19402382cb70bfc6cfce70 P 87688929d9e84412b9754e3d56c9c474 [term 1 LEADER]: Becoming Leader. State: Replica: 87688929d9e84412b9754e3d56c9c474, State: Running, Role: LEADER
I20260710 13:23:10.612210 23172 consensus_queue.cc:1048] T 30f8caa2acb549dabaa726f91e243051 P a7f3b125786d4ec8bd71d35b455961af [LEADER]: Connected to new peer: Peer: permanent_uuid: "f4634267177641b49f4b441d8a5eb272" member_type: VOTER last_known_addr { host: "127.21.89.131" port: 37133 }, Status: LMP_MISMATCH, Last received: 0.0, Next index: 1, Last known committed idx: 0, Time since last communication: 0.001s
I20260710 13:23:10.613286 23167 raft_consensus.cc:359] T 77d92e19a6b74f908a42aa35676179cf P a7f3b125786d4ec8bd71d35b455961af [term 0 FOLLOWER]: Replica starting. Triggering 0 pending ops. Active config: opid_index: -1 OBSOLETE_local: false peers { permanent_uuid: "a7f3b125786d4ec8bd71d35b455961af" member_type: VOTER last_known_addr { host: "127.21.89.129" port: 37183 } } peers { permanent_uuid: "87688929d9e84412b9754e3d56c9c474" member_type: VOTER last_known_addr { host: "127.21.89.130" port: 41751 } } peers { permanent_uuid: "f4634267177641b49f4b441d8a5eb272" member_type: VOTER last_known_addr { host: "127.21.89.131" port: 37133 } }
I20260710 13:23:10.613998 23167 raft_consensus.cc:385] T 77d92e19a6b74f908a42aa35676179cf P a7f3b125786d4ec8bd71d35b455961af [term 0 FOLLOWER]: Consensus starting up: Expiring failure detector timer to make a prompt election more likely
I20260710 13:23:10.613714 23171 consensus_queue.cc:237] T 3995cdca8d19402382cb70bfc6cfce70 P 87688929d9e84412b9754e3d56c9c474 [LEADER]: Queue going to LEADER mode. State: All replicated index: 0, Majority replicated index: 0, Committed index: 0, Last appended: 0.0, Last appended by leader: 0, Current term: 1, Majority size: 2, State: 0, Mode: LEADER, active raft config: opid_index: -1 OBSOLETE_local: false peers { permanent_uuid: "a7f3b125786d4ec8bd71d35b455961af" member_type: VOTER last_known_addr { host: "127.21.89.129" port: 37183 } } peers { permanent_uuid: "87688929d9e84412b9754e3d56c9c474" member_type: VOTER last_known_addr { host: "127.21.89.130" port: 41751 } } peers { permanent_uuid: "f4634267177641b49f4b441d8a5eb272" member_type: VOTER last_known_addr { host: "127.21.89.131" port: 37133 } }
I20260710 13:23:10.614249 23165 ts_tablet_manager.cc:1403] T b7a98815978c47bc8c4949e2e9b4ca3d P f4634267177641b49f4b441d8a5eb272: Time spent bootstrapping tablet: real 0.036s	user 0.011s	sys 0.008s
I20260710 13:23:10.614305 23167 raft_consensus.cc:740] T 77d92e19a6b74f908a42aa35676179cf P a7f3b125786d4ec8bd71d35b455961af [term 0 FOLLOWER]: Becoming Follower/Learner. State: Replica: a7f3b125786d4ec8bd71d35b455961af, State: Initialized, Role: FOLLOWER
I20260710 13:23:10.608878 23125 raft_consensus.cc:2468] T a40f4b5fbef542748a9ad921335e8d8a P f4634267177641b49f4b441d8a5eb272 [term 1 FOLLOWER]: Leader election vote request: Granting yes vote for candidate 87688929d9e84412b9754e3d56c9c474 in term 1.
I20260710 13:23:10.615192 23167 consensus_queue.cc:260] T 77d92e19a6b74f908a42aa35676179cf P a7f3b125786d4ec8bd71d35b455961af [NON_LEADER]: Queue going to NON_LEADER mode. State: All replicated index: 0, Majority replicated index: 0, Committed index: 0, Last appended: 0.0, Last appended by leader: 0, Current term: 0, Majority size: -1, State: 0, Mode: NON_LEADER, active raft config: opid_index: -1 OBSOLETE_local: false peers { permanent_uuid: "a7f3b125786d4ec8bd71d35b455961af" member_type: VOTER last_known_addr { host: "127.21.89.129" port: 37183 } } peers { permanent_uuid: "87688929d9e84412b9754e3d56c9c474" member_type: VOTER last_known_addr { host: "127.21.89.130" port: 41751 } } peers { permanent_uuid: "f4634267177641b49f4b441d8a5eb272" member_type: VOTER last_known_addr { host: "127.21.89.131" port: 37133 } }
I20260710 13:23:10.616772 23014 leader_election.cc:304] T a40f4b5fbef542748a9ad921335e8d8a P 87688929d9e84412b9754e3d56c9c474 [CANDIDATE]: Term 1 election: Election decided. Result: candidate won. Election summary: received 3 responses out of 3 voters: 2 yes votes; 1 no votes. yes voters: 87688929d9e84412b9754e3d56c9c474, f4634267177641b49f4b441d8a5eb272; no voters: a7f3b125786d4ec8bd71d35b455961af
I20260710 13:23:10.617769 23197 raft_consensus.cc:2804] T a40f4b5fbef542748a9ad921335e8d8a P 87688929d9e84412b9754e3d56c9c474 [term 1 FOLLOWER]: Leader election won for term 1
I20260710 13:23:10.618166 23167 ts_tablet_manager.cc:1434] T 77d92e19a6b74f908a42aa35676179cf P a7f3b125786d4ec8bd71d35b455961af: Time spent starting tablet: real 0.007s	user 0.003s	sys 0.003s
I20260710 13:23:10.618332 23197 raft_consensus.cc:697] T a40f4b5fbef542748a9ad921335e8d8a P 87688929d9e84412b9754e3d56c9c474 [term 1 LEADER]: Becoming Leader. State: Replica: 87688929d9e84412b9754e3d56c9c474, State: Running, Role: LEADER
I20260710 13:23:10.619145 23167 tablet_bootstrap.cc:492] T a40f4b5fbef542748a9ad921335e8d8a P a7f3b125786d4ec8bd71d35b455961af: Bootstrap starting.
I20260710 13:23:10.619396 23197 consensus_queue.cc:237] T a40f4b5fbef542748a9ad921335e8d8a P 87688929d9e84412b9754e3d56c9c474 [LEADER]: Queue going to LEADER mode. State: All replicated index: 0, Majority replicated index: 0, Committed index: 0, Last appended: 0.0, Last appended by leader: 0, Current term: 1, Majority size: 2, State: 0, Mode: LEADER, active raft config: opid_index: -1 OBSOLETE_local: false peers { permanent_uuid: "a7f3b125786d4ec8bd71d35b455961af" member_type: VOTER last_known_addr { host: "127.21.89.129" port: 37183 } } peers { permanent_uuid: "87688929d9e84412b9754e3d56c9c474" member_type: VOTER last_known_addr { host: "127.21.89.130" port: 41751 } } peers { permanent_uuid: "f4634267177641b49f4b441d8a5eb272" member_type: VOTER last_known_addr { host: "127.21.89.131" port: 37133 } }
I20260710 13:23:10.622851 23165 raft_consensus.cc:359] T b7a98815978c47bc8c4949e2e9b4ca3d P f4634267177641b49f4b441d8a5eb272 [term 0 FOLLOWER]: Replica starting. Triggering 0 pending ops. Active config: opid_index: -1 OBSOLETE_local: false peers { permanent_uuid: "a7f3b125786d4ec8bd71d35b455961af" member_type: VOTER last_known_addr { host: "127.21.89.129" port: 37183 } } peers { permanent_uuid: "87688929d9e84412b9754e3d56c9c474" member_type: VOTER last_known_addr { host: "127.21.89.130" port: 41751 } } peers { permanent_uuid: "f4634267177641b49f4b441d8a5eb272" member_type: VOTER last_known_addr { host: "127.21.89.131" port: 37133 } }
I20260710 13:23:10.624577 23165 raft_consensus.cc:385] T b7a98815978c47bc8c4949e2e9b4ca3d P f4634267177641b49f4b441d8a5eb272 [term 0 FOLLOWER]: Consensus starting up: Expiring failure detector timer to make a prompt election more likely
I20260710 13:23:10.624955 23165 raft_consensus.cc:740] T b7a98815978c47bc8c4949e2e9b4ca3d P f4634267177641b49f4b441d8a5eb272 [term 0 FOLLOWER]: Becoming Follower/Learner. State: Replica: f4634267177641b49f4b441d8a5eb272, State: Initialized, Role: FOLLOWER
I20260710 13:23:10.625990 23165 consensus_queue.cc:260] T b7a98815978c47bc8c4949e2e9b4ca3d P f4634267177641b49f4b441d8a5eb272 [NON_LEADER]: Queue going to NON_LEADER mode. State: All replicated index: 0, Majority replicated index: 0, Committed index: 0, Last appended: 0.0, Last appended by leader: 0, Current term: 0, Majority size: -1, State: 0, Mode: NON_LEADER, active raft config: opid_index: -1 OBSOLETE_local: false peers { permanent_uuid: "a7f3b125786d4ec8bd71d35b455961af" member_type: VOTER last_known_addr { host: "127.21.89.129" port: 37183 } } peers { permanent_uuid: "87688929d9e84412b9754e3d56c9c474" member_type: VOTER last_known_addr { host: "127.21.89.130" port: 41751 } } peers { permanent_uuid: "f4634267177641b49f4b441d8a5eb272" member_type: VOTER last_known_addr { host: "127.21.89.131" port: 37133 } }
I20260710 13:23:10.627092 23166 tablet_bootstrap.cc:492] T 341a4bb3fab4419487b272d7895f4084 P 87688929d9e84412b9754e3d56c9c474: No bootstrap required, opened a new log
I20260710 13:23:10.627743 23167 tablet_bootstrap.cc:654] T a40f4b5fbef542748a9ad921335e8d8a P a7f3b125786d4ec8bd71d35b455961af: Neither blocks nor log segments found. Creating new log.
I20260710 13:23:10.609346 22976 raft_consensus.cc:2468] T 3995cdca8d19402382cb70bfc6cfce70 P a7f3b125786d4ec8bd71d35b455961af [term 1 FOLLOWER]: Leader election vote request: Granting yes vote for candidate 87688929d9e84412b9754e3d56c9c474 in term 1.
I20260710 13:23:10.630286 23165 ts_tablet_manager.cc:1434] T b7a98815978c47bc8c4949e2e9b4ca3d P f4634267177641b49f4b441d8a5eb272: Time spent starting tablet: real 0.016s	user 0.006s	sys 0.000s
I20260710 13:23:10.631188 23166 ts_tablet_manager.cc:1403] T 341a4bb3fab4419487b272d7895f4084 P 87688929d9e84412b9754e3d56c9c474: Time spent bootstrapping tablet: real 0.072s	user 0.014s	sys 0.035s
I20260710 13:23:10.631501 23165 tablet_bootstrap.cc:492] T 2f62b0fea0144639a4f308ac26d5a97a P f4634267177641b49f4b441d8a5eb272: Bootstrap starting.
I20260710 13:23:10.652937 23166 raft_consensus.cc:359] T 341a4bb3fab4419487b272d7895f4084 P 87688929d9e84412b9754e3d56c9c474 [term 0 FOLLOWER]: Replica starting. Triggering 0 pending ops. Active config: opid_index: -1 OBSOLETE_local: false peers { permanent_uuid: "a7f3b125786d4ec8bd71d35b455961af" member_type: VOTER last_known_addr { host: "127.21.89.129" port: 37183 } } peers { permanent_uuid: "87688929d9e84412b9754e3d56c9c474" member_type: VOTER last_known_addr { host: "127.21.89.130" port: 41751 } } peers { permanent_uuid: "f4634267177641b49f4b441d8a5eb272" member_type: VOTER last_known_addr { host: "127.21.89.131" port: 37133 } }
I20260710 13:23:10.654013 23166 raft_consensus.cc:385] T 341a4bb3fab4419487b272d7895f4084 P 87688929d9e84412b9754e3d56c9c474 [term 0 FOLLOWER]: Consensus starting up: Expiring failure detector timer to make a prompt election more likely
I20260710 13:23:10.654412 23166 raft_consensus.cc:740] T 341a4bb3fab4419487b272d7895f4084 P 87688929d9e84412b9754e3d56c9c474 [term 0 FOLLOWER]: Becoming Follower/Learner. State: Replica: 87688929d9e84412b9754e3d56c9c474, State: Initialized, Role: FOLLOWER
I20260710 13:23:10.659356 23172 raft_consensus.cc:493] T 77d92e19a6b74f908a42aa35676179cf P a7f3b125786d4ec8bd71d35b455961af [term 0 FOLLOWER]: Starting pre-election (no leader contacted us within the election timeout)
I20260710 13:23:10.660596 23172 raft_consensus.cc:515] T 77d92e19a6b74f908a42aa35676179cf P a7f3b125786d4ec8bd71d35b455961af [term 0 FOLLOWER]: Starting pre-election with config: opid_index: -1 OBSOLETE_local: false peers { permanent_uuid: "a7f3b125786d4ec8bd71d35b455961af" member_type: VOTER last_known_addr { host: "127.21.89.129" port: 37183 } } peers { permanent_uuid: "87688929d9e84412b9754e3d56c9c474" member_type: VOTER last_known_addr { host: "127.21.89.130" port: 41751 } } peers { permanent_uuid: "f4634267177641b49f4b441d8a5eb272" member_type: VOTER last_known_addr { host: "127.21.89.131" port: 37133 } }
I20260710 13:23:10.655478 23166 consensus_queue.cc:260] T 341a4bb3fab4419487b272d7895f4084 P 87688929d9e84412b9754e3d56c9c474 [NON_LEADER]: Queue going to NON_LEADER mode. State: All replicated index: 0, Majority replicated index: 0, Committed index: 0, Last appended: 0.0, Last appended by leader: 0, Current term: 0, Majority size: -1, State: 0, Mode: NON_LEADER, active raft config: opid_index: -1 OBSOLETE_local: false peers { permanent_uuid: "a7f3b125786d4ec8bd71d35b455961af" member_type: VOTER last_known_addr { host: "127.21.89.129" port: 37183 } } peers { permanent_uuid: "87688929d9e84412b9754e3d56c9c474" member_type: VOTER last_known_addr { host: "127.21.89.130" port: 41751 } } peers { permanent_uuid: "f4634267177641b49f4b441d8a5eb272" member_type: VOTER last_known_addr { host: "127.21.89.131" port: 37133 } }
I20260710 13:23:10.667105 23166 ts_tablet_manager.cc:1434] T 341a4bb3fab4419487b272d7895f4084 P 87688929d9e84412b9754e3d56c9c474: Time spent starting tablet: real 0.036s	user 0.008s	sys 0.000s
I20260710 13:23:10.667229 23172 leader_election.cc:290] T 77d92e19a6b74f908a42aa35676179cf P a7f3b125786d4ec8bd71d35b455961af [CANDIDATE]: Term 1 pre-election: Requested pre-vote from peers 87688929d9e84412b9754e3d56c9c474 (127.21.89.130:41751), f4634267177641b49f4b441d8a5eb272 (127.21.89.131:37133)
I20260710 13:23:10.670873 23051 tablet_service.cc:1917] Received RequestConsensusVote() RPC: tablet_id: "77d92e19a6b74f908a42aa35676179cf" candidate_uuid: "a7f3b125786d4ec8bd71d35b455961af" candidate_term: 1 candidate_status { last_received { term: 0 index: 0 } } ignore_live_leader: false dest_uuid: "87688929d9e84412b9754e3d56c9c474" is_pre_election: true
I20260710 13:23:10.671725 23051 raft_consensus.cc:2468] T 77d92e19a6b74f908a42aa35676179cf P 87688929d9e84412b9754e3d56c9c474 [term 0 FOLLOWER]: Leader pre-election vote request: Granting yes vote for candidate a7f3b125786d4ec8bd71d35b455961af in term 0.
I20260710 13:23:10.665446 23173 raft_consensus.cc:493] T 78cfe265b29a4c3b9d2f0f7c5ed54fbb P f4634267177641b49f4b441d8a5eb272 [term 0 FOLLOWER]: Starting pre-election (no leader contacted us within the election timeout)
I20260710 13:23:10.673218 22940 leader_election.cc:304] T 77d92e19a6b74f908a42aa35676179cf P a7f3b125786d4ec8bd71d35b455961af [CANDIDATE]: Term 1 pre-election: Election decided. Result: candidate won. Election summary: received 2 responses out of 3 voters: 2 yes votes; 0 no votes. yes voters: 87688929d9e84412b9754e3d56c9c474, a7f3b125786d4ec8bd71d35b455961af; no voters: 
I20260710 13:23:10.673594 23173 raft_consensus.cc:515] T 78cfe265b29a4c3b9d2f0f7c5ed54fbb P f4634267177641b49f4b441d8a5eb272 [term 0 FOLLOWER]: Starting pre-election with config: opid_index: -1 OBSOLETE_local: false peers { permanent_uuid: "a7f3b125786d4ec8bd71d35b455961af" member_type: VOTER last_known_addr { host: "127.21.89.129" port: 37183 } } peers { permanent_uuid: "87688929d9e84412b9754e3d56c9c474" member_type: VOTER last_known_addr { host: "127.21.89.130" port: 41751 } } peers { permanent_uuid: "f4634267177641b49f4b441d8a5eb272" member_type: VOTER last_known_addr { host: "127.21.89.131" port: 37133 } }
I20260710 13:23:10.674927 23166 tablet_bootstrap.cc:492] T b7a98815978c47bc8c4949e2e9b4ca3d P 87688929d9e84412b9754e3d56c9c474: Bootstrap starting.
I20260710 13:23:10.675180 23172 raft_consensus.cc:2804] T 77d92e19a6b74f908a42aa35676179cf P a7f3b125786d4ec8bd71d35b455961af [term 0 FOLLOWER]: Leader pre-election won for term 1
I20260710 13:23:10.675719 23172 raft_consensus.cc:493] T 77d92e19a6b74f908a42aa35676179cf P a7f3b125786d4ec8bd71d35b455961af [term 0 FOLLOWER]: Starting leader election (no leader contacted us within the election timeout)
I20260710 13:23:10.676074 23172 raft_consensus.cc:3060] T 77d92e19a6b74f908a42aa35676179cf P a7f3b125786d4ec8bd71d35b455961af [term 0 FOLLOWER]: Advancing to term 1
I20260710 13:23:10.676268 23173 leader_election.cc:290] T 78cfe265b29a4c3b9d2f0f7c5ed54fbb P f4634267177641b49f4b441d8a5eb272 [CANDIDATE]: Term 1 pre-election: Requested pre-vote from peers a7f3b125786d4ec8bd71d35b455961af (127.21.89.129:37183), 87688929d9e84412b9754e3d56c9c474 (127.21.89.130:41751)
I20260710 13:23:10.676993 22976 tablet_service.cc:1917] Received RequestConsensusVote() RPC: tablet_id: "78cfe265b29a4c3b9d2f0f7c5ed54fbb" candidate_uuid: "f4634267177641b49f4b441d8a5eb272" candidate_term: 1 candidate_status { last_received { term: 0 index: 0 } } ignore_live_leader: false dest_uuid: "a7f3b125786d4ec8bd71d35b455961af" is_pre_election: true
I20260710 13:23:10.677626 22976 raft_consensus.cc:2468] T 78cfe265b29a4c3b9d2f0f7c5ed54fbb P a7f3b125786d4ec8bd71d35b455961af [term 0 FOLLOWER]: Leader pre-election vote request: Granting yes vote for candidate f4634267177641b49f4b441d8a5eb272 in term 0.
I20260710 13:23:10.682133 23230 raft_consensus.cc:493] T 78cfe265b29a4c3b9d2f0f7c5ed54fbb P 87688929d9e84412b9754e3d56c9c474 [term 0 FOLLOWER]: Starting pre-election (no leader contacted us within the election timeout)
I20260710 13:23:10.682621 23230 raft_consensus.cc:515] T 78cfe265b29a4c3b9d2f0f7c5ed54fbb P 87688929d9e84412b9754e3d56c9c474 [term 0 FOLLOWER]: Starting pre-election with config: opid_index: -1 OBSOLETE_local: false peers { permanent_uuid: "a7f3b125786d4ec8bd71d35b455961af" member_type: VOTER last_known_addr { host: "127.21.89.129" port: 37183 } } peers { permanent_uuid: "87688929d9e84412b9754e3d56c9c474" member_type: VOTER last_known_addr { host: "127.21.89.130" port: 41751 } } peers { permanent_uuid: "f4634267177641b49f4b441d8a5eb272" member_type: VOTER last_known_addr { host: "127.21.89.131" port: 37133 } }
I20260710 13:23:10.683178 23051 tablet_service.cc:1917] Received RequestConsensusVote() RPC: tablet_id: "78cfe265b29a4c3b9d2f0f7c5ed54fbb" candidate_uuid: "f4634267177641b49f4b441d8a5eb272" candidate_term: 1 candidate_status { last_received { term: 0 index: 0 } } ignore_live_leader: false dest_uuid: "87688929d9e84412b9754e3d56c9c474" is_pre_election: true
I20260710 13:23:10.683259 23125 tablet_service.cc:1917] Received RequestConsensusVote() RPC: tablet_id: "77d92e19a6b74f908a42aa35676179cf" candidate_uuid: "a7f3b125786d4ec8bd71d35b455961af" candidate_term: 1 candidate_status { last_received { term: 0 index: 0 } } ignore_live_leader: false dest_uuid: "f4634267177641b49f4b441d8a5eb272" is_pre_election: true
I20260710 13:23:10.683864 23051 raft_consensus.cc:2468] T 78cfe265b29a4c3b9d2f0f7c5ed54fbb P 87688929d9e84412b9754e3d56c9c474 [term 0 FOLLOWER]: Leader pre-election vote request: Granting yes vote for candidate f4634267177641b49f4b441d8a5eb272 in term 0.
I20260710 13:23:10.664613 23171 consensus_queue.cc:1048] T e13afff42e244073b6380e87f727046b P 87688929d9e84412b9754e3d56c9c474 [LEADER]: Connected to new peer: Peer: permanent_uuid: "f4634267177641b49f4b441d8a5eb272" member_type: VOTER last_known_addr { host: "127.21.89.131" port: 37133 }, Status: LMP_MISMATCH, Last received: 0.0, Next index: 1, Last known committed idx: 0, Time since last communication: 0.016s
I20260710 13:23:10.688238 23230 leader_election.cc:290] T 78cfe265b29a4c3b9d2f0f7c5ed54fbb P 87688929d9e84412b9754e3d56c9c474 [CANDIDATE]: Term 1 pre-election: Requested pre-vote from peers a7f3b125786d4ec8bd71d35b455961af (127.21.89.129:37183), f4634267177641b49f4b441d8a5eb272 (127.21.89.131:37133)
I20260710 13:23:10.693552 23124 tablet_service.cc:1917] Received RequestConsensusVote() RPC: tablet_id: "78cfe265b29a4c3b9d2f0f7c5ed54fbb" candidate_uuid: "87688929d9e84412b9754e3d56c9c474" candidate_term: 1 candidate_status { last_received { term: 0 index: 0 } } ignore_live_leader: false dest_uuid: "f4634267177641b49f4b441d8a5eb272" is_pre_election: true
I20260710 13:23:10.694236 23124 raft_consensus.cc:2468] T 78cfe265b29a4c3b9d2f0f7c5ed54fbb P f4634267177641b49f4b441d8a5eb272 [term 0 FOLLOWER]: Leader pre-election vote request: Granting yes vote for candidate 87688929d9e84412b9754e3d56c9c474 in term 0.
I20260710 13:23:10.694614 23167 tablet_bootstrap.cc:492] T a40f4b5fbef542748a9ad921335e8d8a P a7f3b125786d4ec8bd71d35b455961af: No bootstrap required, opened a new log
I20260710 13:23:10.695026 23167 ts_tablet_manager.cc:1403] T a40f4b5fbef542748a9ad921335e8d8a P a7f3b125786d4ec8bd71d35b455961af: Time spent bootstrapping tablet: real 0.076s	user 0.023s	sys 0.017s
I20260710 13:23:10.695740 23165 tablet_bootstrap.cc:654] T 2f62b0fea0144639a4f308ac26d5a97a P f4634267177641b49f4b441d8a5eb272: Neither blocks nor log segments found. Creating new log.
I20260710 13:23:10.689306 23090 leader_election.cc:304] T 78cfe265b29a4c3b9d2f0f7c5ed54fbb P f4634267177641b49f4b441d8a5eb272 [CANDIDATE]: Term 1 pre-election: Election decided. Result: candidate won. Election summary: received 2 responses out of 3 voters: 2 yes votes; 0 no votes. yes voters: a7f3b125786d4ec8bd71d35b455961af, f4634267177641b49f4b441d8a5eb272; no voters: 
I20260710 13:23:10.684239 23125 raft_consensus.cc:2468] T 77d92e19a6b74f908a42aa35676179cf P f4634267177641b49f4b441d8a5eb272 [term 0 FOLLOWER]: Leader pre-election vote request: Granting yes vote for candidate a7f3b125786d4ec8bd71d35b455961af in term 0.
I20260710 13:23:10.696264 22975 tablet_service.cc:1917] Received RequestConsensusVote() RPC: tablet_id: "78cfe265b29a4c3b9d2f0f7c5ed54fbb" candidate_uuid: "87688929d9e84412b9754e3d56c9c474" candidate_term: 1 candidate_status { last_received { term: 0 index: 0 } } ignore_live_leader: false dest_uuid: "a7f3b125786d4ec8bd71d35b455961af" is_pre_election: true
I20260710 13:23:10.696979 22975 raft_consensus.cc:2468] T 78cfe265b29a4c3b9d2f0f7c5ed54fbb P a7f3b125786d4ec8bd71d35b455961af [term 0 FOLLOWER]: Leader pre-election vote request: Granting yes vote for candidate 87688929d9e84412b9754e3d56c9c474 in term 0.
I20260710 13:23:10.700448 23212 raft_consensus.cc:493] T 341a4bb3fab4419487b272d7895f4084 P f4634267177641b49f4b441d8a5eb272 [term 0 FOLLOWER]: Starting pre-election (no leader contacted us within the election timeout)
I20260710 13:23:10.700948 23212 raft_consensus.cc:515] T 341a4bb3fab4419487b272d7895f4084 P f4634267177641b49f4b441d8a5eb272 [term 0 FOLLOWER]: Starting pre-election with config: opid_index: -1 OBSOLETE_local: false peers { permanent_uuid: "a7f3b125786d4ec8bd71d35b455961af" member_type: VOTER last_known_addr { host: "127.21.89.129" port: 37183 } } peers { permanent_uuid: "87688929d9e84412b9754e3d56c9c474" member_type: VOTER last_known_addr { host: "127.21.89.130" port: 41751 } } peers { permanent_uuid: "f4634267177641b49f4b441d8a5eb272" member_type: VOTER last_known_addr { host: "127.21.89.131" port: 37133 } }
I20260710 13:23:10.701625 23166 tablet_bootstrap.cc:654] T b7a98815978c47bc8c4949e2e9b4ca3d P 87688929d9e84412b9754e3d56c9c474: Neither blocks nor log segments found. Creating new log.
I20260710 13:23:10.702497 23172 raft_consensus.cc:515] T 77d92e19a6b74f908a42aa35676179cf P a7f3b125786d4ec8bd71d35b455961af [term 1 FOLLOWER]: Starting leader election with config: opid_index: -1 OBSOLETE_local: false peers { permanent_uuid: "a7f3b125786d4ec8bd71d35b455961af" member_type: VOTER last_known_addr { host: "127.21.89.129" port: 37183 } } peers { permanent_uuid: "87688929d9e84412b9754e3d56c9c474" member_type: VOTER last_known_addr { host: "127.21.89.130" port: 41751 } } peers { permanent_uuid: "f4634267177641b49f4b441d8a5eb272" member_type: VOTER last_known_addr { host: "127.21.89.131" port: 37133 } }
I20260710 13:23:10.702991 23212 leader_election.cc:290] T 341a4bb3fab4419487b272d7895f4084 P f4634267177641b49f4b441d8a5eb272 [CANDIDATE]: Term 1 pre-election: Requested pre-vote from peers a7f3b125786d4ec8bd71d35b455961af (127.21.89.129:37183), 87688929d9e84412b9754e3d56c9c474 (127.21.89.130:41751)
I20260710 13:23:10.705835 23051 tablet_service.cc:1917] Received RequestConsensusVote() RPC: tablet_id: "341a4bb3fab4419487b272d7895f4084" candidate_uuid: "f4634267177641b49f4b441d8a5eb272" candidate_term: 1 candidate_status { last_received { term: 0 index: 0 } } ignore_live_leader: false dest_uuid: "87688929d9e84412b9754e3d56c9c474" is_pre_election: true
I20260710 13:23:10.706419 23051 raft_consensus.cc:2468] T 341a4bb3fab4419487b272d7895f4084 P 87688929d9e84412b9754e3d56c9c474 [term 0 FOLLOWER]: Leader pre-election vote request: Granting yes vote for candidate f4634267177641b49f4b441d8a5eb272 in term 0.
I20260710 13:23:10.707077 23167 raft_consensus.cc:359] T a40f4b5fbef542748a9ad921335e8d8a P a7f3b125786d4ec8bd71d35b455961af [term 0 FOLLOWER]: Replica starting. Triggering 0 pending ops. Active config: opid_index: -1 OBSOLETE_local: false peers { permanent_uuid: "a7f3b125786d4ec8bd71d35b455961af" member_type: VOTER last_known_addr { host: "127.21.89.129" port: 37183 } } peers { permanent_uuid: "87688929d9e84412b9754e3d56c9c474" member_type: VOTER last_known_addr { host: "127.21.89.130" port: 41751 } } peers { permanent_uuid: "f4634267177641b49f4b441d8a5eb272" member_type: VOTER last_known_addr { host: "127.21.89.131" port: 37133 } }
I20260710 13:23:10.707711 22975 tablet_service.cc:1917] Received RequestConsensusVote() RPC: tablet_id: "341a4bb3fab4419487b272d7895f4084" candidate_uuid: "f4634267177641b49f4b441d8a5eb272" candidate_term: 1 candidate_status { last_received { term: 0 index: 0 } } ignore_live_leader: false dest_uuid: "a7f3b125786d4ec8bd71d35b455961af" is_pre_election: true
I20260710 13:23:10.708372 22975 raft_consensus.cc:2468] T 341a4bb3fab4419487b272d7895f4084 P a7f3b125786d4ec8bd71d35b455961af [term 0 FOLLOWER]: Leader pre-election vote request: Granting yes vote for candidate f4634267177641b49f4b441d8a5eb272 in term 0.
I20260710 13:23:10.703806 23016 leader_election.cc:304] T 78cfe265b29a4c3b9d2f0f7c5ed54fbb P 87688929d9e84412b9754e3d56c9c474 [CANDIDATE]: Term 1 pre-election: Election decided. Result: candidate won. Election summary: received 2 responses out of 3 voters: 2 yes votes; 0 no votes. yes voters: 87688929d9e84412b9754e3d56c9c474, a7f3b125786d4ec8bd71d35b455961af; no voters: 
I20260710 13:23:10.709342 23125 tablet_service.cc:1917] Received RequestConsensusVote() RPC: tablet_id: "77d92e19a6b74f908a42aa35676179cf" candidate_uuid: "a7f3b125786d4ec8bd71d35b455961af" candidate_term: 1 candidate_status { last_received { term: 0 index: 0 } } ignore_live_leader: false dest_uuid: "f4634267177641b49f4b441d8a5eb272"
I20260710 13:23:10.710136 23125 raft_consensus.cc:3060] T 77d92e19a6b74f908a42aa35676179cf P f4634267177641b49f4b441d8a5eb272 [term 0 FOLLOWER]: Advancing to term 1
I20260710 13:23:10.711088 23230 raft_consensus.cc:2804] T 78cfe265b29a4c3b9d2f0f7c5ed54fbb P 87688929d9e84412b9754e3d56c9c474 [term 0 FOLLOWER]: Leader pre-election won for term 1
I20260710 13:23:10.711452 23230 raft_consensus.cc:493] T 78cfe265b29a4c3b9d2f0f7c5ed54fbb P 87688929d9e84412b9754e3d56c9c474 [term 0 FOLLOWER]: Starting leader election (no leader contacted us within the election timeout)
I20260710 13:23:10.711757 23230 raft_consensus.cc:3060] T 78cfe265b29a4c3b9d2f0f7c5ed54fbb P 87688929d9e84412b9754e3d56c9c474 [term 0 FOLLOWER]: Advancing to term 1
I20260710 13:23:10.712618 23090 leader_election.cc:304] T 341a4bb3fab4419487b272d7895f4084 P f4634267177641b49f4b441d8a5eb272 [CANDIDATE]: Term 1 pre-election: Election decided. Result: candidate won. Election summary: received 2 responses out of 3 voters: 2 yes votes; 0 no votes. yes voters: a7f3b125786d4ec8bd71d35b455961af, f4634267177641b49f4b441d8a5eb272; no voters: 
I20260710 13:23:10.716333 23051 tablet_service.cc:1917] Received RequestConsensusVote() RPC: tablet_id: "77d92e19a6b74f908a42aa35676179cf" candidate_uuid: "a7f3b125786d4ec8bd71d35b455961af" candidate_term: 1 candidate_status { last_received { term: 0 index: 0 } } ignore_live_leader: false dest_uuid: "87688929d9e84412b9754e3d56c9c474"
I20260710 13:23:10.716917 23051 raft_consensus.cc:3060] T 77d92e19a6b74f908a42aa35676179cf P 87688929d9e84412b9754e3d56c9c474 [term 0 FOLLOWER]: Advancing to term 1
I20260710 13:23:10.719663 23212 raft_consensus.cc:2804] T 341a4bb3fab4419487b272d7895f4084 P f4634267177641b49f4b441d8a5eb272 [term 0 FOLLOWER]: Leader pre-election won for term 1
I20260710 13:23:10.720018 23212 raft_consensus.cc:493] T 341a4bb3fab4419487b272d7895f4084 P f4634267177641b49f4b441d8a5eb272 [term 0 FOLLOWER]: Starting leader election (no leader contacted us within the election timeout)
I20260710 13:23:10.720391 23212 raft_consensus.cc:3060] T 341a4bb3fab4419487b272d7895f4084 P f4634267177641b49f4b441d8a5eb272 [term 0 FOLLOWER]: Advancing to term 1
I20260710 13:23:10.697058 23173 raft_consensus.cc:2804] T 78cfe265b29a4c3b9d2f0f7c5ed54fbb P f4634267177641b49f4b441d8a5eb272 [term 0 FOLLOWER]: Leader pre-election won for term 1
I20260710 13:23:10.724885 23173 raft_consensus.cc:493] T 78cfe265b29a4c3b9d2f0f7c5ed54fbb P f4634267177641b49f4b441d8a5eb272 [term 0 FOLLOWER]: Starting leader election (no leader contacted us within the election timeout)
I20260710 13:23:10.725272 23173 raft_consensus.cc:3060] T 78cfe265b29a4c3b9d2f0f7c5ed54fbb P f4634267177641b49f4b441d8a5eb272 [term 0 FOLLOWER]: Advancing to term 1
I20260710 13:23:10.724495 23051 raft_consensus.cc:2468] T 77d92e19a6b74f908a42aa35676179cf P 87688929d9e84412b9754e3d56c9c474 [term 1 FOLLOWER]: Leader election vote request: Granting yes vote for candidate a7f3b125786d4ec8bd71d35b455961af in term 1.
I20260710 13:23:10.707719 23167 raft_consensus.cc:385] T a40f4b5fbef542748a9ad921335e8d8a P a7f3b125786d4ec8bd71d35b455961af [term 0 FOLLOWER]: Consensus starting up: Expiring failure detector timer to make a prompt election more likely
I20260710 13:23:10.730144 23167 raft_consensus.cc:740] T a40f4b5fbef542748a9ad921335e8d8a P a7f3b125786d4ec8bd71d35b455961af [term 0 FOLLOWER]: Becoming Follower/Learner. State: Replica: a7f3b125786d4ec8bd71d35b455961af, State: Initialized, Role: FOLLOWER
I20260710 13:23:10.731109 23167 consensus_queue.cc:260] T a40f4b5fbef542748a9ad921335e8d8a P a7f3b125786d4ec8bd71d35b455961af [NON_LEADER]: Queue going to NON_LEADER mode. State: All replicated index: 0, Majority replicated index: 0, Committed index: 0, Last appended: 0.0, Last appended by leader: 0, Current term: 0, Majority size: -1, State: 0, Mode: NON_LEADER, active raft config: opid_index: -1 OBSOLETE_local: false peers { permanent_uuid: "a7f3b125786d4ec8bd71d35b455961af" member_type: VOTER last_known_addr { host: "127.21.89.129" port: 37183 } } peers { permanent_uuid: "87688929d9e84412b9754e3d56c9c474" member_type: VOTER last_known_addr { host: "127.21.89.130" port: 41751 } } peers { permanent_uuid: "f4634267177641b49f4b441d8a5eb272" member_type: VOTER last_known_addr { host: "127.21.89.131" port: 37133 } }
I20260710 13:23:10.733434 23167 ts_tablet_manager.cc:1434] T a40f4b5fbef542748a9ad921335e8d8a P a7f3b125786d4ec8bd71d35b455961af: Time spent starting tablet: real 0.038s	user 0.002s	sys 0.005s
I20260710 13:23:10.733760 23172 leader_election.cc:290] T 77d92e19a6b74f908a42aa35676179cf P a7f3b125786d4ec8bd71d35b455961af [CANDIDATE]: Term 1 election: Requested vote from peers 87688929d9e84412b9754e3d56c9c474 (127.21.89.130:41751), f4634267177641b49f4b441d8a5eb272 (127.21.89.131:37133)
I20260710 13:23:10.740475 23167 tablet_bootstrap.cc:492] T 16349f3ee08a4cc7b414b2669ef9946d P a7f3b125786d4ec8bd71d35b455961af: Bootstrap starting.
I20260710 13:23:10.749147 23173 raft_consensus.cc:515] T 78cfe265b29a4c3b9d2f0f7c5ed54fbb P f4634267177641b49f4b441d8a5eb272 [term 1 FOLLOWER]: Starting leader election with config: opid_index: -1 OBSOLETE_local: false peers { permanent_uuid: "a7f3b125786d4ec8bd71d35b455961af" member_type: VOTER last_known_addr { host: "127.21.89.129" port: 37183 } } peers { permanent_uuid: "87688929d9e84412b9754e3d56c9c474" member_type: VOTER last_known_addr { host: "127.21.89.130" port: 41751 } } peers { permanent_uuid: "f4634267177641b49f4b441d8a5eb272" member_type: VOTER last_known_addr { host: "127.21.89.131" port: 37133 } }
I20260710 13:23:10.739948 23212 raft_consensus.cc:515] T 341a4bb3fab4419487b272d7895f4084 P f4634267177641b49f4b441d8a5eb272 [term 1 FOLLOWER]: Starting leader election with config: opid_index: -1 OBSOLETE_local: false peers { permanent_uuid: "a7f3b125786d4ec8bd71d35b455961af" member_type: VOTER last_known_addr { host: "127.21.89.129" port: 37183 } } peers { permanent_uuid: "87688929d9e84412b9754e3d56c9c474" member_type: VOTER last_known_addr { host: "127.21.89.130" port: 41751 } } peers { permanent_uuid: "f4634267177641b49f4b441d8a5eb272" member_type: VOTER last_known_addr { host: "127.21.89.131" port: 37133 } }
I20260710 13:23:10.751266 23173 leader_election.cc:290] T 78cfe265b29a4c3b9d2f0f7c5ed54fbb P f4634267177641b49f4b441d8a5eb272 [CANDIDATE]: Term 1 election: Requested vote from peers a7f3b125786d4ec8bd71d35b455961af (127.21.89.129:37183), 87688929d9e84412b9754e3d56c9c474 (127.21.89.130:41751)
I20260710 13:23:10.751778 23212 leader_election.cc:290] T 341a4bb3fab4419487b272d7895f4084 P f4634267177641b49f4b441d8a5eb272 [CANDIDATE]: Term 1 election: Requested vote from peers a7f3b125786d4ec8bd71d35b455961af (127.21.89.129:37183), 87688929d9e84412b9754e3d56c9c474 (127.21.89.130:41751)
I20260710 13:23:10.754547 22940 leader_election.cc:304] T 77d92e19a6b74f908a42aa35676179cf P a7f3b125786d4ec8bd71d35b455961af [CANDIDATE]: Term 1 election: Election decided. Result: candidate won. Election summary: received 2 responses out of 3 voters: 2 yes votes; 0 no votes. yes voters: 87688929d9e84412b9754e3d56c9c474, a7f3b125786d4ec8bd71d35b455961af; no voters: 
I20260710 13:23:10.755393 23172 raft_consensus.cc:2804] T 77d92e19a6b74f908a42aa35676179cf P a7f3b125786d4ec8bd71d35b455961af [term 1 FOLLOWER]: Leader election won for term 1
I20260710 13:23:10.756079 23172 raft_consensus.cc:697] T 77d92e19a6b74f908a42aa35676179cf P a7f3b125786d4ec8bd71d35b455961af [term 1 LEADER]: Becoming Leader. State: Replica: a7f3b125786d4ec8bd71d35b455961af, State: Running, Role: LEADER
I20260710 13:23:10.757246 23172 consensus_queue.cc:237] T 77d92e19a6b74f908a42aa35676179cf P a7f3b125786d4ec8bd71d35b455961af [LEADER]: Queue going to LEADER mode. State: All replicated index: 0, Majority replicated index: 0, Committed index: 0, Last appended: 0.0, Last appended by leader: 0, Current term: 1, Majority size: 2, State: 0, Mode: LEADER, active raft config: opid_index: -1 OBSOLETE_local: false peers { permanent_uuid: "a7f3b125786d4ec8bd71d35b455961af" member_type: VOTER last_known_addr { host: "127.21.89.129" port: 37183 } } peers { permanent_uuid: "87688929d9e84412b9754e3d56c9c474" member_type: VOTER last_known_addr { host: "127.21.89.130" port: 41751 } } peers { permanent_uuid: "f4634267177641b49f4b441d8a5eb272" member_type: VOTER last_known_addr { host: "127.21.89.131" port: 37133 } }
I20260710 13:23:10.760685 22975 raft_consensus.cc:3060] T 2b2e1b1d6af54950bd0441523aeb0d59 P a7f3b125786d4ec8bd71d35b455961af [term 0 FOLLOWER]: Advancing to term 1
I20260710 13:23:10.762630 23050 tablet_service.cc:1917] Received RequestConsensusVote() RPC: tablet_id: "341a4bb3fab4419487b272d7895f4084" candidate_uuid: "f4634267177641b49f4b441d8a5eb272" candidate_term: 1 candidate_status { last_received { term: 0 index: 0 } } ignore_live_leader: false dest_uuid: "87688929d9e84412b9754e3d56c9c474"
I20260710 13:23:10.763284 23050 raft_consensus.cc:3060] T 341a4bb3fab4419487b272d7895f4084 P 87688929d9e84412b9754e3d56c9c474 [term 0 FOLLOWER]: Advancing to term 1
I20260710 13:23:10.764613 23051 tablet_service.cc:1917] Received RequestConsensusVote() RPC: tablet_id: "78cfe265b29a4c3b9d2f0f7c5ed54fbb" candidate_uuid: "f4634267177641b49f4b441d8a5eb272" candidate_term: 1 candidate_status { last_received { term: 0 index: 0 } } ignore_live_leader: false dest_uuid: "87688929d9e84412b9754e3d56c9c474"
I20260710 13:23:10.766409 23165 tablet_bootstrap.cc:492] T 2f62b0fea0144639a4f308ac26d5a97a P f4634267177641b49f4b441d8a5eb272: No bootstrap required, opened a new log
I20260710 13:23:10.766937 23165 ts_tablet_manager.cc:1403] T 2f62b0fea0144639a4f308ac26d5a97a P f4634267177641b49f4b441d8a5eb272: Time spent bootstrapping tablet: real 0.136s	user 0.012s	sys 0.009s
I20260710 13:23:10.776640 23125 raft_consensus.cc:2468] T 77d92e19a6b74f908a42aa35676179cf P f4634267177641b49f4b441d8a5eb272 [term 1 FOLLOWER]: Leader election vote request: Granting yes vote for candidate a7f3b125786d4ec8bd71d35b455961af in term 1.
I20260710 13:23:10.776984 23194 consensus_queue.cc:1048] T 7396814bc2e14b199b89693c29fe1694 P a7f3b125786d4ec8bd71d35b455961af [LEADER]: Connected to new peer: Peer: permanent_uuid: "f4634267177641b49f4b441d8a5eb272" member_type: VOTER last_known_addr { host: "127.21.89.131" port: 37133 }, Status: LMP_MISMATCH, Last received: 0.0, Next index: 1, Last known committed idx: 0, Time since last communication: 0.001s
I20260710 13:23:10.784435 23230 raft_consensus.cc:515] T 78cfe265b29a4c3b9d2f0f7c5ed54fbb P 87688929d9e84412b9754e3d56c9c474 [term 1 FOLLOWER]: Starting leader election with config: opid_index: -1 OBSOLETE_local: false peers { permanent_uuid: "a7f3b125786d4ec8bd71d35b455961af" member_type: VOTER last_known_addr { host: "127.21.89.129" port: 37183 } } peers { permanent_uuid: "87688929d9e84412b9754e3d56c9c474" member_type: VOTER last_known_addr { host: "127.21.89.130" port: 41751 } } peers { permanent_uuid: "f4634267177641b49f4b441d8a5eb272" member_type: VOTER last_known_addr { host: "127.21.89.131" port: 37133 } }
I20260710 13:23:10.786175 23051 raft_consensus.cc:2393] T 78cfe265b29a4c3b9d2f0f7c5ed54fbb P 87688929d9e84412b9754e3d56c9c474 [term 1 FOLLOWER]: Leader election vote request: Denying vote to candidate f4634267177641b49f4b441d8a5eb272 in current term 1: Already voted for candidate 87688929d9e84412b9754e3d56c9c474 in this term.
I20260710 13:23:10.778806 22872 catalog_manager.cc:5697] T 3995cdca8d19402382cb70bfc6cfce70 P 87688929d9e84412b9754e3d56c9c474 reported cstate change: term changed from 0 to 1, leader changed from <none> to 87688929d9e84412b9754e3d56c9c474 (127.21.89.130). New cstate: current_term: 1 leader_uuid: "87688929d9e84412b9754e3d56c9c474" committed_config { opid_index: -1 OBSOLETE_local: false peers { permanent_uuid: "a7f3b125786d4ec8bd71d35b455961af" member_type: VOTER last_known_addr { host: "127.21.89.129" port: 37183 } health_report { overall_health: UNKNOWN } } peers { permanent_uuid: "87688929d9e84412b9754e3d56c9c474" member_type: VOTER last_known_addr { host: "127.21.89.130" port: 41751 } health_report { overall_health: HEALTHY } } peers { permanent_uuid: "f4634267177641b49f4b441d8a5eb272" member_type: VOTER last_known_addr { host: "127.21.89.131" port: 37133 } health_report { overall_health: UNKNOWN } } }
I20260710 13:23:10.796223 22973 tablet_service.cc:1917] Received RequestConsensusVote() RPC: tablet_id: "341a4bb3fab4419487b272d7895f4084" candidate_uuid: "f4634267177641b49f4b441d8a5eb272" candidate_term: 1 candidate_status { last_received { term: 0 index: 0 } } ignore_live_leader: false dest_uuid: "a7f3b125786d4ec8bd71d35b455961af"
I20260710 13:23:10.797052 22974 tablet_service.cc:1917] Received RequestConsensusVote() RPC: tablet_id: "78cfe265b29a4c3b9d2f0f7c5ed54fbb" candidate_uuid: "f4634267177641b49f4b441d8a5eb272" candidate_term: 1 candidate_status { last_received { term: 0 index: 0 } } ignore_live_leader: false dest_uuid: "a7f3b125786d4ec8bd71d35b455961af"
I20260710 13:23:10.797960 22973 raft_consensus.cc:3060] T 341a4bb3fab4419487b272d7895f4084 P a7f3b125786d4ec8bd71d35b455961af [term 0 FOLLOWER]: Advancing to term 1
I20260710 13:23:10.798218 22974 raft_consensus.cc:3060] T 78cfe265b29a4c3b9d2f0f7c5ed54fbb P a7f3b125786d4ec8bd71d35b455961af [term 0 FOLLOWER]: Advancing to term 1
I20260710 13:23:10.800747 23190 raft_consensus.cc:493] T b7a98815978c47bc8c4949e2e9b4ca3d P a7f3b125786d4ec8bd71d35b455961af [term 0 FOLLOWER]: Starting pre-election (no leader contacted us within the election timeout)
I20260710 13:23:10.801740 23190 raft_consensus.cc:515] T b7a98815978c47bc8c4949e2e9b4ca3d P a7f3b125786d4ec8bd71d35b455961af [term 0 FOLLOWER]: Starting pre-election with config: opid_index: -1 OBSOLETE_local: false peers { permanent_uuid: "a7f3b125786d4ec8bd71d35b455961af" member_type: VOTER last_known_addr { host: "127.21.89.129" port: 37183 } } peers { permanent_uuid: "87688929d9e84412b9754e3d56c9c474" member_type: VOTER last_known_addr { host: "127.21.89.130" port: 41751 } } peers { permanent_uuid: "f4634267177641b49f4b441d8a5eb272" member_type: VOTER last_known_addr { host: "127.21.89.131" port: 37133 } }
I20260710 13:23:10.802382 22872 catalog_manager.cc:5697] T a40f4b5fbef542748a9ad921335e8d8a P 87688929d9e84412b9754e3d56c9c474 reported cstate change: term changed from 0 to 1, leader changed from <none> to 87688929d9e84412b9754e3d56c9c474 (127.21.89.130). New cstate: current_term: 1 leader_uuid: "87688929d9e84412b9754e3d56c9c474" committed_config { opid_index: -1 OBSOLETE_local: false peers { permanent_uuid: "a7f3b125786d4ec8bd71d35b455961af" member_type: VOTER last_known_addr { host: "127.21.89.129" port: 37183 } health_report { overall_health: UNKNOWN } } peers { permanent_uuid: "87688929d9e84412b9754e3d56c9c474" member_type: VOTER last_known_addr { host: "127.21.89.130" port: 41751 } health_report { overall_health: HEALTHY } } peers { permanent_uuid: "f4634267177641b49f4b441d8a5eb272" member_type: VOTER last_known_addr { host: "127.21.89.131" port: 37133 } health_report { overall_health: UNKNOWN } } }
I20260710 13:23:10.805569 22976 tablet_service.cc:1917] Received RequestConsensusVote() RPC: tablet_id: "78cfe265b29a4c3b9d2f0f7c5ed54fbb" candidate_uuid: "87688929d9e84412b9754e3d56c9c474" candidate_term: 1 candidate_status { last_received { term: 0 index: 0 } } ignore_live_leader: false dest_uuid: "a7f3b125786d4ec8bd71d35b455961af"
I20260710 13:23:10.807188 22974 raft_consensus.cc:2468] T 78cfe265b29a4c3b9d2f0f7c5ed54fbb P a7f3b125786d4ec8bd71d35b455961af [term 1 FOLLOWER]: Leader election vote request: Granting yes vote for candidate f4634267177641b49f4b441d8a5eb272 in term 1.
I20260710 13:23:10.803907 23190 leader_election.cc:290] T b7a98815978c47bc8c4949e2e9b4ca3d P a7f3b125786d4ec8bd71d35b455961af [CANDIDATE]: Term 1 pre-election: Requested pre-vote from peers 87688929d9e84412b9754e3d56c9c474 (127.21.89.130:41751), f4634267177641b49f4b441d8a5eb272 (127.21.89.131:37133)
I20260710 13:23:10.808482 23122 tablet_service.cc:1917] Received RequestConsensusVote() RPC: tablet_id: "b7a98815978c47bc8c4949e2e9b4ca3d" candidate_uuid: "a7f3b125786d4ec8bd71d35b455961af" candidate_term: 1 candidate_status { last_received { term: 0 index: 0 } } ignore_live_leader: false dest_uuid: "f4634267177641b49f4b441d8a5eb272" is_pre_election: true
I20260710 13:23:10.811378 23122 raft_consensus.cc:2468] T b7a98815978c47bc8c4949e2e9b4ca3d P f4634267177641b49f4b441d8a5eb272 [term 0 FOLLOWER]: Leader pre-election vote request: Granting yes vote for candidate a7f3b125786d4ec8bd71d35b455961af in term 0.
I20260710 13:23:10.812600 22939 leader_election.cc:304] T b7a98815978c47bc8c4949e2e9b4ca3d P a7f3b125786d4ec8bd71d35b455961af [CANDIDATE]: Term 1 pre-election: Election decided. Result: candidate won. Election summary: received 2 responses out of 3 voters: 2 yes votes; 0 no votes. yes voters: a7f3b125786d4ec8bd71d35b455961af, f4634267177641b49f4b441d8a5eb272; no voters: 
I20260710 13:23:10.814219 23051 tablet_service.cc:1917] Received RequestConsensusVote() RPC: tablet_id: "b7a98815978c47bc8c4949e2e9b4ca3d" candidate_uuid: "a7f3b125786d4ec8bd71d35b455961af" candidate_term: 1 candidate_status { last_received { term: 0 index: 0 } } ignore_live_leader: false dest_uuid: "87688929d9e84412b9754e3d56c9c474" is_pre_election: true
I20260710 13:23:10.808586 23212 consensus_queue.cc:1048] T 925ca5fc8fc7457a8b7cd59bd6e19207 P f4634267177641b49f4b441d8a5eb272 [LEADER]: Connected to new peer: Peer: permanent_uuid: "a7f3b125786d4ec8bd71d35b455961af" member_type: VOTER last_known_addr { host: "127.21.89.129" port: 37183 }, Status: LMP_MISMATCH, Last received: 0.0, Next index: 1, Last known committed idx: 0, Time since last communication: 0.001s
I20260710 13:23:10.814252 23190 raft_consensus.cc:2804] T b7a98815978c47bc8c4949e2e9b4ca3d P a7f3b125786d4ec8bd71d35b455961af [term 0 FOLLOWER]: Leader pre-election won for term 1
I20260710 13:23:10.814934 23190 raft_consensus.cc:493] T b7a98815978c47bc8c4949e2e9b4ca3d P a7f3b125786d4ec8bd71d35b455961af [term 0 FOLLOWER]: Starting leader election (no leader contacted us within the election timeout)
I20260710 13:23:10.794054 23050 raft_consensus.cc:2468] T 341a4bb3fab4419487b272d7895f4084 P 87688929d9e84412b9754e3d56c9c474 [term 1 FOLLOWER]: Leader election vote request: Granting yes vote for candidate f4634267177641b49f4b441d8a5eb272 in term 1.
I20260710 13:23:10.815328 23190 raft_consensus.cc:3060] T b7a98815978c47bc8c4949e2e9b4ca3d P a7f3b125786d4ec8bd71d35b455961af [term 0 FOLLOWER]: Advancing to term 1
I20260710 13:23:10.808681 23125 tablet_service.cc:1917] Received RequestConsensusVote() RPC: tablet_id: "78cfe265b29a4c3b9d2f0f7c5ed54fbb" candidate_uuid: "87688929d9e84412b9754e3d56c9c474" candidate_term: 1 candidate_status { last_received { term: 0 index: 0 } } ignore_live_leader: false dest_uuid: "f4634267177641b49f4b441d8a5eb272"
I20260710 13:23:10.801205 23230 leader_election.cc:290] T 78cfe265b29a4c3b9d2f0f7c5ed54fbb P 87688929d9e84412b9754e3d56c9c474 [CANDIDATE]: Term 1 election: Requested vote from peers a7f3b125786d4ec8bd71d35b455961af (127.21.89.129:37183), f4634267177641b49f4b441d8a5eb272 (127.21.89.131:37133)
I20260710 13:23:10.817293 22973 raft_consensus.cc:2468] T 341a4bb3fab4419487b272d7895f4084 P a7f3b125786d4ec8bd71d35b455961af [term 1 FOLLOWER]: Leader election vote request: Granting yes vote for candidate f4634267177641b49f4b441d8a5eb272 in term 1.
I20260710 13:23:10.817884 23089 leader_election.cc:304] T 341a4bb3fab4419487b272d7895f4084 P f4634267177641b49f4b441d8a5eb272 [CANDIDATE]: Term 1 election: Election decided. Result: candidate won. Election summary: received 2 responses out of 3 voters: 2 yes votes; 0 no votes. yes voters: 87688929d9e84412b9754e3d56c9c474, f4634267177641b49f4b441d8a5eb272; no voters: 
I20260710 13:23:10.821462 23167 tablet_bootstrap.cc:654] T 16349f3ee08a4cc7b414b2669ef9946d P a7f3b125786d4ec8bd71d35b455961af: Neither blocks nor log segments found. Creating new log.
W20260710 13:23:10.823061 22940 leader_election.cc:343] T b7a98815978c47bc8c4949e2e9b4ca3d P a7f3b125786d4ec8bd71d35b455961af [CANDIDATE]: Term 1 pre-election: Tablet error from VoteRequest() call to peer 87688929d9e84412b9754e3d56c9c474 (127.21.89.130:41751): Illegal state: must be running to vote when last-logged opid is not known
I20260710 13:23:10.823282 23212 raft_consensus.cc:2804] T 341a4bb3fab4419487b272d7895f4084 P f4634267177641b49f4b441d8a5eb272 [term 1 FOLLOWER]: Leader election won for term 1
I20260710 13:23:10.823848 23166 tablet_bootstrap.cc:492] T b7a98815978c47bc8c4949e2e9b4ca3d P 87688929d9e84412b9754e3d56c9c474: No bootstrap required, opened a new log
I20260710 13:23:10.823815 23212 raft_consensus.cc:697] T 341a4bb3fab4419487b272d7895f4084 P f4634267177641b49f4b441d8a5eb272 [term 1 LEADER]: Becoming Leader. State: Replica: f4634267177641b49f4b441d8a5eb272, State: Running, Role: LEADER
I20260710 13:23:10.824411 23166 ts_tablet_manager.cc:1403] T b7a98815978c47bc8c4949e2e9b4ca3d P 87688929d9e84412b9754e3d56c9c474: Time spent bootstrapping tablet: real 0.150s	user 0.027s	sys 0.042s
I20260710 13:23:10.824801 23212 consensus_queue.cc:237] T 341a4bb3fab4419487b272d7895f4084 P f4634267177641b49f4b441d8a5eb272 [LEADER]: Queue going to LEADER mode. State: All replicated index: 0, Majority replicated index: 0, Committed index: 0, Last appended: 0.0, Last appended by leader: 0, Current term: 1, Majority size: 2, State: 0, Mode: LEADER, active raft config: opid_index: -1 OBSOLETE_local: false peers { permanent_uuid: "a7f3b125786d4ec8bd71d35b455961af" member_type: VOTER last_known_addr { host: "127.21.89.129" port: 37183 } } peers { permanent_uuid: "87688929d9e84412b9754e3d56c9c474" member_type: VOTER last_known_addr { host: "127.21.89.130" port: 41751 } } peers { permanent_uuid: "f4634267177641b49f4b441d8a5eb272" member_type: VOTER last_known_addr { host: "127.21.89.131" port: 37133 } }
I20260710 13:23:10.828737 23125 raft_consensus.cc:2393] T 78cfe265b29a4c3b9d2f0f7c5ed54fbb P f4634267177641b49f4b441d8a5eb272 [term 1 FOLLOWER]: Leader election vote request: Denying vote to candidate 87688929d9e84412b9754e3d56c9c474 in current term 1: Already voted for candidate f4634267177641b49f4b441d8a5eb272 in this term.
I20260710 13:23:10.830487 23165 raft_consensus.cc:359] T 2f62b0fea0144639a4f308ac26d5a97a P f4634267177641b49f4b441d8a5eb272 [term 0 FOLLOWER]: Replica starting. Triggering 0 pending ops. Active config: opid_index: -1 OBSOLETE_local: false peers { permanent_uuid: "a7f3b125786d4ec8bd71d35b455961af" member_type: VOTER last_known_addr { host: "127.21.89.129" port: 37183 } } peers { permanent_uuid: "87688929d9e84412b9754e3d56c9c474" member_type: VOTER last_known_addr { host: "127.21.89.130" port: 41751 } } peers { permanent_uuid: "f4634267177641b49f4b441d8a5eb272" member_type: VOTER last_known_addr { host: "127.21.89.131" port: 37133 } }
I20260710 13:23:10.832199 23165 raft_consensus.cc:385] T 2f62b0fea0144639a4f308ac26d5a97a P f4634267177641b49f4b441d8a5eb272 [term 0 FOLLOWER]: Consensus starting up: Expiring failure detector timer to make a prompt election more likely
I20260710 13:23:10.832712 23165 raft_consensus.cc:740] T 2f62b0fea0144639a4f308ac26d5a97a P f4634267177641b49f4b441d8a5eb272 [term 0 FOLLOWER]: Becoming Follower/Learner. State: Replica: f4634267177641b49f4b441d8a5eb272, State: Initialized, Role: FOLLOWER
