I20260710 13:23:10.298755 17921 raft_consensus.cc:2955] T d92963b254124ff5ae826aac36e5d7f5 P ee486c3cdc074a47b6b5bd77f1d89d2f [term 1 FOLLOWER]: Committing config change with OpId 1.4: config changed from index 3 to 4, VOTER b8e99a82354c444db0092ea370914ab8 (127.16.9.193) evicted. New config: { opid_index: 4 OBSOLETE_local: false peers { permanent_uuid: "0072833b9d4e44b49aad366f7aa95856" member_type: VOTER last_known_addr { host: "127.16.9.194" port: 40957 } } peers { permanent_uuid: "af533de674db4a2baacda75966c06d4a" member_type: VOTER last_known_addr { host: "127.16.9.195" port: 36133 } } peers { permanent_uuid: "ee486c3cdc074a47b6b5bd77f1d89d2f" member_type: VOTER last_known_addr { host: "127.16.9.196" port: 42573 } attrs { promote: false } } }
I20260710 13:23:10.310145 17408 catalog_manager.cc:5210] ChangeConfig:REMOVE_PEER RPC for tablet d92963b254124ff5ae826aac36e5d7f5 with cas_config_opid_index 3: ChangeConfig:REMOVE_PEER succeeded (attempt 1)
I20260710 13:23:10.305184 18240 consensus_queue.cc:1048] T 9fff84112edc4017aeb83006f7efb4b6 P b8e99a82354c444db0092ea370914ab8 [LEADER]: Connected to new peer: Peer: permanent_uuid: "af533de674db4a2baacda75966c06d4a" member_type: VOTER last_known_addr { host: "127.16.9.195" port: 36133 }, Status: LMP_MISMATCH, Last received: 0.0, Next index: 4, Last known committed idx: 3, Time since last communication: 0.008s
I20260710 13:23:10.320251 18214 raft_consensus.cc:2955] T 9fff84112edc4017aeb83006f7efb4b6 P b8e99a82354c444db0092ea370914ab8 [term 1 LEADER]: Committing config change with OpId 1.4: config changed from index 3 to 4, VOTER 0072833b9d4e44b49aad366f7aa95856 (127.16.9.194) evicted. New config: { opid_index: 4 OBSOLETE_local: false peers { permanent_uuid: "b8e99a82354c444db0092ea370914ab8" member_type: VOTER last_known_addr { host: "127.16.9.193" port: 35127 } } peers { permanent_uuid: "af533de674db4a2baacda75966c06d4a" member_type: VOTER last_known_addr { host: "127.16.9.195" port: 36133 } } peers { permanent_uuid: "ee486c3cdc074a47b6b5bd77f1d89d2f" member_type: VOTER last_known_addr { host: "127.16.9.196" port: 42573 } attrs { promote: false } } }
I20260710 13:23:10.322263 17420 catalog_manager.cc:5697] T d92963b254124ff5ae826aac36e5d7f5 P 0072833b9d4e44b49aad366f7aa95856 reported cstate change: config changed from index 3 to 4, VOTER b8e99a82354c444db0092ea370914ab8 (127.16.9.193) evicted. New cstate: current_term: 1 leader_uuid: "af533de674db4a2baacda75966c06d4a" committed_config { opid_index: 4 OBSOLETE_local: false peers { permanent_uuid: "0072833b9d4e44b49aad366f7aa95856" member_type: VOTER last_known_addr { host: "127.16.9.194" port: 40957 } } peers { permanent_uuid: "af533de674db4a2baacda75966c06d4a" member_type: VOTER last_known_addr { host: "127.16.9.195" port: 36133 } } peers { permanent_uuid: "ee486c3cdc074a47b6b5bd77f1d89d2f" member_type: VOTER last_known_addr { host: "127.16.9.196" port: 42573 } attrs { promote: false } } }
I20260710 13:23:10.322510 17671 raft_consensus.cc:2955] T 9fff84112edc4017aeb83006f7efb4b6 P af533de674db4a2baacda75966c06d4a [term 1 FOLLOWER]: Committing config change with OpId 1.4: config changed from index 3 to 4, VOTER 0072833b9d4e44b49aad366f7aa95856 (127.16.9.194) evicted. New config: { opid_index: 4 OBSOLETE_local: false peers { permanent_uuid: "b8e99a82354c444db0092ea370914ab8" member_type: VOTER last_known_addr { host: "127.16.9.193" port: 35127 } } peers { permanent_uuid: "af533de674db4a2baacda75966c06d4a" member_type: VOTER last_known_addr { host: "127.16.9.195" port: 36133 } } peers { permanent_uuid: "ee486c3cdc074a47b6b5bd77f1d89d2f" member_type: VOTER last_known_addr { host: "127.16.9.196" port: 42573 } attrs { promote: false } } }
I20260710 13:23:10.325553 17923 raft_consensus.cc:1275] T 9fff84112edc4017aeb83006f7efb4b6 P ee486c3cdc074a47b6b5bd77f1d89d2f [term 1 FOLLOWER]: Refusing update from remote peer b8e99a82354c444db0092ea370914ab8: Log matching property violated. Preceding OpId in replica: term: 1 index: 3. Preceding OpId from leader: term: 1 index: 4. (index mismatch)
I20260710 13:23:10.324671 17522 raft_consensus.cc:2955] T 9857b3a7c7ea43c6a2c62c0ffaf7f5ed P b8e99a82354c444db0092ea370914ab8 [term 1 FOLLOWER]: Committing config change with OpId 1.3: config changed from index 2 to 3, ee486c3cdc074a47b6b5bd77f1d89d2f (127.16.9.196) changed from NON_VOTER to VOTER. New config: { opid_index: 3 OBSOLETE_local: false peers { permanent_uuid: "b8e99a82354c444db0092ea370914ab8" member_type: VOTER last_known_addr { host: "127.16.9.193" port: 35127 } } peers { permanent_uuid: "0072833b9d4e44b49aad366f7aa95856" member_type: VOTER last_known_addr { host: "127.16.9.194" port: 40957 } attrs { replace: true } } peers { permanent_uuid: "af533de674db4a2baacda75966c06d4a" member_type: VOTER last_known_addr { host: "127.16.9.195" port: 36133 } } peers { permanent_uuid: "ee486c3cdc074a47b6b5bd77f1d89d2f" member_type: VOTER last_known_addr { host: "127.16.9.196" port: 42573 } attrs { promote: false } } }
I20260710 13:23:10.329772 18225 consensus_queue.cc:1048] T 9fff84112edc4017aeb83006f7efb4b6 P b8e99a82354c444db0092ea370914ab8 [LEADER]: Connected to new peer: Peer: permanent_uuid: "ee486c3cdc074a47b6b5bd77f1d89d2f" member_type: VOTER last_known_addr { host: "127.16.9.196" port: 42573 } attrs { promote: false }, Status: LMP_MISMATCH, Last received: 0.0, Next index: 4, Last known committed idx: 3, Time since last communication: 0.001s
I20260710 13:23:10.341905 17405 catalog_manager.cc:5210] ChangeConfig:REMOVE_PEER RPC for tablet 9fff84112edc4017aeb83006f7efb4b6 with cas_config_opid_index 3: ChangeConfig:REMOVE_PEER succeeded (attempt 1)
I20260710 13:23:10.343616 17925 raft_consensus.cc:2955] T 9fff84112edc4017aeb83006f7efb4b6 P ee486c3cdc074a47b6b5bd77f1d89d2f [term 1 FOLLOWER]: Committing config change with OpId 1.4: config changed from index 3 to 4, VOTER 0072833b9d4e44b49aad366f7aa95856 (127.16.9.194) evicted. New config: { opid_index: 4 OBSOLETE_local: false peers { permanent_uuid: "b8e99a82354c444db0092ea370914ab8" member_type: VOTER last_known_addr { host: "127.16.9.193" port: 35127 } } peers { permanent_uuid: "af533de674db4a2baacda75966c06d4a" member_type: VOTER last_known_addr { host: "127.16.9.195" port: 36133 } } peers { permanent_uuid: "ee486c3cdc074a47b6b5bd77f1d89d2f" member_type: VOTER last_known_addr { host: "127.16.9.196" port: 42573 } attrs { promote: false } } }
I20260710 13:23:10.349493 17508 tablet_service.cc:1558] Processing DeleteTablet for tablet d92963b254124ff5ae826aac36e5d7f5 with delete_type TABLET_DATA_TOMBSTONED (TS b8e99a82354c444db0092ea370914ab8 not found in new config with opid_index 4) from {username='slave'} at 127.0.0.1:32828
I20260710 13:23:10.351635 17420 catalog_manager.cc:5697] T 9fff84112edc4017aeb83006f7efb4b6 P b8e99a82354c444db0092ea370914ab8 reported cstate change: config changed from index 3 to 4, VOTER 0072833b9d4e44b49aad366f7aa95856 (127.16.9.194) evicted. New cstate: current_term: 1 leader_uuid: "b8e99a82354c444db0092ea370914ab8" committed_config { opid_index: 4 OBSOLETE_local: false peers { permanent_uuid: "b8e99a82354c444db0092ea370914ab8" member_type: VOTER last_known_addr { host: "127.16.9.193" port: 35127 } health_report { overall_health: HEALTHY } } peers { permanent_uuid: "af533de674db4a2baacda75966c06d4a" member_type: VOTER last_known_addr { host: "127.16.9.195" port: 36133 } health_report { overall_health: HEALTHY } } peers { permanent_uuid: "ee486c3cdc074a47b6b5bd77f1d89d2f" member_type: VOTER last_known_addr { host: "127.16.9.196" port: 42573 } attrs { promote: false } health_report { overall_health: UNKNOWN } } }
I20260710 13:23:10.370469 18243 tablet_replica.cc:333] T d92963b254124ff5ae826aac36e5d7f5 P b8e99a82354c444db0092ea370914ab8: stopping tablet replica
I20260710 13:23:10.371830 17582 tablet_service.cc:1558] Processing DeleteTablet for tablet 9fff84112edc4017aeb83006f7efb4b6 with delete_type TABLET_DATA_TOMBSTONED (TS 0072833b9d4e44b49aad366f7aa95856 not found in new config with opid_index 4) from {username='slave'} at 127.0.0.1:56788
I20260710 13:23:10.380597 18243 raft_consensus.cc:2243] T d92963b254124ff5ae826aac36e5d7f5 P b8e99a82354c444db0092ea370914ab8 [term 1 FOLLOWER]: Raft consensus shutting down.
I20260710 13:23:10.383383 17671 consensus_queue.cc:237] T 9857b3a7c7ea43c6a2c62c0ffaf7f5ed P af533de674db4a2baacda75966c06d4a [LEADER]: Queue going to LEADER mode. State: All replicated index: 0, Majority replicated index: 3, Committed index: 3, Last appended: 1.3, Last appended by leader: 0, Current term: 1, Majority size: 2, State: 0, Mode: LEADER, active raft config: opid_index: 4 OBSOLETE_local: false peers { permanent_uuid: "b8e99a82354c444db0092ea370914ab8" member_type: VOTER last_known_addr { host: "127.16.9.193" port: 35127 } } peers { permanent_uuid: "af533de674db4a2baacda75966c06d4a" member_type: VOTER last_known_addr { host: "127.16.9.195" port: 36133 } } peers { permanent_uuid: "ee486c3cdc074a47b6b5bd77f1d89d2f" member_type: VOTER last_known_addr { host: "127.16.9.196" port: 42573 } attrs { promote: false } }
I20260710 13:23:10.385154 18243 raft_consensus.cc:2272] T d92963b254124ff5ae826aac36e5d7f5 P b8e99a82354c444db0092ea370914ab8 [term 1 FOLLOWER]: Raft consensus is shut down!
W20260710 13:23:10.386418 17488 outbound_call.cc:321] RPC callback for RPC call kudu.consensus.ConsensusService.UpdateConsensus -> {remote=127.16.9.196:42573, user_credentials={real_user=slave}} blocked reactor thread for 45421.4us
I20260710 13:23:10.389181 18243 ts_tablet_manager.cc:1916] T d92963b254124ff5ae826aac36e5d7f5 P b8e99a82354c444db0092ea370914ab8: Deleting tablet data with delete state TABLET_DATA_TOMBSTONED
I20260710 13:23:10.392752 17925 raft_consensus.cc:1275] T 9857b3a7c7ea43c6a2c62c0ffaf7f5ed P ee486c3cdc074a47b6b5bd77f1d89d2f [term 1 FOLLOWER]: Refusing update from remote peer af533de674db4a2baacda75966c06d4a: Log matching property violated. Preceding OpId in replica: term: 1 index: 3. Preceding OpId from leader: term: 1 index: 4. (index mismatch)
I20260710 13:23:10.392997 18244 tablet_replica.cc:333] T 9fff84112edc4017aeb83006f7efb4b6 P 0072833b9d4e44b49aad366f7aa95856: stopping tablet replica
I20260710 13:23:10.393957 18244 raft_consensus.cc:2243] T 9fff84112edc4017aeb83006f7efb4b6 P 0072833b9d4e44b49aad366f7aa95856 [term 1 FOLLOWER]: Raft consensus shutting down.
I20260710 13:23:10.394615 18209 consensus_queue.cc:1048] T 9857b3a7c7ea43c6a2c62c0ffaf7f5ed P af533de674db4a2baacda75966c06d4a [LEADER]: Connected to new peer: Peer: permanent_uuid: "ee486c3cdc074a47b6b5bd77f1d89d2f" member_type: VOTER last_known_addr { host: "127.16.9.196" port: 42573 } attrs { promote: false }, Status: LMP_MISMATCH, Last received: 0.0, Next index: 4, Last known committed idx: 3, Time since last communication: 0.000s
I20260710 13:23:10.395112 18244 raft_consensus.cc:2272] T 9fff84112edc4017aeb83006f7efb4b6 P 0072833b9d4e44b49aad366f7aa95856 [term 1 FOLLOWER]: Raft consensus is shut down!
I20260710 13:23:10.394644 17522 raft_consensus.cc:1275] T 9857b3a7c7ea43c6a2c62c0ffaf7f5ed P b8e99a82354c444db0092ea370914ab8 [term 1 FOLLOWER]: Refusing update from remote peer af533de674db4a2baacda75966c06d4a: Log matching property violated. Preceding OpId in replica: term: 1 index: 3. Preceding OpId from leader: term: 1 index: 4. (index mismatch)
I20260710 13:23:10.399029 18209 consensus_queue.cc:1048] T 9857b3a7c7ea43c6a2c62c0ffaf7f5ed P af533de674db4a2baacda75966c06d4a [LEADER]: Connected to new peer: Peer: permanent_uuid: "b8e99a82354c444db0092ea370914ab8" member_type: VOTER last_known_addr { host: "127.16.9.193" port: 35127 }, Status: LMP_MISMATCH, Last received: 0.0, Next index: 4, Last known committed idx: 3, Time since last communication: 0.000s
I20260710 13:23:10.399509 18244 ts_tablet_manager.cc:1916] T 9fff84112edc4017aeb83006f7efb4b6 P 0072833b9d4e44b49aad366f7aa95856: Deleting tablet data with delete state TABLET_DATA_TOMBSTONED
I20260710 13:23:10.403592 18238 raft_consensus.cc:2955] T 9857b3a7c7ea43c6a2c62c0ffaf7f5ed P af533de674db4a2baacda75966c06d4a [term 1 LEADER]: Committing config change with OpId 1.4: config changed from index 3 to 4, VOTER 0072833b9d4e44b49aad366f7aa95856 (127.16.9.194) evicted. New config: { opid_index: 4 OBSOLETE_local: false peers { permanent_uuid: "b8e99a82354c444db0092ea370914ab8" member_type: VOTER last_known_addr { host: "127.16.9.193" port: 35127 } } peers { permanent_uuid: "af533de674db4a2baacda75966c06d4a" member_type: VOTER last_known_addr { host: "127.16.9.195" port: 36133 } } peers { permanent_uuid: "ee486c3cdc074a47b6b5bd77f1d89d2f" member_type: VOTER last_known_addr { host: "127.16.9.196" port: 42573 } attrs { promote: false } } }
I20260710 13:23:10.414057 18243 ts_tablet_manager.cc:1929] T d92963b254124ff5ae826aac36e5d7f5 P b8e99a82354c444db0092ea370914ab8: tablet deleted with delete type TABLET_DATA_TOMBSTONED: last-logged OpId 1.3
I20260710 13:23:10.414618 18243 log.cc:1199] T d92963b254124ff5ae826aac36e5d7f5 P b8e99a82354c444db0092ea370914ab8: Deleting WAL directory at /tmp/dist-test-taskxv1LVG/test-tmp/auto_leader_rebalancer-test.0.LeaderRebalancerTest.AddTserver.1783689752087313-16423-0/minicluster-data/ts-0-root/wals/d92963b254124ff5ae826aac36e5d7f5
I20260710 13:23:10.417013 17405 catalog_manager.cc:5028] TS b8e99a82354c444db0092ea370914ab8 (127.16.9.193:35127): tablet d92963b254124ff5ae826aac36e5d7f5 (table test-workload [id=013cf6641e38475296a46a14dc3c6413]) successfully deleted
I20260710 13:23:10.408233 17522 raft_consensus.cc:2955] T 9857b3a7c7ea43c6a2c62c0ffaf7f5ed P b8e99a82354c444db0092ea370914ab8 [term 1 FOLLOWER]: Committing config change with OpId 1.4: config changed from index 3 to 4, VOTER 0072833b9d4e44b49aad366f7aa95856 (127.16.9.194) evicted. New config: { opid_index: 4 OBSOLETE_local: false peers { permanent_uuid: "b8e99a82354c444db0092ea370914ab8" member_type: VOTER last_known_addr { host: "127.16.9.193" port: 35127 } } peers { permanent_uuid: "af533de674db4a2baacda75966c06d4a" member_type: VOTER last_known_addr { host: "127.16.9.195" port: 36133 } } peers { permanent_uuid: "ee486c3cdc074a47b6b5bd77f1d89d2f" member_type: VOTER last_known_addr { host: "127.16.9.196" port: 42573 } attrs { promote: false } } }
I20260710 13:23:10.408524 17925 raft_consensus.cc:2955] T 9857b3a7c7ea43c6a2c62c0ffaf7f5ed P ee486c3cdc074a47b6b5bd77f1d89d2f [term 1 FOLLOWER]: Committing config change with OpId 1.4: config changed from index 3 to 4, VOTER 0072833b9d4e44b49aad366f7aa95856 (127.16.9.194) evicted. New config: { opid_index: 4 OBSOLETE_local: false peers { permanent_uuid: "b8e99a82354c444db0092ea370914ab8" member_type: VOTER last_known_addr { host: "127.16.9.193" port: 35127 } } peers { permanent_uuid: "af533de674db4a2baacda75966c06d4a" member_type: VOTER last_known_addr { host: "127.16.9.195" port: 36133 } } peers { permanent_uuid: "ee486c3cdc074a47b6b5bd77f1d89d2f" member_type: VOTER last_known_addr { host: "127.16.9.196" port: 42573 } attrs { promote: false } } }
I20260710 13:23:10.428966 17408 catalog_manager.cc:5210] ChangeConfig:REMOVE_PEER RPC for tablet 9857b3a7c7ea43c6a2c62c0ffaf7f5ed with cas_config_opid_index 3: ChangeConfig:REMOVE_PEER succeeded (attempt 1)
I20260710 13:23:10.431250 18244 ts_tablet_manager.cc:1929] T 9fff84112edc4017aeb83006f7efb4b6 P 0072833b9d4e44b49aad366f7aa95856: tablet deleted with delete type TABLET_DATA_TOMBSTONED: last-logged OpId 1.3
I20260710 13:23:10.431867 18244 log.cc:1199] T 9fff84112edc4017aeb83006f7efb4b6 P 0072833b9d4e44b49aad366f7aa95856: Deleting WAL directory at /tmp/dist-test-taskxv1LVG/test-tmp/auto_leader_rebalancer-test.0.LeaderRebalancerTest.AddTserver.1783689752087313-16423-0/minicluster-data/ts-1-root/wals/9fff84112edc4017aeb83006f7efb4b6
I20260710 13:23:10.434283 17405 catalog_manager.cc:5028] TS 0072833b9d4e44b49aad366f7aa95856 (127.16.9.194:40957): tablet 9fff84112edc4017aeb83006f7efb4b6 (table test-workload [id=013cf6641e38475296a46a14dc3c6413]) successfully deleted
I20260710 13:23:10.435904 17418 catalog_manager.cc:5697] T 9857b3a7c7ea43c6a2c62c0ffaf7f5ed P af533de674db4a2baacda75966c06d4a reported cstate change: config changed from index 3 to 4, VOTER 0072833b9d4e44b49aad366f7aa95856 (127.16.9.194) evicted. New cstate: current_term: 1 leader_uuid: "af533de674db4a2baacda75966c06d4a" committed_config { opid_index: 4 OBSOLETE_local: false peers { permanent_uuid: "b8e99a82354c444db0092ea370914ab8" member_type: VOTER last_known_addr { host: "127.16.9.193" port: 35127 } health_report { overall_health: HEALTHY } } peers { permanent_uuid: "af533de674db4a2baacda75966c06d4a" member_type: VOTER last_known_addr { host: "127.16.9.195" port: 36133 } health_report { overall_health: HEALTHY } } peers { permanent_uuid: "ee486c3cdc074a47b6b5bd77f1d89d2f" member_type: VOTER last_known_addr { host: "127.16.9.196" port: 42573 } attrs { promote: false } health_report { overall_health: HEALTHY } } }
I20260710 13:23:10.451809 17582 tablet_service.cc:1558] Processing DeleteTablet for tablet 9857b3a7c7ea43c6a2c62c0ffaf7f5ed with delete_type TABLET_DATA_TOMBSTONED (TS 0072833b9d4e44b49aad366f7aa95856 not found in new config with opid_index 4) from {username='slave'} at 127.0.0.1:56788
I20260710 13:23:10.452730 18244 tablet_replica.cc:333] T 9857b3a7c7ea43c6a2c62c0ffaf7f5ed P 0072833b9d4e44b49aad366f7aa95856: stopping tablet replica
I20260710 13:23:10.454016 18244 raft_consensus.cc:2243] T 9857b3a7c7ea43c6a2c62c0ffaf7f5ed P 0072833b9d4e44b49aad366f7aa95856 [term 1 FOLLOWER]: Raft consensus shutting down.
I20260710 13:23:10.454730 18244 raft_consensus.cc:2272] T 9857b3a7c7ea43c6a2c62c0ffaf7f5ed P 0072833b9d4e44b49aad366f7aa95856 [term 1 FOLLOWER]: Raft consensus is shut down!
I20260710 13:23:10.458155 18244 ts_tablet_manager.cc:1916] T 9857b3a7c7ea43c6a2c62c0ffaf7f5ed P 0072833b9d4e44b49aad366f7aa95856: Deleting tablet data with delete state TABLET_DATA_TOMBSTONED
I20260710 13:23:10.469818 18244 ts_tablet_manager.cc:1929] T 9857b3a7c7ea43c6a2c62c0ffaf7f5ed P 0072833b9d4e44b49aad366f7aa95856: tablet deleted with delete type TABLET_DATA_TOMBSTONED: last-logged OpId 1.3
I20260710 13:23:10.470328 18244 log.cc:1199] T 9857b3a7c7ea43c6a2c62c0ffaf7f5ed P 0072833b9d4e44b49aad366f7aa95856: Deleting WAL directory at /tmp/dist-test-taskxv1LVG/test-tmp/auto_leader_rebalancer-test.0.LeaderRebalancerTest.AddTserver.1783689752087313-16423-0/minicluster-data/ts-1-root/wals/9857b3a7c7ea43c6a2c62c0ffaf7f5ed
I20260710 13:23:10.472101 17405 catalog_manager.cc:5028] TS 0072833b9d4e44b49aad366f7aa95856 (127.16.9.194:40957): tablet 9857b3a7c7ea43c6a2c62c0ffaf7f5ed (table test-workload [id=013cf6641e38475296a46a14dc3c6413]) successfully deleted
I20260710 13:23:11.477119 17598 consensus_queue.cc:237] T 81be3710fac644b9b2133968b71787ad P 0072833b9d4e44b49aad366f7aa95856 [LEADER]: Queue going to LEADER mode. State: All replicated index: 0, Majority replicated index: 1, Committed index: 1, Last appended: 1.1, Last appended by leader: 0, Current term: 1, Majority size: 2, State: 0, Mode: LEADER, active raft config: opid_index: 2 OBSOLETE_local: false peers { permanent_uuid: "b8e99a82354c444db0092ea370914ab8" member_type: VOTER last_known_addr { host: "127.16.9.193" port: 35127 } attrs { replace: true } } peers { permanent_uuid: "0072833b9d4e44b49aad366f7aa95856" member_type: VOTER last_known_addr { host: "127.16.9.194" port: 40957 } } peers { permanent_uuid: "af533de674db4a2baacda75966c06d4a" member_type: VOTER last_known_addr { host: "127.16.9.195" port: 36133 } } peers { permanent_uuid: "ee486c3cdc074a47b6b5bd77f1d89d2f" member_type: NON_VOTER last_known_addr { host: "127.16.9.196" port: 42573 } attrs { promote: true } }
I20260710 13:23:11.484242 17521 raft_consensus.cc:1275] T 81be3710fac644b9b2133968b71787ad P b8e99a82354c444db0092ea370914ab8 [term 1 FOLLOWER]: Refusing update from remote peer 0072833b9d4e44b49aad366f7aa95856: Log matching property violated. Preceding OpId in replica: term: 1 index: 1. Preceding OpId from leader: term: 1 index: 2. (index mismatch)
I20260710 13:23:11.484431 17671 raft_consensus.cc:1275] T 81be3710fac644b9b2133968b71787ad P af533de674db4a2baacda75966c06d4a [term 1 FOLLOWER]: Refusing update from remote peer 0072833b9d4e44b49aad366f7aa95856: Log matching property violated. Preceding OpId in replica: term: 1 index: 1. Preceding OpId from leader: term: 1 index: 2. (index mismatch)
W20260710 13:23:11.485380 17563 consensus_peers.cc:597] T 81be3710fac644b9b2133968b71787ad P 0072833b9d4e44b49aad366f7aa95856 -> Peer ee486c3cdc074a47b6b5bd77f1d89d2f (127.16.9.196:42573): Couldn't send request to peer ee486c3cdc074a47b6b5bd77f1d89d2f. Error code: TABLET_NOT_FOUND (6). Status: Not found: Tablet not found: 81be3710fac644b9b2133968b71787ad. This is attempt 1: this message will repeat every 5th retry.
I20260710 13:23:11.486047 18246 consensus_queue.cc:1048] T 81be3710fac644b9b2133968b71787ad P 0072833b9d4e44b49aad366f7aa95856 [LEADER]: Connected to new peer: Peer: permanent_uuid: "b8e99a82354c444db0092ea370914ab8" member_type: VOTER last_known_addr { host: "127.16.9.193" port: 35127 } attrs { replace: true }, Status: LMP_MISMATCH, Last received: 0.0, Next index: 2, Last known committed idx: 1, Time since last communication: 0.000s
I20260710 13:23:11.487068 18248 consensus_queue.cc:1048] T 81be3710fac644b9b2133968b71787ad P 0072833b9d4e44b49aad366f7aa95856 [LEADER]: Connected to new peer: Peer: permanent_uuid: "af533de674db4a2baacda75966c06d4a" member_type: VOTER last_known_addr { host: "127.16.9.195" port: 36133 }, Status: LMP_MISMATCH, Last received: 0.0, Next index: 2, Last known committed idx: 1, Time since last communication: 0.000s
I20260710 13:23:11.499899 18248 raft_consensus.cc:2955] T 81be3710fac644b9b2133968b71787ad P 0072833b9d4e44b49aad366f7aa95856 [term 1 LEADER]: Committing config change with OpId 1.2: config changed from index -1 to 2, NON_VOTER ee486c3cdc074a47b6b5bd77f1d89d2f (127.16.9.196) added. New config: { opid_index: 2 OBSOLETE_local: false peers { permanent_uuid: "b8e99a82354c444db0092ea370914ab8" member_type: VOTER last_known_addr { host: "127.16.9.193" port: 35127 } attrs { replace: true } } peers { permanent_uuid: "0072833b9d4e44b49aad366f7aa95856" member_type: VOTER last_known_addr { host: "127.16.9.194" port: 40957 } } peers { permanent_uuid: "af533de674db4a2baacda75966c06d4a" member_type: VOTER last_known_addr { host: "127.16.9.195" port: 36133 } } peers { permanent_uuid: "ee486c3cdc074a47b6b5bd77f1d89d2f" member_type: NON_VOTER last_known_addr { host: "127.16.9.196" port: 42573 } attrs { promote: true } } }
I20260710 13:23:11.501610 17521 raft_consensus.cc:2955] T 81be3710fac644b9b2133968b71787ad P b8e99a82354c444db0092ea370914ab8 [term 1 FOLLOWER]: Committing config change with OpId 1.2: config changed from index -1 to 2, NON_VOTER ee486c3cdc074a47b6b5bd77f1d89d2f (127.16.9.196) added. New config: { opid_index: 2 OBSOLETE_local: false peers { permanent_uuid: "b8e99a82354c444db0092ea370914ab8" member_type: VOTER last_known_addr { host: "127.16.9.193" port: 35127 } attrs { replace: true } } peers { permanent_uuid: "0072833b9d4e44b49aad366f7aa95856" member_type: VOTER last_known_addr { host: "127.16.9.194" port: 40957 } } peers { permanent_uuid: "af533de674db4a2baacda75966c06d4a" member_type: VOTER last_known_addr { host: "127.16.9.195" port: 36133 } } peers { permanent_uuid: "ee486c3cdc074a47b6b5bd77f1d89d2f" member_type: NON_VOTER last_known_addr { host: "127.16.9.196" port: 42573 } attrs { promote: true } } }
I20260710 13:23:11.501998 17671 raft_consensus.cc:2955] T 81be3710fac644b9b2133968b71787ad P af533de674db4a2baacda75966c06d4a [term 1 FOLLOWER]: Committing config change with OpId 1.2: config changed from index -1 to 2, NON_VOTER ee486c3cdc074a47b6b5bd77f1d89d2f (127.16.9.196) added. New config: { opid_index: 2 OBSOLETE_local: false peers { permanent_uuid: "b8e99a82354c444db0092ea370914ab8" member_type: VOTER last_known_addr { host: "127.16.9.193" port: 35127 } attrs { replace: true } } peers { permanent_uuid: "0072833b9d4e44b49aad366f7aa95856" member_type: VOTER last_known_addr { host: "127.16.9.194" port: 40957 } } peers { permanent_uuid: "af533de674db4a2baacda75966c06d4a" member_type: VOTER last_known_addr { host: "127.16.9.195" port: 36133 } } peers { permanent_uuid: "ee486c3cdc074a47b6b5bd77f1d89d2f" member_type: NON_VOTER last_known_addr { host: "127.16.9.196" port: 42573 } attrs { promote: true } } }
I20260710 13:23:11.515436 17521 consensus_queue.cc:237] T 729523f4204e4a478236e66a0963c717 P b8e99a82354c444db0092ea370914ab8 [LEADER]: Queue going to LEADER mode. State: All replicated index: 0, Majority replicated index: 1, Committed index: 1, Last appended: 1.1, Last appended by leader: 0, Current term: 1, Majority size: 2, State: 0, Mode: LEADER, active raft config: opid_index: 2 OBSOLETE_local: false peers { permanent_uuid: "b8e99a82354c444db0092ea370914ab8" member_type: VOTER last_known_addr { host: "127.16.9.193" port: 35127 } } peers { permanent_uuid: "0072833b9d4e44b49aad366f7aa95856" member_type: VOTER last_known_addr { host: "127.16.9.194" port: 40957 } } peers { permanent_uuid: "af533de674db4a2baacda75966c06d4a" member_type: VOTER last_known_addr { host: "127.16.9.195" port: 36133 } attrs { replace: true } } peers { permanent_uuid: "ee486c3cdc074a47b6b5bd77f1d89d2f" member_type: NON_VOTER last_known_addr { host: "127.16.9.196" port: 42573 } attrs { promote: true } }
I20260710 13:23:11.516332 17420 catalog_manager.cc:5697] T 81be3710fac644b9b2133968b71787ad P b8e99a82354c444db0092ea370914ab8 reported cstate change: config changed from index -1 to 2, NON_VOTER ee486c3cdc074a47b6b5bd77f1d89d2f (127.16.9.196) added. New cstate: current_term: 1 leader_uuid: "0072833b9d4e44b49aad366f7aa95856" committed_config { opid_index: 2 OBSOLETE_local: false peers { permanent_uuid: "b8e99a82354c444db0092ea370914ab8" member_type: VOTER last_known_addr { host: "127.16.9.193" port: 35127 } attrs { replace: true } } peers { permanent_uuid: "0072833b9d4e44b49aad366f7aa95856" member_type: VOTER last_known_addr { host: "127.16.9.194" port: 40957 } } peers { permanent_uuid: "af533de674db4a2baacda75966c06d4a" member_type: VOTER last_known_addr { host: "127.16.9.195" port: 36133 } } peers { permanent_uuid: "ee486c3cdc074a47b6b5bd77f1d89d2f" member_type: NON_VOTER last_known_addr { host: "127.16.9.196" port: 42573 } attrs { promote: true } } }
I20260710 13:23:11.523574 17671 raft_consensus.cc:1275] T 729523f4204e4a478236e66a0963c717 P af533de674db4a2baacda75966c06d4a [term 1 FOLLOWER]: Refusing update from remote peer b8e99a82354c444db0092ea370914ab8: Log matching property violated. Preceding OpId in replica: term: 1 index: 1. Preceding OpId from leader: term: 1 index: 2. (index mismatch)
I20260710 13:23:11.525239 18251 consensus_queue.cc:1048] T 729523f4204e4a478236e66a0963c717 P b8e99a82354c444db0092ea370914ab8 [LEADER]: Connected to new peer: Peer: permanent_uuid: "af533de674db4a2baacda75966c06d4a" member_type: VOTER last_known_addr { host: "127.16.9.195" port: 36133 } attrs { replace: true }, Status: LMP_MISMATCH, Last received: 0.0, Next index: 2, Last known committed idx: 1, Time since last communication: 0.000s
W20260710 13:23:11.526171 17488 consensus_peers.cc:597] T 729523f4204e4a478236e66a0963c717 P b8e99a82354c444db0092ea370914ab8 -> Peer ee486c3cdc074a47b6b5bd77f1d89d2f (127.16.9.196:42573): Couldn't send request to peer ee486c3cdc074a47b6b5bd77f1d89d2f. Error code: TABLET_NOT_FOUND (6). Status: Not found: Tablet not found: 729523f4204e4a478236e66a0963c717. This is attempt 1: this message will repeat every 5th retry.
I20260710 13:23:11.526392 17598 raft_consensus.cc:1275] T 729523f4204e4a478236e66a0963c717 P 0072833b9d4e44b49aad366f7aa95856 [term 1 FOLLOWER]: Refusing update from remote peer b8e99a82354c444db0092ea370914ab8: Log matching property violated. Preceding OpId in replica: term: 1 index: 1. Preceding OpId from leader: term: 1 index: 2. (index mismatch)
I20260710 13:23:11.528604 18251 consensus_queue.cc:1048] T 729523f4204e4a478236e66a0963c717 P b8e99a82354c444db0092ea370914ab8 [LEADER]: Connected to new peer: Peer: permanent_uuid: "0072833b9d4e44b49aad366f7aa95856" member_type: VOTER last_known_addr { host: "127.16.9.194" port: 40957 }, Status: LMP_MISMATCH, Last received: 0.0, Next index: 2, Last known committed idx: 1, Time since last communication: 0.000s
I20260710 13:23:11.536053 18242 raft_consensus.cc:2955] T 729523f4204e4a478236e66a0963c717 P b8e99a82354c444db0092ea370914ab8 [term 1 LEADER]: Committing config change with OpId 1.2: config changed from index -1 to 2, NON_VOTER ee486c3cdc074a47b6b5bd77f1d89d2f (127.16.9.196) added. New config: { opid_index: 2 OBSOLETE_local: false peers { permanent_uuid: "b8e99a82354c444db0092ea370914ab8" member_type: VOTER last_known_addr { host: "127.16.9.193" port: 35127 } } peers { permanent_uuid: "0072833b9d4e44b49aad366f7aa95856" member_type: VOTER last_known_addr { host: "127.16.9.194" port: 40957 } } peers { permanent_uuid: "af533de674db4a2baacda75966c06d4a" member_type: VOTER last_known_addr { host: "127.16.9.195" port: 36133 } attrs { replace: true } } peers { permanent_uuid: "ee486c3cdc074a47b6b5bd77f1d89d2f" member_type: NON_VOTER last_known_addr { host: "127.16.9.196" port: 42573 } attrs { promote: true } } }
I20260710 13:23:11.540458 17671 raft_consensus.cc:2955] T 729523f4204e4a478236e66a0963c717 P af533de674db4a2baacda75966c06d4a [term 1 FOLLOWER]: Committing config change with OpId 1.2: config changed from index -1 to 2, NON_VOTER ee486c3cdc074a47b6b5bd77f1d89d2f (127.16.9.196) added. New config: { opid_index: 2 OBSOLETE_local: false peers { permanent_uuid: "b8e99a82354c444db0092ea370914ab8" member_type: VOTER last_known_addr { host: "127.16.9.193" port: 35127 } } peers { permanent_uuid: "0072833b9d4e44b49aad366f7aa95856" member_type: VOTER last_known_addr { host: "127.16.9.194" port: 40957 } } peers { permanent_uuid: "af533de674db4a2baacda75966c06d4a" member_type: VOTER last_known_addr { host: "127.16.9.195" port: 36133 } attrs { replace: true } } peers { permanent_uuid: "ee486c3cdc074a47b6b5bd77f1d89d2f" member_type: NON_VOTER last_known_addr { host: "127.16.9.196" port: 42573 } attrs { promote: true } } }
I20260710 13:23:11.555189 17420 catalog_manager.cc:5697] T 729523f4204e4a478236e66a0963c717 P af533de674db4a2baacda75966c06d4a reported cstate change: config changed from index -1 to 2, NON_VOTER ee486c3cdc074a47b6b5bd77f1d89d2f (127.16.9.196) added. New cstate: current_term: 1 leader_uuid: "b8e99a82354c444db0092ea370914ab8" committed_config { opid_index: 2 OBSOLETE_local: false peers { permanent_uuid: "b8e99a82354c444db0092ea370914ab8" member_type: VOTER last_known_addr { host: "127.16.9.193" port: 35127 } } peers { permanent_uuid: "0072833b9d4e44b49aad366f7aa95856" member_type: VOTER last_known_addr { host: "127.16.9.194" port: 40957 } } peers { permanent_uuid: "af533de674db4a2baacda75966c06d4a" member_type: VOTER last_known_addr { host: "127.16.9.195" port: 36133 } attrs { replace: true } } peers { permanent_uuid: "ee486c3cdc074a47b6b5bd77f1d89d2f" member_type: NON_VOTER last_known_addr { host: "127.16.9.196" port: 42573 } attrs { promote: true } } }
I20260710 13:23:11.555284 17598 raft_consensus.cc:2955] T 729523f4204e4a478236e66a0963c717 P 0072833b9d4e44b49aad366f7aa95856 [term 1 FOLLOWER]: Committing config change with OpId 1.2: config changed from index -1 to 2, NON_VOTER ee486c3cdc074a47b6b5bd77f1d89d2f (127.16.9.196) added. New config: { opid_index: 2 OBSOLETE_local: false peers { permanent_uuid: "b8e99a82354c444db0092ea370914ab8" member_type: VOTER last_known_addr { host: "127.16.9.193" port: 35127 } } peers { permanent_uuid: "0072833b9d4e44b49aad366f7aa95856" member_type: VOTER last_known_addr { host: "127.16.9.194" port: 40957 } } peers { permanent_uuid: "af533de674db4a2baacda75966c06d4a" member_type: VOTER last_known_addr { host: "127.16.9.195" port: 36133 } attrs { replace: true } } peers { permanent_uuid: "ee486c3cdc074a47b6b5bd77f1d89d2f" member_type: NON_VOTER last_known_addr { host: "127.16.9.196" port: 42573 } attrs { promote: true } } }
I20260710 13:23:12.024679 18260 ts_tablet_manager.cc:933] T 729523f4204e4a478236e66a0963c717 P ee486c3cdc074a47b6b5bd77f1d89d2f: Initiating tablet copy from peer b8e99a82354c444db0092ea370914ab8 (127.16.9.193:35127)
I20260710 13:23:12.028066 18260 tablet_copy_client.cc:323] T 729523f4204e4a478236e66a0963c717 P ee486c3cdc074a47b6b5bd77f1d89d2f: tablet copy: Beginning tablet copy session from remote peer at address 127.16.9.193:35127
I20260710 13:23:12.029816 17533 tablet_copy_service.cc:140] P b8e99a82354c444db0092ea370914ab8: Received BeginTabletCopySession request for tablet 729523f4204e4a478236e66a0963c717 from peer ee486c3cdc074a47b6b5bd77f1d89d2f ({username='slave'} at 127.0.0.1:41744)
I20260710 13:23:12.030376 17533 tablet_copy_service.cc:161] P b8e99a82354c444db0092ea370914ab8: Beginning new tablet copy session on tablet 729523f4204e4a478236e66a0963c717 from peer ee486c3cdc074a47b6b5bd77f1d89d2f at {username='slave'} at 127.0.0.1:41744: session id = ee486c3cdc074a47b6b5bd77f1d89d2f-729523f4204e4a478236e66a0963c717
I20260710 13:23:12.038596 17533 tablet_copy_source_session.cc:215] T 729523f4204e4a478236e66a0963c717 P b8e99a82354c444db0092ea370914ab8: Tablet Copy: opened 0 blocks and 1 log segments
I20260710 13:23:12.042482 18260 data_dirs.cc:400] Could only allocate 1 dirs of requested 3 for tablet 729523f4204e4a478236e66a0963c717. 1 dirs total, 0 dirs full, 0 dirs failed
I20260710 13:23:12.057435 18260 tablet_copy_client.cc:806] T 729523f4204e4a478236e66a0963c717 P ee486c3cdc074a47b6b5bd77f1d89d2f: tablet copy: Starting download of 0 data blocks...
I20260710 13:23:12.058172 18260 tablet_copy_client.cc:670] T 729523f4204e4a478236e66a0963c717 P ee486c3cdc074a47b6b5bd77f1d89d2f: tablet copy: Starting download of 1 WAL segments...
I20260710 13:23:12.062057 18260 tablet_copy_client.cc:538] T 729523f4204e4a478236e66a0963c717 P ee486c3cdc074a47b6b5bd77f1d89d2f: tablet copy: Tablet Copy complete. Replacing tablet superblock.
I20260710 13:23:12.065301 18262 ts_tablet_manager.cc:933] T 81be3710fac644b9b2133968b71787ad P ee486c3cdc074a47b6b5bd77f1d89d2f: Initiating tablet copy from peer 0072833b9d4e44b49aad366f7aa95856 (127.16.9.194:40957)
I20260710 13:23:12.067207 18262 tablet_copy_client.cc:323] T 81be3710fac644b9b2133968b71787ad P ee486c3cdc074a47b6b5bd77f1d89d2f: tablet copy: Beginning tablet copy session from remote peer at address 127.16.9.194:40957
I20260710 13:23:12.069173 17608 tablet_copy_service.cc:140] P 0072833b9d4e44b49aad366f7aa95856: Received BeginTabletCopySession request for tablet 81be3710fac644b9b2133968b71787ad from peer ee486c3cdc074a47b6b5bd77f1d89d2f ({username='slave'} at 127.0.0.1:44544)
I20260710 13:23:12.069747 17608 tablet_copy_service.cc:161] P 0072833b9d4e44b49aad366f7aa95856: Beginning new tablet copy session on tablet 81be3710fac644b9b2133968b71787ad from peer ee486c3cdc074a47b6b5bd77f1d89d2f at {username='slave'} at 127.0.0.1:44544: session id = ee486c3cdc074a47b6b5bd77f1d89d2f-81be3710fac644b9b2133968b71787ad
I20260710 13:23:12.071352 18260 tablet_bootstrap.cc:492] T 729523f4204e4a478236e66a0963c717 P ee486c3cdc074a47b6b5bd77f1d89d2f: Bootstrap starting.
I20260710 13:23:12.077607 17608 tablet_copy_source_session.cc:215] T 81be3710fac644b9b2133968b71787ad P 0072833b9d4e44b49aad366f7aa95856: Tablet Copy: opened 0 blocks and 1 log segments
I20260710 13:23:12.081241 18262 data_dirs.cc:400] Could only allocate 1 dirs of requested 3 for tablet 81be3710fac644b9b2133968b71787ad. 1 dirs total, 0 dirs full, 0 dirs failed
I20260710 13:23:12.092424 18260 tablet_bootstrap.cc:492] T 729523f4204e4a478236e66a0963c717 P ee486c3cdc074a47b6b5bd77f1d89d2f: Bootstrap replayed 1/1 log segments. Stats: ops{read=2 overwritten=0 applied=2 ignored=0} inserts{seen=0 ignored=0} mutations{seen=0 ignored=0} orphaned_commits=0. Pending: 0 replicates
I20260710 13:23:12.093523 18260 tablet_bootstrap.cc:492] T 729523f4204e4a478236e66a0963c717 P ee486c3cdc074a47b6b5bd77f1d89d2f: Bootstrap complete.
I20260710 13:23:12.094569 18260 ts_tablet_manager.cc:1403] T 729523f4204e4a478236e66a0963c717 P ee486c3cdc074a47b6b5bd77f1d89d2f: Time spent bootstrapping tablet: real 0.023s	user 0.017s	sys 0.008s
I20260710 13:23:12.098472 18260 raft_consensus.cc:359] T 729523f4204e4a478236e66a0963c717 P ee486c3cdc074a47b6b5bd77f1d89d2f [term 1 LEARNER]: Replica starting. Triggering 0 pending ops. Active config: opid_index: 2 OBSOLETE_local: false peers { permanent_uuid: "b8e99a82354c444db0092ea370914ab8" member_type: VOTER last_known_addr { host: "127.16.9.193" port: 35127 } } peers { permanent_uuid: "0072833b9d4e44b49aad366f7aa95856" member_type: VOTER last_known_addr { host: "127.16.9.194" port: 40957 } } peers { permanent_uuid: "af533de674db4a2baacda75966c06d4a" member_type: VOTER last_known_addr { host: "127.16.9.195" port: 36133 } attrs { replace: true } } peers { permanent_uuid: "ee486c3cdc074a47b6b5bd77f1d89d2f" member_type: NON_VOTER last_known_addr { host: "127.16.9.196" port: 42573 } attrs { promote: true } }
I20260710 13:23:12.099350 18260 raft_consensus.cc:740] T 729523f4204e4a478236e66a0963c717 P ee486c3cdc074a47b6b5bd77f1d89d2f [term 1 LEARNER]: Becoming Follower/Learner. State: Replica: ee486c3cdc074a47b6b5bd77f1d89d2f, State: Initialized, Role: LEARNER
I20260710 13:23:12.100339 18262 tablet_copy_client.cc:806] T 81be3710fac644b9b2133968b71787ad P ee486c3cdc074a47b6b5bd77f1d89d2f: tablet copy: Starting download of 0 data blocks...
I20260710 13:23:12.100039 18260 consensus_queue.cc:260] T 729523f4204e4a478236e66a0963c717 P ee486c3cdc074a47b6b5bd77f1d89d2f [NON_LEADER]: Queue going to NON_LEADER mode. State: All replicated index: 0, Majority replicated index: 0, Committed index: 2, Last appended: 1.2, Last appended by leader: 2, Current term: 0, Majority size: -1, State: 0, Mode: NON_LEADER, active raft config: opid_index: 2 OBSOLETE_local: false peers { permanent_uuid: "b8e99a82354c444db0092ea370914ab8" member_type: VOTER last_known_addr { host: "127.16.9.193" port: 35127 } } peers { permanent_uuid: "0072833b9d4e44b49aad366f7aa95856" member_type: VOTER last_known_addr { host: "127.16.9.194" port: 40957 } } peers { permanent_uuid: "af533de674db4a2baacda75966c06d4a" member_type: VOTER last_known_addr { host: "127.16.9.195" port: 36133 } attrs { replace: true } } peers { permanent_uuid: "ee486c3cdc074a47b6b5bd77f1d89d2f" member_type: NON_VOTER last_known_addr { host: "127.16.9.196" port: 42573 } attrs { promote: true } }
I20260710 13:23:12.101002 18262 tablet_copy_client.cc:670] T 81be3710fac644b9b2133968b71787ad P ee486c3cdc074a47b6b5bd77f1d89d2f: tablet copy: Starting download of 1 WAL segments...
I20260710 13:23:12.103278 18260 ts_tablet_manager.cc:1434] T 729523f4204e4a478236e66a0963c717 P ee486c3cdc074a47b6b5bd77f1d89d2f: Time spent starting tablet: real 0.008s	user 0.007s	sys 0.000s
I20260710 13:23:12.105149 17533 tablet_copy_service.cc:342] P b8e99a82354c444db0092ea370914ab8: Request end of tablet copy session ee486c3cdc074a47b6b5bd77f1d89d2f-729523f4204e4a478236e66a0963c717 received from {username='slave'} at 127.0.0.1:41744
I20260710 13:23:12.105577 17533 tablet_copy_service.cc:434] P b8e99a82354c444db0092ea370914ab8: ending tablet copy session ee486c3cdc074a47b6b5bd77f1d89d2f-729523f4204e4a478236e66a0963c717 on tablet 729523f4204e4a478236e66a0963c717 with peer ee486c3cdc074a47b6b5bd77f1d89d2f
I20260710 13:23:12.105635 18262 tablet_copy_client.cc:538] T 81be3710fac644b9b2133968b71787ad P ee486c3cdc074a47b6b5bd77f1d89d2f: tablet copy: Tablet Copy complete. Replacing tablet superblock.
I20260710 13:23:12.113422 18262 tablet_bootstrap.cc:492] T 81be3710fac644b9b2133968b71787ad P ee486c3cdc074a47b6b5bd77f1d89d2f: Bootstrap starting.
I20260710 13:23:12.132158 18262 tablet_bootstrap.cc:492] T 81be3710fac644b9b2133968b71787ad P ee486c3cdc074a47b6b5bd77f1d89d2f: Bootstrap replayed 1/1 log segments. Stats: ops{read=2 overwritten=0 applied=2 ignored=0} inserts{seen=0 ignored=0} mutations{seen=0 ignored=0} orphaned_commits=0. Pending: 0 replicates
I20260710 13:23:12.133225 18262 tablet_bootstrap.cc:492] T 81be3710fac644b9b2133968b71787ad P ee486c3cdc074a47b6b5bd77f1d89d2f: Bootstrap complete.
I20260710 13:23:12.133867 18262 ts_tablet_manager.cc:1403] T 81be3710fac644b9b2133968b71787ad P ee486c3cdc074a47b6b5bd77f1d89d2f: Time spent bootstrapping tablet: real 0.021s	user 0.020s	sys 0.000s
I20260710 13:23:12.136111 18262 raft_consensus.cc:359] T 81be3710fac644b9b2133968b71787ad P ee486c3cdc074a47b6b5bd77f1d89d2f [term 1 LEARNER]: Replica starting. Triggering 0 pending ops. Active config: opid_index: 2 OBSOLETE_local: false peers { permanent_uuid: "b8e99a82354c444db0092ea370914ab8" member_type: VOTER last_known_addr { host: "127.16.9.193" port: 35127 } attrs { replace: true } } peers { permanent_uuid: "0072833b9d4e44b49aad366f7aa95856" member_type: VOTER last_known_addr { host: "127.16.9.194" port: 40957 } } peers { permanent_uuid: "af533de674db4a2baacda75966c06d4a" member_type: VOTER last_known_addr { host: "127.16.9.195" port: 36133 } } peers { permanent_uuid: "ee486c3cdc074a47b6b5bd77f1d89d2f" member_type: NON_VOTER last_known_addr { host: "127.16.9.196" port: 42573 } attrs { promote: true } }
I20260710 13:23:12.136716 18262 raft_consensus.cc:740] T 81be3710fac644b9b2133968b71787ad P ee486c3cdc074a47b6b5bd77f1d89d2f [term 1 LEARNER]: Becoming Follower/Learner. State: Replica: ee486c3cdc074a47b6b5bd77f1d89d2f, State: Initialized, Role: LEARNER
I20260710 13:23:12.137260 18262 consensus_queue.cc:260] T 81be3710fac644b9b2133968b71787ad P ee486c3cdc074a47b6b5bd77f1d89d2f [NON_LEADER]: Queue going to NON_LEADER mode. State: All replicated index: 0, Majority replicated index: 0, Committed index: 2, Last appended: 1.2, Last appended by leader: 2, Current term: 0, Majority size: -1, State: 0, Mode: NON_LEADER, active raft config: opid_index: 2 OBSOLETE_local: false peers { permanent_uuid: "b8e99a82354c444db0092ea370914ab8" member_type: VOTER last_known_addr { host: "127.16.9.193" port: 35127 } attrs { replace: true } } peers { permanent_uuid: "0072833b9d4e44b49aad366f7aa95856" member_type: VOTER last_known_addr { host: "127.16.9.194" port: 40957 } } peers { permanent_uuid: "af533de674db4a2baacda75966c06d4a" member_type: VOTER last_known_addr { host: "127.16.9.195" port: 36133 } } peers { permanent_uuid: "ee486c3cdc074a47b6b5bd77f1d89d2f" member_type: NON_VOTER last_known_addr { host: "127.16.9.196" port: 42573 } attrs { promote: true } }
I20260710 13:23:12.139883 18262 ts_tablet_manager.cc:1434] T 81be3710fac644b9b2133968b71787ad P ee486c3cdc074a47b6b5bd77f1d89d2f: Time spent starting tablet: real 0.006s	user 0.008s	sys 0.000s
I20260710 13:23:12.141803 17608 tablet_copy_service.cc:342] P 0072833b9d4e44b49aad366f7aa95856: Request end of tablet copy session ee486c3cdc074a47b6b5bd77f1d89d2f-81be3710fac644b9b2133968b71787ad received from {username='slave'} at 127.0.0.1:44544
I20260710 13:23:12.142215 17608 tablet_copy_service.cc:434] P 0072833b9d4e44b49aad366f7aa95856: ending tablet copy session ee486c3cdc074a47b6b5bd77f1d89d2f-81be3710fac644b9b2133968b71787ad on tablet 81be3710fac644b9b2133968b71787ad with peer ee486c3cdc074a47b6b5bd77f1d89d2f
I20260710 13:23:12.531051 17921 raft_consensus.cc:1217] T 729523f4204e4a478236e66a0963c717 P ee486c3cdc074a47b6b5bd77f1d89d2f [term 1 LEARNER]: Deduplicated request from leader. Original: 1.1->[1.2-1.2]   Dedup: 1.2->[]
I20260710 13:23:12.605119 17921 raft_consensus.cc:1217] T 81be3710fac644b9b2133968b71787ad P ee486c3cdc074a47b6b5bd77f1d89d2f [term 1 LEARNER]: Deduplicated request from leader. Original: 1.1->[1.2-1.2]   Dedup: 1.2->[]
I20260710 13:23:13.093663 18269 raft_consensus.cc:1064] T 729523f4204e4a478236e66a0963c717 P b8e99a82354c444db0092ea370914ab8: attempting to promote NON_VOTER ee486c3cdc074a47b6b5bd77f1d89d2f to VOTER
I20260710 13:23:13.097232 18269 consensus_queue.cc:237] T 729523f4204e4a478236e66a0963c717 P b8e99a82354c444db0092ea370914ab8 [LEADER]: Queue going to LEADER mode. State: All replicated index: 0, Majority replicated index: 2, Committed index: 2, Last appended: 1.2, Last appended by leader: 0, Current term: 1, Majority size: 3, State: 0, Mode: LEADER, active raft config: opid_index: 3 OBSOLETE_local: false peers { permanent_uuid: "b8e99a82354c444db0092ea370914ab8" member_type: VOTER last_known_addr { host: "127.16.9.193" port: 35127 } } peers { permanent_uuid: "0072833b9d4e44b49aad366f7aa95856" member_type: VOTER last_known_addr { host: "127.16.9.194" port: 40957 } } peers { permanent_uuid: "af533de674db4a2baacda75966c06d4a" member_type: VOTER last_known_addr { host: "127.16.9.195" port: 36133 } attrs { replace: true } } peers { permanent_uuid: "ee486c3cdc074a47b6b5bd77f1d89d2f" member_type: VOTER last_known_addr { host: "127.16.9.196" port: 42573 } attrs { promote: false } }
I20260710 13:23:13.106868 17671 raft_consensus.cc:1275] T 729523f4204e4a478236e66a0963c717 P af533de674db4a2baacda75966c06d4a [term 1 FOLLOWER]: Refusing update from remote peer b8e99a82354c444db0092ea370914ab8: Log matching property violated. Preceding OpId in replica: term: 1 index: 2. Preceding OpId from leader: term: 1 index: 3. (index mismatch)
I20260710 13:23:13.107023 17921 raft_consensus.cc:1275] T 729523f4204e4a478236e66a0963c717 P ee486c3cdc074a47b6b5bd77f1d89d2f [term 1 LEARNER]: Refusing update from remote peer b8e99a82354c444db0092ea370914ab8: Log matching property violated. Preceding OpId in replica: term: 1 index: 2. Preceding OpId from leader: term: 1 index: 3. (index mismatch)
I20260710 13:23:13.108807 18242 consensus_queue.cc:1048] T 729523f4204e4a478236e66a0963c717 P b8e99a82354c444db0092ea370914ab8 [LEADER]: Connected to new peer: Peer: permanent_uuid: "af533de674db4a2baacda75966c06d4a" member_type: VOTER last_known_addr { host: "127.16.9.195" port: 36133 } attrs { replace: true }, Status: LMP_MISMATCH, Last received: 0.0, Next index: 3, Last known committed idx: 2, Time since last communication: 0.001s
I20260710 13:23:13.111184 18242 consensus_queue.cc:1048] T 729523f4204e4a478236e66a0963c717 P b8e99a82354c444db0092ea370914ab8 [LEADER]: Connected to new peer: Peer: permanent_uuid: "ee486c3cdc074a47b6b5bd77f1d89d2f" member_type: VOTER last_known_addr { host: "127.16.9.196" port: 42573 } attrs { promote: false }, Status: LMP_MISMATCH, Last received: 0.0, Next index: 3, Last known committed idx: 2, Time since last communication: 0.001s
I20260710 13:23:13.127446 17595 raft_consensus.cc:1275] T 729523f4204e4a478236e66a0963c717 P 0072833b9d4e44b49aad366f7aa95856 [term 1 FOLLOWER]: Refusing update from remote peer b8e99a82354c444db0092ea370914ab8: Log matching property violated. Preceding OpId in replica: term: 1 index: 2. Preceding OpId from leader: term: 1 index: 3. (index mismatch)
I20260710 13:23:13.132177 18274 consensus_queue.cc:1048] T 729523f4204e4a478236e66a0963c717 P b8e99a82354c444db0092ea370914ab8 [LEADER]: Connected to new peer: Peer: permanent_uuid: "0072833b9d4e44b49aad366f7aa95856" member_type: VOTER last_known_addr { host: "127.16.9.194" port: 40957 }, Status: LMP_MISMATCH, Last received: 0.0, Next index: 3, Last known committed idx: 2, Time since last communication: 0.001s
I20260710 13:23:13.131407 18275 raft_consensus.cc:2955] T 729523f4204e4a478236e66a0963c717 P b8e99a82354c444db0092ea370914ab8 [term 1 LEADER]: Committing config change with OpId 1.3: config changed from index 2 to 3, ee486c3cdc074a47b6b5bd77f1d89d2f (127.16.9.196) changed from NON_VOTER to VOTER. New config: { opid_index: 3 OBSOLETE_local: false peers { permanent_uuid: "b8e99a82354c444db0092ea370914ab8" member_type: VOTER last_known_addr { host: "127.16.9.193" port: 35127 } } peers { permanent_uuid: "0072833b9d4e44b49aad366f7aa95856" member_type: VOTER last_known_addr { host: "127.16.9.194" port: 40957 } } peers { permanent_uuid: "af533de674db4a2baacda75966c06d4a" member_type: VOTER last_known_addr { host: "127.16.9.195" port: 36133 } attrs { replace: true } } peers { permanent_uuid: "ee486c3cdc074a47b6b5bd77f1d89d2f" member_type: VOTER last_known_addr { host: "127.16.9.196" port: 42573 } attrs { promote: false } } }
I20260710 13:23:13.135205 17921 raft_consensus.cc:2955] T 729523f4204e4a478236e66a0963c717 P ee486c3cdc074a47b6b5bd77f1d89d2f [term 1 FOLLOWER]: Committing config change with OpId 1.3: config changed from index 2 to 3, ee486c3cdc074a47b6b5bd77f1d89d2f (127.16.9.196) changed from NON_VOTER to VOTER. New config: { opid_index: 3 OBSOLETE_local: false peers { permanent_uuid: "b8e99a82354c444db0092ea370914ab8" member_type: VOTER last_known_addr { host: "127.16.9.193" port: 35127 } } peers { permanent_uuid: "0072833b9d4e44b49aad366f7aa95856" member_type: VOTER last_known_addr { host: "127.16.9.194" port: 40957 } } peers { permanent_uuid: "af533de674db4a2baacda75966c06d4a" member_type: VOTER last_known_addr { host: "127.16.9.195" port: 36133 } attrs { replace: true } } peers { permanent_uuid: "ee486c3cdc074a47b6b5bd77f1d89d2f" member_type: VOTER last_known_addr { host: "127.16.9.196" port: 42573 } attrs { promote: false } } }
I20260710 13:23:13.160857 17595 raft_consensus.cc:2955] T 729523f4204e4a478236e66a0963c717 P 0072833b9d4e44b49aad366f7aa95856 [term 1 FOLLOWER]: Committing config change with OpId 1.3: config changed from index 2 to 3, ee486c3cdc074a47b6b5bd77f1d89d2f (127.16.9.196) changed from NON_VOTER to VOTER. New config: { opid_index: 3 OBSOLETE_local: false peers { permanent_uuid: "b8e99a82354c444db0092ea370914ab8" member_type: VOTER last_known_addr { host: "127.16.9.193" port: 35127 } } peers { permanent_uuid: "0072833b9d4e44b49aad366f7aa95856" member_type: VOTER last_known_addr { host: "127.16.9.194" port: 40957 } } peers { permanent_uuid: "af533de674db4a2baacda75966c06d4a" member_type: VOTER last_known_addr { host: "127.16.9.195" port: 36133 } attrs { replace: true } } peers { permanent_uuid: "ee486c3cdc074a47b6b5bd77f1d89d2f" member_type: VOTER last_known_addr { host: "127.16.9.196" port: 42573 } attrs { promote: false } } }
