I20260710 13:22:42.529345 22881 raft_consensus.cc:515] T e856089bdc324db3bc2a2f9db7973d13 P 8d81e24ec3ea4ef5b3aca489bb8fc470 [term 0 FOLLOWER]: Starting pre-election with config: opid_index: -1 OBSOLETE_local: false peers { permanent_uuid: "8d81e24ec3ea4ef5b3aca489bb8fc470" member_type: VOTER last_known_addr { host: "127.21.140.1" port: 43447 } } peers { permanent_uuid: "ee10d63236754a159b6c375d37f233f4" member_type: VOTER last_known_addr { host: "127.21.140.2" port: 46427 } } peers { permanent_uuid: "1df772f53d4b4b21b2587852cc91eef2" member_type: VOTER last_known_addr { host: "127.21.140.3" port: 46259 } }
I20260710 13:22:42.529740 22882 leader_election.cc:290] T d5497f5e68c544278caaed6306534fce P ee10d63236754a159b6c375d37f233f4 [CANDIDATE]: Term 1 pre-election: Requested pre-vote from peers 8d81e24ec3ea4ef5b3aca489bb8fc470 (127.21.140.1:43447), 1df772f53d4b4b21b2587852cc91eef2 (127.21.140.3:46259)
I20260710 13:22:42.531347 22684 tablet_service.cc:1917] Received RequestConsensusVote() RPC: tablet_id: "d5497f5e68c544278caaed6306534fce" candidate_uuid: "ee10d63236754a159b6c375d37f233f4" candidate_term: 1 candidate_status { last_received { term: 0 index: 0 } } ignore_live_leader: false dest_uuid: "8d81e24ec3ea4ef5b3aca489bb8fc470" is_pre_election: true
I20260710 13:22:42.532121 22684 raft_consensus.cc:2468] T d5497f5e68c544278caaed6306534fce P 8d81e24ec3ea4ef5b3aca489bb8fc470 [term 0 FOLLOWER]: Leader pre-election vote request: Granting yes vote for candidate ee10d63236754a159b6c375d37f233f4 in term 0.
I20260710 13:22:42.534507 22833 tablet_service.cc:1917] Received RequestConsensusVote() RPC: tablet_id: "d5497f5e68c544278caaed6306534fce" candidate_uuid: "ee10d63236754a159b6c375d37f233f4" candidate_term: 1 candidate_status { last_received { term: 0 index: 0 } } ignore_live_leader: false dest_uuid: "1df772f53d4b4b21b2587852cc91eef2" is_pre_election: true
I20260710 13:22:42.534754 22875 tablet_bootstrap.cc:654] T 5977d7dfaad7400ca3df5ec5779b6202 P ee10d63236754a159b6c375d37f233f4: Neither blocks nor log segments found. Creating new log.
I20260710 13:22:42.535156 22833 raft_consensus.cc:2468] T d5497f5e68c544278caaed6306534fce P 1df772f53d4b4b21b2587852cc91eef2 [term 0 FOLLOWER]: Leader pre-election vote request: Granting yes vote for candidate ee10d63236754a159b6c375d37f233f4 in term 0.
I20260710 13:22:42.536819 22873 tablet_bootstrap.cc:654] T 33a75e5e78ec4cc6ae9ba766e08f1d85 P 1df772f53d4b4b21b2587852cc91eef2: Neither blocks nor log segments found. Creating new log.
I20260710 13:22:42.531360 22874 ts_tablet_manager.cc:1434] T f5b7febda3ee40c29cccb61478f2ed3e P 8d81e24ec3ea4ef5b3aca489bb8fc470: Time spent starting tablet: real 0.014s	user 0.004s	sys 0.003s
I20260710 13:22:42.541560 22874 tablet_bootstrap.cc:492] T 84128363075e4f9cad7223dd74fc0deb P 8d81e24ec3ea4ef5b3aca489bb8fc470: Bootstrap starting.
I20260710 13:22:42.548377 22724 leader_election.cc:304] T d5497f5e68c544278caaed6306534fce P ee10d63236754a159b6c375d37f233f4 [CANDIDATE]: Term 1 pre-election: Election decided. Result: candidate won. Election summary: received 2 responses out of 3 voters: 2 yes votes; 0 no votes. yes voters: 8d81e24ec3ea4ef5b3aca489bb8fc470, ee10d63236754a159b6c375d37f233f4; no voters: 
I20260710 13:22:42.551772 22881 leader_election.cc:290] T e856089bdc324db3bc2a2f9db7973d13 P 8d81e24ec3ea4ef5b3aca489bb8fc470 [CANDIDATE]: Term 1 pre-election: Requested pre-vote from peers ee10d63236754a159b6c375d37f233f4 (127.21.140.2:46427), 1df772f53d4b4b21b2587852cc91eef2 (127.21.140.3:46259)
I20260710 13:22:42.557514 22882 raft_consensus.cc:2804] T d5497f5e68c544278caaed6306534fce P ee10d63236754a159b6c375d37f233f4 [term 0 FOLLOWER]: Leader pre-election won for term 1
I20260710 13:22:42.558086 22882 raft_consensus.cc:493] T d5497f5e68c544278caaed6306534fce P ee10d63236754a159b6c375d37f233f4 [term 0 FOLLOWER]: Starting leader election (no leader contacted us within the election timeout)
I20260710 13:22:42.558534 22882 raft_consensus.cc:3060] T d5497f5e68c544278caaed6306534fce P ee10d63236754a159b6c375d37f233f4 [term 0 FOLLOWER]: Advancing to term 1
W20260710 13:22:42.561143 22630 auto_rebalancer.cc:288] Could not retrieve cluster info: Service unavailable: Tablet not running
I20260710 13:22:42.561597 22874 tablet_bootstrap.cc:654] T 84128363075e4f9cad7223dd74fc0deb P 8d81e24ec3ea4ef5b3aca489bb8fc470: Neither blocks nor log segments found. Creating new log.
I20260710 13:22:42.561934 22877 raft_consensus.cc:493] T 5977d7dfaad7400ca3df5ec5779b6202 P 1df772f53d4b4b21b2587852cc91eef2 [term 0 FOLLOWER]: Starting pre-election (no leader contacted us within the election timeout)
I20260710 13:22:42.565538 22877 raft_consensus.cc:515] T 5977d7dfaad7400ca3df5ec5779b6202 P 1df772f53d4b4b21b2587852cc91eef2 [term 0 FOLLOWER]: Starting pre-election with config: opid_index: -1 OBSOLETE_local: false peers { permanent_uuid: "8d81e24ec3ea4ef5b3aca489bb8fc470" member_type: VOTER last_known_addr { host: "127.21.140.1" port: 43447 } } peers { permanent_uuid: "ee10d63236754a159b6c375d37f233f4" member_type: VOTER last_known_addr { host: "127.21.140.2" port: 46427 } } peers { permanent_uuid: "1df772f53d4b4b21b2587852cc91eef2" member_type: VOTER last_known_addr { host: "127.21.140.3" port: 46259 } }
I20260710 13:22:42.569156 22684 tablet_service.cc:1917] Received RequestConsensusVote() RPC: tablet_id: "5977d7dfaad7400ca3df5ec5779b6202" candidate_uuid: "1df772f53d4b4b21b2587852cc91eef2" candidate_term: 1 candidate_status { last_received { term: 0 index: 0 } } ignore_live_leader: false dest_uuid: "8d81e24ec3ea4ef5b3aca489bb8fc470" is_pre_election: true
I20260710 13:22:42.569831 22684 raft_consensus.cc:2468] T 5977d7dfaad7400ca3df5ec5779b6202 P 8d81e24ec3ea4ef5b3aca489bb8fc470 [term 0 FOLLOWER]: Leader pre-election vote request: Granting yes vote for candidate 1df772f53d4b4b21b2587852cc91eef2 in term 0.
I20260710 13:22:42.571303 22798 leader_election.cc:304] T 5977d7dfaad7400ca3df5ec5779b6202 P 1df772f53d4b4b21b2587852cc91eef2 [CANDIDATE]: Term 1 pre-election: Election decided. Result: candidate won. Election summary: received 2 responses out of 3 voters: 2 yes votes; 0 no votes. yes voters: 1df772f53d4b4b21b2587852cc91eef2, 8d81e24ec3ea4ef5b3aca489bb8fc470; no voters: 
I20260710 13:22:42.572016 22877 leader_election.cc:290] T 5977d7dfaad7400ca3df5ec5779b6202 P 1df772f53d4b4b21b2587852cc91eef2 [CANDIDATE]: Term 1 pre-election: Requested pre-vote from peers 8d81e24ec3ea4ef5b3aca489bb8fc470 (127.21.140.1:43447), ee10d63236754a159b6c375d37f233f4 (127.21.140.2:46427)
I20260710 13:22:42.572710 22877 raft_consensus.cc:2804] T 5977d7dfaad7400ca3df5ec5779b6202 P 1df772f53d4b4b21b2587852cc91eef2 [term 0 FOLLOWER]: Leader pre-election won for term 1
I20260710 13:22:42.573156 22877 raft_consensus.cc:493] T 5977d7dfaad7400ca3df5ec5779b6202 P 1df772f53d4b4b21b2587852cc91eef2 [term 0 FOLLOWER]: Starting leader election (no leader contacted us within the election timeout)
I20260710 13:22:42.573339 22759 tablet_service.cc:1917] Received RequestConsensusVote() RPC: tablet_id: "5977d7dfaad7400ca3df5ec5779b6202" candidate_uuid: "1df772f53d4b4b21b2587852cc91eef2" candidate_term: 1 candidate_status { last_received { term: 0 index: 0 } } ignore_live_leader: false dest_uuid: "ee10d63236754a159b6c375d37f233f4" is_pre_election: true
W20260710 13:22:42.575279 22796 leader_election.cc:343] T 5977d7dfaad7400ca3df5ec5779b6202 P 1df772f53d4b4b21b2587852cc91eef2 [CANDIDATE]: Term 1 pre-election: Tablet error from VoteRequest() call to peer ee10d63236754a159b6c375d37f233f4 (127.21.140.2:46427): Illegal state: must be running to vote when last-logged opid is not known
I20260710 13:22:42.573602 22877 raft_consensus.cc:3060] T 5977d7dfaad7400ca3df5ec5779b6202 P 1df772f53d4b4b21b2587852cc91eef2 [term 0 FOLLOWER]: Advancing to term 1
I20260710 13:22:42.579423 22882 raft_consensus.cc:515] T d5497f5e68c544278caaed6306534fce P ee10d63236754a159b6c375d37f233f4 [term 1 FOLLOWER]: Starting leader election with config: opid_index: -1 OBSOLETE_local: false peers { permanent_uuid: "8d81e24ec3ea4ef5b3aca489bb8fc470" member_type: VOTER last_known_addr { host: "127.21.140.1" port: 43447 } } peers { permanent_uuid: "ee10d63236754a159b6c375d37f233f4" member_type: VOTER last_known_addr { host: "127.21.140.2" port: 46427 } } peers { permanent_uuid: "1df772f53d4b4b21b2587852cc91eef2" member_type: VOTER last_known_addr { host: "127.21.140.3" port: 46259 } }
I20260710 13:22:42.582600 22875 tablet_bootstrap.cc:492] T 5977d7dfaad7400ca3df5ec5779b6202 P ee10d63236754a159b6c375d37f233f4: No bootstrap required, opened a new log
I20260710 13:22:42.582780 22833 tablet_service.cc:1917] Received RequestConsensusVote() RPC: tablet_id: "e856089bdc324db3bc2a2f9db7973d13" candidate_uuid: "8d81e24ec3ea4ef5b3aca489bb8fc470" candidate_term: 1 candidate_status { last_received { term: 0 index: 0 } } ignore_live_leader: false dest_uuid: "1df772f53d4b4b21b2587852cc91eef2" is_pre_election: true
I20260710 13:22:42.583134 22875 ts_tablet_manager.cc:1403] T 5977d7dfaad7400ca3df5ec5779b6202 P ee10d63236754a159b6c375d37f233f4: Time spent bootstrapping tablet: real 0.055s	user 0.004s	sys 0.016s
I20260710 13:22:42.583452 22833 raft_consensus.cc:2468] T e856089bdc324db3bc2a2f9db7973d13 P 1df772f53d4b4b21b2587852cc91eef2 [term 0 FOLLOWER]: Leader pre-election vote request: Granting yes vote for candidate 8d81e24ec3ea4ef5b3aca489bb8fc470 in term 0.
I20260710 13:22:42.586163 22875 raft_consensus.cc:359] T 5977d7dfaad7400ca3df5ec5779b6202 P ee10d63236754a159b6c375d37f233f4 [term 0 FOLLOWER]: Replica starting. Triggering 0 pending ops. Active config: opid_index: -1 OBSOLETE_local: false peers { permanent_uuid: "8d81e24ec3ea4ef5b3aca489bb8fc470" member_type: VOTER last_known_addr { host: "127.21.140.1" port: 43447 } } peers { permanent_uuid: "ee10d63236754a159b6c375d37f233f4" member_type: VOTER last_known_addr { host: "127.21.140.2" port: 46427 } } peers { permanent_uuid: "1df772f53d4b4b21b2587852cc91eef2" member_type: VOTER last_known_addr { host: "127.21.140.3" port: 46259 } }
I20260710 13:22:42.586935 22875 raft_consensus.cc:385] T 5977d7dfaad7400ca3df5ec5779b6202 P ee10d63236754a159b6c375d37f233f4 [term 0 FOLLOWER]: Consensus starting up: Expiring failure detector timer to make a prompt election more likely
I20260710 13:22:42.587209 22875 raft_consensus.cc:740] T 5977d7dfaad7400ca3df5ec5779b6202 P ee10d63236754a159b6c375d37f233f4 [term 0 FOLLOWER]: Becoming Follower/Learner. State: Replica: ee10d63236754a159b6c375d37f233f4, State: Initialized, Role: FOLLOWER
I20260710 13:22:42.592594 22873 tablet_bootstrap.cc:492] T 33a75e5e78ec4cc6ae9ba766e08f1d85 P 1df772f53d4b4b21b2587852cc91eef2: No bootstrap required, opened a new log
I20260710 13:22:42.591845 22875 consensus_queue.cc:260] T 5977d7dfaad7400ca3df5ec5779b6202 P ee10d63236754a159b6c375d37f233f4 [NON_LEADER]: Queue going to NON_LEADER mode. State: All replicated index: 0, Majority replicated index: 0, Committed index: 0, Last appended: 0.0, Last appended by leader: 0, Current term: 0, Majority size: -1, State: 0, Mode: NON_LEADER, active raft config: opid_index: -1 OBSOLETE_local: false peers { permanent_uuid: "8d81e24ec3ea4ef5b3aca489bb8fc470" member_type: VOTER last_known_addr { host: "127.21.140.1" port: 43447 } } peers { permanent_uuid: "ee10d63236754a159b6c375d37f233f4" member_type: VOTER last_known_addr { host: "127.21.140.2" port: 46427 } } peers { permanent_uuid: "1df772f53d4b4b21b2587852cc91eef2" member_type: VOTER last_known_addr { host: "127.21.140.3" port: 46259 } }
I20260710 13:22:42.593130 22873 ts_tablet_manager.cc:1403] T 33a75e5e78ec4cc6ae9ba766e08f1d85 P 1df772f53d4b4b21b2587852cc91eef2: Time spent bootstrapping tablet: real 0.066s	user 0.018s	sys 0.025s
I20260710 13:22:42.595178 22684 tablet_service.cc:1917] Received RequestConsensusVote() RPC: tablet_id: "d5497f5e68c544278caaed6306534fce" candidate_uuid: "ee10d63236754a159b6c375d37f233f4" candidate_term: 1 candidate_status { last_received { term: 0 index: 0 } } ignore_live_leader: false dest_uuid: "8d81e24ec3ea4ef5b3aca489bb8fc470"
I20260710 13:22:42.595463 22875 ts_tablet_manager.cc:1434] T 5977d7dfaad7400ca3df5ec5779b6202 P ee10d63236754a159b6c375d37f233f4: Time spent starting tablet: real 0.012s	user 0.005s	sys 0.002s
I20260710 13:22:42.595878 22684 raft_consensus.cc:3060] T d5497f5e68c544278caaed6306534fce P 8d81e24ec3ea4ef5b3aca489bb8fc470 [term 0 FOLLOWER]: Advancing to term 1
I20260710 13:22:42.596134 22873 raft_consensus.cc:359] T 33a75e5e78ec4cc6ae9ba766e08f1d85 P 1df772f53d4b4b21b2587852cc91eef2 [term 0 FOLLOWER]: Replica starting. Triggering 0 pending ops. Active config: opid_index: -1 OBSOLETE_local: false peers { permanent_uuid: "8d81e24ec3ea4ef5b3aca489bb8fc470" member_type: VOTER last_known_addr { host: "127.21.140.1" port: 43447 } } peers { permanent_uuid: "ee10d63236754a159b6c375d37f233f4" member_type: VOTER last_known_addr { host: "127.21.140.2" port: 46427 } } peers { permanent_uuid: "1df772f53d4b4b21b2587852cc91eef2" member_type: VOTER last_known_addr { host: "127.21.140.3" port: 46259 } }
I20260710 13:22:42.596757 22875 tablet_bootstrap.cc:492] T 33a75e5e78ec4cc6ae9ba766e08f1d85 P ee10d63236754a159b6c375d37f233f4: Bootstrap starting.
I20260710 13:22:42.596911 22873 raft_consensus.cc:385] T 33a75e5e78ec4cc6ae9ba766e08f1d85 P 1df772f53d4b4b21b2587852cc91eef2 [term 0 FOLLOWER]: Consensus starting up: Expiring failure detector timer to make a prompt election more likely
I20260710 13:22:42.597285 22873 raft_consensus.cc:740] T 33a75e5e78ec4cc6ae9ba766e08f1d85 P 1df772f53d4b4b21b2587852cc91eef2 [term 0 FOLLOWER]: Becoming Follower/Learner. State: Replica: 1df772f53d4b4b21b2587852cc91eef2, State: Initialized, Role: FOLLOWER
I20260710 13:22:42.600318 22882 leader_election.cc:290] T d5497f5e68c544278caaed6306534fce P ee10d63236754a159b6c375d37f233f4 [CANDIDATE]: Term 1 election: Requested vote from peers 8d81e24ec3ea4ef5b3aca489bb8fc470 (127.21.140.1:43447), 1df772f53d4b4b21b2587852cc91eef2 (127.21.140.3:46259)
I20260710 13:22:42.600598 22759 tablet_service.cc:1917] Received RequestConsensusVote() RPC: tablet_id: "e856089bdc324db3bc2a2f9db7973d13" candidate_uuid: "8d81e24ec3ea4ef5b3aca489bb8fc470" candidate_term: 1 candidate_status { last_received { term: 0 index: 0 } } ignore_live_leader: false dest_uuid: "ee10d63236754a159b6c375d37f233f4" is_pre_election: true
I20260710 13:22:42.592694 22877 raft_consensus.cc:515] T 5977d7dfaad7400ca3df5ec5779b6202 P 1df772f53d4b4b21b2587852cc91eef2 [term 1 FOLLOWER]: Starting leader election with config: opid_index: -1 OBSOLETE_local: false peers { permanent_uuid: "8d81e24ec3ea4ef5b3aca489bb8fc470" member_type: VOTER last_known_addr { host: "127.21.140.1" port: 43447 } } peers { permanent_uuid: "ee10d63236754a159b6c375d37f233f4" member_type: VOTER last_known_addr { host: "127.21.140.2" port: 46427 } } peers { permanent_uuid: "1df772f53d4b4b21b2587852cc91eef2" member_type: VOTER last_known_addr { host: "127.21.140.3" port: 46259 } }
I20260710 13:22:42.600955 22648 leader_election.cc:304] T e856089bdc324db3bc2a2f9db7973d13 P 8d81e24ec3ea4ef5b3aca489bb8fc470 [CANDIDATE]: Term 1 pre-election: Election decided. Result: candidate won. Election summary: received 2 responses out of 3 voters: 2 yes votes; 0 no votes. yes voters: 1df772f53d4b4b21b2587852cc91eef2, 8d81e24ec3ea4ef5b3aca489bb8fc470; no voters: 
I20260710 13:22:42.601369 22759 raft_consensus.cc:2468] T e856089bdc324db3bc2a2f9db7973d13 P ee10d63236754a159b6c375d37f233f4 [term 0 FOLLOWER]: Leader pre-election vote request: Granting yes vote for candidate 8d81e24ec3ea4ef5b3aca489bb8fc470 in term 0.
I20260710 13:22:42.602919 22877 leader_election.cc:290] T 5977d7dfaad7400ca3df5ec5779b6202 P 1df772f53d4b4b21b2587852cc91eef2 [CANDIDATE]: Term 1 election: Requested vote from peers 8d81e24ec3ea4ef5b3aca489bb8fc470 (127.21.140.1:43447), ee10d63236754a159b6c375d37f233f4 (127.21.140.2:46427)
I20260710 13:22:42.603475 22881 raft_consensus.cc:2804] T e856089bdc324db3bc2a2f9db7973d13 P 8d81e24ec3ea4ef5b3aca489bb8fc470 [term 0 FOLLOWER]: Leader pre-election won for term 1
I20260710 13:22:42.604657 22881 raft_consensus.cc:493] T e856089bdc324db3bc2a2f9db7973d13 P 8d81e24ec3ea4ef5b3aca489bb8fc470 [term 0 FOLLOWER]: Starting leader election (no leader contacted us within the election timeout)
I20260710 13:22:42.605046 22881 raft_consensus.cc:3060] T e856089bdc324db3bc2a2f9db7973d13 P 8d81e24ec3ea4ef5b3aca489bb8fc470 [term 0 FOLLOWER]: Advancing to term 1
I20260710 13:22:42.603670 22873 consensus_queue.cc:260] T 33a75e5e78ec4cc6ae9ba766e08f1d85 P 1df772f53d4b4b21b2587852cc91eef2 [NON_LEADER]: Queue going to NON_LEADER mode. State: All replicated index: 0, Majority replicated index: 0, Committed index: 0, Last appended: 0.0, Last appended by leader: 0, Current term: 0, Majority size: -1, State: 0, Mode: NON_LEADER, active raft config: opid_index: -1 OBSOLETE_local: false peers { permanent_uuid: "8d81e24ec3ea4ef5b3aca489bb8fc470" member_type: VOTER last_known_addr { host: "127.21.140.1" port: 43447 } } peers { permanent_uuid: "ee10d63236754a159b6c375d37f233f4" member_type: VOTER last_known_addr { host: "127.21.140.2" port: 46427 } } peers { permanent_uuid: "1df772f53d4b4b21b2587852cc91eef2" member_type: VOTER last_known_addr { host: "127.21.140.3" port: 46259 } }
I20260710 13:22:42.605976 22833 tablet_service.cc:1917] Received RequestConsensusVote() RPC: tablet_id: "d5497f5e68c544278caaed6306534fce" candidate_uuid: "ee10d63236754a159b6c375d37f233f4" candidate_term: 1 candidate_status { last_received { term: 0 index: 0 } } ignore_live_leader: false dest_uuid: "1df772f53d4b4b21b2587852cc91eef2"
I20260710 13:22:42.606923 22833 raft_consensus.cc:3060] T d5497f5e68c544278caaed6306534fce P 1df772f53d4b4b21b2587852cc91eef2 [term 0 FOLLOWER]: Advancing to term 1
I20260710 13:22:42.607443 22873 ts_tablet_manager.cc:1434] T 33a75e5e78ec4cc6ae9ba766e08f1d85 P 1df772f53d4b4b21b2587852cc91eef2: Time spent starting tablet: real 0.014s	user 0.008s	sys 0.000s
I20260710 13:22:42.608420 22873 tablet_bootstrap.cc:492] T 3506b8d8567b491cb65894184c3e27e1 P 1df772f53d4b4b21b2587852cc91eef2: Bootstrap starting.
I20260710 13:22:42.613595 22874 tablet_bootstrap.cc:492] T 84128363075e4f9cad7223dd74fc0deb P 8d81e24ec3ea4ef5b3aca489bb8fc470: No bootstrap required, opened a new log
I20260710 13:22:42.614110 22874 ts_tablet_manager.cc:1403] T 84128363075e4f9cad7223dd74fc0deb P 8d81e24ec3ea4ef5b3aca489bb8fc470: Time spent bootstrapping tablet: real 0.073s	user 0.013s	sys 0.008s
I20260710 13:22:42.616990 22759 tablet_service.cc:1917] Received RequestConsensusVote() RPC: tablet_id: "5977d7dfaad7400ca3df5ec5779b6202" candidate_uuid: "1df772f53d4b4b21b2587852cc91eef2" candidate_term: 1 candidate_status { last_received { term: 0 index: 0 } } ignore_live_leader: false dest_uuid: "ee10d63236754a159b6c375d37f233f4"
I20260710 13:22:42.617722 22759 raft_consensus.cc:3060] T 5977d7dfaad7400ca3df5ec5779b6202 P ee10d63236754a159b6c375d37f233f4 [term 0 FOLLOWER]: Advancing to term 1
I20260710 13:22:42.618288 22875 tablet_bootstrap.cc:654] T 33a75e5e78ec4cc6ae9ba766e08f1d85 P ee10d63236754a159b6c375d37f233f4: Neither blocks nor log segments found. Creating new log.
I20260710 13:22:42.620090 22873 tablet_bootstrap.cc:654] T 3506b8d8567b491cb65894184c3e27e1 P 1df772f53d4b4b21b2587852cc91eef2: Neither blocks nor log segments found. Creating new log.
W20260710 13:22:42.627002 22798 outbound_call.cc:321] RPC callback for RPC call kudu.consensus.ConsensusService.RequestConsensusVote -> {remote=127.21.140.1:43447, user_credentials={real_user=slave}} blocked reactor thread for 55806.2us
I20260710 13:22:42.630036 22684 raft_consensus.cc:2468] T d5497f5e68c544278caaed6306534fce P 8d81e24ec3ea4ef5b3aca489bb8fc470 [term 1 FOLLOWER]: Leader election vote request: Granting yes vote for candidate ee10d63236754a159b6c375d37f233f4 in term 1.
I20260710 13:22:42.629964 22759 raft_consensus.cc:2468] T 5977d7dfaad7400ca3df5ec5779b6202 P ee10d63236754a159b6c375d37f233f4 [term 1 FOLLOWER]: Leader election vote request: Granting yes vote for candidate 1df772f53d4b4b21b2587852cc91eef2 in term 1.
I20260710 13:22:42.631621 22683 tablet_service.cc:1917] Received RequestConsensusVote() RPC: tablet_id: "5977d7dfaad7400ca3df5ec5779b6202" candidate_uuid: "1df772f53d4b4b21b2587852cc91eef2" candidate_term: 1 candidate_status { last_received { term: 0 index: 0 } } ignore_live_leader: false dest_uuid: "8d81e24ec3ea4ef5b3aca489bb8fc470"
I20260710 13:22:42.616958 22874 raft_consensus.cc:359] T 84128363075e4f9cad7223dd74fc0deb P 8d81e24ec3ea4ef5b3aca489bb8fc470 [term 0 FOLLOWER]: Replica starting. Triggering 0 pending ops. Active config: opid_index: -1 OBSOLETE_local: false peers { permanent_uuid: "8d81e24ec3ea4ef5b3aca489bb8fc470" member_type: VOTER last_known_addr { host: "127.21.140.1" port: 43447 } } peers { permanent_uuid: "ee10d63236754a159b6c375d37f233f4" member_type: VOTER last_known_addr { host: "127.21.140.2" port: 46427 } } peers { permanent_uuid: "1df772f53d4b4b21b2587852cc91eef2" member_type: VOTER last_known_addr { host: "127.21.140.3" port: 46259 } }
I20260710 13:22:42.632506 22833 raft_consensus.cc:2468] T d5497f5e68c544278caaed6306534fce P 1df772f53d4b4b21b2587852cc91eef2 [term 1 FOLLOWER]: Leader election vote request: Granting yes vote for candidate ee10d63236754a159b6c375d37f233f4 in term 1.
I20260710 13:22:42.634011 22874 raft_consensus.cc:385] T 84128363075e4f9cad7223dd74fc0deb P 8d81e24ec3ea4ef5b3aca489bb8fc470 [term 0 FOLLOWER]: Consensus starting up: Expiring failure detector timer to make a prompt election more likely
I20260710 13:22:42.636394 22874 raft_consensus.cc:740] T 84128363075e4f9cad7223dd74fc0deb P 8d81e24ec3ea4ef5b3aca489bb8fc470 [term 0 FOLLOWER]: Becoming Follower/Learner. State: Replica: 8d81e24ec3ea4ef5b3aca489bb8fc470, State: Initialized, Role: FOLLOWER
I20260710 13:22:42.637764 22683 raft_consensus.cc:3060] T 5977d7dfaad7400ca3df5ec5779b6202 P 8d81e24ec3ea4ef5b3aca489bb8fc470 [term 0 FOLLOWER]: Advancing to term 1
I20260710 13:22:42.637638 22874 consensus_queue.cc:260] T 84128363075e4f9cad7223dd74fc0deb P 8d81e24ec3ea4ef5b3aca489bb8fc470 [NON_LEADER]: Queue going to NON_LEADER mode. State: All replicated index: 0, Majority replicated index: 0, Committed index: 0, Last appended: 0.0, Last appended by leader: 0, Current term: 0, Majority size: -1, State: 0, Mode: NON_LEADER, active raft config: opid_index: -1 OBSOLETE_local: false peers { permanent_uuid: "8d81e24ec3ea4ef5b3aca489bb8fc470" member_type: VOTER last_known_addr { host: "127.21.140.1" port: 43447 } } peers { permanent_uuid: "ee10d63236754a159b6c375d37f233f4" member_type: VOTER last_known_addr { host: "127.21.140.2" port: 46427 } } peers { permanent_uuid: "1df772f53d4b4b21b2587852cc91eef2" member_type: VOTER last_known_addr { host: "127.21.140.3" port: 46259 } }
I20260710 13:22:42.641259 22723 leader_election.cc:304] T d5497f5e68c544278caaed6306534fce P ee10d63236754a159b6c375d37f233f4 [CANDIDATE]: Term 1 election: Election decided. Result: candidate won. Election summary: received 2 responses out of 3 voters: 2 yes votes; 0 no votes. yes voters: 1df772f53d4b4b21b2587852cc91eef2, ee10d63236754a159b6c375d37f233f4; no voters: 
I20260710 13:22:42.642554 22882 raft_consensus.cc:2804] T d5497f5e68c544278caaed6306534fce P ee10d63236754a159b6c375d37f233f4 [term 1 FOLLOWER]: Leader election won for term 1
I20260710 13:22:42.643193 22882 raft_consensus.cc:697] T d5497f5e68c544278caaed6306534fce P ee10d63236754a159b6c375d37f233f4 [term 1 LEADER]: Becoming Leader. State: Replica: ee10d63236754a159b6c375d37f233f4, State: Running, Role: LEADER
I20260710 13:22:42.643886 22881 raft_consensus.cc:515] T e856089bdc324db3bc2a2f9db7973d13 P 8d81e24ec3ea4ef5b3aca489bb8fc470 [term 1 FOLLOWER]: Starting leader election with config: opid_index: -1 OBSOLETE_local: false peers { permanent_uuid: "8d81e24ec3ea4ef5b3aca489bb8fc470" member_type: VOTER last_known_addr { host: "127.21.140.1" port: 43447 } } peers { permanent_uuid: "ee10d63236754a159b6c375d37f233f4" member_type: VOTER last_known_addr { host: "127.21.140.2" port: 46427 } } peers { permanent_uuid: "1df772f53d4b4b21b2587852cc91eef2" member_type: VOTER last_known_addr { host: "127.21.140.3" port: 46259 } }
I20260710 13:22:42.644333 22882 consensus_queue.cc:237] T d5497f5e68c544278caaed6306534fce P ee10d63236754a159b6c375d37f233f4 [LEADER]: Queue going to LEADER mode. State: All replicated index: 0, Majority replicated index: 0, Committed index: 0, Last appended: 0.0, Last appended by leader: 0, Current term: 1, Majority size: 2, State: 0, Mode: LEADER, active raft config: opid_index: -1 OBSOLETE_local: false peers { permanent_uuid: "8d81e24ec3ea4ef5b3aca489bb8fc470" member_type: VOTER last_known_addr { host: "127.21.140.1" port: 43447 } } peers { permanent_uuid: "ee10d63236754a159b6c375d37f233f4" member_type: VOTER last_known_addr { host: "127.21.140.2" port: 46427 } } peers { permanent_uuid: "1df772f53d4b4b21b2587852cc91eef2" member_type: VOTER last_known_addr { host: "127.21.140.3" port: 46259 } }
I20260710 13:22:42.649060 22758 tablet_service.cc:1917] Received RequestConsensusVote() RPC: tablet_id: "e856089bdc324db3bc2a2f9db7973d13" candidate_uuid: "8d81e24ec3ea4ef5b3aca489bb8fc470" candidate_term: 1 candidate_status { last_received { term: 0 index: 0 } } ignore_live_leader: false dest_uuid: "ee10d63236754a159b6c375d37f233f4"
I20260710 13:22:42.650206 22758 raft_consensus.cc:3060] T e856089bdc324db3bc2a2f9db7973d13 P ee10d63236754a159b6c375d37f233f4 [term 0 FOLLOWER]: Advancing to term 1
I20260710 13:22:42.657034 22796 leader_election.cc:304] T 5977d7dfaad7400ca3df5ec5779b6202 P 1df772f53d4b4b21b2587852cc91eef2 [CANDIDATE]: Term 1 election: Election decided. Result: candidate won. Election summary: received 2 responses out of 3 voters: 2 yes votes; 0 no votes. yes voters: 1df772f53d4b4b21b2587852cc91eef2, ee10d63236754a159b6c375d37f233f4; no voters: 
I20260710 13:22:42.658306 22877 raft_consensus.cc:2804] T 5977d7dfaad7400ca3df5ec5779b6202 P 1df772f53d4b4b21b2587852cc91eef2 [term 1 FOLLOWER]: Leader election won for term 1
I20260710 13:22:42.658914 22877 raft_consensus.cc:697] T 5977d7dfaad7400ca3df5ec5779b6202 P 1df772f53d4b4b21b2587852cc91eef2 [term 1 LEADER]: Becoming Leader. State: Replica: 1df772f53d4b4b21b2587852cc91eef2, State: Running, Role: LEADER
I20260710 13:22:42.660022 22877 consensus_queue.cc:237] T 5977d7dfaad7400ca3df5ec5779b6202 P 1df772f53d4b4b21b2587852cc91eef2 [LEADER]: Queue going to LEADER mode. State: All replicated index: 0, Majority replicated index: 0, Committed index: 0, Last appended: 0.0, Last appended by leader: 0, Current term: 1, Majority size: 2, State: 0, Mode: LEADER, active raft config: opid_index: -1 OBSOLETE_local: false peers { permanent_uuid: "8d81e24ec3ea4ef5b3aca489bb8fc470" member_type: VOTER last_known_addr { host: "127.21.140.1" port: 43447 } } peers { permanent_uuid: "ee10d63236754a159b6c375d37f233f4" member_type: VOTER last_known_addr { host: "127.21.140.2" port: 46427 } } peers { permanent_uuid: "1df772f53d4b4b21b2587852cc91eef2" member_type: VOTER last_known_addr { host: "127.21.140.3" port: 46259 } }
I20260710 13:22:42.662782 22833 tablet_service.cc:1917] Received RequestConsensusVote() RPC: tablet_id: "e856089bdc324db3bc2a2f9db7973d13" candidate_uuid: "8d81e24ec3ea4ef5b3aca489bb8fc470" candidate_term: 1 candidate_status { last_received { term: 0 index: 0 } } ignore_live_leader: false dest_uuid: "1df772f53d4b4b21b2587852cc91eef2"
I20260710 13:22:42.663614 22833 raft_consensus.cc:3060] T e856089bdc324db3bc2a2f9db7973d13 P 1df772f53d4b4b21b2587852cc91eef2 [term 0 FOLLOWER]: Advancing to term 1
I20260710 13:22:42.668423 22881 leader_election.cc:290] T e856089bdc324db3bc2a2f9db7973d13 P 8d81e24ec3ea4ef5b3aca489bb8fc470 [CANDIDATE]: Term 1 election: Requested vote from peers ee10d63236754a159b6c375d37f233f4 (127.21.140.2:46427), 1df772f53d4b4b21b2587852cc91eef2 (127.21.140.3:46259)
I20260710 13:22:42.672827 22905 raft_consensus.cc:493] T 295873fc0eb04700bb0db680ea146660 P 8d81e24ec3ea4ef5b3aca489bb8fc470 [term 0 FOLLOWER]: Starting pre-election (no leader contacted us within the election timeout)
I20260710 13:22:42.673409 22905 raft_consensus.cc:515] T 295873fc0eb04700bb0db680ea146660 P 8d81e24ec3ea4ef5b3aca489bb8fc470 [term 0 FOLLOWER]: Starting pre-election with config: opid_index: -1 OBSOLETE_local: false peers { permanent_uuid: "8d81e24ec3ea4ef5b3aca489bb8fc470" member_type: VOTER last_known_addr { host: "127.21.140.1" port: 43447 } } peers { permanent_uuid: "ee10d63236754a159b6c375d37f233f4" member_type: VOTER last_known_addr { host: "127.21.140.2" port: 46427 } } peers { permanent_uuid: "1df772f53d4b4b21b2587852cc91eef2" member_type: VOTER last_known_addr { host: "127.21.140.3" port: 46259 } }
I20260710 13:22:42.676071 22905 leader_election.cc:290] T 295873fc0eb04700bb0db680ea146660 P 8d81e24ec3ea4ef5b3aca489bb8fc470 [CANDIDATE]: Term 1 pre-election: Requested pre-vote from peers ee10d63236754a159b6c375d37f233f4 (127.21.140.2:46427), 1df772f53d4b4b21b2587852cc91eef2 (127.21.140.3:46259)
I20260710 13:22:42.676746 22902 raft_consensus.cc:493] T f5b7febda3ee40c29cccb61478f2ed3e P 1df772f53d4b4b21b2587852cc91eef2 [term 0 FOLLOWER]: Starting pre-election (no leader contacted us within the election timeout)
I20260710 13:22:42.679196 22902 raft_consensus.cc:515] T f5b7febda3ee40c29cccb61478f2ed3e P 1df772f53d4b4b21b2587852cc91eef2 [term 0 FOLLOWER]: Starting pre-election with config: opid_index: -1 OBSOLETE_local: false peers { permanent_uuid: "8d81e24ec3ea4ef5b3aca489bb8fc470" member_type: VOTER last_known_addr { host: "127.21.140.1" port: 43447 } } peers { permanent_uuid: "ee10d63236754a159b6c375d37f233f4" member_type: VOTER last_known_addr { host: "127.21.140.2" port: 46427 } } peers { permanent_uuid: "1df772f53d4b4b21b2587852cc91eef2" member_type: VOTER last_known_addr { host: "127.21.140.3" port: 46259 } }
I20260710 13:22:42.681885 22759 tablet_service.cc:1917] Received RequestConsensusVote() RPC: tablet_id: "295873fc0eb04700bb0db680ea146660" candidate_uuid: "8d81e24ec3ea4ef5b3aca489bb8fc470" candidate_term: 1 candidate_status { last_received { term: 0 index: 0 } } ignore_live_leader: false dest_uuid: "ee10d63236754a159b6c375d37f233f4" is_pre_election: true
I20260710 13:22:42.683081 22902 leader_election.cc:290] T f5b7febda3ee40c29cccb61478f2ed3e P 1df772f53d4b4b21b2587852cc91eef2 [CANDIDATE]: Term 1 pre-election: Requested pre-vote from peers 8d81e24ec3ea4ef5b3aca489bb8fc470 (127.21.140.1:43447), ee10d63236754a159b6c375d37f233f4 (127.21.140.2:46427)
I20260710 13:22:42.676323 22683 raft_consensus.cc:2468] T 5977d7dfaad7400ca3df5ec5779b6202 P 8d81e24ec3ea4ef5b3aca489bb8fc470 [term 1 FOLLOWER]: Leader election vote request: Granting yes vote for candidate 1df772f53d4b4b21b2587852cc91eef2 in term 1.
I20260710 13:22:42.684376 22757 tablet_service.cc:1917] Received RequestConsensusVote() RPC: tablet_id: "f5b7febda3ee40c29cccb61478f2ed3e" candidate_uuid: "1df772f53d4b4b21b2587852cc91eef2" candidate_term: 1 candidate_status { last_received { term: 0 index: 0 } } ignore_live_leader: false dest_uuid: "ee10d63236754a159b6c375d37f233f4" is_pre_election: true
I20260710 13:22:42.685052 22757 raft_consensus.cc:2468] T f5b7febda3ee40c29cccb61478f2ed3e P ee10d63236754a159b6c375d37f233f4 [term 0 FOLLOWER]: Leader pre-election vote request: Granting yes vote for candidate 1df772f53d4b4b21b2587852cc91eef2 in term 0.
I20260710 13:22:42.685974 22832 tablet_service.cc:1917] Received RequestConsensusVote() RPC: tablet_id: "295873fc0eb04700bb0db680ea146660" candidate_uuid: "8d81e24ec3ea4ef5b3aca489bb8fc470" candidate_term: 1 candidate_status { last_received { term: 0 index: 0 } } ignore_live_leader: false dest_uuid: "1df772f53d4b4b21b2587852cc91eef2" is_pre_election: true
I20260710 13:22:42.686223 22796 leader_election.cc:304] T f5b7febda3ee40c29cccb61478f2ed3e P 1df772f53d4b4b21b2587852cc91eef2 [CANDIDATE]: Term 1 pre-election: Election decided. Result: candidate won. Election summary: received 2 responses out of 3 voters: 2 yes votes; 0 no votes. yes voters: 1df772f53d4b4b21b2587852cc91eef2, ee10d63236754a159b6c375d37f233f4; no voters: 
I20260710 13:22:42.686415 22758 raft_consensus.cc:2468] T e856089bdc324db3bc2a2f9db7973d13 P ee10d63236754a159b6c375d37f233f4 [term 1 FOLLOWER]: Leader election vote request: Granting yes vote for candidate 8d81e24ec3ea4ef5b3aca489bb8fc470 in term 1.
I20260710 13:22:42.686556 22684 tablet_service.cc:1917] Received RequestConsensusVote() RPC: tablet_id: "f5b7febda3ee40c29cccb61478f2ed3e" candidate_uuid: "1df772f53d4b4b21b2587852cc91eef2" candidate_term: 1 candidate_status { last_received { term: 0 index: 0 } } ignore_live_leader: false dest_uuid: "8d81e24ec3ea4ef5b3aca489bb8fc470" is_pre_election: true
I20260710 13:22:42.686949 22832 raft_consensus.cc:2393] T 295873fc0eb04700bb0db680ea146660 P 1df772f53d4b4b21b2587852cc91eef2 [term 1 FOLLOWER]: Leader pre-election vote request: Denying vote to candidate 8d81e24ec3ea4ef5b3aca489bb8fc470 in current term 1: Already voted for candidate ee10d63236754a159b6c375d37f233f4 in this term.
I20260710 13:22:42.687153 22902 raft_consensus.cc:2804] T f5b7febda3ee40c29cccb61478f2ed3e P 1df772f53d4b4b21b2587852cc91eef2 [term 0 FOLLOWER]: Leader pre-election won for term 1
I20260710 13:22:42.687674 22902 raft_consensus.cc:493] T f5b7febda3ee40c29cccb61478f2ed3e P 1df772f53d4b4b21b2587852cc91eef2 [term 0 FOLLOWER]: Starting leader election (no leader contacted us within the election timeout)
I20260710 13:22:42.683264 22833 raft_consensus.cc:2468] T e856089bdc324db3bc2a2f9db7973d13 P 1df772f53d4b4b21b2587852cc91eef2 [term 1 FOLLOWER]: Leader election vote request: Granting yes vote for candidate 8d81e24ec3ea4ef5b3aca489bb8fc470 in term 1.
I20260710 13:22:42.692078 22875 tablet_bootstrap.cc:492] T 33a75e5e78ec4cc6ae9ba766e08f1d85 P ee10d63236754a159b6c375d37f233f4: No bootstrap required, opened a new log
I20260710 13:22:42.691880 22648 leader_election.cc:304] T 295873fc0eb04700bb0db680ea146660 P 8d81e24ec3ea4ef5b3aca489bb8fc470 [CANDIDATE]: Term 1 pre-election: Election decided. Result: candidate lost. Election summary: received 3 responses out of 3 voters: 1 yes votes; 2 no votes. yes voters: 8d81e24ec3ea4ef5b3aca489bb8fc470; no voters: 1df772f53d4b4b21b2587852cc91eef2, ee10d63236754a159b6c375d37f233f4
I20260710 13:22:42.692710 22875 ts_tablet_manager.cc:1403] T 33a75e5e78ec4cc6ae9ba766e08f1d85 P ee10d63236754a159b6c375d37f233f4: Time spent bootstrapping tablet: real 0.096s	user 0.021s	sys 0.030s
I20260710 13:22:42.687902 22647 leader_election.cc:304] T e856089bdc324db3bc2a2f9db7973d13 P 8d81e24ec3ea4ef5b3aca489bb8fc470 [CANDIDATE]: Term 1 election: Election decided. Result: candidate won. Election summary: received 2 responses out of 3 voters: 2 yes votes; 0 no votes. yes voters: 8d81e24ec3ea4ef5b3aca489bb8fc470, ee10d63236754a159b6c375d37f233f4; no voters: 
I20260710 13:22:42.693851 22873 tablet_bootstrap.cc:492] T 3506b8d8567b491cb65894184c3e27e1 P 1df772f53d4b4b21b2587852cc91eef2: No bootstrap required, opened a new log
I20260710 13:22:42.694386 22873 ts_tablet_manager.cc:1403] T 3506b8d8567b491cb65894184c3e27e1 P 1df772f53d4b4b21b2587852cc91eef2: Time spent bootstrapping tablet: real 0.086s	user 0.017s	sys 0.038s
I20260710 13:22:42.696650 22881 raft_consensus.cc:3060] T 295873fc0eb04700bb0db680ea146660 P 8d81e24ec3ea4ef5b3aca489bb8fc470 [term 0 FOLLOWER]: Advancing to term 1
I20260710 13:22:42.696772 22875 raft_consensus.cc:359] T 33a75e5e78ec4cc6ae9ba766e08f1d85 P ee10d63236754a159b6c375d37f233f4 [term 0 FOLLOWER]: Replica starting. Triggering 0 pending ops. Active config: opid_index: -1 OBSOLETE_local: false peers { permanent_uuid: "8d81e24ec3ea4ef5b3aca489bb8fc470" member_type: VOTER last_known_addr { host: "127.21.140.1" port: 43447 } } peers { permanent_uuid: "ee10d63236754a159b6c375d37f233f4" member_type: VOTER last_known_addr { host: "127.21.140.2" port: 46427 } } peers { permanent_uuid: "1df772f53d4b4b21b2587852cc91eef2" member_type: VOTER last_known_addr { host: "127.21.140.3" port: 46259 } }
I20260710 13:22:42.697971 22875 raft_consensus.cc:385] T 33a75e5e78ec4cc6ae9ba766e08f1d85 P ee10d63236754a159b6c375d37f233f4 [term 0 FOLLOWER]: Consensus starting up: Expiring failure detector timer to make a prompt election more likely
I20260710 13:22:42.697765 22873 raft_consensus.cc:359] T 3506b8d8567b491cb65894184c3e27e1 P 1df772f53d4b4b21b2587852cc91eef2 [term 0 FOLLOWER]: Replica starting. Triggering 0 pending ops. Active config: opid_index: -1 OBSOLETE_local: false peers { permanent_uuid: "8d81e24ec3ea4ef5b3aca489bb8fc470" member_type: VOTER last_known_addr { host: "127.21.140.1" port: 43447 } } peers { permanent_uuid: "ee10d63236754a159b6c375d37f233f4" member_type: VOTER last_known_addr { host: "127.21.140.2" port: 46427 } } peers { permanent_uuid: "1df772f53d4b4b21b2587852cc91eef2" member_type: VOTER last_known_addr { host: "127.21.140.3" port: 46259 } }
I20260710 13:22:42.698477 22875 raft_consensus.cc:740] T 33a75e5e78ec4cc6ae9ba766e08f1d85 P ee10d63236754a159b6c375d37f233f4 [term 0 FOLLOWER]: Becoming Follower/Learner. State: Replica: ee10d63236754a159b6c375d37f233f4, State: Initialized, Role: FOLLOWER
I20260710 13:22:42.698650 22873 raft_consensus.cc:385] T 3506b8d8567b491cb65894184c3e27e1 P 1df772f53d4b4b21b2587852cc91eef2 [term 0 FOLLOWER]: Consensus starting up: Expiring failure detector timer to make a prompt election more likely
I20260710 13:22:42.699184 22873 raft_consensus.cc:740] T 3506b8d8567b491cb65894184c3e27e1 P 1df772f53d4b4b21b2587852cc91eef2 [term 0 FOLLOWER]: Becoming Follower/Learner. State: Replica: 1df772f53d4b4b21b2587852cc91eef2, State: Initialized, Role: FOLLOWER
I20260710 13:22:42.699887 22875 consensus_queue.cc:260] T 33a75e5e78ec4cc6ae9ba766e08f1d85 P ee10d63236754a159b6c375d37f233f4 [NON_LEADER]: Queue going to NON_LEADER mode. State: All replicated index: 0, Majority replicated index: 0, Committed index: 0, Last appended: 0.0, Last appended by leader: 0, Current term: 0, Majority size: -1, State: 0, Mode: NON_LEADER, active raft config: opid_index: -1 OBSOLETE_local: false peers { permanent_uuid: "8d81e24ec3ea4ef5b3aca489bb8fc470" member_type: VOTER last_known_addr { host: "127.21.140.1" port: 43447 } } peers { permanent_uuid: "ee10d63236754a159b6c375d37f233f4" member_type: VOTER last_known_addr { host: "127.21.140.2" port: 46427 } } peers { permanent_uuid: "1df772f53d4b4b21b2587852cc91eef2" member_type: VOTER last_known_addr { host: "127.21.140.3" port: 46259 } }
I20260710 13:22:42.700081 22873 consensus_queue.cc:260] T 3506b8d8567b491cb65894184c3e27e1 P 1df772f53d4b4b21b2587852cc91eef2 [NON_LEADER]: Queue going to NON_LEADER mode. State: All replicated index: 0, Majority replicated index: 0, Committed index: 0, Last appended: 0.0, Last appended by leader: 0, Current term: 0, Majority size: -1, State: 0, Mode: NON_LEADER, active raft config: opid_index: -1 OBSOLETE_local: false peers { permanent_uuid: "8d81e24ec3ea4ef5b3aca489bb8fc470" member_type: VOTER last_known_addr { host: "127.21.140.1" port: 43447 } } peers { permanent_uuid: "ee10d63236754a159b6c375d37f233f4" member_type: VOTER last_known_addr { host: "127.21.140.2" port: 46427 } } peers { permanent_uuid: "1df772f53d4b4b21b2587852cc91eef2" member_type: VOTER last_known_addr { host: "127.21.140.3" port: 46259 } }
I20260710 13:22:42.701774 22874 ts_tablet_manager.cc:1434] T 84128363075e4f9cad7223dd74fc0deb P 8d81e24ec3ea4ef5b3aca489bb8fc470: Time spent starting tablet: real 0.087s	user 0.011s	sys 0.007s
I20260710 13:22:42.702677 22873 ts_tablet_manager.cc:1434] T 3506b8d8567b491cb65894184c3e27e1 P 1df772f53d4b4b21b2587852cc91eef2: Time spent starting tablet: real 0.008s	user 0.000s	sys 0.007s
I20260710 13:22:42.703024 22875 ts_tablet_manager.cc:1434] T 33a75e5e78ec4cc6ae9ba766e08f1d85 P ee10d63236754a159b6c375d37f233f4: Time spent starting tablet: real 0.010s	user 0.005s	sys 0.004s
I20260710 13:22:42.688120 22902 raft_consensus.cc:3060] T f5b7febda3ee40c29cccb61478f2ed3e P 1df772f53d4b4b21b2587852cc91eef2 [term 0 FOLLOWER]: Advancing to term 1
I20260710 13:22:42.705591 22873 tablet_bootstrap.cc:492] T 84128363075e4f9cad7223dd74fc0deb P 1df772f53d4b4b21b2587852cc91eef2: Bootstrap starting.
I20260710 13:22:42.688256 22684 raft_consensus.cc:2468] T f5b7febda3ee40c29cccb61478f2ed3e P 8d81e24ec3ea4ef5b3aca489bb8fc470 [term 0 FOLLOWER]: Leader pre-election vote request: Granting yes vote for candidate 1df772f53d4b4b21b2587852cc91eef2 in term 0.
I20260710 13:22:42.712659 22874 tablet_bootstrap.cc:492] T 33a75e5e78ec4cc6ae9ba766e08f1d85 P 8d81e24ec3ea4ef5b3aca489bb8fc470: Bootstrap starting.
I20260710 13:22:42.705121 22905 raft_consensus.cc:2804] T e856089bdc324db3bc2a2f9db7973d13 P 8d81e24ec3ea4ef5b3aca489bb8fc470 [term 1 FOLLOWER]: Leader election won for term 1
I20260710 13:22:42.716207 22905 raft_consensus.cc:697] T e856089bdc324db3bc2a2f9db7973d13 P 8d81e24ec3ea4ef5b3aca489bb8fc470 [term 1 LEADER]: Becoming Leader. State: Replica: 8d81e24ec3ea4ef5b3aca489bb8fc470, State: Running, Role: LEADER
I20260710 13:22:42.717191 22905 consensus_queue.cc:237] T e856089bdc324db3bc2a2f9db7973d13 P 8d81e24ec3ea4ef5b3aca489bb8fc470 [LEADER]: Queue going to LEADER mode. State: All replicated index: 0, Majority replicated index: 0, Committed index: 0, Last appended: 0.0, Last appended by leader: 0, Current term: 1, Majority size: 2, State: 0, Mode: LEADER, active raft config: opid_index: -1 OBSOLETE_local: false peers { permanent_uuid: "8d81e24ec3ea4ef5b3aca489bb8fc470" member_type: VOTER last_known_addr { host: "127.21.140.1" port: 43447 } } peers { permanent_uuid: "ee10d63236754a159b6c375d37f233f4" member_type: VOTER last_known_addr { host: "127.21.140.2" port: 46427 } } peers { permanent_uuid: "1df772f53d4b4b21b2587852cc91eef2" member_type: VOTER last_known_addr { host: "127.21.140.3" port: 46259 } }
I20260710 13:22:42.720659 22875 tablet_bootstrap.cc:492] T 3506b8d8567b491cb65894184c3e27e1 P ee10d63236754a159b6c375d37f233f4: Bootstrap starting.
I20260710 13:22:42.720595 22885 raft_consensus.cc:493] T 33a75e5e78ec4cc6ae9ba766e08f1d85 P ee10d63236754a159b6c375d37f233f4 [term 0 FOLLOWER]: Starting pre-election (no leader contacted us within the election timeout)
I20260710 13:22:42.721319 22885 raft_consensus.cc:515] T 33a75e5e78ec4cc6ae9ba766e08f1d85 P ee10d63236754a159b6c375d37f233f4 [term 0 FOLLOWER]: Starting pre-election with config: opid_index: -1 OBSOLETE_local: false peers { permanent_uuid: "8d81e24ec3ea4ef5b3aca489bb8fc470" member_type: VOTER last_known_addr { host: "127.21.140.1" port: 43447 } } peers { permanent_uuid: "ee10d63236754a159b6c375d37f233f4" member_type: VOTER last_known_addr { host: "127.21.140.2" port: 46427 } } peers { permanent_uuid: "1df772f53d4b4b21b2587852cc91eef2" member_type: VOTER last_known_addr { host: "127.21.140.3" port: 46259 } }
I20260710 13:22:42.719583 22881 raft_consensus.cc:2749] T 295873fc0eb04700bb0db680ea146660 P 8d81e24ec3ea4ef5b3aca489bb8fc470 [term 1 FOLLOWER]: Leader pre-election lost for term 1. Reason: could not achieve majority
I20260710 13:22:42.729307 22877 raft_consensus.cc:493] T 3506b8d8567b491cb65894184c3e27e1 P 1df772f53d4b4b21b2587852cc91eef2 [term 0 FOLLOWER]: Starting pre-election (no leader contacted us within the election timeout)
I20260710 13:22:42.730242 22885 leader_election.cc:290] T 33a75e5e78ec4cc6ae9ba766e08f1d85 P ee10d63236754a159b6c375d37f233f4 [CANDIDATE]: Term 1 pre-election: Requested pre-vote from peers 8d81e24ec3ea4ef5b3aca489bb8fc470 (127.21.140.1:43447), 1df772f53d4b4b21b2587852cc91eef2 (127.21.140.3:46259)
I20260710 13:22:42.729888 22877 raft_consensus.cc:515] T 3506b8d8567b491cb65894184c3e27e1 P 1df772f53d4b4b21b2587852cc91eef2 [term 0 FOLLOWER]: Starting pre-election with config: opid_index: -1 OBSOLETE_local: false peers { permanent_uuid: "8d81e24ec3ea4ef5b3aca489bb8fc470" member_type: VOTER last_known_addr { host: "127.21.140.1" port: 43447 } } peers { permanent_uuid: "ee10d63236754a159b6c375d37f233f4" member_type: VOTER last_known_addr { host: "127.21.140.2" port: 46427 } } peers { permanent_uuid: "1df772f53d4b4b21b2587852cc91eef2" member_type: VOTER last_known_addr { host: "127.21.140.3" port: 46259 } }
I20260710 13:22:42.731921 22833 tablet_service.cc:1917] Received RequestConsensusVote() RPC: tablet_id: "33a75e5e78ec4cc6ae9ba766e08f1d85" candidate_uuid: "ee10d63236754a159b6c375d37f233f4" candidate_term: 1 candidate_status { last_received { term: 0 index: 0 } } ignore_live_leader: false dest_uuid: "1df772f53d4b4b21b2587852cc91eef2" is_pre_election: true
I20260710 13:22:42.735721 22684 tablet_service.cc:1917] Received RequestConsensusVote() RPC: tablet_id: "33a75e5e78ec4cc6ae9ba766e08f1d85" candidate_uuid: "ee10d63236754a159b6c375d37f233f4" candidate_term: 1 candidate_status { last_received { term: 0 index: 0 } } ignore_live_leader: false dest_uuid: "8d81e24ec3ea4ef5b3aca489bb8fc470" is_pre_election: true
I20260710 13:22:42.737180 22875 tablet_bootstrap.cc:654] T 3506b8d8567b491cb65894184c3e27e1 P ee10d63236754a159b6c375d37f233f4: Neither blocks nor log segments found. Creating new log.
I20260710 13:22:42.740299 22580 catalog_manager.cc:5697] T 5977d7dfaad7400ca3df5ec5779b6202 P 1df772f53d4b4b21b2587852cc91eef2 reported cstate change: term changed from 0 to 1, leader changed from <none> to 1df772f53d4b4b21b2587852cc91eef2 (127.21.140.3). New cstate: current_term: 1 leader_uuid: "1df772f53d4b4b21b2587852cc91eef2" committed_config { opid_index: -1 OBSOLETE_local: false peers { permanent_uuid: "8d81e24ec3ea4ef5b3aca489bb8fc470" member_type: VOTER last_known_addr { host: "127.21.140.1" port: 43447 } health_report { overall_health: UNKNOWN } } peers { permanent_uuid: "ee10d63236754a159b6c375d37f233f4" member_type: VOTER last_known_addr { host: "127.21.140.2" port: 46427 } health_report { overall_health: UNKNOWN } } peers { permanent_uuid: "1df772f53d4b4b21b2587852cc91eef2" member_type: VOTER last_known_addr { host: "127.21.140.3" port: 46259 } health_report { overall_health: HEALTHY } } }
I20260710 13:22:42.739542 22833 raft_consensus.cc:2468] T 33a75e5e78ec4cc6ae9ba766e08f1d85 P 1df772f53d4b4b21b2587852cc91eef2 [term 0 FOLLOWER]: Leader pre-election vote request: Granting yes vote for candidate ee10d63236754a159b6c375d37f233f4 in term 0.
W20260710 13:22:42.741308 22724 leader_election.cc:343] T 33a75e5e78ec4cc6ae9ba766e08f1d85 P ee10d63236754a159b6c375d37f233f4 [CANDIDATE]: Term 1 pre-election: Tablet error from VoteRequest() call to peer 8d81e24ec3ea4ef5b3aca489bb8fc470 (127.21.140.1:43447): Illegal state: must be running to vote when last-logged opid is not known
I20260710 13:22:42.738390 22873 tablet_bootstrap.cc:654] T 84128363075e4f9cad7223dd74fc0deb P 1df772f53d4b4b21b2587852cc91eef2: Neither blocks nor log segments found. Creating new log.
I20260710 13:22:42.743430 22723 leader_election.cc:304] T 33a75e5e78ec4cc6ae9ba766e08f1d85 P ee10d63236754a159b6c375d37f233f4 [CANDIDATE]: Term 1 pre-election: Election decided. Result: candidate won. Election summary: received 3 responses out of 3 voters: 2 yes votes; 1 no votes. yes voters: 1df772f53d4b4b21b2587852cc91eef2, ee10d63236754a159b6c375d37f233f4; no voters: 8d81e24ec3ea4ef5b3aca489bb8fc470
I20260710 13:22:42.740296 22582 catalog_manager.cc:5697] T d5497f5e68c544278caaed6306534fce P ee10d63236754a159b6c375d37f233f4 reported cstate change: term changed from 0 to 1, leader changed from <none> to ee10d63236754a159b6c375d37f233f4 (127.21.140.2). New cstate: current_term: 1 leader_uuid: "ee10d63236754a159b6c375d37f233f4" committed_config { opid_index: -1 OBSOLETE_local: false peers { permanent_uuid: "8d81e24ec3ea4ef5b3aca489bb8fc470" member_type: VOTER last_known_addr { host: "127.21.140.1" port: 43447 } health_report { overall_health: UNKNOWN } } peers { permanent_uuid: "ee10d63236754a159b6c375d37f233f4" member_type: VOTER last_known_addr { host: "127.21.140.2" port: 46427 } health_report { overall_health: HEALTHY } } peers { permanent_uuid: "1df772f53d4b4b21b2587852cc91eef2" member_type: VOTER last_known_addr { host: "127.21.140.3" port: 46259 } health_report { overall_health: UNKNOWN } } }
I20260710 13:22:42.744789 22885 raft_consensus.cc:2804] T 33a75e5e78ec4cc6ae9ba766e08f1d85 P ee10d63236754a159b6c375d37f233f4 [term 0 FOLLOWER]: Leader pre-election won for term 1
I20260710 13:22:42.745230 22885 raft_consensus.cc:493] T 33a75e5e78ec4cc6ae9ba766e08f1d85 P ee10d63236754a159b6c375d37f233f4 [term 0 FOLLOWER]: Starting leader election (no leader contacted us within the election timeout)
I20260710 13:22:42.745615 22885 raft_consensus.cc:3060] T 33a75e5e78ec4cc6ae9ba766e08f1d85 P ee10d63236754a159b6c375d37f233f4 [term 0 FOLLOWER]: Advancing to term 1
I20260710 13:22:42.743669 22902 raft_consensus.cc:515] T f5b7febda3ee40c29cccb61478f2ed3e P 1df772f53d4b4b21b2587852cc91eef2 [term 1 FOLLOWER]: Starting leader election with config: opid_index: -1 OBSOLETE_local: false peers { permanent_uuid: "8d81e24ec3ea4ef5b3aca489bb8fc470" member_type: VOTER last_known_addr { host: "127.21.140.1" port: 43447 } } peers { permanent_uuid: "ee10d63236754a159b6c375d37f233f4" member_type: VOTER last_known_addr { host: "127.21.140.2" port: 46427 } } peers { permanent_uuid: "1df772f53d4b4b21b2587852cc91eef2" member_type: VOTER last_known_addr { host: "127.21.140.3" port: 46259 } }
I20260710 13:22:42.749029 22684 tablet_service.cc:1917] Received RequestConsensusVote() RPC: tablet_id: "f5b7febda3ee40c29cccb61478f2ed3e" candidate_uuid: "1df772f53d4b4b21b2587852cc91eef2" candidate_term: 1 candidate_status { last_received { term: 0 index: 0 } } ignore_live_leader: false dest_uuid: "8d81e24ec3ea4ef5b3aca489bb8fc470"
I20260710 13:22:42.749712 22684 raft_consensus.cc:3060] T f5b7febda3ee40c29cccb61478f2ed3e P 8d81e24ec3ea4ef5b3aca489bb8fc470 [term 0 FOLLOWER]: Advancing to term 1
I20260710 13:22:42.758447 22874 tablet_bootstrap.cc:654] T 33a75e5e78ec4cc6ae9ba766e08f1d85 P 8d81e24ec3ea4ef5b3aca489bb8fc470: Neither blocks nor log segments found. Creating new log.
