I20260710 13:22:58.613061 18175 tablet_service.cc:1917] Received RequestConsensusVote() RPC: tablet_id: "a91fdb234b1d4490b96c7fe5aa27e70d" candidate_uuid: "9b5d19872b9f4ad6b42776fe90280bb1" candidate_term: 2 candidate_status { last_received { term: 0 index: 0 } } ignore_live_leader: false dest_uuid: "170201ad708646e682a92854ededf5ce" is_pre_election: true
I20260710 13:22:58.613953 18175 raft_consensus.cc:2468] T a91fdb234b1d4490b96c7fe5aa27e70d P 170201ad708646e682a92854ededf5ce [term 0 FOLLOWER]: Leader pre-election vote request: Granting yes vote for candidate 9b5d19872b9f4ad6b42776fe90280bb1 in term 0.
I20260710 13:22:58.615309 18027 tablet_service.cc:1917] Received RequestConsensusVote() RPC: tablet_id: "a91fdb234b1d4490b96c7fe5aa27e70d" candidate_uuid: "9b5d19872b9f4ad6b42776fe90280bb1" candidate_term: 2 candidate_status { last_received { term: 0 index: 0 } } ignore_live_leader: false dest_uuid: "736d6c324ca8455e81c4ccee4d973ca0" is_pre_election: true
I20260710 13:22:58.618418 18070 leader_election.cc:304] T a91fdb234b1d4490b96c7fe5aa27e70d P 9b5d19872b9f4ad6b42776fe90280bb1 [CANDIDATE]: Term 2 pre-election: Election decided. Result: candidate won. Election summary: received 2 responses out of 3 voters: 2 yes votes; 0 no votes. yes voters: 170201ad708646e682a92854ededf5ce, 9b5d19872b9f4ad6b42776fe90280bb1; no voters: 
I20260710 13:22:58.619407 18340 raft_consensus.cc:2804] T a91fdb234b1d4490b96c7fe5aa27e70d P 9b5d19872b9f4ad6b42776fe90280bb1 [term 1 FOLLOWER]: Leader pre-election won for term 2
I20260710 13:22:58.619796 18340 raft_consensus.cc:493] T a91fdb234b1d4490b96c7fe5aa27e70d P 9b5d19872b9f4ad6b42776fe90280bb1 [term 1 FOLLOWER]: Starting leader election (no leader contacted us within the election timeout)
I20260710 13:22:58.620152 18340 raft_consensus.cc:3060] T a91fdb234b1d4490b96c7fe5aa27e70d P 9b5d19872b9f4ad6b42776fe90280bb1 [term 1 FOLLOWER]: Advancing to term 2
I20260710 13:22:58.602880 18178 tablet_service.cc:1917] Received RequestConsensusVote() RPC: tablet_id: "a91fdb234b1d4490b96c7fe5aa27e70d" candidate_uuid: "736d6c324ca8455e81c4ccee4d973ca0" candidate_term: 1 candidate_status { last_received { term: 0 index: 0 } } ignore_live_leader: false dest_uuid: "170201ad708646e682a92854ededf5ce"
I20260710 13:22:58.621479 18178 raft_consensus.cc:3060] T a91fdb234b1d4490b96c7fe5aa27e70d P 170201ad708646e682a92854ededf5ce [term 0 FOLLOWER]: Advancing to term 1
I20260710 13:22:58.602555 18352 raft_consensus.cc:515] T df1e7d0f7b584c7aba1120fc9e0ed2df P 170201ad708646e682a92854ededf5ce [term 1 FOLLOWER]: Starting leader election with config: opid_index: -1 OBSOLETE_local: false peers { permanent_uuid: "736d6c324ca8455e81c4ccee4d973ca0" member_type: VOTER last_known_addr { host: "127.16.121.193" port: 37767 } } peers { permanent_uuid: "9b5d19872b9f4ad6b42776fe90280bb1" member_type: VOTER last_known_addr { host: "127.16.121.194" port: 39365 } } peers { permanent_uuid: "170201ad708646e682a92854ededf5ce" member_type: VOTER last_known_addr { host: "127.16.121.195" port: 39967 } }
I20260710 13:22:58.670811 18178 raft_consensus.cc:2468] T a91fdb234b1d4490b96c7fe5aa27e70d P 170201ad708646e682a92854ededf5ce [term 1 FOLLOWER]: Leader election vote request: Granting yes vote for candidate 736d6c324ca8455e81c4ccee4d973ca0 in term 1.
I20260710 13:22:58.696489 18027 tablet_service.cc:1917] Received RequestConsensusVote() RPC: tablet_id: "df1e7d0f7b584c7aba1120fc9e0ed2df" candidate_uuid: "170201ad708646e682a92854ededf5ce" candidate_term: 1 candidate_status { last_received { term: 0 index: 0 } } ignore_live_leader: false dest_uuid: "736d6c324ca8455e81c4ccee4d973ca0"
I20260710 13:22:58.624559 18352 leader_election.cc:290] T df1e7d0f7b584c7aba1120fc9e0ed2df P 170201ad708646e682a92854ededf5ce [CANDIDATE]: Term 1 election: Requested vote from peers 736d6c324ca8455e81c4ccee4d973ca0 (127.16.121.193:37767), 9b5d19872b9f4ad6b42776fe90280bb1 (127.16.121.194:39365)
I20260710 13:22:58.697147 18027 raft_consensus.cc:3060] T df1e7d0f7b584c7aba1120fc9e0ed2df P 736d6c324ca8455e81c4ccee4d973ca0 [term 0 FOLLOWER]: Advancing to term 1
I20260710 13:22:58.699998 18222 tablet_bootstrap.cc:492] T e3e0ad5b0b494061b6b70a2a46de5840 P 9b5d19872b9f4ad6b42776fe90280bb1: No bootstrap required, opened a new log
I20260710 13:22:58.700903 18222 ts_tablet_manager.cc:1403] T e3e0ad5b0b494061b6b70a2a46de5840 P 9b5d19872b9f4ad6b42776fe90280bb1: Time spent bootstrapping tablet: real 0.315s	user 0.025s	sys 0.006s
I20260710 13:22:58.702183 18141 leader_election.cc:304] T 371df13cdfe949bc88bdb152f891576b P 170201ad708646e682a92854ededf5ce [CANDIDATE]: Term 1 election: Election decided. Result: candidate won. Election summary: received 3 responses out of 3 voters: 2 yes votes; 1 no votes. yes voters: 170201ad708646e682a92854ededf5ce, 736d6c324ca8455e81c4ccee4d973ca0; no voters: 9b5d19872b9f4ad6b42776fe90280bb1
I20260710 13:22:58.641431 18098 tablet_service.cc:1917] Received RequestConsensusVote() RPC: tablet_id: "df1e7d0f7b584c7aba1120fc9e0ed2df" candidate_uuid: "170201ad708646e682a92854ededf5ce" candidate_term: 1 candidate_status { last_received { term: 0 index: 0 } } ignore_live_leader: false dest_uuid: "9b5d19872b9f4ad6b42776fe90280bb1"
I20260710 13:22:58.705755 18304 raft_consensus.cc:2804] T 371df13cdfe949bc88bdb152f891576b P 170201ad708646e682a92854ededf5ce [term 1 FOLLOWER]: Leader election won for term 1
I20260710 13:22:58.706295 18304 raft_consensus.cc:697] T 371df13cdfe949bc88bdb152f891576b P 170201ad708646e682a92854ededf5ce [term 1 LEADER]: Becoming Leader. State: Replica: 170201ad708646e682a92854ededf5ce, State: Running, Role: LEADER
I20260710 13:22:58.704769 18222 raft_consensus.cc:359] T e3e0ad5b0b494061b6b70a2a46de5840 P 9b5d19872b9f4ad6b42776fe90280bb1 [term 0 FOLLOWER]: Replica starting. Triggering 0 pending ops. Active config: opid_index: -1 OBSOLETE_local: false peers { permanent_uuid: "736d6c324ca8455e81c4ccee4d973ca0" member_type: VOTER last_known_addr { host: "127.16.121.193" port: 37767 } } peers { permanent_uuid: "9b5d19872b9f4ad6b42776fe90280bb1" member_type: VOTER last_known_addr { host: "127.16.121.194" port: 39365 } } peers { permanent_uuid: "170201ad708646e682a92854ededf5ce" member_type: VOTER last_known_addr { host: "127.16.121.195" port: 39967 } }
I20260710 13:22:58.706786 18222 raft_consensus.cc:385] T e3e0ad5b0b494061b6b70a2a46de5840 P 9b5d19872b9f4ad6b42776fe90280bb1 [term 0 FOLLOWER]: Consensus starting up: Expiring failure detector timer to make a prompt election more likely
I20260710 13:22:58.707211 18222 raft_consensus.cc:740] T e3e0ad5b0b494061b6b70a2a46de5840 P 9b5d19872b9f4ad6b42776fe90280bb1 [term 0 FOLLOWER]: Becoming Follower/Learner. State: Replica: 9b5d19872b9f4ad6b42776fe90280bb1, State: Initialized, Role: FOLLOWER
I20260710 13:22:58.707139 18304 consensus_queue.cc:237] T 371df13cdfe949bc88bdb152f891576b P 170201ad708646e682a92854ededf5ce [LEADER]: Queue going to LEADER mode. State: All replicated index: 0, Majority replicated index: 0, Committed index: 0, Last appended: 0.0, Last appended by leader: 0, Current term: 1, Majority size: 2, State: 0, Mode: LEADER, active raft config: opid_index: -1 OBSOLETE_local: false peers { permanent_uuid: "736d6c324ca8455e81c4ccee4d973ca0" member_type: VOTER last_known_addr { host: "127.16.121.193" port: 37767 } } peers { permanent_uuid: "9b5d19872b9f4ad6b42776fe90280bb1" member_type: VOTER last_known_addr { host: "127.16.121.194" port: 39365 } } peers { permanent_uuid: "170201ad708646e682a92854ededf5ce" member_type: VOTER last_known_addr { host: "127.16.121.195" port: 39967 } }
I20260710 13:22:58.708242 18222 consensus_queue.cc:260] T e3e0ad5b0b494061b6b70a2a46de5840 P 9b5d19872b9f4ad6b42776fe90280bb1 [NON_LEADER]: Queue going to NON_LEADER mode. State: All replicated index: 0, Majority replicated index: 0, Committed index: 0, Last appended: 0.0, Last appended by leader: 0, Current term: 0, Majority size: -1, State: 0, Mode: NON_LEADER, active raft config: opid_index: -1 OBSOLETE_local: false peers { permanent_uuid: "736d6c324ca8455e81c4ccee4d973ca0" member_type: VOTER last_known_addr { host: "127.16.121.193" port: 37767 } } peers { permanent_uuid: "9b5d19872b9f4ad6b42776fe90280bb1" member_type: VOTER last_known_addr { host: "127.16.121.194" port: 39365 } } peers { permanent_uuid: "170201ad708646e682a92854ededf5ce" member_type: VOTER last_known_addr { host: "127.16.121.195" port: 39967 } }
I20260710 13:22:58.704738 18098 raft_consensus.cc:3060] T df1e7d0f7b584c7aba1120fc9e0ed2df P 9b5d19872b9f4ad6b42776fe90280bb1 [term 0 FOLLOWER]: Advancing to term 1
I20260710 13:22:58.713562 18222 ts_tablet_manager.cc:1434] T e3e0ad5b0b494061b6b70a2a46de5840 P 9b5d19872b9f4ad6b42776fe90280bb1: Time spent starting tablet: real 0.012s	user 0.008s	sys 0.000s
I20260710 13:22:58.713757 18221 tablet_bootstrap.cc:492] T dc077deb9bfa4e5ebd4bf2b001951072 P 736d6c324ca8455e81c4ccee4d973ca0: No bootstrap required, opened a new log
I20260710 13:22:58.714210 18221 ts_tablet_manager.cc:1403] T dc077deb9bfa4e5ebd4bf2b001951072 P 736d6c324ca8455e81c4ccee4d973ca0: Time spent bootstrapping tablet: real 0.352s	user 0.014s	sys 0.018s
I20260710 13:22:58.714315 18223 tablet_bootstrap.cc:654] T 5aabf01a45374b5e89dc1413d41ea050 P 170201ad708646e682a92854ededf5ce: Neither blocks nor log segments found. Creating new log.
I20260710 13:22:58.714560 18222 tablet_bootstrap.cc:492] T 371df13cdfe949bc88bdb152f891576b P 9b5d19872b9f4ad6b42776fe90280bb1: Bootstrap starting.
I20260710 13:22:58.667896 18355 raft_consensus.cc:493] T e3e0ad5b0b494061b6b70a2a46de5840 P 736d6c324ca8455e81c4ccee4d973ca0 [term 0 FOLLOWER]: Starting pre-election (no leader contacted us within the election timeout)
I20260710 13:22:58.719391 18221 raft_consensus.cc:359] T dc077deb9bfa4e5ebd4bf2b001951072 P 736d6c324ca8455e81c4ccee4d973ca0 [term 0 FOLLOWER]: Replica starting. Triggering 0 pending ops. Active config: opid_index: -1 OBSOLETE_local: false peers { permanent_uuid: "736d6c324ca8455e81c4ccee4d973ca0" member_type: VOTER last_known_addr { host: "127.16.121.193" port: 37767 } } peers { permanent_uuid: "9b5d19872b9f4ad6b42776fe90280bb1" member_type: VOTER last_known_addr { host: "127.16.121.194" port: 39365 } } peers { permanent_uuid: "170201ad708646e682a92854ededf5ce" member_type: VOTER last_known_addr { host: "127.16.121.195" port: 39967 } }
I20260710 13:22:58.720175 18221 raft_consensus.cc:385] T dc077deb9bfa4e5ebd4bf2b001951072 P 736d6c324ca8455e81c4ccee4d973ca0 [term 0 FOLLOWER]: Consensus starting up: Expiring failure detector timer to make a prompt election more likely
I20260710 13:22:58.720453 18221 raft_consensus.cc:740] T dc077deb9bfa4e5ebd4bf2b001951072 P 736d6c324ca8455e81c4ccee4d973ca0 [term 0 FOLLOWER]: Becoming Follower/Learner. State: Replica: 736d6c324ca8455e81c4ccee4d973ca0, State: Initialized, Role: FOLLOWER
I20260710 13:22:58.726495 18221 consensus_queue.cc:260] T dc077deb9bfa4e5ebd4bf2b001951072 P 736d6c324ca8455e81c4ccee4d973ca0 [NON_LEADER]: Queue going to NON_LEADER mode. State: All replicated index: 0, Majority replicated index: 0, Committed index: 0, Last appended: 0.0, Last appended by leader: 0, Current term: 0, Majority size: -1, State: 0, Mode: NON_LEADER, active raft config: opid_index: -1 OBSOLETE_local: false peers { permanent_uuid: "736d6c324ca8455e81c4ccee4d973ca0" member_type: VOTER last_known_addr { host: "127.16.121.193" port: 37767 } } peers { permanent_uuid: "9b5d19872b9f4ad6b42776fe90280bb1" member_type: VOTER last_known_addr { host: "127.16.121.194" port: 39365 } } peers { permanent_uuid: "170201ad708646e682a92854ededf5ce" member_type: VOTER last_known_addr { host: "127.16.121.195" port: 39967 } }
I20260710 13:22:58.733011 18355 raft_consensus.cc:515] T e3e0ad5b0b494061b6b70a2a46de5840 P 736d6c324ca8455e81c4ccee4d973ca0 [term 0 FOLLOWER]: Starting pre-election with config: opid_index: -1 OBSOLETE_local: false peers { permanent_uuid: "736d6c324ca8455e81c4ccee4d973ca0" member_type: VOTER last_known_addr { host: "127.16.121.193" port: 37767 } } peers { permanent_uuid: "9b5d19872b9f4ad6b42776fe90280bb1" member_type: VOTER last_known_addr { host: "127.16.121.194" port: 39365 } } peers { permanent_uuid: "170201ad708646e682a92854ededf5ce" member_type: VOTER last_known_addr { host: "127.16.121.195" port: 39967 } }
I20260710 13:22:58.743209 18221 ts_tablet_manager.cc:1434] T dc077deb9bfa4e5ebd4bf2b001951072 P 736d6c324ca8455e81c4ccee4d973ca0: Time spent starting tablet: real 0.029s	user 0.005s	sys 0.005s
I20260710 13:22:58.748744 18221 tablet_bootstrap.cc:492] T f9e02598033e45f79daa7d874f730d60 P 736d6c324ca8455e81c4ccee4d973ca0: Bootstrap starting.
I20260710 13:22:58.745370 18027 raft_consensus.cc:2468] T df1e7d0f7b584c7aba1120fc9e0ed2df P 736d6c324ca8455e81c4ccee4d973ca0 [term 1 FOLLOWER]: Leader election vote request: Granting yes vote for candidate 170201ad708646e682a92854ededf5ce in term 1.
I20260710 13:22:58.761162 18340 raft_consensus.cc:515] T a91fdb234b1d4490b96c7fe5aa27e70d P 9b5d19872b9f4ad6b42776fe90280bb1 [term 2 FOLLOWER]: Starting leader election with config: opid_index: -1 OBSOLETE_local: false peers { permanent_uuid: "736d6c324ca8455e81c4ccee4d973ca0" member_type: VOTER last_known_addr { host: "127.16.121.193" port: 37767 } } peers { permanent_uuid: "9b5d19872b9f4ad6b42776fe90280bb1" member_type: VOTER last_known_addr { host: "127.16.121.194" port: 39365 } } peers { permanent_uuid: "170201ad708646e682a92854ededf5ce" member_type: VOTER last_known_addr { host: "127.16.121.195" port: 39967 } }
I20260710 13:22:58.761618 17927 catalog_manager.cc:5697] T a91fdb234b1d4490b96c7fe5aa27e70d P 736d6c324ca8455e81c4ccee4d973ca0 reported cstate change: term changed from 0 to 1, leader changed from <none> to 736d6c324ca8455e81c4ccee4d973ca0 (127.16.121.193). New cstate: current_term: 1 leader_uuid: "736d6c324ca8455e81c4ccee4d973ca0" committed_config { opid_index: -1 OBSOLETE_local: false peers { permanent_uuid: "736d6c324ca8455e81c4ccee4d973ca0" member_type: VOTER last_known_addr { host: "127.16.121.193" port: 37767 } health_report { overall_health: HEALTHY } } peers { permanent_uuid: "9b5d19872b9f4ad6b42776fe90280bb1" member_type: VOTER last_known_addr { host: "127.16.121.194" port: 39365 } health_report { overall_health: UNKNOWN } } peers { permanent_uuid: "170201ad708646e682a92854ededf5ce" member_type: VOTER last_known_addr { host: "127.16.121.195" port: 39967 } health_report { overall_health: UNKNOWN } } }
I20260710 13:22:58.773023 18340 leader_election.cc:290] T a91fdb234b1d4490b96c7fe5aa27e70d P 9b5d19872b9f4ad6b42776fe90280bb1 [CANDIDATE]: Term 2 election: Requested vote from peers 736d6c324ca8455e81c4ccee4d973ca0 (127.16.121.193:37767), 170201ad708646e682a92854ededf5ce (127.16.121.195:39967)
I20260710 13:22:58.766449 18355 leader_election.cc:290] T e3e0ad5b0b494061b6b70a2a46de5840 P 736d6c324ca8455e81c4ccee4d973ca0 [CANDIDATE]: Term 1 pre-election: Requested pre-vote from peers 9b5d19872b9f4ad6b42776fe90280bb1 (127.16.121.194:39365), 170201ad708646e682a92854ededf5ce (127.16.121.195:39967)
I20260710 13:22:58.775836 18176 tablet_service.cc:1917] Received RequestConsensusVote() RPC: tablet_id: "a91fdb234b1d4490b96c7fe5aa27e70d" candidate_uuid: "9b5d19872b9f4ad6b42776fe90280bb1" candidate_term: 2 candidate_status { last_received { term: 0 index: 0 } } ignore_live_leader: false dest_uuid: "170201ad708646e682a92854ededf5ce"
I20260710 13:22:58.762806 18101 tablet_service.cc:1917] Received RequestConsensusVote() RPC: tablet_id: "e3e0ad5b0b494061b6b70a2a46de5840" candidate_uuid: "736d6c324ca8455e81c4ccee4d973ca0" candidate_term: 1 candidate_status { last_received { term: 0 index: 0 } } ignore_live_leader: false dest_uuid: "9b5d19872b9f4ad6b42776fe90280bb1" is_pre_election: true
I20260710 13:22:58.777334 18176 raft_consensus.cc:3060] T a91fdb234b1d4490b96c7fe5aa27e70d P 170201ad708646e682a92854ededf5ce [term 1 FOLLOWER]: Advancing to term 2
I20260710 13:22:58.779352 18024 tablet_service.cc:1917] Received RequestConsensusVote() RPC: tablet_id: "a91fdb234b1d4490b96c7fe5aa27e70d" candidate_uuid: "9b5d19872b9f4ad6b42776fe90280bb1" candidate_term: 2 candidate_status { last_received { term: 0 index: 0 } } ignore_live_leader: false dest_uuid: "736d6c324ca8455e81c4ccee4d973ca0"
I20260710 13:22:58.781299 18101 raft_consensus.cc:2468] T e3e0ad5b0b494061b6b70a2a46de5840 P 9b5d19872b9f4ad6b42776fe90280bb1 [term 0 FOLLOWER]: Leader pre-election vote request: Granting yes vote for candidate 736d6c324ca8455e81c4ccee4d973ca0 in term 0.
I20260710 13:22:58.782020 18141 leader_election.cc:304] T df1e7d0f7b584c7aba1120fc9e0ed2df P 170201ad708646e682a92854ededf5ce [CANDIDATE]: Term 1 election: Election decided. Result: candidate won. Election summary: received 2 responses out of 3 voters: 2 yes votes; 0 no votes. yes voters: 170201ad708646e682a92854ededf5ce, 736d6c324ca8455e81c4ccee4d973ca0; no voters: 
I20260710 13:22:58.782800 18352 raft_consensus.cc:2804] T df1e7d0f7b584c7aba1120fc9e0ed2df P 170201ad708646e682a92854ededf5ce [term 1 FOLLOWER]: Leader election won for term 1
I20260710 13:22:58.783258 18352 raft_consensus.cc:697] T df1e7d0f7b584c7aba1120fc9e0ed2df P 170201ad708646e682a92854ededf5ce [term 1 LEADER]: Becoming Leader. State: Replica: 170201ad708646e682a92854ededf5ce, State: Running, Role: LEADER
I20260710 13:22:58.784053 18352 consensus_queue.cc:237] T df1e7d0f7b584c7aba1120fc9e0ed2df P 170201ad708646e682a92854ededf5ce [LEADER]: Queue going to LEADER mode. State: All replicated index: 0, Majority replicated index: 0, Committed index: 0, Last appended: 0.0, Last appended by leader: 0, Current term: 1, Majority size: 2, State: 0, Mode: LEADER, active raft config: opid_index: -1 OBSOLETE_local: false peers { permanent_uuid: "736d6c324ca8455e81c4ccee4d973ca0" member_type: VOTER last_known_addr { host: "127.16.121.193" port: 37767 } } peers { permanent_uuid: "9b5d19872b9f4ad6b42776fe90280bb1" member_type: VOTER last_known_addr { host: "127.16.121.194" port: 39365 } } peers { permanent_uuid: "170201ad708646e682a92854ededf5ce" member_type: VOTER last_known_addr { host: "127.16.121.195" port: 39967 } }
I20260710 13:22:58.786226 18098 raft_consensus.cc:2468] T df1e7d0f7b584c7aba1120fc9e0ed2df P 9b5d19872b9f4ad6b42776fe90280bb1 [term 1 FOLLOWER]: Leader election vote request: Granting yes vote for candidate 170201ad708646e682a92854ededf5ce in term 1.
I20260710 13:22:58.775382 18304 raft_consensus.cc:493] T f9e02598033e45f79daa7d874f730d60 P 170201ad708646e682a92854ededf5ce [term 0 FOLLOWER]: Starting pre-election (no leader contacted us within the election timeout)
I20260710 13:22:58.787406 18304 raft_consensus.cc:515] T f9e02598033e45f79daa7d874f730d60 P 170201ad708646e682a92854ededf5ce [term 0 FOLLOWER]: Starting pre-election with config: opid_index: -1 OBSOLETE_local: false peers { permanent_uuid: "736d6c324ca8455e81c4ccee4d973ca0" member_type: VOTER last_known_addr { host: "127.16.121.193" port: 37767 } } peers { permanent_uuid: "9b5d19872b9f4ad6b42776fe90280bb1" member_type: VOTER last_known_addr { host: "127.16.121.194" port: 39365 } } peers { permanent_uuid: "170201ad708646e682a92854ededf5ce" member_type: VOTER last_known_addr { host: "127.16.121.195" port: 39967 } }
I20260710 13:22:58.788112 17926 catalog_manager.cc:5697] T 371df13cdfe949bc88bdb152f891576b P 170201ad708646e682a92854ededf5ce reported cstate change: term changed from 0 to 1, leader changed from <none> to 170201ad708646e682a92854ededf5ce (127.16.121.195). New cstate: current_term: 1 leader_uuid: "170201ad708646e682a92854ededf5ce" committed_config { opid_index: -1 OBSOLETE_local: false peers { permanent_uuid: "736d6c324ca8455e81c4ccee4d973ca0" member_type: VOTER last_known_addr { host: "127.16.121.193" port: 37767 } health_report { overall_health: UNKNOWN } } peers { permanent_uuid: "9b5d19872b9f4ad6b42776fe90280bb1" member_type: VOTER last_known_addr { host: "127.16.121.194" port: 39365 } health_report { overall_health: UNKNOWN } } peers { permanent_uuid: "170201ad708646e682a92854ededf5ce" member_type: VOTER last_known_addr { host: "127.16.121.195" port: 39967 } health_report { overall_health: HEALTHY } } }
I20260710 13:22:58.789594 18304 leader_election.cc:290] T f9e02598033e45f79daa7d874f730d60 P 170201ad708646e682a92854ededf5ce [CANDIDATE]: Term 1 pre-election: Requested pre-vote from peers 736d6c324ca8455e81c4ccee4d973ca0 (127.16.121.193:37767), 9b5d19872b9f4ad6b42776fe90280bb1 (127.16.121.194:39365)
I20260710 13:22:58.792423 18222 tablet_bootstrap.cc:654] T 371df13cdfe949bc88bdb152f891576b P 9b5d19872b9f4ad6b42776fe90280bb1: Neither blocks nor log segments found. Creating new log.
I20260710 13:22:58.793990 17993 leader_election.cc:304] T e3e0ad5b0b494061b6b70a2a46de5840 P 736d6c324ca8455e81c4ccee4d973ca0 [CANDIDATE]: Term 1 pre-election: Election decided. Result: candidate won. Election summary: received 2 responses out of 3 voters: 2 yes votes; 0 no votes. yes voters: 736d6c324ca8455e81c4ccee4d973ca0, 9b5d19872b9f4ad6b42776fe90280bb1; no voters: 
I20260710 13:22:58.793464 18176 raft_consensus.cc:2468] T a91fdb234b1d4490b96c7fe5aa27e70d P 170201ad708646e682a92854ededf5ce [term 2 FOLLOWER]: Leader election vote request: Granting yes vote for candidate 9b5d19872b9f4ad6b42776fe90280bb1 in term 2.
I20260710 13:22:58.795149 18028 tablet_service.cc:1917] Received RequestConsensusVote() RPC: tablet_id: "f9e02598033e45f79daa7d874f730d60" candidate_uuid: "170201ad708646e682a92854ededf5ce" candidate_term: 1 candidate_status { last_received { term: 0 index: 0 } } ignore_live_leader: false dest_uuid: "736d6c324ca8455e81c4ccee4d973ca0" is_pre_election: true
I20260710 13:22:58.795965 18070 leader_election.cc:304] T a91fdb234b1d4490b96c7fe5aa27e70d P 9b5d19872b9f4ad6b42776fe90280bb1 [CANDIDATE]: Term 2 election: Election decided. Result: candidate won. Election summary: received 3 responses out of 3 voters: 2 yes votes; 1 no votes. yes voters: 170201ad708646e682a92854ededf5ce, 9b5d19872b9f4ad6b42776fe90280bb1; no voters: 736d6c324ca8455e81c4ccee4d973ca0
I20260710 13:22:58.797441 18253 raft_consensus.cc:2804] T a91fdb234b1d4490b96c7fe5aa27e70d P 9b5d19872b9f4ad6b42776fe90280bb1 [term 2 FOLLOWER]: Leader election won for term 2
I20260710 13:22:58.798022 18253 raft_consensus.cc:697] T a91fdb234b1d4490b96c7fe5aa27e70d P 9b5d19872b9f4ad6b42776fe90280bb1 [term 2 LEADER]: Becoming Leader. State: Replica: 9b5d19872b9f4ad6b42776fe90280bb1, State: Running, Role: LEADER
I20260710 13:22:58.798995 18178 tablet_service.cc:1917] Received RequestConsensusVote() RPC: tablet_id: "e3e0ad5b0b494061b6b70a2a46de5840" candidate_uuid: "736d6c324ca8455e81c4ccee4d973ca0" candidate_term: 1 candidate_status { last_received { term: 0 index: 0 } } ignore_live_leader: false dest_uuid: "170201ad708646e682a92854ededf5ce" is_pre_election: true
I20260710 13:22:58.799075 18226 raft_consensus.cc:2804] T e3e0ad5b0b494061b6b70a2a46de5840 P 736d6c324ca8455e81c4ccee4d973ca0 [term 0 FOLLOWER]: Leader pre-election won for term 1
I20260710 13:22:58.799418 18221 tablet_bootstrap.cc:654] T f9e02598033e45f79daa7d874f730d60 P 736d6c324ca8455e81c4ccee4d973ca0: Neither blocks nor log segments found. Creating new log.
I20260710 13:22:58.799741 18226 raft_consensus.cc:493] T e3e0ad5b0b494061b6b70a2a46de5840 P 736d6c324ca8455e81c4ccee4d973ca0 [term 0 FOLLOWER]: Starting leader election (no leader contacted us within the election timeout)
I20260710 13:22:58.799082 18253 consensus_queue.cc:237] T a91fdb234b1d4490b96c7fe5aa27e70d P 9b5d19872b9f4ad6b42776fe90280bb1 [LEADER]: Queue going to LEADER mode. State: All replicated index: 0, Majority replicated index: 0, Committed index: 0, Last appended: 0.0, Last appended by leader: 0, Current term: 2, Majority size: 2, State: 0, Mode: LEADER, active raft config: opid_index: -1 OBSOLETE_local: false peers { permanent_uuid: "736d6c324ca8455e81c4ccee4d973ca0" member_type: VOTER last_known_addr { host: "127.16.121.193" port: 37767 } } peers { permanent_uuid: "9b5d19872b9f4ad6b42776fe90280bb1" member_type: VOTER last_known_addr { host: "127.16.121.194" port: 39365 } } peers { permanent_uuid: "170201ad708646e682a92854ededf5ce" member_type: VOTER last_known_addr { host: "127.16.121.195" port: 39967 } }
I20260710 13:22:58.800194 18226 raft_consensus.cc:3060] T e3e0ad5b0b494061b6b70a2a46de5840 P 736d6c324ca8455e81c4ccee4d973ca0 [term 0 FOLLOWER]: Advancing to term 1
I20260710 13:22:58.799767 18178 raft_consensus.cc:2468] T e3e0ad5b0b494061b6b70a2a46de5840 P 170201ad708646e682a92854ededf5ce [term 0 FOLLOWER]: Leader pre-election vote request: Granting yes vote for candidate 736d6c324ca8455e81c4ccee4d973ca0 in term 0.
W20260710 13:22:58.805806 18141 leader_election.cc:343] T f9e02598033e45f79daa7d874f730d60 P 170201ad708646e682a92854ededf5ce [CANDIDATE]: Term 1 pre-election: Tablet error from VoteRequest() call to peer 736d6c324ca8455e81c4ccee4d973ca0 (127.16.121.193:37767): Illegal state: must be running to vote when last-logged opid is not known
I20260710 13:22:58.807170 18098 tablet_service.cc:1917] Received RequestConsensusVote() RPC: tablet_id: "f9e02598033e45f79daa7d874f730d60" candidate_uuid: "170201ad708646e682a92854ededf5ce" candidate_term: 1 candidate_status { last_received { term: 0 index: 0 } } ignore_live_leader: false dest_uuid: "9b5d19872b9f4ad6b42776fe90280bb1" is_pre_election: true
W20260710 13:22:58.809435 18142 leader_election.cc:343] T f9e02598033e45f79daa7d874f730d60 P 170201ad708646e682a92854ededf5ce [CANDIDATE]: Term 1 pre-election: Tablet error from VoteRequest() call to peer 9b5d19872b9f4ad6b42776fe90280bb1 (127.16.121.194:39365): Illegal state: must be running to vote when last-logged opid is not known
I20260710 13:22:58.809983 18142 leader_election.cc:304] T f9e02598033e45f79daa7d874f730d60 P 170201ad708646e682a92854ededf5ce [CANDIDATE]: Term 1 pre-election: Election decided. Result: candidate lost. Election summary: received 3 responses out of 3 voters: 1 yes votes; 2 no votes. yes voters: 170201ad708646e682a92854ededf5ce; no voters: 736d6c324ca8455e81c4ccee4d973ca0, 9b5d19872b9f4ad6b42776fe90280bb1
I20260710 13:22:58.810936 18248 raft_consensus.cc:2749] T f9e02598033e45f79daa7d874f730d60 P 170201ad708646e682a92854ededf5ce [term 0 FOLLOWER]: Leader pre-election lost for term 1. Reason: could not achieve majority
I20260710 13:22:58.823545 18226 raft_consensus.cc:515] T e3e0ad5b0b494061b6b70a2a46de5840 P 736d6c324ca8455e81c4ccee4d973ca0 [term 1 FOLLOWER]: Starting leader election with config: opid_index: -1 OBSOLETE_local: false peers { permanent_uuid: "736d6c324ca8455e81c4ccee4d973ca0" member_type: VOTER last_known_addr { host: "127.16.121.193" port: 37767 } } peers { permanent_uuid: "9b5d19872b9f4ad6b42776fe90280bb1" member_type: VOTER last_known_addr { host: "127.16.121.194" port: 39365 } } peers { permanent_uuid: "170201ad708646e682a92854ededf5ce" member_type: VOTER last_known_addr { host: "127.16.121.195" port: 39967 } }
I20260710 13:22:58.834178 18226 leader_election.cc:290] T e3e0ad5b0b494061b6b70a2a46de5840 P 736d6c324ca8455e81c4ccee4d973ca0 [CANDIDATE]: Term 1 election: Requested vote from peers 9b5d19872b9f4ad6b42776fe90280bb1 (127.16.121.194:39365), 170201ad708646e682a92854ededf5ce (127.16.121.195:39967)
I20260710 13:22:58.836041 18098 tablet_service.cc:1917] Received RequestConsensusVote() RPC: tablet_id: "e3e0ad5b0b494061b6b70a2a46de5840" candidate_uuid: "736d6c324ca8455e81c4ccee4d973ca0" candidate_term: 1 candidate_status { last_received { term: 0 index: 0 } } ignore_live_leader: false dest_uuid: "9b5d19872b9f4ad6b42776fe90280bb1"
I20260710 13:22:58.837354 18098 raft_consensus.cc:3060] T e3e0ad5b0b494061b6b70a2a46de5840 P 9b5d19872b9f4ad6b42776fe90280bb1 [term 0 FOLLOWER]: Advancing to term 1
I20260710 13:22:58.851977 18176 tablet_service.cc:1917] Received RequestConsensusVote() RPC: tablet_id: "e3e0ad5b0b494061b6b70a2a46de5840" candidate_uuid: "736d6c324ca8455e81c4ccee4d973ca0" candidate_term: 1 candidate_status { last_received { term: 0 index: 0 } } ignore_live_leader: false dest_uuid: "170201ad708646e682a92854ededf5ce"
I20260710 13:22:58.852646 18176 raft_consensus.cc:3060] T e3e0ad5b0b494061b6b70a2a46de5840 P 170201ad708646e682a92854ededf5ce [term 0 FOLLOWER]: Advancing to term 1
I20260710 13:22:58.863494 18248 raft_consensus.cc:493] T dc077deb9bfa4e5ebd4bf2b001951072 P 170201ad708646e682a92854ededf5ce [term 0 FOLLOWER]: Starting pre-election (no leader contacted us within the election timeout)
I20260710 13:22:58.864269 18248 raft_consensus.cc:515] T dc077deb9bfa4e5ebd4bf2b001951072 P 170201ad708646e682a92854ededf5ce [term 0 FOLLOWER]: Starting pre-election with config: opid_index: -1 OBSOLETE_local: false peers { permanent_uuid: "736d6c324ca8455e81c4ccee4d973ca0" member_type: VOTER last_known_addr { host: "127.16.121.193" port: 37767 } } peers { permanent_uuid: "9b5d19872b9f4ad6b42776fe90280bb1" member_type: VOTER last_known_addr { host: "127.16.121.194" port: 39365 } } peers { permanent_uuid: "170201ad708646e682a92854ededf5ce" member_type: VOTER last_known_addr { host: "127.16.121.195" port: 39967 } }
I20260710 13:22:58.867208 18223 tablet_bootstrap.cc:492] T 5aabf01a45374b5e89dc1413d41ea050 P 170201ad708646e682a92854ededf5ce: No bootstrap required, opened a new log
I20260710 13:22:58.870476 18098 raft_consensus.cc:2468] T e3e0ad5b0b494061b6b70a2a46de5840 P 9b5d19872b9f4ad6b42776fe90280bb1 [term 1 FOLLOWER]: Leader election vote request: Granting yes vote for candidate 736d6c324ca8455e81c4ccee4d973ca0 in term 1.
I20260710 13:22:58.871806 17993 leader_election.cc:304] T e3e0ad5b0b494061b6b70a2a46de5840 P 736d6c324ca8455e81c4ccee4d973ca0 [CANDIDATE]: Term 1 election: Election decided. Result: candidate won. Election summary: received 2 responses out of 3 voters: 2 yes votes; 0 no votes. yes voters: 736d6c324ca8455e81c4ccee4d973ca0, 9b5d19872b9f4ad6b42776fe90280bb1; no voters: 
I20260710 13:22:58.872697 18226 raft_consensus.cc:2804] T e3e0ad5b0b494061b6b70a2a46de5840 P 736d6c324ca8455e81c4ccee4d973ca0 [term 1 FOLLOWER]: Leader election won for term 1
I20260710 13:22:58.873167 18226 raft_consensus.cc:697] T e3e0ad5b0b494061b6b70a2a46de5840 P 736d6c324ca8455e81c4ccee4d973ca0 [term 1 LEADER]: Becoming Leader. State: Replica: 736d6c324ca8455e81c4ccee4d973ca0, State: Running, Role: LEADER
I20260710 13:22:58.873972 18226 consensus_queue.cc:237] T e3e0ad5b0b494061b6b70a2a46de5840 P 736d6c324ca8455e81c4ccee4d973ca0 [LEADER]: Queue going to LEADER mode. State: All replicated index: 0, Majority replicated index: 0, Committed index: 0, Last appended: 0.0, Last appended by leader: 0, Current term: 1, Majority size: 2, State: 0, Mode: LEADER, active raft config: opid_index: -1 OBSOLETE_local: false peers { permanent_uuid: "736d6c324ca8455e81c4ccee4d973ca0" member_type: VOTER last_known_addr { host: "127.16.121.193" port: 37767 } } peers { permanent_uuid: "9b5d19872b9f4ad6b42776fe90280bb1" member_type: VOTER last_known_addr { host: "127.16.121.194" port: 39365 } } peers { permanent_uuid: "170201ad708646e682a92854ededf5ce" member_type: VOTER last_known_addr { host: "127.16.121.195" port: 39967 } }
I20260710 13:22:58.878993 18223 ts_tablet_manager.cc:1403] T 5aabf01a45374b5e89dc1413d41ea050 P 170201ad708646e682a92854ededf5ce: Time spent bootstrapping tablet: real 0.284s	user 0.016s	sys 0.015s
I20260710 13:22:58.884105 18221 tablet_bootstrap.cc:492] T f9e02598033e45f79daa7d874f730d60 P 736d6c324ca8455e81c4ccee4d973ca0: No bootstrap required, opened a new log
I20260710 13:22:58.884802 18221 ts_tablet_manager.cc:1403] T f9e02598033e45f79daa7d874f730d60 P 736d6c324ca8455e81c4ccee4d973ca0: Time spent bootstrapping tablet: real 0.136s	user 0.016s	sys 0.003s
I20260710 13:22:58.885908 18222 tablet_bootstrap.cc:492] T 371df13cdfe949bc88bdb152f891576b P 9b5d19872b9f4ad6b42776fe90280bb1: No bootstrap required, opened a new log
I20260710 13:22:58.886477 18222 ts_tablet_manager.cc:1403] T 371df13cdfe949bc88bdb152f891576b P 9b5d19872b9f4ad6b42776fe90280bb1: Time spent bootstrapping tablet: real 0.172s	user 0.012s	sys 0.012s
I20260710 13:22:58.882126 17926 catalog_manager.cc:5697] T df1e7d0f7b584c7aba1120fc9e0ed2df P 170201ad708646e682a92854ededf5ce reported cstate change: term changed from 0 to 1, leader changed from <none> to 170201ad708646e682a92854ededf5ce (127.16.121.195). New cstate: current_term: 1 leader_uuid: "170201ad708646e682a92854ededf5ce" committed_config { opid_index: -1 OBSOLETE_local: false peers { permanent_uuid: "736d6c324ca8455e81c4ccee4d973ca0" member_type: VOTER last_known_addr { host: "127.16.121.193" port: 37767 } health_report { overall_health: UNKNOWN } } peers { permanent_uuid: "9b5d19872b9f4ad6b42776fe90280bb1" member_type: VOTER last_known_addr { host: "127.16.121.194" port: 39365 } health_report { overall_health: UNKNOWN } } peers { permanent_uuid: "170201ad708646e682a92854ededf5ce" member_type: VOTER last_known_addr { host: "127.16.121.195" port: 39967 } health_report { overall_health: HEALTHY } } }
W20260710 13:22:58.889274 17975 auto_rebalancer.cc:288] Could not retrieve cluster info: Service unavailable: Tablet not running
I20260710 13:22:58.889935 17924 catalog_manager.cc:5697] T a91fdb234b1d4490b96c7fe5aa27e70d P 9b5d19872b9f4ad6b42776fe90280bb1 reported cstate change: term changed from 1 to 2, leader changed from 736d6c324ca8455e81c4ccee4d973ca0 (127.16.121.193) to 9b5d19872b9f4ad6b42776fe90280bb1 (127.16.121.194). New cstate: current_term: 2 leader_uuid: "9b5d19872b9f4ad6b42776fe90280bb1" committed_config { opid_index: -1 OBSOLETE_local: false peers { permanent_uuid: "736d6c324ca8455e81c4ccee4d973ca0" member_type: VOTER last_known_addr { host: "127.16.121.193" port: 37767 } health_report { overall_health: UNKNOWN } } peers { permanent_uuid: "9b5d19872b9f4ad6b42776fe90280bb1" member_type: VOTER last_known_addr { host: "127.16.121.194" port: 39365 } health_report { overall_health: HEALTHY } } peers { permanent_uuid: "170201ad708646e682a92854ededf5ce" member_type: VOTER last_known_addr { host: "127.16.121.195" port: 39967 } health_report { overall_health: UNKNOWN } } }
I20260710 13:22:58.885984 18251 raft_consensus.cc:493] T dc077deb9bfa4e5ebd4bf2b001951072 P 736d6c324ca8455e81c4ccee4d973ca0 [term 0 FOLLOWER]: Starting pre-election (no leader contacted us within the election timeout)
I20260710 13:22:58.892861 18251 raft_consensus.cc:515] T dc077deb9bfa4e5ebd4bf2b001951072 P 736d6c324ca8455e81c4ccee4d973ca0 [term 0 FOLLOWER]: Starting pre-election with config: opid_index: -1 OBSOLETE_local: false peers { permanent_uuid: "736d6c324ca8455e81c4ccee4d973ca0" member_type: VOTER last_known_addr { host: "127.16.121.193" port: 37767 } } peers { permanent_uuid: "9b5d19872b9f4ad6b42776fe90280bb1" member_type: VOTER last_known_addr { host: "127.16.121.194" port: 39365 } } peers { permanent_uuid: "170201ad708646e682a92854ededf5ce" member_type: VOTER last_known_addr { host: "127.16.121.195" port: 39967 } }
I20260710 13:22:58.896315 18251 leader_election.cc:290] T dc077deb9bfa4e5ebd4bf2b001951072 P 736d6c324ca8455e81c4ccee4d973ca0 [CANDIDATE]: Term 1 pre-election: Requested pre-vote from peers 9b5d19872b9f4ad6b42776fe90280bb1 (127.16.121.194:39365), 170201ad708646e682a92854ededf5ce (127.16.121.195:39967)
I20260710 13:22:58.896803 18098 tablet_service.cc:1917] Received RequestConsensusVote() RPC: tablet_id: "dc077deb9bfa4e5ebd4bf2b001951072" candidate_uuid: "736d6c324ca8455e81c4ccee4d973ca0" candidate_term: 1 candidate_status { last_received { term: 0 index: 0 } } ignore_live_leader: false dest_uuid: "9b5d19872b9f4ad6b42776fe90280bb1" is_pre_election: true
W20260710 13:22:58.898376 17993 leader_election.cc:343] T dc077deb9bfa4e5ebd4bf2b001951072 P 736d6c324ca8455e81c4ccee4d973ca0 [CANDIDATE]: Term 1 pre-election: Tablet error from VoteRequest() call to peer 9b5d19872b9f4ad6b42776fe90280bb1 (127.16.121.194:39365): Illegal state: must be running to vote when last-logged opid is not known
I20260710 13:22:58.905949 18177 tablet_service.cc:1917] Received RequestConsensusVote() RPC: tablet_id: "dc077deb9bfa4e5ebd4bf2b001951072" candidate_uuid: "736d6c324ca8455e81c4ccee4d973ca0" candidate_term: 1 candidate_status { last_received { term: 0 index: 0 } } ignore_live_leader: false dest_uuid: "170201ad708646e682a92854ededf5ce" is_pre_election: true
I20260710 13:22:58.906786 18177 raft_consensus.cc:2468] T dc077deb9bfa4e5ebd4bf2b001951072 P 170201ad708646e682a92854ededf5ce [term 0 FOLLOWER]: Leader pre-election vote request: Granting yes vote for candidate 736d6c324ca8455e81c4ccee4d973ca0 in term 0.
I20260710 13:22:58.906952 18248 leader_election.cc:290] T dc077deb9bfa4e5ebd4bf2b001951072 P 170201ad708646e682a92854ededf5ce [CANDIDATE]: Term 1 pre-election: Requested pre-vote from peers 736d6c324ca8455e81c4ccee4d973ca0 (127.16.121.193:37767), 9b5d19872b9f4ad6b42776fe90280bb1 (127.16.121.194:39365)
I20260710 13:22:58.882085 18176 raft_consensus.cc:2468] T e3e0ad5b0b494061b6b70a2a46de5840 P 170201ad708646e682a92854ededf5ce [term 1 FOLLOWER]: Leader election vote request: Granting yes vote for candidate 736d6c324ca8455e81c4ccee4d973ca0 in term 1.
I20260710 13:22:58.908227 18098 tablet_service.cc:1917] Received RequestConsensusVote() RPC: tablet_id: "dc077deb9bfa4e5ebd4bf2b001951072" candidate_uuid: "170201ad708646e682a92854ededf5ce" candidate_term: 1 candidate_status { last_received { term: 0 index: 0 } } ignore_live_leader: false dest_uuid: "9b5d19872b9f4ad6b42776fe90280bb1" is_pre_election: true
I20260710 13:22:58.908910 18028 tablet_service.cc:1917] Received RequestConsensusVote() RPC: tablet_id: "dc077deb9bfa4e5ebd4bf2b001951072" candidate_uuid: "170201ad708646e682a92854ededf5ce" candidate_term: 1 candidate_status { last_received { term: 0 index: 0 } } ignore_live_leader: false dest_uuid: "736d6c324ca8455e81c4ccee4d973ca0" is_pre_election: true
I20260710 13:22:58.909605 18028 raft_consensus.cc:2468] T dc077deb9bfa4e5ebd4bf2b001951072 P 736d6c324ca8455e81c4ccee4d973ca0 [term 0 FOLLOWER]: Leader pre-election vote request: Granting yes vote for candidate 170201ad708646e682a92854ededf5ce in term 0.
W20260710 13:22:58.909888 18142 leader_election.cc:343] T dc077deb9bfa4e5ebd4bf2b001951072 P 170201ad708646e682a92854ededf5ce [CANDIDATE]: Term 1 pre-election: Tablet error from VoteRequest() call to peer 9b5d19872b9f4ad6b42776fe90280bb1 (127.16.121.194:39365): Illegal state: must be running to vote when last-logged opid is not known
I20260710 13:22:58.910107 18223 raft_consensus.cc:359] T 5aabf01a45374b5e89dc1413d41ea050 P 170201ad708646e682a92854ededf5ce [term 0 FOLLOWER]: Replica starting. Triggering 0 pending ops. Active config: opid_index: -1 OBSOLETE_local: false peers { permanent_uuid: "736d6c324ca8455e81c4ccee4d973ca0" member_type: VOTER last_known_addr { host: "127.16.121.193" port: 37767 } } peers { permanent_uuid: "9b5d19872b9f4ad6b42776fe90280bb1" member_type: VOTER last_known_addr { host: "127.16.121.194" port: 39365 } } peers { permanent_uuid: "170201ad708646e682a92854ededf5ce" member_type: VOTER last_known_addr { host: "127.16.121.195" port: 39967 } }
I20260710 13:22:58.911142 18223 raft_consensus.cc:385] T 5aabf01a45374b5e89dc1413d41ea050 P 170201ad708646e682a92854ededf5ce [term 0 FOLLOWER]: Consensus starting up: Expiring failure detector timer to make a prompt election more likely
I20260710 13:22:58.911501 18223 raft_consensus.cc:740] T 5aabf01a45374b5e89dc1413d41ea050 P 170201ad708646e682a92854ededf5ce [term 0 FOLLOWER]: Becoming Follower/Learner. State: Replica: 170201ad708646e682a92854ededf5ce, State: Initialized, Role: FOLLOWER
I20260710 13:22:58.911445 17995 leader_election.cc:304] T dc077deb9bfa4e5ebd4bf2b001951072 P 736d6c324ca8455e81c4ccee4d973ca0 [CANDIDATE]: Term 1 pre-election: Election decided. Result: candidate won. Election summary: received 3 responses out of 3 voters: 2 yes votes; 1 no votes. yes voters: 170201ad708646e682a92854ededf5ce, 736d6c324ca8455e81c4ccee4d973ca0; no voters: 9b5d19872b9f4ad6b42776fe90280bb1
I20260710 13:22:58.913285 18141 leader_election.cc:304] T dc077deb9bfa4e5ebd4bf2b001951072 P 170201ad708646e682a92854ededf5ce [CANDIDATE]: Term 1 pre-election: Election decided. Result: candidate won. Election summary: received 3 responses out of 3 voters: 2 yes votes; 1 no votes. yes voters: 170201ad708646e682a92854ededf5ce, 736d6c324ca8455e81c4ccee4d973ca0; no voters: 9b5d19872b9f4ad6b42776fe90280bb1
I20260710 13:22:58.912976 18223 consensus_queue.cc:260] T 5aabf01a45374b5e89dc1413d41ea050 P 170201ad708646e682a92854ededf5ce [NON_LEADER]: Queue going to NON_LEADER mode. State: All replicated index: 0, Majority replicated index: 0, Committed index: 0, Last appended: 0.0, Last appended by leader: 0, Current term: 0, Majority size: -1, State: 0, Mode: NON_LEADER, active raft config: opid_index: -1 OBSOLETE_local: false peers { permanent_uuid: "736d6c324ca8455e81c4ccee4d973ca0" member_type: VOTER last_known_addr { host: "127.16.121.193" port: 37767 } } peers { permanent_uuid: "9b5d19872b9f4ad6b42776fe90280bb1" member_type: VOTER last_known_addr { host: "127.16.121.194" port: 39365 } } peers { permanent_uuid: "170201ad708646e682a92854ededf5ce" member_type: VOTER last_known_addr { host: "127.16.121.195" port: 39967 } }
I20260710 13:22:58.920792 18248 raft_consensus.cc:2804] T dc077deb9bfa4e5ebd4bf2b001951072 P 170201ad708646e682a92854ededf5ce [term 0 FOLLOWER]: Leader pre-election won for term 1
I20260710 13:22:58.921226 18248 raft_consensus.cc:493] T dc077deb9bfa4e5ebd4bf2b001951072 P 170201ad708646e682a92854ededf5ce [term 0 FOLLOWER]: Starting leader election (no leader contacted us within the election timeout)
I20260710 13:22:58.921553 18248 raft_consensus.cc:3060] T dc077deb9bfa4e5ebd4bf2b001951072 P 170201ad708646e682a92854ededf5ce [term 0 FOLLOWER]: Advancing to term 1
I20260710 13:22:58.922560 18223 ts_tablet_manager.cc:1434] T 5aabf01a45374b5e89dc1413d41ea050 P 170201ad708646e682a92854ededf5ce: Time spent starting tablet: real 0.043s	user 0.008s	sys 0.000s
I20260710 13:22:58.913995 18251 raft_consensus.cc:2804] T dc077deb9bfa4e5ebd4bf2b001951072 P 736d6c324ca8455e81c4ccee4d973ca0 [term 0 FOLLOWER]: Leader pre-election won for term 1
I20260710 13:22:58.923484 18251 raft_consensus.cc:493] T dc077deb9bfa4e5ebd4bf2b001951072 P 736d6c324ca8455e81c4ccee4d973ca0 [term 0 FOLLOWER]: Starting leader election (no leader contacted us within the election timeout)
I20260710 13:22:58.923933 18251 raft_consensus.cc:3060] T dc077deb9bfa4e5ebd4bf2b001951072 P 736d6c324ca8455e81c4ccee4d973ca0 [term 0 FOLLOWER]: Advancing to term 1
I20260710 13:22:58.916145 18221 raft_consensus.cc:359] T f9e02598033e45f79daa7d874f730d60 P 736d6c324ca8455e81c4ccee4d973ca0 [term 0 FOLLOWER]: Replica starting. Triggering 0 pending ops. Active config: opid_index: -1 OBSOLETE_local: false peers { permanent_uuid: "736d6c324ca8455e81c4ccee4d973ca0" member_type: VOTER last_known_addr { host: "127.16.121.193" port: 37767 } } peers { permanent_uuid: "9b5d19872b9f4ad6b42776fe90280bb1" member_type: VOTER last_known_addr { host: "127.16.121.194" port: 39365 } } peers { permanent_uuid: "170201ad708646e682a92854ededf5ce" member_type: VOTER last_known_addr { host: "127.16.121.195" port: 39967 } }
I20260710 13:22:58.925693 18221 raft_consensus.cc:385] T f9e02598033e45f79daa7d874f730d60 P 736d6c324ca8455e81c4ccee4d973ca0 [term 0 FOLLOWER]: Consensus starting up: Expiring failure detector timer to make a prompt election more likely
I20260710 13:22:58.925978 18221 raft_consensus.cc:740] T f9e02598033e45f79daa7d874f730d60 P 736d6c324ca8455e81c4ccee4d973ca0 [term 0 FOLLOWER]: Becoming Follower/Learner. State: Replica: 736d6c324ca8455e81c4ccee4d973ca0, State: Initialized, Role: FOLLOWER
I20260710 13:22:58.926635 18221 consensus_queue.cc:260] T f9e02598033e45f79daa7d874f730d60 P 736d6c324ca8455e81c4ccee4d973ca0 [NON_LEADER]: Queue going to NON_LEADER mode. State: All replicated index: 0, Majority replicated index: 0, Committed index: 0, Last appended: 0.0, Last appended by leader: 0, Current term: 0, Majority size: -1, State: 0, Mode: NON_LEADER, active raft config: opid_index: -1 OBSOLETE_local: false peers { permanent_uuid: "736d6c324ca8455e81c4ccee4d973ca0" member_type: VOTER last_known_addr { host: "127.16.121.193" port: 37767 } } peers { permanent_uuid: "9b5d19872b9f4ad6b42776fe90280bb1" member_type: VOTER last_known_addr { host: "127.16.121.194" port: 39365 } } peers { permanent_uuid: "170201ad708646e682a92854ededf5ce" member_type: VOTER last_known_addr { host: "127.16.121.195" port: 39967 } }
I20260710 13:22:58.917709 18222 raft_consensus.cc:359] T 371df13cdfe949bc88bdb152f891576b P 9b5d19872b9f4ad6b42776fe90280bb1 [term 0 FOLLOWER]: Replica starting. Triggering 0 pending ops. Active config: opid_index: -1 OBSOLETE_local: false peers { permanent_uuid: "736d6c324ca8455e81c4ccee4d973ca0" member_type: VOTER last_known_addr { host: "127.16.121.193" port: 37767 } } peers { permanent_uuid: "9b5d19872b9f4ad6b42776fe90280bb1" member_type: VOTER last_known_addr { host: "127.16.121.194" port: 39365 } } peers { permanent_uuid: "170201ad708646e682a92854ededf5ce" member_type: VOTER last_known_addr { host: "127.16.121.195" port: 39967 } }
I20260710 13:22:58.927930 18222 raft_consensus.cc:385] T 371df13cdfe949bc88bdb152f891576b P 9b5d19872b9f4ad6b42776fe90280bb1 [term 0 FOLLOWER]: Consensus starting up: Expiring failure detector timer to make a prompt election more likely
I20260710 13:22:58.928234 18222 raft_consensus.cc:740] T 371df13cdfe949bc88bdb152f891576b P 9b5d19872b9f4ad6b42776fe90280bb1 [term 0 FOLLOWER]: Becoming Follower/Learner. State: Replica: 9b5d19872b9f4ad6b42776fe90280bb1, State: Initialized, Role: FOLLOWER
I20260710 13:22:58.928884 18248 raft_consensus.cc:515] T dc077deb9bfa4e5ebd4bf2b001951072 P 170201ad708646e682a92854ededf5ce [term 1 FOLLOWER]: Starting leader election with config: opid_index: -1 OBSOLETE_local: false peers { permanent_uuid: "736d6c324ca8455e81c4ccee4d973ca0" member_type: VOTER last_known_addr { host: "127.16.121.193" port: 37767 } } peers { permanent_uuid: "9b5d19872b9f4ad6b42776fe90280bb1" member_type: VOTER last_known_addr { host: "127.16.121.194" port: 39365 } } peers { permanent_uuid: "170201ad708646e682a92854ededf5ce" member_type: VOTER last_known_addr { host: "127.16.121.195" port: 39967 } }
I20260710 13:22:58.928943 18222 consensus_queue.cc:260] T 371df13cdfe949bc88bdb152f891576b P 9b5d19872b9f4ad6b42776fe90280bb1 [NON_LEADER]: Queue going to NON_LEADER mode. State: All replicated index: 0, Majority replicated index: 0, Committed index: 0, Last appended: 0.0, Last appended by leader: 0, Current term: 0, Majority size: -1, State: 0, Mode: NON_LEADER, active raft config: opid_index: -1 OBSOLETE_local: false peers { permanent_uuid: "736d6c324ca8455e81c4ccee4d973ca0" member_type: VOTER last_known_addr { host: "127.16.121.193" port: 37767 } } peers { permanent_uuid: "9b5d19872b9f4ad6b42776fe90280bb1" member_type: VOTER last_known_addr { host: "127.16.121.194" port: 39365 } } peers { permanent_uuid: "170201ad708646e682a92854ededf5ce" member_type: VOTER last_known_addr { host: "127.16.121.195" port: 39967 } }
I20260710 13:22:58.931022 18222 ts_tablet_manager.cc:1434] T 371df13cdfe949bc88bdb152f891576b P 9b5d19872b9f4ad6b42776fe90280bb1: Time spent starting tablet: real 0.044s	user 0.005s	sys 0.000s
I20260710 13:22:58.931921 18222 tablet_bootstrap.cc:492] T f9e02598033e45f79daa7d874f730d60 P 9b5d19872b9f4ad6b42776fe90280bb1: Bootstrap starting.
I20260710 13:22:58.932238 18248 leader_election.cc:290] T dc077deb9bfa4e5ebd4bf2b001951072 P 170201ad708646e682a92854ededf5ce [CANDIDATE]: Term 1 election: Requested vote from peers 736d6c324ca8455e81c4ccee4d973ca0 (127.16.121.193:37767), 9b5d19872b9f4ad6b42776fe90280bb1 (127.16.121.194:39365)
I20260710 13:22:58.932107 18028 tablet_service.cc:1917] Received RequestConsensusVote() RPC: tablet_id: "dc077deb9bfa4e5ebd4bf2b001951072" candidate_uuid: "170201ad708646e682a92854ededf5ce" candidate_term: 1 candidate_status { last_received { term: 0 index: 0 } } ignore_live_leader: false dest_uuid: "736d6c324ca8455e81c4ccee4d973ca0"
I20260710 13:22:58.932166 18098 tablet_service.cc:1917] Received RequestConsensusVote() RPC: tablet_id: "dc077deb9bfa4e5ebd4bf2b001951072" candidate_uuid: "170201ad708646e682a92854ededf5ce" candidate_term: 1 candidate_status { last_received { term: 0 index: 0 } } ignore_live_leader: false dest_uuid: "9b5d19872b9f4ad6b42776fe90280bb1"
I20260710 13:22:58.933092 18251 raft_consensus.cc:515] T dc077deb9bfa4e5ebd4bf2b001951072 P 736d6c324ca8455e81c4ccee4d973ca0 [term 1 FOLLOWER]: Starting leader election with config: opid_index: -1 OBSOLETE_local: false peers { permanent_uuid: "736d6c324ca8455e81c4ccee4d973ca0" member_type: VOTER last_known_addr { host: "127.16.121.193" port: 37767 } } peers { permanent_uuid: "9b5d19872b9f4ad6b42776fe90280bb1" member_type: VOTER last_known_addr { host: "127.16.121.194" port: 39365 } } peers { permanent_uuid: "170201ad708646e682a92854ededf5ce" member_type: VOTER last_known_addr { host: "127.16.121.195" port: 39967 } }
I20260710 13:22:58.933807 18221 ts_tablet_manager.cc:1434] T f9e02598033e45f79daa7d874f730d60 P 736d6c324ca8455e81c4ccee4d973ca0: Time spent starting tablet: real 0.049s	user 0.002s	sys 0.005s
I20260710 13:22:58.934506 18028 raft_consensus.cc:2393] T dc077deb9bfa4e5ebd4bf2b001951072 P 736d6c324ca8455e81c4ccee4d973ca0 [term 1 FOLLOWER]: Leader election vote request: Denying vote to candidate 170201ad708646e682a92854ededf5ce in current term 1: Already voted for candidate 736d6c324ca8455e81c4ccee4d973ca0 in this term.
I20260710 13:22:58.934803 18221 tablet_bootstrap.cc:492] T 5aabf01a45374b5e89dc1413d41ea050 P 736d6c324ca8455e81c4ccee4d973ca0: Bootstrap starting.
W20260710 13:22:58.935174 18142 leader_election.cc:343] T dc077deb9bfa4e5ebd4bf2b001951072 P 170201ad708646e682a92854ededf5ce [CANDIDATE]: Term 1 election: Tablet error from VoteRequest() call to peer 9b5d19872b9f4ad6b42776fe90280bb1 (127.16.121.194:39365): Illegal state: must be running to vote when last-logged opid is not known
I20260710 13:22:58.937429 18222 tablet_bootstrap.cc:654] T f9e02598033e45f79daa7d874f730d60 P 9b5d19872b9f4ad6b42776fe90280bb1: Neither blocks nor log segments found. Creating new log.
