I20260710 13:22:54.042834 22883 raft_consensus.cc:740] T e77d7ab7ce4e4da893cff98961ccbcfe P 8857760b49a1416f95374b3bfd405215 [term 0 FOLLOWER]: Becoming Follower/Learner. State: Replica: 8857760b49a1416f95374b3bfd405215, State: Initialized, Role: FOLLOWER
I20260710 13:22:54.043676 22884 ts_tablet_manager.cc:1434] T e77d7ab7ce4e4da893cff98961ccbcfe P 7499d3d0326d41ceafef01a8c9507b2e: Time spent starting tablet: real 0.010s	user 0.006s	sys 0.000s
I20260710 13:22:54.043509 22883 consensus_queue.cc:260] T e77d7ab7ce4e4da893cff98961ccbcfe P 8857760b49a1416f95374b3bfd405215 [NON_LEADER]: Queue going to NON_LEADER mode. State: All replicated index: 0, Majority replicated index: 0, Committed index: 0, Last appended: 0.0, Last appended by leader: 0, Current term: 0, Majority size: -1, State: 0, Mode: NON_LEADER, active raft config: opid_index: -1 OBSOLETE_local: false peers { permanent_uuid: "a2af2dcd05694aeab325ba116ecf7a93" member_type: VOTER last_known_addr { host: "127.21.21.129" port: 40585 } } peers { permanent_uuid: "7499d3d0326d41ceafef01a8c9507b2e" member_type: VOTER last_known_addr { host: "127.21.21.130" port: 33509 } } peers { permanent_uuid: "8857760b49a1416f95374b3bfd405215" member_type: VOTER last_known_addr { host: "127.21.21.131" port: 46293 } }
I20260710 13:22:54.044662 22884 tablet_bootstrap.cc:492] T 80b3181c003243b98a30af094213885f P 7499d3d0326d41ceafef01a8c9507b2e: Bootstrap starting.
I20260710 13:22:54.044229 22885 raft_consensus.cc:359] T 48dc178115b344c0947da8176a327783 P a2af2dcd05694aeab325ba116ecf7a93 [term 0 FOLLOWER]: Replica starting. Triggering 0 pending ops. Active config: opid_index: -1 OBSOLETE_local: false peers { permanent_uuid: "a2af2dcd05694aeab325ba116ecf7a93" member_type: VOTER last_known_addr { host: "127.21.21.129" port: 40585 } } peers { permanent_uuid: "7499d3d0326d41ceafef01a8c9507b2e" member_type: VOTER last_known_addr { host: "127.21.21.130" port: 33509 } } peers { permanent_uuid: "8857760b49a1416f95374b3bfd405215" member_type: VOTER last_known_addr { host: "127.21.21.131" port: 46293 } }
I20260710 13:22:54.046305 22885 raft_consensus.cc:385] T 48dc178115b344c0947da8176a327783 P a2af2dcd05694aeab325ba116ecf7a93 [term 0 FOLLOWER]: Consensus starting up: Expiring failure detector timer to make a prompt election more likely
I20260710 13:22:54.046566 22885 raft_consensus.cc:740] T 48dc178115b344c0947da8176a327783 P a2af2dcd05694aeab325ba116ecf7a93 [term 0 FOLLOWER]: Becoming Follower/Learner. State: Replica: a2af2dcd05694aeab325ba116ecf7a93, State: Initialized, Role: FOLLOWER
I20260710 13:22:54.047169 22885 consensus_queue.cc:260] T 48dc178115b344c0947da8176a327783 P a2af2dcd05694aeab325ba116ecf7a93 [NON_LEADER]: Queue going to NON_LEADER mode. State: All replicated index: 0, Majority replicated index: 0, Committed index: 0, Last appended: 0.0, Last appended by leader: 0, Current term: 0, Majority size: -1, State: 0, Mode: NON_LEADER, active raft config: opid_index: -1 OBSOLETE_local: false peers { permanent_uuid: "a2af2dcd05694aeab325ba116ecf7a93" member_type: VOTER last_known_addr { host: "127.21.21.129" port: 40585 } } peers { permanent_uuid: "7499d3d0326d41ceafef01a8c9507b2e" member_type: VOTER last_known_addr { host: "127.21.21.130" port: 33509 } } peers { permanent_uuid: "8857760b49a1416f95374b3bfd405215" member_type: VOTER last_known_addr { host: "127.21.21.131" port: 46293 } }
I20260710 13:22:54.049211 22885 ts_tablet_manager.cc:1434] T 48dc178115b344c0947da8176a327783 P a2af2dcd05694aeab325ba116ecf7a93: Time spent starting tablet: real 0.007s	user 0.003s	sys 0.000s
I20260710 13:22:54.050063 22885 tablet_bootstrap.cc:492] T b1517936a79443bd96a436a1e477198a P a2af2dcd05694aeab325ba116ecf7a93: Bootstrap starting.
I20260710 13:22:54.054786 22884 tablet_bootstrap.cc:654] T 80b3181c003243b98a30af094213885f P 7499d3d0326d41ceafef01a8c9507b2e: Neither blocks nor log segments found. Creating new log.
I20260710 13:22:54.055673 22885 tablet_bootstrap.cc:654] T b1517936a79443bd96a436a1e477198a P a2af2dcd05694aeab325ba116ecf7a93: Neither blocks nor log segments found. Creating new log.
I20260710 13:22:54.045521 22883 ts_tablet_manager.cc:1434] T e77d7ab7ce4e4da893cff98961ccbcfe P 8857760b49a1416f95374b3bfd405215: Time spent starting tablet: real 0.006s	user 0.007s	sys 0.000s
I20260710 13:22:54.066713 22883 tablet_bootstrap.cc:492] T 80b3181c003243b98a30af094213885f P 8857760b49a1416f95374b3bfd405215: Bootstrap starting.
I20260710 13:22:54.069059 22885 tablet_bootstrap.cc:492] T b1517936a79443bd96a436a1e477198a P a2af2dcd05694aeab325ba116ecf7a93: No bootstrap required, opened a new log
I20260710 13:22:54.069555 22885 ts_tablet_manager.cc:1403] T b1517936a79443bd96a436a1e477198a P a2af2dcd05694aeab325ba116ecf7a93: Time spent bootstrapping tablet: real 0.020s	user 0.007s	sys 0.012s
I20260710 13:22:54.071383 22884 tablet_bootstrap.cc:492] T 80b3181c003243b98a30af094213885f P 7499d3d0326d41ceafef01a8c9507b2e: No bootstrap required, opened a new log
I20260710 13:22:54.071823 22884 ts_tablet_manager.cc:1403] T 80b3181c003243b98a30af094213885f P 7499d3d0326d41ceafef01a8c9507b2e: Time spent bootstrapping tablet: real 0.027s	user 0.007s	sys 0.011s
I20260710 13:22:54.071970 22883 tablet_bootstrap.cc:654] T 80b3181c003243b98a30af094213885f P 8857760b49a1416f95374b3bfd405215: Neither blocks nor log segments found. Creating new log.
I20260710 13:22:54.071990 22885 raft_consensus.cc:359] T b1517936a79443bd96a436a1e477198a P a2af2dcd05694aeab325ba116ecf7a93 [term 0 FOLLOWER]: Replica starting. Triggering 0 pending ops. Active config: opid_index: -1 OBSOLETE_local: false peers { permanent_uuid: "a2af2dcd05694aeab325ba116ecf7a93" member_type: VOTER last_known_addr { host: "127.21.21.129" port: 40585 } } peers { permanent_uuid: "7499d3d0326d41ceafef01a8c9507b2e" member_type: VOTER last_known_addr { host: "127.21.21.130" port: 33509 } } peers { permanent_uuid: "8857760b49a1416f95374b3bfd405215" member_type: VOTER last_known_addr { host: "127.21.21.131" port: 46293 } }
I20260710 13:22:54.072834 22885 raft_consensus.cc:385] T b1517936a79443bd96a436a1e477198a P a2af2dcd05694aeab325ba116ecf7a93 [term 0 FOLLOWER]: Consensus starting up: Expiring failure detector timer to make a prompt election more likely
I20260710 13:22:54.073079 22885 raft_consensus.cc:740] T b1517936a79443bd96a436a1e477198a P a2af2dcd05694aeab325ba116ecf7a93 [term 0 FOLLOWER]: Becoming Follower/Learner. State: Replica: a2af2dcd05694aeab325ba116ecf7a93, State: Initialized, Role: FOLLOWER
I20260710 13:22:54.073700 22885 consensus_queue.cc:260] T b1517936a79443bd96a436a1e477198a P a2af2dcd05694aeab325ba116ecf7a93 [NON_LEADER]: Queue going to NON_LEADER mode. State: All replicated index: 0, Majority replicated index: 0, Committed index: 0, Last appended: 0.0, Last appended by leader: 0, Current term: 0, Majority size: -1, State: 0, Mode: NON_LEADER, active raft config: opid_index: -1 OBSOLETE_local: false peers { permanent_uuid: "a2af2dcd05694aeab325ba116ecf7a93" member_type: VOTER last_known_addr { host: "127.21.21.129" port: 40585 } } peers { permanent_uuid: "7499d3d0326d41ceafef01a8c9507b2e" member_type: VOTER last_known_addr { host: "127.21.21.130" port: 33509 } } peers { permanent_uuid: "8857760b49a1416f95374b3bfd405215" member_type: VOTER last_known_addr { host: "127.21.21.131" port: 46293 } }
I20260710 13:22:54.074736 22884 raft_consensus.cc:359] T 80b3181c003243b98a30af094213885f P 7499d3d0326d41ceafef01a8c9507b2e [term 0 FOLLOWER]: Replica starting. Triggering 0 pending ops. Active config: opid_index: -1 OBSOLETE_local: false peers { permanent_uuid: "a2af2dcd05694aeab325ba116ecf7a93" member_type: VOTER last_known_addr { host: "127.21.21.129" port: 40585 } } peers { permanent_uuid: "7499d3d0326d41ceafef01a8c9507b2e" member_type: VOTER last_known_addr { host: "127.21.21.130" port: 33509 } } peers { permanent_uuid: "8857760b49a1416f95374b3bfd405215" member_type: VOTER last_known_addr { host: "127.21.21.131" port: 46293 } }
I20260710 13:22:54.075371 22884 raft_consensus.cc:385] T 80b3181c003243b98a30af094213885f P 7499d3d0326d41ceafef01a8c9507b2e [term 0 FOLLOWER]: Consensus starting up: Expiring failure detector timer to make a prompt election more likely
I20260710 13:22:54.075611 22884 raft_consensus.cc:740] T 80b3181c003243b98a30af094213885f P 7499d3d0326d41ceafef01a8c9507b2e [term 0 FOLLOWER]: Becoming Follower/Learner. State: Replica: 7499d3d0326d41ceafef01a8c9507b2e, State: Initialized, Role: FOLLOWER
I20260710 13:22:54.076227 22884 consensus_queue.cc:260] T 80b3181c003243b98a30af094213885f P 7499d3d0326d41ceafef01a8c9507b2e [NON_LEADER]: Queue going to NON_LEADER mode. State: All replicated index: 0, Majority replicated index: 0, Committed index: 0, Last appended: 0.0, Last appended by leader: 0, Current term: 0, Majority size: -1, State: 0, Mode: NON_LEADER, active raft config: opid_index: -1 OBSOLETE_local: false peers { permanent_uuid: "a2af2dcd05694aeab325ba116ecf7a93" member_type: VOTER last_known_addr { host: "127.21.21.129" port: 40585 } } peers { permanent_uuid: "7499d3d0326d41ceafef01a8c9507b2e" member_type: VOTER last_known_addr { host: "127.21.21.130" port: 33509 } } peers { permanent_uuid: "8857760b49a1416f95374b3bfd405215" member_type: VOTER last_known_addr { host: "127.21.21.131" port: 46293 } }
I20260710 13:22:54.078372 22884 ts_tablet_manager.cc:1434] T 80b3181c003243b98a30af094213885f P 7499d3d0326d41ceafef01a8c9507b2e: Time spent starting tablet: real 0.006s	user 0.008s	sys 0.000s
I20260710 13:22:54.079213 22884 tablet_bootstrap.cc:492] T bc2bdb050a49487980b8ab94e1b604b7 P 7499d3d0326d41ceafef01a8c9507b2e: Bootstrap starting.
I20260710 13:22:54.083560 22885 ts_tablet_manager.cc:1434] T b1517936a79443bd96a436a1e477198a P a2af2dcd05694aeab325ba116ecf7a93: Time spent starting tablet: real 0.014s	user 0.005s	sys 0.000s
I20260710 13:22:54.084817 22885 tablet_bootstrap.cc:492] T 6a7b2df7c3fd47148eab38f9a45967d1 P a2af2dcd05694aeab325ba116ecf7a93: Bootstrap starting.
I20260710 13:22:54.085264 22884 tablet_bootstrap.cc:654] T bc2bdb050a49487980b8ab94e1b604b7 P 7499d3d0326d41ceafef01a8c9507b2e: Neither blocks nor log segments found. Creating new log.
I20260710 13:22:54.089090 22976 raft_consensus.cc:493] T e3cf6a1f434c4c0ba3b0d7b6632748a4 P 8857760b49a1416f95374b3bfd405215 [term 0 FOLLOWER]: Starting pre-election (no leader contacted us within the election timeout)
I20260710 13:22:54.094471 22976 raft_consensus.cc:515] T e3cf6a1f434c4c0ba3b0d7b6632748a4 P 8857760b49a1416f95374b3bfd405215 [term 0 FOLLOWER]: Starting pre-election with config: opid_index: -1 OBSOLETE_local: false peers { permanent_uuid: "a2af2dcd05694aeab325ba116ecf7a93" member_type: VOTER last_known_addr { host: "127.21.21.129" port: 40585 } } peers { permanent_uuid: "7499d3d0326d41ceafef01a8c9507b2e" member_type: VOTER last_known_addr { host: "127.21.21.130" port: 33509 } } peers { permanent_uuid: "8857760b49a1416f95374b3bfd405215" member_type: VOTER last_known_addr { host: "127.21.21.131" port: 46293 } }
I20260710 13:22:54.096367 22909 raft_consensus.cc:493] T b1517936a79443bd96a436a1e477198a P a2af2dcd05694aeab325ba116ecf7a93 [term 0 FOLLOWER]: Starting pre-election (no leader contacted us within the election timeout)
I20260710 13:22:54.096657 22976 leader_election.cc:290] T e3cf6a1f434c4c0ba3b0d7b6632748a4 P 8857760b49a1416f95374b3bfd405215 [CANDIDATE]: Term 1 pre-election: Requested pre-vote from peers a2af2dcd05694aeab325ba116ecf7a93 (127.21.21.129:40585), 7499d3d0326d41ceafef01a8c9507b2e (127.21.21.130:33509)
I20260710 13:22:54.096849 22909 raft_consensus.cc:515] T b1517936a79443bd96a436a1e477198a P a2af2dcd05694aeab325ba116ecf7a93 [term 0 FOLLOWER]: Starting pre-election with config: opid_index: -1 OBSOLETE_local: false peers { permanent_uuid: "a2af2dcd05694aeab325ba116ecf7a93" member_type: VOTER last_known_addr { host: "127.21.21.129" port: 40585 } } peers { permanent_uuid: "7499d3d0326d41ceafef01a8c9507b2e" member_type: VOTER last_known_addr { host: "127.21.21.130" port: 33509 } } peers { permanent_uuid: "8857760b49a1416f95374b3bfd405215" member_type: VOTER last_known_addr { host: "127.21.21.131" port: 46293 } }
I20260710 13:22:54.098802 22909 leader_election.cc:290] T b1517936a79443bd96a436a1e477198a P a2af2dcd05694aeab325ba116ecf7a93 [CANDIDATE]: Term 1 pre-election: Requested pre-vote from peers 7499d3d0326d41ceafef01a8c9507b2e (127.21.21.130:33509), 8857760b49a1416f95374b3bfd405215 (127.21.21.131:46293)
I20260710 13:22:54.099815 22691 tablet_service.cc:1917] Received RequestConsensusVote() RPC: tablet_id: "e3cf6a1f434c4c0ba3b0d7b6632748a4" candidate_uuid: "8857760b49a1416f95374b3bfd405215" candidate_term: 1 candidate_status { last_received { term: 0 index: 0 } } ignore_live_leader: false dest_uuid: "a2af2dcd05694aeab325ba116ecf7a93" is_pre_election: true
I20260710 13:22:54.099953 22768 tablet_service.cc:1917] Received RequestConsensusVote() RPC: tablet_id: "e3cf6a1f434c4c0ba3b0d7b6632748a4" candidate_uuid: "8857760b49a1416f95374b3bfd405215" candidate_term: 1 candidate_status { last_received { term: 0 index: 0 } } ignore_live_leader: false dest_uuid: "7499d3d0326d41ceafef01a8c9507b2e" is_pre_election: true
I20260710 13:22:54.100518 22691 raft_consensus.cc:2468] T e3cf6a1f434c4c0ba3b0d7b6632748a4 P a2af2dcd05694aeab325ba116ecf7a93 [term 0 FOLLOWER]: Leader pre-election vote request: Granting yes vote for candidate 8857760b49a1416f95374b3bfd405215 in term 0.
I20260710 13:22:54.100800 22768 raft_consensus.cc:2468] T e3cf6a1f434c4c0ba3b0d7b6632748a4 P 7499d3d0326d41ceafef01a8c9507b2e [term 0 FOLLOWER]: Leader pre-election vote request: Granting yes vote for candidate 8857760b49a1416f95374b3bfd405215 in term 0.
I20260710 13:22:54.101372 22909 consensus_queue.cc:1048] T e6ebaf2315e843efa70d417c3b1cca7b P a2af2dcd05694aeab325ba116ecf7a93 [LEADER]: Connected to new peer: Peer: permanent_uuid: "7499d3d0326d41ceafef01a8c9507b2e" member_type: VOTER last_known_addr { host: "127.21.21.130" port: 33509 }, Status: LMP_MISMATCH, Last received: 0.0, Next index: 1, Last known committed idx: 0, Time since last communication: 0.000s
I20260710 13:22:54.101794 22809 leader_election.cc:304] T e3cf6a1f434c4c0ba3b0d7b6632748a4 P 8857760b49a1416f95374b3bfd405215 [CANDIDATE]: Term 1 pre-election: Election decided. Result: candidate won. Election summary: received 2 responses out of 3 voters: 2 yes votes; 0 no votes. yes voters: 8857760b49a1416f95374b3bfd405215, a2af2dcd05694aeab325ba116ecf7a93; no voters: 
I20260710 13:22:54.104127 22975 raft_consensus.cc:2804] T e3cf6a1f434c4c0ba3b0d7b6632748a4 P 8857760b49a1416f95374b3bfd405215 [term 0 FOLLOWER]: Leader pre-election won for term 1
I20260710 13:22:54.104481 22975 raft_consensus.cc:493] T e3cf6a1f434c4c0ba3b0d7b6632748a4 P 8857760b49a1416f95374b3bfd405215 [term 0 FOLLOWER]: Starting leader election (no leader contacted us within the election timeout)
I20260710 13:22:54.104831 22975 raft_consensus.cc:3060] T e3cf6a1f434c4c0ba3b0d7b6632748a4 P 8857760b49a1416f95374b3bfd405215 [term 0 FOLLOWER]: Advancing to term 1
I20260710 13:22:54.107425 22840 tablet_service.cc:1917] Received RequestConsensusVote() RPC: tablet_id: "b1517936a79443bd96a436a1e477198a" candidate_uuid: "a2af2dcd05694aeab325ba116ecf7a93" candidate_term: 1 candidate_status { last_received { term: 0 index: 0 } } ignore_live_leader: false dest_uuid: "8857760b49a1416f95374b3bfd405215" is_pre_election: true
I20260710 13:22:54.107576 22766 tablet_service.cc:1917] Received RequestConsensusVote() RPC: tablet_id: "b1517936a79443bd96a436a1e477198a" candidate_uuid: "a2af2dcd05694aeab325ba116ecf7a93" candidate_term: 1 candidate_status { last_received { term: 0 index: 0 } } ignore_live_leader: false dest_uuid: "7499d3d0326d41ceafef01a8c9507b2e" is_pre_election: true
I20260710 13:22:54.109666 22660 leader_election.cc:304] T b1517936a79443bd96a436a1e477198a P a2af2dcd05694aeab325ba116ecf7a93 [CANDIDATE]: Term 1 pre-election: Election decided. Result: candidate lost. Election summary: received 3 responses out of 3 voters: 1 yes votes; 2 no votes. yes voters: a2af2dcd05694aeab325ba116ecf7a93; no voters: 7499d3d0326d41ceafef01a8c9507b2e, 8857760b49a1416f95374b3bfd405215
I20260710 13:22:54.110711 22909 raft_consensus.cc:2749] T b1517936a79443bd96a436a1e477198a P a2af2dcd05694aeab325ba116ecf7a93 [term 0 FOLLOWER]: Leader pre-election lost for term 1. Reason: could not achieve majority
I20260710 13:22:54.111967 22691 raft_consensus.cc:3060] T e979da2d5cf940369dcecdf3ef5599ee P a2af2dcd05694aeab325ba116ecf7a93 [term 0 FOLLOWER]: Advancing to term 1
I20260710 13:22:54.114840 22975 raft_consensus.cc:515] T e3cf6a1f434c4c0ba3b0d7b6632748a4 P 8857760b49a1416f95374b3bfd405215 [term 1 FOLLOWER]: Starting leader election with config: opid_index: -1 OBSOLETE_local: false peers { permanent_uuid: "a2af2dcd05694aeab325ba116ecf7a93" member_type: VOTER last_known_addr { host: "127.21.21.129" port: 40585 } } peers { permanent_uuid: "7499d3d0326d41ceafef01a8c9507b2e" member_type: VOTER last_known_addr { host: "127.21.21.130" port: 33509 } } peers { permanent_uuid: "8857760b49a1416f95374b3bfd405215" member_type: VOTER last_known_addr { host: "127.21.21.131" port: 46293 } }
I20260710 13:22:54.115690 22885 tablet_bootstrap.cc:654] T 6a7b2df7c3fd47148eab38f9a45967d1 P a2af2dcd05694aeab325ba116ecf7a93: Neither blocks nor log segments found. Creating new log.
I20260710 13:22:54.117588 22694 tablet_service.cc:1917] Received RequestConsensusVote() RPC: tablet_id: "e3cf6a1f434c4c0ba3b0d7b6632748a4" candidate_uuid: "8857760b49a1416f95374b3bfd405215" candidate_term: 1 candidate_status { last_received { term: 0 index: 0 } } ignore_live_leader: false dest_uuid: "a2af2dcd05694aeab325ba116ecf7a93"
I20260710 13:22:54.118194 22694 raft_consensus.cc:3060] T e3cf6a1f434c4c0ba3b0d7b6632748a4 P a2af2dcd05694aeab325ba116ecf7a93 [term 0 FOLLOWER]: Advancing to term 1
I20260710 13:22:54.125862 22694 raft_consensus.cc:2468] T e3cf6a1f434c4c0ba3b0d7b6632748a4 P a2af2dcd05694aeab325ba116ecf7a93 [term 1 FOLLOWER]: Leader election vote request: Granting yes vote for candidate 8857760b49a1416f95374b3bfd405215 in term 1.
I20260710 13:22:54.127662 22809 leader_election.cc:304] T e3cf6a1f434c4c0ba3b0d7b6632748a4 P 8857760b49a1416f95374b3bfd405215 [CANDIDATE]: Term 1 election: Election decided. Result: candidate won. Election summary: received 2 responses out of 3 voters: 2 yes votes; 0 no votes. yes voters: 8857760b49a1416f95374b3bfd405215, a2af2dcd05694aeab325ba116ecf7a93; no voters: 
I20260710 13:22:54.128784 22976 raft_consensus.cc:2804] T e3cf6a1f434c4c0ba3b0d7b6632748a4 P 8857760b49a1416f95374b3bfd405215 [term 1 FOLLOWER]: Leader election won for term 1
I20260710 13:22:54.130307 22976 raft_consensus.cc:697] T e3cf6a1f434c4c0ba3b0d7b6632748a4 P 8857760b49a1416f95374b3bfd405215 [term 1 LEADER]: Becoming Leader. State: Replica: 8857760b49a1416f95374b3bfd405215, State: Running, Role: LEADER
I20260710 13:22:54.131422 22976 consensus_queue.cc:237] T e3cf6a1f434c4c0ba3b0d7b6632748a4 P 8857760b49a1416f95374b3bfd405215 [LEADER]: Queue going to LEADER mode. State: All replicated index: 0, Majority replicated index: 0, Committed index: 0, Last appended: 0.0, Last appended by leader: 0, Current term: 1, Majority size: 2, State: 0, Mode: LEADER, active raft config: opid_index: -1 OBSOLETE_local: false peers { permanent_uuid: "a2af2dcd05694aeab325ba116ecf7a93" member_type: VOTER last_known_addr { host: "127.21.21.129" port: 40585 } } peers { permanent_uuid: "7499d3d0326d41ceafef01a8c9507b2e" member_type: VOTER last_known_addr { host: "127.21.21.130" port: 33509 } } peers { permanent_uuid: "8857760b49a1416f95374b3bfd405215" member_type: VOTER last_known_addr { host: "127.21.21.131" port: 46293 } }
I20260710 13:22:54.136379 22692 raft_consensus.cc:3060] T 9d2712a4137649f0b5bb6d4bbfa9f3e1 P a2af2dcd05694aeab325ba116ecf7a93 [term 0 FOLLOWER]: Advancing to term 1
I20260710 13:22:54.152611 22883 tablet_bootstrap.cc:492] T 80b3181c003243b98a30af094213885f P 8857760b49a1416f95374b3bfd405215: No bootstrap required, opened a new log
I20260710 13:22:54.152426 22766 tablet_service.cc:1917] Received RequestConsensusVote() RPC: tablet_id: "e3cf6a1f434c4c0ba3b0d7b6632748a4" candidate_uuid: "8857760b49a1416f95374b3bfd405215" candidate_term: 1 candidate_status { last_received { term: 0 index: 0 } } ignore_live_leader: false dest_uuid: "7499d3d0326d41ceafef01a8c9507b2e"
I20260710 13:22:54.153000 22975 leader_election.cc:290] T e3cf6a1f434c4c0ba3b0d7b6632748a4 P 8857760b49a1416f95374b3bfd405215 [CANDIDATE]: Term 1 election: Requested vote from peers a2af2dcd05694aeab325ba116ecf7a93 (127.21.21.129:40585), 7499d3d0326d41ceafef01a8c9507b2e (127.21.21.130:33509)
I20260710 13:22:54.153115 22766 raft_consensus.cc:3060] T e3cf6a1f434c4c0ba3b0d7b6632748a4 P 7499d3d0326d41ceafef01a8c9507b2e [term 0 FOLLOWER]: Advancing to term 1
I20260710 13:22:54.160386 22766 raft_consensus.cc:2468] T e3cf6a1f434c4c0ba3b0d7b6632748a4 P 7499d3d0326d41ceafef01a8c9507b2e [term 1 FOLLOWER]: Leader election vote request: Granting yes vote for candidate 8857760b49a1416f95374b3bfd405215 in term 1.
I20260710 13:22:54.161440 22883 ts_tablet_manager.cc:1403] T 80b3181c003243b98a30af094213885f P 8857760b49a1416f95374b3bfd405215: Time spent bootstrapping tablet: real 0.095s	user 0.008s	sys 0.005s
I20260710 13:22:54.164253 22589 catalog_manager.cc:5697] T e3cf6a1f434c4c0ba3b0d7b6632748a4 P 8857760b49a1416f95374b3bfd405215 reported cstate change: term changed from 0 to 1, leader changed from <none> to 8857760b49a1416f95374b3bfd405215 (127.21.21.131). New cstate: current_term: 1 leader_uuid: "8857760b49a1416f95374b3bfd405215" committed_config { opid_index: -1 OBSOLETE_local: false peers { permanent_uuid: "a2af2dcd05694aeab325ba116ecf7a93" member_type: VOTER last_known_addr { host: "127.21.21.129" port: 40585 } health_report { overall_health: UNKNOWN } } peers { permanent_uuid: "7499d3d0326d41ceafef01a8c9507b2e" member_type: VOTER last_known_addr { host: "127.21.21.130" port: 33509 } health_report { overall_health: UNKNOWN } } peers { permanent_uuid: "8857760b49a1416f95374b3bfd405215" member_type: VOTER last_known_addr { host: "127.21.21.131" port: 46293 } health_report { overall_health: HEALTHY } } }
I20260710 13:22:54.164847 22883 raft_consensus.cc:359] T 80b3181c003243b98a30af094213885f P 8857760b49a1416f95374b3bfd405215 [term 0 FOLLOWER]: Replica starting. Triggering 0 pending ops. Active config: opid_index: -1 OBSOLETE_local: false peers { permanent_uuid: "a2af2dcd05694aeab325ba116ecf7a93" member_type: VOTER last_known_addr { host: "127.21.21.129" port: 40585 } } peers { permanent_uuid: "7499d3d0326d41ceafef01a8c9507b2e" member_type: VOTER last_known_addr { host: "127.21.21.130" port: 33509 } } peers { permanent_uuid: "8857760b49a1416f95374b3bfd405215" member_type: VOTER last_known_addr { host: "127.21.21.131" port: 46293 } }
I20260710 13:22:54.170884 22883 raft_consensus.cc:385] T 80b3181c003243b98a30af094213885f P 8857760b49a1416f95374b3bfd405215 [term 0 FOLLOWER]: Consensus starting up: Expiring failure detector timer to make a prompt election more likely
I20260710 13:22:54.176335 22883 raft_consensus.cc:740] T 80b3181c003243b98a30af094213885f P 8857760b49a1416f95374b3bfd405215 [term 0 FOLLOWER]: Becoming Follower/Learner. State: Replica: 8857760b49a1416f95374b3bfd405215, State: Initialized, Role: FOLLOWER
I20260710 13:22:54.173182 22975 raft_consensus.cc:493] T a5df04444eb94226812965d7d318f722 P 8857760b49a1416f95374b3bfd405215 [term 0 FOLLOWER]: Starting pre-election (no leader contacted us within the election timeout)
I20260710 13:22:54.177489 22975 raft_consensus.cc:515] T a5df04444eb94226812965d7d318f722 P 8857760b49a1416f95374b3bfd405215 [term 0 FOLLOWER]: Starting pre-election with config: opid_index: -1 OBSOLETE_local: false peers { permanent_uuid: "a2af2dcd05694aeab325ba116ecf7a93" member_type: VOTER last_known_addr { host: "127.21.21.129" port: 40585 } } peers { permanent_uuid: "7499d3d0326d41ceafef01a8c9507b2e" member_type: VOTER last_known_addr { host: "127.21.21.130" port: 33509 } } peers { permanent_uuid: "8857760b49a1416f95374b3bfd405215" member_type: VOTER last_known_addr { host: "127.21.21.131" port: 46293 } }
I20260710 13:22:54.177742 22883 consensus_queue.cc:260] T 80b3181c003243b98a30af094213885f P 8857760b49a1416f95374b3bfd405215 [NON_LEADER]: Queue going to NON_LEADER mode. State: All replicated index: 0, Majority replicated index: 0, Committed index: 0, Last appended: 0.0, Last appended by leader: 0, Current term: 0, Majority size: -1, State: 0, Mode: NON_LEADER, active raft config: opid_index: -1 OBSOLETE_local: false peers { permanent_uuid: "a2af2dcd05694aeab325ba116ecf7a93" member_type: VOTER last_known_addr { host: "127.21.21.129" port: 40585 } } peers { permanent_uuid: "7499d3d0326d41ceafef01a8c9507b2e" member_type: VOTER last_known_addr { host: "127.21.21.130" port: 33509 } } peers { permanent_uuid: "8857760b49a1416f95374b3bfd405215" member_type: VOTER last_known_addr { host: "127.21.21.131" port: 46293 } }
I20260710 13:22:54.182113 22692 tablet_service.cc:1917] Received RequestConsensusVote() RPC: tablet_id: "a5df04444eb94226812965d7d318f722" candidate_uuid: "8857760b49a1416f95374b3bfd405215" candidate_term: 1 candidate_status { last_received { term: 0 index: 0 } } ignore_live_leader: false dest_uuid: "a2af2dcd05694aeab325ba116ecf7a93" is_pre_election: true
I20260710 13:22:54.183913 22883 ts_tablet_manager.cc:1434] T 80b3181c003243b98a30af094213885f P 8857760b49a1416f95374b3bfd405215: Time spent starting tablet: real 0.022s	user 0.005s	sys 0.001s
I20260710 13:22:54.186228 22909 consensus_queue.cc:1048] T 437e55a4e23544d0b5463e2ca5040bfb P a2af2dcd05694aeab325ba116ecf7a93 [LEADER]: Connected to new peer: Peer: permanent_uuid: "8857760b49a1416f95374b3bfd405215" member_type: VOTER last_known_addr { host: "127.21.21.131" port: 46293 }, Status: LMP_MISMATCH, Last received: 0.0, Next index: 1, Last known committed idx: 0, Time since last communication: 0.000s
I20260710 13:22:54.187836 22883 tablet_bootstrap.cc:492] T 48dc178115b344c0947da8176a327783 P 8857760b49a1416f95374b3bfd405215: Bootstrap starting.
I20260710 13:22:54.198550 22979 raft_consensus.cc:493] T e77d7ab7ce4e4da893cff98961ccbcfe P 7499d3d0326d41ceafef01a8c9507b2e [term 0 FOLLOWER]: Starting pre-election (no leader contacted us within the election timeout)
I20260710 13:22:54.199362 22895 raft_consensus.cc:493] T 80b3181c003243b98a30af094213885f P 7499d3d0326d41ceafef01a8c9507b2e [term 0 FOLLOWER]: Starting pre-election (no leader contacted us within the election timeout)
I20260710 13:22:54.199186 22979 raft_consensus.cc:515] T e77d7ab7ce4e4da893cff98961ccbcfe P 7499d3d0326d41ceafef01a8c9507b2e [term 0 FOLLOWER]: Starting pre-election with config: opid_index: -1 OBSOLETE_local: false peers { permanent_uuid: "a2af2dcd05694aeab325ba116ecf7a93" member_type: VOTER last_known_addr { host: "127.21.21.129" port: 40585 } } peers { permanent_uuid: "7499d3d0326d41ceafef01a8c9507b2e" member_type: VOTER last_known_addr { host: "127.21.21.130" port: 33509 } } peers { permanent_uuid: "8857760b49a1416f95374b3bfd405215" member_type: VOTER last_known_addr { host: "127.21.21.131" port: 46293 } }
I20260710 13:22:54.199856 22895 raft_consensus.cc:515] T 80b3181c003243b98a30af094213885f P 7499d3d0326d41ceafef01a8c9507b2e [term 0 FOLLOWER]: Starting pre-election with config: opid_index: -1 OBSOLETE_local: false peers { permanent_uuid: "a2af2dcd05694aeab325ba116ecf7a93" member_type: VOTER last_known_addr { host: "127.21.21.129" port: 40585 } } peers { permanent_uuid: "7499d3d0326d41ceafef01a8c9507b2e" member_type: VOTER last_known_addr { host: "127.21.21.130" port: 33509 } } peers { permanent_uuid: "8857760b49a1416f95374b3bfd405215" member_type: VOTER last_known_addr { host: "127.21.21.131" port: 46293 } }
I20260710 13:22:54.201714 22979 leader_election.cc:290] T e77d7ab7ce4e4da893cff98961ccbcfe P 7499d3d0326d41ceafef01a8c9507b2e [CANDIDATE]: Term 1 pre-election: Requested pre-vote from peers a2af2dcd05694aeab325ba116ecf7a93 (127.21.21.129:40585), 8857760b49a1416f95374b3bfd405215 (127.21.21.131:46293)
I20260710 13:22:54.201841 22895 leader_election.cc:290] T 80b3181c003243b98a30af094213885f P 7499d3d0326d41ceafef01a8c9507b2e [CANDIDATE]: Term 1 pre-election: Requested pre-vote from peers a2af2dcd05694aeab325ba116ecf7a93 (127.21.21.129:40585), 8857760b49a1416f95374b3bfd405215 (127.21.21.131:46293)
I20260710 13:22:54.205868 22840 tablet_service.cc:1917] Received RequestConsensusVote() RPC: tablet_id: "e77d7ab7ce4e4da893cff98961ccbcfe" candidate_uuid: "7499d3d0326d41ceafef01a8c9507b2e" candidate_term: 1 candidate_status { last_received { term: 0 index: 0 } } ignore_live_leader: false dest_uuid: "8857760b49a1416f95374b3bfd405215" is_pre_election: true
I20260710 13:22:54.206524 22840 raft_consensus.cc:2468] T e77d7ab7ce4e4da893cff98961ccbcfe P 8857760b49a1416f95374b3bfd405215 [term 0 FOLLOWER]: Leader pre-election vote request: Granting yes vote for candidate 7499d3d0326d41ceafef01a8c9507b2e in term 0.
I20260710 13:22:54.207482 22693 tablet_service.cc:1917] Received RequestConsensusVote() RPC: tablet_id: "80b3181c003243b98a30af094213885f" candidate_uuid: "7499d3d0326d41ceafef01a8c9507b2e" candidate_term: 1 candidate_status { last_received { term: 0 index: 0 } } ignore_live_leader: false dest_uuid: "a2af2dcd05694aeab325ba116ecf7a93" is_pre_election: true
I20260710 13:22:54.208174 22735 leader_election.cc:304] T e77d7ab7ce4e4da893cff98961ccbcfe P 7499d3d0326d41ceafef01a8c9507b2e [CANDIDATE]: Term 1 pre-election: Election decided. Result: candidate won. Election summary: received 2 responses out of 3 voters: 2 yes votes; 0 no votes. yes voters: 7499d3d0326d41ceafef01a8c9507b2e, 8857760b49a1416f95374b3bfd405215; no voters: 
I20260710 13:22:54.205871 22842 tablet_service.cc:1917] Received RequestConsensusVote() RPC: tablet_id: "80b3181c003243b98a30af094213885f" candidate_uuid: "7499d3d0326d41ceafef01a8c9507b2e" candidate_term: 1 candidate_status { last_received { term: 0 index: 0 } } ignore_live_leader: false dest_uuid: "8857760b49a1416f95374b3bfd405215" is_pre_election: true
I20260710 13:22:54.210172 22842 raft_consensus.cc:2468] T 80b3181c003243b98a30af094213885f P 8857760b49a1416f95374b3bfd405215 [term 0 FOLLOWER]: Leader pre-election vote request: Granting yes vote for candidate 7499d3d0326d41ceafef01a8c9507b2e in term 0.
I20260710 13:22:54.209570 22942 raft_consensus.cc:2804] T e77d7ab7ce4e4da893cff98961ccbcfe P 7499d3d0326d41ceafef01a8c9507b2e [term 0 FOLLOWER]: Leader pre-election won for term 1
I20260710 13:22:54.211246 22942 raft_consensus.cc:493] T e77d7ab7ce4e4da893cff98961ccbcfe P 7499d3d0326d41ceafef01a8c9507b2e [term 0 FOLLOWER]: Starting leader election (no leader contacted us within the election timeout)
I20260710 13:22:54.211679 22942 raft_consensus.cc:3060] T e77d7ab7ce4e4da893cff98961ccbcfe P 7499d3d0326d41ceafef01a8c9507b2e [term 0 FOLLOWER]: Advancing to term 1
W20260710 13:22:54.214069 22735 leader_election.cc:343] T 80b3181c003243b98a30af094213885f P 7499d3d0326d41ceafef01a8c9507b2e [CANDIDATE]: Term 1 pre-election: Tablet error from VoteRequest() call to peer a2af2dcd05694aeab325ba116ecf7a93 (127.21.21.129:40585): Illegal state: must be running to vote when last-logged opid is not known
I20260710 13:22:54.215680 22735 leader_election.cc:304] T 80b3181c003243b98a30af094213885f P 7499d3d0326d41ceafef01a8c9507b2e [CANDIDATE]: Term 1 pre-election: Election decided. Result: candidate won. Election summary: received 3 responses out of 3 voters: 2 yes votes; 1 no votes. yes voters: 7499d3d0326d41ceafef01a8c9507b2e, 8857760b49a1416f95374b3bfd405215; no voters: a2af2dcd05694aeab325ba116ecf7a93
I20260710 13:22:54.217056 22895 raft_consensus.cc:2804] T 80b3181c003243b98a30af094213885f P 7499d3d0326d41ceafef01a8c9507b2e [term 0 FOLLOWER]: Leader pre-election won for term 1
I20260710 13:22:54.217410 22895 raft_consensus.cc:493] T 80b3181c003243b98a30af094213885f P 7499d3d0326d41ceafef01a8c9507b2e [term 0 FOLLOWER]: Starting leader election (no leader contacted us within the election timeout)
I20260710 13:22:54.217875 22895 raft_consensus.cc:3060] T 80b3181c003243b98a30af094213885f P 7499d3d0326d41ceafef01a8c9507b2e [term 0 FOLLOWER]: Advancing to term 1
I20260710 13:22:54.225723 22953 consensus_queue.cc:1048] T 437e55a4e23544d0b5463e2ca5040bfb P a2af2dcd05694aeab325ba116ecf7a93 [LEADER]: Connected to new peer: Peer: permanent_uuid: "7499d3d0326d41ceafef01a8c9507b2e" member_type: VOTER last_known_addr { host: "127.21.21.130" port: 33509 }, Status: LMP_MISMATCH, Last received: 0.0, Next index: 1, Last known committed idx: 0, Time since last communication: 0.001s
I20260710 13:22:54.230261 23026 raft_consensus.cc:493] T 14d27d19411049a89fc646bedeee647d P 8857760b49a1416f95374b3bfd405215 [term 0 FOLLOWER]: Starting pre-election (no leader contacted us within the election timeout)
I20260710 13:22:54.232796 22694 tablet_service.cc:1917] Received RequestConsensusVote() RPC: tablet_id: "e77d7ab7ce4e4da893cff98961ccbcfe" candidate_uuid: "7499d3d0326d41ceafef01a8c9507b2e" candidate_term: 1 candidate_status { last_received { term: 0 index: 0 } } ignore_live_leader: false dest_uuid: "a2af2dcd05694aeab325ba116ecf7a93" is_pre_election: true
I20260710 13:22:54.232908 23026 raft_consensus.cc:515] T 14d27d19411049a89fc646bedeee647d P 8857760b49a1416f95374b3bfd405215 [term 0 FOLLOWER]: Starting pre-election with config: opid_index: -1 OBSOLETE_local: false peers { permanent_uuid: "a2af2dcd05694aeab325ba116ecf7a93" member_type: VOTER last_known_addr { host: "127.21.21.129" port: 40585 } } peers { permanent_uuid: "7499d3d0326d41ceafef01a8c9507b2e" member_type: VOTER last_known_addr { host: "127.21.21.130" port: 33509 } } peers { permanent_uuid: "8857760b49a1416f95374b3bfd405215" member_type: VOTER last_known_addr { host: "127.21.21.131" port: 46293 } }
I20260710 13:22:54.235965 23026 leader_election.cc:290] T 14d27d19411049a89fc646bedeee647d P 8857760b49a1416f95374b3bfd405215 [CANDIDATE]: Term 1 pre-election: Requested pre-vote from peers a2af2dcd05694aeab325ba116ecf7a93 (127.21.21.129:40585), 7499d3d0326d41ceafef01a8c9507b2e (127.21.21.130:33509)
I20260710 13:22:54.237718 22883 tablet_bootstrap.cc:654] T 48dc178115b344c0947da8176a327783 P 8857760b49a1416f95374b3bfd405215: Neither blocks nor log segments found. Creating new log.
I20260710 13:22:54.249680 22693 tablet_service.cc:1917] Received RequestConsensusVote() RPC: tablet_id: "14d27d19411049a89fc646bedeee647d" candidate_uuid: "8857760b49a1416f95374b3bfd405215" candidate_term: 1 candidate_status { last_received { term: 0 index: 0 } } ignore_live_leader: false dest_uuid: "a2af2dcd05694aeab325ba116ecf7a93" is_pre_election: true
I20260710 13:22:54.250357 22693 raft_consensus.cc:2468] T 14d27d19411049a89fc646bedeee647d P a2af2dcd05694aeab325ba116ecf7a93 [term 0 FOLLOWER]: Leader pre-election vote request: Granting yes vote for candidate 8857760b49a1416f95374b3bfd405215 in term 0.
I20260710 13:22:54.251698 22953 raft_consensus.cc:493] T 48dc178115b344c0947da8176a327783 P a2af2dcd05694aeab325ba116ecf7a93 [term 0 FOLLOWER]: Starting pre-election (no leader contacted us within the election timeout)
I20260710 13:22:54.252166 22953 raft_consensus.cc:515] T 48dc178115b344c0947da8176a327783 P a2af2dcd05694aeab325ba116ecf7a93 [term 0 FOLLOWER]: Starting pre-election with config: opid_index: -1 OBSOLETE_local: false peers { permanent_uuid: "a2af2dcd05694aeab325ba116ecf7a93" member_type: VOTER last_known_addr { host: "127.21.21.129" port: 40585 } } peers { permanent_uuid: "7499d3d0326d41ceafef01a8c9507b2e" member_type: VOTER last_known_addr { host: "127.21.21.130" port: 33509 } } peers { permanent_uuid: "8857760b49a1416f95374b3bfd405215" member_type: VOTER last_known_addr { host: "127.21.21.131" port: 46293 } }
I20260710 13:22:54.254428 22953 leader_election.cc:290] T 48dc178115b344c0947da8176a327783 P a2af2dcd05694aeab325ba116ecf7a93 [CANDIDATE]: Term 1 pre-election: Requested pre-vote from peers 7499d3d0326d41ceafef01a8c9507b2e (127.21.21.130:33509), 8857760b49a1416f95374b3bfd405215 (127.21.21.131:46293)
I20260710 13:22:54.255910 22904 raft_consensus.cc:493] T bc2bdb050a49487980b8ab94e1b604b7 P a2af2dcd05694aeab325ba116ecf7a93 [term 0 FOLLOWER]: Starting pre-election (no leader contacted us within the election timeout)
I20260710 13:22:54.256356 22904 raft_consensus.cc:515] T bc2bdb050a49487980b8ab94e1b604b7 P a2af2dcd05694aeab325ba116ecf7a93 [term 0 FOLLOWER]: Starting pre-election with config: opid_index: -1 OBSOLETE_local: false peers { permanent_uuid: "a2af2dcd05694aeab325ba116ecf7a93" member_type: VOTER last_known_addr { host: "127.21.21.129" port: 40585 } } peers { permanent_uuid: "7499d3d0326d41ceafef01a8c9507b2e" member_type: VOTER last_known_addr { host: "127.21.21.130" port: 33509 } } peers { permanent_uuid: "8857760b49a1416f95374b3bfd405215" member_type: VOTER last_known_addr { host: "127.21.21.131" port: 46293 } }
I20260710 13:22:54.258328 22904 leader_election.cc:290] T bc2bdb050a49487980b8ab94e1b604b7 P a2af2dcd05694aeab325ba116ecf7a93 [CANDIDATE]: Term 1 pre-election: Requested pre-vote from peers 7499d3d0326d41ceafef01a8c9507b2e (127.21.21.130:33509), 8857760b49a1416f95374b3bfd405215 (127.21.21.131:46293)
I20260710 13:22:54.258726 22767 tablet_service.cc:1917] Received RequestConsensusVote() RPC: tablet_id: "48dc178115b344c0947da8176a327783" candidate_uuid: "a2af2dcd05694aeab325ba116ecf7a93" candidate_term: 1 candidate_status { last_received { term: 0 index: 0 } } ignore_live_leader: false dest_uuid: "7499d3d0326d41ceafef01a8c9507b2e" is_pre_election: true
I20260710 13:22:54.260988 22767 tablet_service.cc:1917] Received RequestConsensusVote() RPC: tablet_id: "bc2bdb050a49487980b8ab94e1b604b7" candidate_uuid: "a2af2dcd05694aeab325ba116ecf7a93" candidate_term: 1 candidate_status { last_received { term: 0 index: 0 } } ignore_live_leader: false dest_uuid: "7499d3d0326d41ceafef01a8c9507b2e" is_pre_election: true
I20260710 13:22:54.263795 22842 tablet_service.cc:1917] Received RequestConsensusVote() RPC: tablet_id: "48dc178115b344c0947da8176a327783" candidate_uuid: "a2af2dcd05694aeab325ba116ecf7a93" candidate_term: 1 candidate_status { last_received { term: 0 index: 0 } } ignore_live_leader: false dest_uuid: "8857760b49a1416f95374b3bfd405215" is_pre_election: true
I20260710 13:22:54.263883 22843 tablet_service.cc:1917] Received RequestConsensusVote() RPC: tablet_id: "bc2bdb050a49487980b8ab94e1b604b7" candidate_uuid: "a2af2dcd05694aeab325ba116ecf7a93" candidate_term: 1 candidate_status { last_received { term: 0 index: 0 } } ignore_live_leader: false dest_uuid: "8857760b49a1416f95374b3bfd405215" is_pre_election: true
I20260710 13:22:54.264757 22843 raft_consensus.cc:2468] T bc2bdb050a49487980b8ab94e1b604b7 P 8857760b49a1416f95374b3bfd405215 [term 0 FOLLOWER]: Leader pre-election vote request: Granting yes vote for candidate a2af2dcd05694aeab325ba116ecf7a93 in term 0.
W20260710 13:22:54.266841 22660 leader_election.cc:343] T 48dc178115b344c0947da8176a327783 P a2af2dcd05694aeab325ba116ecf7a93 [CANDIDATE]: Term 1 pre-election: Tablet error from VoteRequest() call to peer 8857760b49a1416f95374b3bfd405215 (127.21.21.131:46293): Illegal state: must be running to vote when last-logged opid is not known
I20260710 13:22:54.267267 22883 tablet_bootstrap.cc:492] T 48dc178115b344c0947da8176a327783 P 8857760b49a1416f95374b3bfd405215: No bootstrap required, opened a new log
I20260710 13:22:54.267540 22660 leader_election.cc:304] T bc2bdb050a49487980b8ab94e1b604b7 P a2af2dcd05694aeab325ba116ecf7a93 [CANDIDATE]: Term 1 pre-election: Election decided. Result: candidate won. Election summary: received 2 responses out of 3 voters: 2 yes votes; 0 no votes. yes voters: 8857760b49a1416f95374b3bfd405215, a2af2dcd05694aeab325ba116ecf7a93; no voters: 
I20260710 13:22:54.267752 22883 ts_tablet_manager.cc:1403] T 48dc178115b344c0947da8176a327783 P 8857760b49a1416f95374b3bfd405215: Time spent bootstrapping tablet: real 0.080s	user 0.015s	sys 0.003s
I20260710 13:22:54.268597 22904 raft_consensus.cc:2804] T bc2bdb050a49487980b8ab94e1b604b7 P a2af2dcd05694aeab325ba116ecf7a93 [term 0 FOLLOWER]: Leader pre-election won for term 1
I20260710 13:22:54.269006 22904 raft_consensus.cc:493] T bc2bdb050a49487980b8ab94e1b604b7 P a2af2dcd05694aeab325ba116ecf7a93 [term 0 FOLLOWER]: Starting leader election (no leader contacted us within the election timeout)
I20260710 13:22:54.269335 22904 raft_consensus.cc:3060] T bc2bdb050a49487980b8ab94e1b604b7 P a2af2dcd05694aeab325ba116ecf7a93 [term 0 FOLLOWER]: Advancing to term 1
I20260710 13:22:54.270704 22883 raft_consensus.cc:359] T 48dc178115b344c0947da8176a327783 P 8857760b49a1416f95374b3bfd405215 [term 0 FOLLOWER]: Replica starting. Triggering 0 pending ops. Active config: opid_index: -1 OBSOLETE_local: false peers { permanent_uuid: "a2af2dcd05694aeab325ba116ecf7a93" member_type: VOTER last_known_addr { host: "127.21.21.129" port: 40585 } } peers { permanent_uuid: "7499d3d0326d41ceafef01a8c9507b2e" member_type: VOTER last_known_addr { host: "127.21.21.130" port: 33509 } } peers { permanent_uuid: "8857760b49a1416f95374b3bfd405215" member_type: VOTER last_known_addr { host: "127.21.21.131" port: 46293 } }
I20260710 13:22:54.271482 22883 raft_consensus.cc:385] T 48dc178115b344c0947da8176a327783 P 8857760b49a1416f95374b3bfd405215 [term 0 FOLLOWER]: Consensus starting up: Expiring failure detector timer to make a prompt election more likely
I20260710 13:22:54.271840 22883 raft_consensus.cc:740] T 48dc178115b344c0947da8176a327783 P 8857760b49a1416f95374b3bfd405215 [term 0 FOLLOWER]: Becoming Follower/Learner. State: Replica: 8857760b49a1416f95374b3bfd405215, State: Initialized, Role: FOLLOWER
I20260710 13:22:54.272675 22883 consensus_queue.cc:260] T 48dc178115b344c0947da8176a327783 P 8857760b49a1416f95374b3bfd405215 [NON_LEADER]: Queue going to NON_LEADER mode. State: All replicated index: 0, Majority replicated index: 0, Committed index: 0, Last appended: 0.0, Last appended by leader: 0, Current term: 0, Majority size: -1, State: 0, Mode: NON_LEADER, active raft config: opid_index: -1 OBSOLETE_local: false peers { permanent_uuid: "a2af2dcd05694aeab325ba116ecf7a93" member_type: VOTER last_known_addr { host: "127.21.21.129" port: 40585 } } peers { permanent_uuid: "7499d3d0326d41ceafef01a8c9507b2e" member_type: VOTER last_known_addr { host: "127.21.21.130" port: 33509 } } peers { permanent_uuid: "8857760b49a1416f95374b3bfd405215" member_type: VOTER last_known_addr { host: "127.21.21.131" port: 46293 } }
W20260710 13:22:54.274147 22660 leader_election.cc:343] T 48dc178115b344c0947da8176a327783 P a2af2dcd05694aeab325ba116ecf7a93 [CANDIDATE]: Term 1 pre-election: Tablet error from VoteRequest() call to peer 7499d3d0326d41ceafef01a8c9507b2e (127.21.21.130:33509): Illegal state: must be running to vote when last-logged opid is not known
I20260710 13:22:54.276203 22660 leader_election.cc:304] T 48dc178115b344c0947da8176a327783 P a2af2dcd05694aeab325ba116ecf7a93 [CANDIDATE]: Term 1 pre-election: Election decided. Result: candidate lost. Election summary: received 3 responses out of 3 voters: 1 yes votes; 2 no votes. yes voters: a2af2dcd05694aeab325ba116ecf7a93; no voters: 7499d3d0326d41ceafef01a8c9507b2e, 8857760b49a1416f95374b3bfd405215
I20260710 13:22:54.277109 22909 raft_consensus.cc:2749] T 48dc178115b344c0947da8176a327783 P a2af2dcd05694aeab325ba116ecf7a93 [term 0 FOLLOWER]: Leader pre-election lost for term 1. Reason: could not achieve majority
I20260710 13:22:54.278472 22883 ts_tablet_manager.cc:1434] T 48dc178115b344c0947da8176a327783 P 8857760b49a1416f95374b3bfd405215: Time spent starting tablet: real 0.010s	user 0.005s	sys 0.000s
W20260710 13:22:54.278578 22735 leader_election.cc:343] T e77d7ab7ce4e4da893cff98961ccbcfe P 7499d3d0326d41ceafef01a8c9507b2e [CANDIDATE]: Term 1 pre-election: Tablet error from VoteRequest() call to peer a2af2dcd05694aeab325ba116ecf7a93 (127.21.21.129:40585): Illegal state: must be running to vote when last-logged opid is not known
I20260710 13:22:54.281044 22883 tablet_bootstrap.cc:492] T 0e0548a74fca43909ade082919b8df07 P 8857760b49a1416f95374b3bfd405215: Bootstrap starting.
I20260710 13:22:54.282099 22904 raft_consensus.cc:515] T bc2bdb050a49487980b8ab94e1b604b7 P a2af2dcd05694aeab325ba116ecf7a93 [term 1 FOLLOWER]: Starting leader election with config: opid_index: -1 OBSOLETE_local: false peers { permanent_uuid: "a2af2dcd05694aeab325ba116ecf7a93" member_type: VOTER last_known_addr { host: "127.21.21.129" port: 40585 } } peers { permanent_uuid: "7499d3d0326d41ceafef01a8c9507b2e" member_type: VOTER last_known_addr { host: "127.21.21.130" port: 33509 } } peers { permanent_uuid: "8857760b49a1416f95374b3bfd405215" member_type: VOTER last_known_addr { host: "127.21.21.131" port: 46293 } }
I20260710 13:22:54.284104 22904 leader_election.cc:290] T bc2bdb050a49487980b8ab94e1b604b7 P a2af2dcd05694aeab325ba116ecf7a93 [CANDIDATE]: Term 1 election: Requested vote from peers 7499d3d0326d41ceafef01a8c9507b2e (127.21.21.130:33509), 8857760b49a1416f95374b3bfd405215 (127.21.21.131:46293)
I20260710 13:22:54.287647 22895 raft_consensus.cc:515] T 80b3181c003243b98a30af094213885f P 7499d3d0326d41ceafef01a8c9507b2e [term 1 FOLLOWER]: Starting leader election with config: opid_index: -1 OBSOLETE_local: false peers { permanent_uuid: "a2af2dcd05694aeab325ba116ecf7a93" member_type: VOTER last_known_addr { host: "127.21.21.129" port: 40585 } } peers { permanent_uuid: "7499d3d0326d41ceafef01a8c9507b2e" member_type: VOTER last_known_addr { host: "127.21.21.130" port: 33509 } } peers { permanent_uuid: "8857760b49a1416f95374b3bfd405215" member_type: VOTER last_known_addr { host: "127.21.21.131" port: 46293 } }
I20260710 13:22:54.292861 22883 tablet_bootstrap.cc:654] T 0e0548a74fca43909ade082919b8df07 P 8857760b49a1416f95374b3bfd405215: Neither blocks nor log segments found. Creating new log.
I20260710 13:22:54.295420 22766 tablet_service.cc:1917] Received RequestConsensusVote() RPC: tablet_id: "14d27d19411049a89fc646bedeee647d" candidate_uuid: "8857760b49a1416f95374b3bfd405215" candidate_term: 1 candidate_status { last_received { term: 0 index: 0 } } ignore_live_leader: false dest_uuid: "7499d3d0326d41ceafef01a8c9507b2e" is_pre_election: true
I20260710 13:22:54.302908 22809 leader_election.cc:304] T 14d27d19411049a89fc646bedeee647d P 8857760b49a1416f95374b3bfd405215 [CANDIDATE]: Term 1 pre-election: Election decided. Result: candidate won. Election summary: received 2 responses out of 3 voters: 2 yes votes; 0 no votes. yes voters: 8857760b49a1416f95374b3bfd405215, a2af2dcd05694aeab325ba116ecf7a93; no voters: 
I20260710 13:22:54.303925 23026 raft_consensus.cc:2804] T 14d27d19411049a89fc646bedeee647d P 8857760b49a1416f95374b3bfd405215 [term 0 FOLLOWER]: Leader pre-election won for term 1
I20260710 13:22:54.304318 23026 raft_consensus.cc:493] T 14d27d19411049a89fc646bedeee647d P 8857760b49a1416f95374b3bfd405215 [term 0 FOLLOWER]: Starting leader election (no leader contacted us within the election timeout)
I20260710 13:22:54.304749 23026 raft_consensus.cc:3060] T 14d27d19411049a89fc646bedeee647d P 8857760b49a1416f95374b3bfd405215 [term 0 FOLLOWER]: Advancing to term 1
I20260710 13:22:54.307173 22883 tablet_bootstrap.cc:492] T 0e0548a74fca43909ade082919b8df07 P 8857760b49a1416f95374b3bfd405215: No bootstrap required, opened a new log
I20260710 13:22:54.308718 22883 ts_tablet_manager.cc:1403] T 0e0548a74fca43909ade082919b8df07 P 8857760b49a1416f95374b3bfd405215: Time spent bootstrapping tablet: real 0.028s	user 0.010s	sys 0.003s
W20260710 13:22:54.309890 22809 leader_election.cc:343] T 14d27d19411049a89fc646bedeee647d P 8857760b49a1416f95374b3bfd405215 [CANDIDATE]: Term 1 pre-election: Tablet error from VoteRequest() call to peer 7499d3d0326d41ceafef01a8c9507b2e (127.21.21.130:33509): Illegal state: must be running to vote when last-logged opid is not known
I20260710 13:22:54.318312 22883 raft_consensus.cc:359] T 0e0548a74fca43909ade082919b8df07 P 8857760b49a1416f95374b3bfd405215 [term 0 FOLLOWER]: Replica starting. Triggering 0 pending ops. Active config: opid_index: -1 OBSOLETE_local: false peers { permanent_uuid: "a2af2dcd05694aeab325ba116ecf7a93" member_type: VOTER last_known_addr { host: "127.21.21.129" port: 40585 } } peers { permanent_uuid: "7499d3d0326d41ceafef01a8c9507b2e" member_type: VOTER last_known_addr { host: "127.21.21.130" port: 33509 } } peers { permanent_uuid: "8857760b49a1416f95374b3bfd405215" member_type: VOTER last_known_addr { host: "127.21.21.131" port: 46293 } }
I20260710 13:22:54.320950 22883 raft_consensus.cc:385] T 0e0548a74fca43909ade082919b8df07 P 8857760b49a1416f95374b3bfd405215 [term 0 FOLLOWER]: Consensus starting up: Expiring failure detector timer to make a prompt election more likely
I20260710 13:22:54.321614 22883 raft_consensus.cc:740] T 0e0548a74fca43909ade082919b8df07 P 8857760b49a1416f95374b3bfd405215 [term 0 FOLLOWER]: Becoming Follower/Learner. State: Replica: 8857760b49a1416f95374b3bfd405215, State: Initialized, Role: FOLLOWER
I20260710 13:22:54.322682 22883 consensus_queue.cc:260] T 0e0548a74fca43909ade082919b8df07 P 8857760b49a1416f95374b3bfd405215 [NON_LEADER]: Queue going to NON_LEADER mode. State: All replicated index: 0, Majority replicated index: 0, Committed index: 0, Last appended: 0.0, Last appended by leader: 0, Current term: 0, Majority size: -1, State: 0, Mode: NON_LEADER, active raft config: opid_index: -1 OBSOLETE_local: false peers { permanent_uuid: "a2af2dcd05694aeab325ba116ecf7a93" member_type: VOTER last_known_addr { host: "127.21.21.129" port: 40585 } } peers { permanent_uuid: "7499d3d0326d41ceafef01a8c9507b2e" member_type: VOTER last_known_addr { host: "127.21.21.130" port: 33509 } } peers { permanent_uuid: "8857760b49a1416f95374b3bfd405215" member_type: VOTER last_known_addr { host: "127.21.21.131" port: 46293 } }
