I20260710 13:23:06.517218 22692 raft_consensus.cc:2955] T 11717fc5033c49e9ab70595627979dfe P a2af2dcd05694aeab325ba116ecf7a93 [term 1 FOLLOWER]: Committing config change with OpId 1.2: config changed from index -1 to 2, NON_VOTER b970fd3d4d3b420181bd0bb0d9a88093 (127.21.21.132) added. New config: { opid_index: 2 OBSOLETE_local: false peers { permanent_uuid: "7499d3d0326d41ceafef01a8c9507b2e" member_type: VOTER last_known_addr { host: "127.21.21.130" port: 33509 } } peers { permanent_uuid: "8857760b49a1416f95374b3bfd405215" member_type: VOTER last_known_addr { host: "127.21.21.131" port: 46293 } } peers { permanent_uuid: "a2af2dcd05694aeab325ba116ecf7a93" member_type: VOTER last_known_addr { host: "127.21.21.129" port: 40585 } attrs { replace: true } } peers { permanent_uuid: "b970fd3d4d3b420181bd0bb0d9a88093" member_type: NON_VOTER last_known_addr { host: "127.21.21.132" port: 37605 } attrs { promote: true } } }
I20260710 13:23:06.528800 22841 consensus_queue.cc:237] T e3cf6a1f434c4c0ba3b0d7b6632748a4 P 8857760b49a1416f95374b3bfd405215 [LEADER]: Queue going to LEADER mode. State: All replicated index: 0, Majority replicated index: 1, Committed index: 1, Last appended: 1.1, Last appended by leader: 0, Current term: 1, Majority size: 2, State: 0, Mode: LEADER, active raft config: opid_index: 2 OBSOLETE_local: false peers { permanent_uuid: "a2af2dcd05694aeab325ba116ecf7a93" member_type: VOTER last_known_addr { host: "127.21.21.129" port: 40585 } } peers { permanent_uuid: "7499d3d0326d41ceafef01a8c9507b2e" member_type: VOTER last_known_addr { host: "127.21.21.130" port: 33509 } attrs { replace: true } } peers { permanent_uuid: "8857760b49a1416f95374b3bfd405215" member_type: VOTER last_known_addr { host: "127.21.21.131" port: 46293 } } peers { permanent_uuid: "b970fd3d4d3b420181bd0bb0d9a88093" member_type: NON_VOTER last_known_addr { host: "127.21.21.132" port: 37605 } attrs { promote: true } }
I20260710 13:23:06.534844 22588 catalog_manager.cc:5697] T 11717fc5033c49e9ab70595627979dfe P a2af2dcd05694aeab325ba116ecf7a93 reported cstate change: config changed from index -1 to 2, NON_VOTER b970fd3d4d3b420181bd0bb0d9a88093 (127.21.21.132) added. New cstate: current_term: 1 leader_uuid: "8857760b49a1416f95374b3bfd405215" committed_config { opid_index: 2 OBSOLETE_local: false peers { permanent_uuid: "7499d3d0326d41ceafef01a8c9507b2e" member_type: VOTER last_known_addr { host: "127.21.21.130" port: 33509 } } peers { permanent_uuid: "8857760b49a1416f95374b3bfd405215" member_type: VOTER last_known_addr { host: "127.21.21.131" port: 46293 } } peers { permanent_uuid: "a2af2dcd05694aeab325ba116ecf7a93" member_type: VOTER last_known_addr { host: "127.21.21.129" port: 40585 } attrs { replace: true } } peers { permanent_uuid: "b970fd3d4d3b420181bd0bb0d9a88093" member_type: NON_VOTER last_known_addr { host: "127.21.21.132" port: 37605 } attrs { promote: true } } }
I20260710 13:23:06.541642 22692 raft_consensus.cc:1275] T e3cf6a1f434c4c0ba3b0d7b6632748a4 P a2af2dcd05694aeab325ba116ecf7a93 [term 1 FOLLOWER]: Refusing update from remote peer 8857760b49a1416f95374b3bfd405215: Log matching property violated. Preceding OpId in replica: term: 1 index: 1. Preceding OpId from leader: term: 1 index: 2. (index mismatch)
W20260710 13:23:06.541759 22809 consensus_peers.cc:597] T e3cf6a1f434c4c0ba3b0d7b6632748a4 P 8857760b49a1416f95374b3bfd405215 -> Peer b970fd3d4d3b420181bd0bb0d9a88093 (127.21.21.132:37605): Couldn't send request to peer b970fd3d4d3b420181bd0bb0d9a88093. Error code: TABLET_NOT_FOUND (6). Status: Not found: Tablet not found: e3cf6a1f434c4c0ba3b0d7b6632748a4. This is attempt 1: this message will repeat every 5th retry.
I20260710 13:23:06.542760 22769 raft_consensus.cc:1275] T e3cf6a1f434c4c0ba3b0d7b6632748a4 P 7499d3d0326d41ceafef01a8c9507b2e [term 1 FOLLOWER]: Refusing update from remote peer 8857760b49a1416f95374b3bfd405215: Log matching property violated. Preceding OpId in replica: term: 1 index: 1. Preceding OpId from leader: term: 1 index: 2. (index mismatch)
I20260710 13:23:06.543061 23392 consensus_queue.cc:1048] T e3cf6a1f434c4c0ba3b0d7b6632748a4 P 8857760b49a1416f95374b3bfd405215 [LEADER]: Connected to new peer: Peer: permanent_uuid: "a2af2dcd05694aeab325ba116ecf7a93" member_type: VOTER last_known_addr { host: "127.21.21.129" port: 40585 }, Status: LMP_MISMATCH, Last received: 0.0, Next index: 2, Last known committed idx: 1, Time since last communication: 0.000s
I20260710 13:23:06.543944 23317 consensus_queue.cc:1048] T e3cf6a1f434c4c0ba3b0d7b6632748a4 P 8857760b49a1416f95374b3bfd405215 [LEADER]: Connected to new peer: Peer: permanent_uuid: "7499d3d0326d41ceafef01a8c9507b2e" member_type: VOTER last_known_addr { host: "127.21.21.130" port: 33509 } attrs { replace: true }, Status: LMP_MISMATCH, Last received: 0.0, Next index: 2, Last known committed idx: 1, Time since last communication: 0.000s
I20260710 13:23:06.553308 23392 raft_consensus.cc:2955] T e3cf6a1f434c4c0ba3b0d7b6632748a4 P 8857760b49a1416f95374b3bfd405215 [term 1 LEADER]: Committing config change with OpId 1.2: config changed from index -1 to 2, NON_VOTER b970fd3d4d3b420181bd0bb0d9a88093 (127.21.21.132) added. New config: { opid_index: 2 OBSOLETE_local: false peers { permanent_uuid: "a2af2dcd05694aeab325ba116ecf7a93" member_type: VOTER last_known_addr { host: "127.21.21.129" port: 40585 } } peers { permanent_uuid: "7499d3d0326d41ceafef01a8c9507b2e" member_type: VOTER last_known_addr { host: "127.21.21.130" port: 33509 } attrs { replace: true } } peers { permanent_uuid: "8857760b49a1416f95374b3bfd405215" member_type: VOTER last_known_addr { host: "127.21.21.131" port: 46293 } } peers { permanent_uuid: "b970fd3d4d3b420181bd0bb0d9a88093" member_type: NON_VOTER last_known_addr { host: "127.21.21.132" port: 37605 } attrs { promote: true } } }
I20260710 13:23:06.555508 22769 raft_consensus.cc:2955] T e3cf6a1f434c4c0ba3b0d7b6632748a4 P 7499d3d0326d41ceafef01a8c9507b2e [term 1 FOLLOWER]: Committing config change with OpId 1.2: config changed from index -1 to 2, NON_VOTER b970fd3d4d3b420181bd0bb0d9a88093 (127.21.21.132) added. New config: { opid_index: 2 OBSOLETE_local: false peers { permanent_uuid: "a2af2dcd05694aeab325ba116ecf7a93" member_type: VOTER last_known_addr { host: "127.21.21.129" port: 40585 } } peers { permanent_uuid: "7499d3d0326d41ceafef01a8c9507b2e" member_type: VOTER last_known_addr { host: "127.21.21.130" port: 33509 } attrs { replace: true } } peers { permanent_uuid: "8857760b49a1416f95374b3bfd405215" member_type: VOTER last_known_addr { host: "127.21.21.131" port: 46293 } } peers { permanent_uuid: "b970fd3d4d3b420181bd0bb0d9a88093" member_type: NON_VOTER last_known_addr { host: "127.21.21.132" port: 37605 } attrs { promote: true } } }
I20260710 13:23:06.557212 22692 raft_consensus.cc:2955] T e3cf6a1f434c4c0ba3b0d7b6632748a4 P a2af2dcd05694aeab325ba116ecf7a93 [term 1 FOLLOWER]: Committing config change with OpId 1.2: config changed from index -1 to 2, NON_VOTER b970fd3d4d3b420181bd0bb0d9a88093 (127.21.21.132) added. New config: { opid_index: 2 OBSOLETE_local: false peers { permanent_uuid: "a2af2dcd05694aeab325ba116ecf7a93" member_type: VOTER last_known_addr { host: "127.21.21.129" port: 40585 } } peers { permanent_uuid: "7499d3d0326d41ceafef01a8c9507b2e" member_type: VOTER last_known_addr { host: "127.21.21.130" port: 33509 } attrs { replace: true } } peers { permanent_uuid: "8857760b49a1416f95374b3bfd405215" member_type: VOTER last_known_addr { host: "127.21.21.131" port: 46293 } } peers { permanent_uuid: "b970fd3d4d3b420181bd0bb0d9a88093" member_type: NON_VOTER last_known_addr { host: "127.21.21.132" port: 37605 } attrs { promote: true } } }
I20260710 13:23:06.566954 22841 consensus_queue.cc:237] T a5df04444eb94226812965d7d318f722 P 8857760b49a1416f95374b3bfd405215 [LEADER]: Queue going to LEADER mode. State: All replicated index: 0, Majority replicated index: 1, Committed index: 1, Last appended: 1.1, Last appended by leader: 0, Current term: 1, Majority size: 2, State: 0, Mode: LEADER, active raft config: opid_index: 2 OBSOLETE_local: false peers { permanent_uuid: "a2af2dcd05694aeab325ba116ecf7a93" member_type: VOTER last_known_addr { host: "127.21.21.129" port: 40585 } attrs { replace: true } } peers { permanent_uuid: "7499d3d0326d41ceafef01a8c9507b2e" member_type: VOTER last_known_addr { host: "127.21.21.130" port: 33509 } } peers { permanent_uuid: "8857760b49a1416f95374b3bfd405215" member_type: VOTER last_known_addr { host: "127.21.21.131" port: 46293 } } peers { permanent_uuid: "b970fd3d4d3b420181bd0bb0d9a88093" member_type: NON_VOTER last_known_addr { host: "127.21.21.132" port: 37605 } attrs { promote: true } }
I20260710 13:23:06.570521 22589 catalog_manager.cc:5697] T e3cf6a1f434c4c0ba3b0d7b6632748a4 P a2af2dcd05694aeab325ba116ecf7a93 reported cstate change: config changed from index -1 to 2, NON_VOTER b970fd3d4d3b420181bd0bb0d9a88093 (127.21.21.132) added. New cstate: current_term: 1 leader_uuid: "8857760b49a1416f95374b3bfd405215" committed_config { opid_index: 2 OBSOLETE_local: false peers { permanent_uuid: "a2af2dcd05694aeab325ba116ecf7a93" member_type: VOTER last_known_addr { host: "127.21.21.129" port: 40585 } } peers { permanent_uuid: "7499d3d0326d41ceafef01a8c9507b2e" member_type: VOTER last_known_addr { host: "127.21.21.130" port: 33509 } attrs { replace: true } } peers { permanent_uuid: "8857760b49a1416f95374b3bfd405215" member_type: VOTER last_known_addr { host: "127.21.21.131" port: 46293 } } peers { permanent_uuid: "b970fd3d4d3b420181bd0bb0d9a88093" member_type: NON_VOTER last_known_addr { host: "127.21.21.132" port: 37605 } attrs { promote: true } } }
W20260710 13:23:06.575599 22809 consensus_peers.cc:597] T a5df04444eb94226812965d7d318f722 P 8857760b49a1416f95374b3bfd405215 -> Peer b970fd3d4d3b420181bd0bb0d9a88093 (127.21.21.132:37605): Couldn't send request to peer b970fd3d4d3b420181bd0bb0d9a88093. Error code: TABLET_NOT_FOUND (6). Status: Not found: Tablet not found: a5df04444eb94226812965d7d318f722. This is attempt 1: this message will repeat every 5th retry.
I20260710 13:23:06.576934 22692 raft_consensus.cc:1275] T a5df04444eb94226812965d7d318f722 P a2af2dcd05694aeab325ba116ecf7a93 [term 1 FOLLOWER]: Refusing update from remote peer 8857760b49a1416f95374b3bfd405215: Log matching property violated. Preceding OpId in replica: term: 1 index: 1. Preceding OpId from leader: term: 1 index: 2. (index mismatch)
I20260710 13:23:06.578137 22769 raft_consensus.cc:1275] T a5df04444eb94226812965d7d318f722 P 7499d3d0326d41ceafef01a8c9507b2e [term 1 FOLLOWER]: Refusing update from remote peer 8857760b49a1416f95374b3bfd405215: Log matching property violated. Preceding OpId in replica: term: 1 index: 1. Preceding OpId from leader: term: 1 index: 2. (index mismatch)
I20260710 13:23:06.578498 23392 consensus_queue.cc:1048] T a5df04444eb94226812965d7d318f722 P 8857760b49a1416f95374b3bfd405215 [LEADER]: Connected to new peer: Peer: permanent_uuid: "a2af2dcd05694aeab325ba116ecf7a93" member_type: VOTER last_known_addr { host: "127.21.21.129" port: 40585 } attrs { replace: true }, Status: LMP_MISMATCH, Last received: 0.0, Next index: 2, Last known committed idx: 1, Time since last communication: 0.000s
I20260710 13:23:06.579530 23317 consensus_queue.cc:1048] T a5df04444eb94226812965d7d318f722 P 8857760b49a1416f95374b3bfd405215 [LEADER]: Connected to new peer: Peer: permanent_uuid: "7499d3d0326d41ceafef01a8c9507b2e" member_type: VOTER last_known_addr { host: "127.21.21.130" port: 33509 }, Status: LMP_MISMATCH, Last received: 0.0, Next index: 2, Last known committed idx: 1, Time since last communication: 0.000s
I20260710 13:23:06.588217 23386 raft_consensus.cc:2955] T a5df04444eb94226812965d7d318f722 P 8857760b49a1416f95374b3bfd405215 [term 1 LEADER]: Committing config change with OpId 1.2: config changed from index -1 to 2, NON_VOTER b970fd3d4d3b420181bd0bb0d9a88093 (127.21.21.132) added. New config: { opid_index: 2 OBSOLETE_local: false peers { permanent_uuid: "a2af2dcd05694aeab325ba116ecf7a93" member_type: VOTER last_known_addr { host: "127.21.21.129" port: 40585 } attrs { replace: true } } peers { permanent_uuid: "7499d3d0326d41ceafef01a8c9507b2e" member_type: VOTER last_known_addr { host: "127.21.21.130" port: 33509 } } peers { permanent_uuid: "8857760b49a1416f95374b3bfd405215" member_type: VOTER last_known_addr { host: "127.21.21.131" port: 46293 } } peers { permanent_uuid: "b970fd3d4d3b420181bd0bb0d9a88093" member_type: NON_VOTER last_known_addr { host: "127.21.21.132" port: 37605 } attrs { promote: true } } }
I20260710 13:23:06.590047 22769 raft_consensus.cc:2955] T a5df04444eb94226812965d7d318f722 P 7499d3d0326d41ceafef01a8c9507b2e [term 1 FOLLOWER]: Committing config change with OpId 1.2: config changed from index -1 to 2, NON_VOTER b970fd3d4d3b420181bd0bb0d9a88093 (127.21.21.132) added. New config: { opid_index: 2 OBSOLETE_local: false peers { permanent_uuid: "a2af2dcd05694aeab325ba116ecf7a93" member_type: VOTER last_known_addr { host: "127.21.21.129" port: 40585 } attrs { replace: true } } peers { permanent_uuid: "7499d3d0326d41ceafef01a8c9507b2e" member_type: VOTER last_known_addr { host: "127.21.21.130" port: 33509 } } peers { permanent_uuid: "8857760b49a1416f95374b3bfd405215" member_type: VOTER last_known_addr { host: "127.21.21.131" port: 46293 } } peers { permanent_uuid: "b970fd3d4d3b420181bd0bb0d9a88093" member_type: NON_VOTER last_known_addr { host: "127.21.21.132" port: 37605 } attrs { promote: true } } }
I20260710 13:23:06.590273 22692 raft_consensus.cc:2955] T a5df04444eb94226812965d7d318f722 P a2af2dcd05694aeab325ba116ecf7a93 [term 1 FOLLOWER]: Committing config change with OpId 1.2: config changed from index -1 to 2, NON_VOTER b970fd3d4d3b420181bd0bb0d9a88093 (127.21.21.132) added. New config: { opid_index: 2 OBSOLETE_local: false peers { permanent_uuid: "a2af2dcd05694aeab325ba116ecf7a93" member_type: VOTER last_known_addr { host: "127.21.21.129" port: 40585 } attrs { replace: true } } peers { permanent_uuid: "7499d3d0326d41ceafef01a8c9507b2e" member_type: VOTER last_known_addr { host: "127.21.21.130" port: 33509 } } peers { permanent_uuid: "8857760b49a1416f95374b3bfd405215" member_type: VOTER last_known_addr { host: "127.21.21.131" port: 46293 } } peers { permanent_uuid: "b970fd3d4d3b420181bd0bb0d9a88093" member_type: NON_VOTER last_known_addr { host: "127.21.21.132" port: 37605 } attrs { promote: true } } }
I20260710 13:23:06.602968 22588 catalog_manager.cc:5697] T a5df04444eb94226812965d7d318f722 P a2af2dcd05694aeab325ba116ecf7a93 reported cstate change: config changed from index -1 to 2, NON_VOTER b970fd3d4d3b420181bd0bb0d9a88093 (127.21.21.132) added. New cstate: current_term: 1 leader_uuid: "8857760b49a1416f95374b3bfd405215" committed_config { opid_index: 2 OBSOLETE_local: false peers { permanent_uuid: "a2af2dcd05694aeab325ba116ecf7a93" member_type: VOTER last_known_addr { host: "127.21.21.129" port: 40585 } attrs { replace: true } } peers { permanent_uuid: "7499d3d0326d41ceafef01a8c9507b2e" member_type: VOTER last_known_addr { host: "127.21.21.130" port: 33509 } } peers { permanent_uuid: "8857760b49a1416f95374b3bfd405215" member_type: VOTER last_known_addr { host: "127.21.21.131" port: 46293 } } peers { permanent_uuid: "b970fd3d4d3b420181bd0bb0d9a88093" member_type: NON_VOTER last_known_addr { host: "127.21.21.132" port: 37605 } attrs { promote: true } } }
I20260710 13:23:06.958444 23399 ts_tablet_manager.cc:933] T bc2bdb050a49487980b8ab94e1b604b7 P b970fd3d4d3b420181bd0bb0d9a88093: Initiating tablet copy from peer a2af2dcd05694aeab325ba116ecf7a93 (127.21.21.129:40585)
I20260710 13:23:06.960310 23399 tablet_copy_client.cc:323] T bc2bdb050a49487980b8ab94e1b604b7 P b970fd3d4d3b420181bd0bb0d9a88093: tablet copy: Beginning tablet copy session from remote peer at address 127.21.21.129:40585
I20260710 13:23:06.961805 22704 tablet_copy_service.cc:140] P a2af2dcd05694aeab325ba116ecf7a93: Received BeginTabletCopySession request for tablet bc2bdb050a49487980b8ab94e1b604b7 from peer b970fd3d4d3b420181bd0bb0d9a88093 ({username='slave'} at 127.0.0.1:34588)
I20260710 13:23:06.962248 22704 tablet_copy_service.cc:161] P a2af2dcd05694aeab325ba116ecf7a93: Beginning new tablet copy session on tablet bc2bdb050a49487980b8ab94e1b604b7 from peer b970fd3d4d3b420181bd0bb0d9a88093 at {username='slave'} at 127.0.0.1:34588: session id = b970fd3d4d3b420181bd0bb0d9a88093-bc2bdb050a49487980b8ab94e1b604b7
I20260710 13:23:06.969501 22704 tablet_copy_source_session.cc:215] T bc2bdb050a49487980b8ab94e1b604b7 P a2af2dcd05694aeab325ba116ecf7a93: Tablet Copy: opened 0 blocks and 1 log segments
I20260710 13:23:06.972074 23399 data_dirs.cc:400] Could only allocate 1 dirs of requested 3 for tablet bc2bdb050a49487980b8ab94e1b604b7. 1 dirs total, 0 dirs full, 0 dirs failed
I20260710 13:23:06.985507 23399 tablet_copy_client.cc:806] T bc2bdb050a49487980b8ab94e1b604b7 P b970fd3d4d3b420181bd0bb0d9a88093: tablet copy: Starting download of 0 data blocks...
I20260710 13:23:06.986083 23399 tablet_copy_client.cc:670] T bc2bdb050a49487980b8ab94e1b604b7 P b970fd3d4d3b420181bd0bb0d9a88093: tablet copy: Starting download of 1 WAL segments...
I20260710 13:23:06.989302 23399 tablet_copy_client.cc:538] T bc2bdb050a49487980b8ab94e1b604b7 P b970fd3d4d3b420181bd0bb0d9a88093: tablet copy: Tablet Copy complete. Replacing tablet superblock.
I20260710 13:23:06.993336 23401 ts_tablet_manager.cc:933] T e3cf6a1f434c4c0ba3b0d7b6632748a4 P b970fd3d4d3b420181bd0bb0d9a88093: Initiating tablet copy from peer 8857760b49a1416f95374b3bfd405215 (127.21.21.131:46293)
I20260710 13:23:06.995078 23401 tablet_copy_client.cc:323] T e3cf6a1f434c4c0ba3b0d7b6632748a4 P b970fd3d4d3b420181bd0bb0d9a88093: tablet copy: Beginning tablet copy session from remote peer at address 127.21.21.131:46293
I20260710 13:23:06.996656 22853 tablet_copy_service.cc:140] P 8857760b49a1416f95374b3bfd405215: Received BeginTabletCopySession request for tablet e3cf6a1f434c4c0ba3b0d7b6632748a4 from peer b970fd3d4d3b420181bd0bb0d9a88093 ({username='slave'} at 127.0.0.1:46942)
I20260710 13:23:06.997045 23399 tablet_bootstrap.cc:492] T bc2bdb050a49487980b8ab94e1b604b7 P b970fd3d4d3b420181bd0bb0d9a88093: Bootstrap starting.
I20260710 13:23:06.997164 22853 tablet_copy_service.cc:161] P 8857760b49a1416f95374b3bfd405215: Beginning new tablet copy session on tablet e3cf6a1f434c4c0ba3b0d7b6632748a4 from peer b970fd3d4d3b420181bd0bb0d9a88093 at {username='slave'} at 127.0.0.1:46942: session id = b970fd3d4d3b420181bd0bb0d9a88093-e3cf6a1f434c4c0ba3b0d7b6632748a4
I20260710 13:23:07.004647 22853 tablet_copy_source_session.cc:215] T e3cf6a1f434c4c0ba3b0d7b6632748a4 P 8857760b49a1416f95374b3bfd405215: Tablet Copy: opened 0 blocks and 1 log segments
I20260710 13:23:07.009228 23401 data_dirs.cc:400] Could only allocate 1 dirs of requested 3 for tablet e3cf6a1f434c4c0ba3b0d7b6632748a4. 1 dirs total, 0 dirs full, 0 dirs failed
I20260710 13:23:07.019021 23399 tablet_bootstrap.cc:492] T bc2bdb050a49487980b8ab94e1b604b7 P b970fd3d4d3b420181bd0bb0d9a88093: Bootstrap replayed 1/1 log segments. Stats: ops{read=2 overwritten=0 applied=2 ignored=0} inserts{seen=0 ignored=0} mutations{seen=0 ignored=0} orphaned_commits=0. Pending: 0 replicates
I20260710 13:23:07.019909 23399 tablet_bootstrap.cc:492] T bc2bdb050a49487980b8ab94e1b604b7 P b970fd3d4d3b420181bd0bb0d9a88093: Bootstrap complete.
I20260710 13:23:07.020587 23399 ts_tablet_manager.cc:1403] T bc2bdb050a49487980b8ab94e1b604b7 P b970fd3d4d3b420181bd0bb0d9a88093: Time spent bootstrapping tablet: real 0.024s	user 0.023s	sys 0.001s
I20260710 13:23:07.023561 23399 raft_consensus.cc:359] T bc2bdb050a49487980b8ab94e1b604b7 P b970fd3d4d3b420181bd0bb0d9a88093 [term 1 LEARNER]: Replica starting. Triggering 0 pending ops. Active config: opid_index: 2 OBSOLETE_local: false peers { permanent_uuid: "a2af2dcd05694aeab325ba116ecf7a93" member_type: VOTER last_known_addr { host: "127.21.21.129" port: 40585 } } peers { permanent_uuid: "7499d3d0326d41ceafef01a8c9507b2e" member_type: VOTER last_known_addr { host: "127.21.21.130" port: 33509 } } peers { permanent_uuid: "8857760b49a1416f95374b3bfd405215" member_type: VOTER last_known_addr { host: "127.21.21.131" port: 46293 } attrs { replace: true } } peers { permanent_uuid: "b970fd3d4d3b420181bd0bb0d9a88093" member_type: NON_VOTER last_known_addr { host: "127.21.21.132" port: 37605 } attrs { promote: true } }
I20260710 13:23:07.024353 23399 raft_consensus.cc:740] T bc2bdb050a49487980b8ab94e1b604b7 P b970fd3d4d3b420181bd0bb0d9a88093 [term 1 LEARNER]: Becoming Follower/Learner. State: Replica: b970fd3d4d3b420181bd0bb0d9a88093, State: Initialized, Role: LEARNER
I20260710 13:23:07.024914 23401 tablet_copy_client.cc:806] T e3cf6a1f434c4c0ba3b0d7b6632748a4 P b970fd3d4d3b420181bd0bb0d9a88093: tablet copy: Starting download of 0 data blocks...
I20260710 13:23:07.025594 23401 tablet_copy_client.cc:670] T e3cf6a1f434c4c0ba3b0d7b6632748a4 P b970fd3d4d3b420181bd0bb0d9a88093: tablet copy: Starting download of 1 WAL segments...
I20260710 13:23:07.025005 23399 consensus_queue.cc:260] T bc2bdb050a49487980b8ab94e1b604b7 P b970fd3d4d3b420181bd0bb0d9a88093 [NON_LEADER]: Queue going to NON_LEADER mode. State: All replicated index: 0, Majority replicated index: 0, Committed index: 2, Last appended: 1.2, Last appended by leader: 2, Current term: 0, Majority size: -1, State: 0, Mode: NON_LEADER, active raft config: opid_index: 2 OBSOLETE_local: false peers { permanent_uuid: "a2af2dcd05694aeab325ba116ecf7a93" member_type: VOTER last_known_addr { host: "127.21.21.129" port: 40585 } } peers { permanent_uuid: "7499d3d0326d41ceafef01a8c9507b2e" member_type: VOTER last_known_addr { host: "127.21.21.130" port: 33509 } } peers { permanent_uuid: "8857760b49a1416f95374b3bfd405215" member_type: VOTER last_known_addr { host: "127.21.21.131" port: 46293 } attrs { replace: true } } peers { permanent_uuid: "b970fd3d4d3b420181bd0bb0d9a88093" member_type: NON_VOTER last_known_addr { host: "127.21.21.132" port: 37605 } attrs { promote: true } }
I20260710 13:23:07.030407 23401 tablet_copy_client.cc:538] T e3cf6a1f434c4c0ba3b0d7b6632748a4 P b970fd3d4d3b420181bd0bb0d9a88093: tablet copy: Tablet Copy complete. Replacing tablet superblock.
I20260710 13:23:07.034361 23399 ts_tablet_manager.cc:1434] T bc2bdb050a49487980b8ab94e1b604b7 P b970fd3d4d3b420181bd0bb0d9a88093: Time spent starting tablet: real 0.013s	user 0.015s	sys 0.000s
I20260710 13:23:07.037473 22704 tablet_copy_service.cc:342] P a2af2dcd05694aeab325ba116ecf7a93: Request end of tablet copy session b970fd3d4d3b420181bd0bb0d9a88093-bc2bdb050a49487980b8ab94e1b604b7 received from {username='slave'} at 127.0.0.1:34588
I20260710 13:23:07.037873 22704 tablet_copy_service.cc:434] P a2af2dcd05694aeab325ba116ecf7a93: ending tablet copy session b970fd3d4d3b420181bd0bb0d9a88093-bc2bdb050a49487980b8ab94e1b604b7 on tablet bc2bdb050a49487980b8ab94e1b604b7 with peer b970fd3d4d3b420181bd0bb0d9a88093
I20260710 13:23:07.039565 23401 tablet_bootstrap.cc:492] T e3cf6a1f434c4c0ba3b0d7b6632748a4 P b970fd3d4d3b420181bd0bb0d9a88093: Bootstrap starting.
I20260710 13:23:07.059757 23401 tablet_bootstrap.cc:492] T e3cf6a1f434c4c0ba3b0d7b6632748a4 P b970fd3d4d3b420181bd0bb0d9a88093: Bootstrap replayed 1/1 log segments. Stats: ops{read=2 overwritten=0 applied=2 ignored=0} inserts{seen=0 ignored=0} mutations{seen=0 ignored=0} orphaned_commits=0. Pending: 0 replicates
I20260710 13:23:07.060655 23401 tablet_bootstrap.cc:492] T e3cf6a1f434c4c0ba3b0d7b6632748a4 P b970fd3d4d3b420181bd0bb0d9a88093: Bootstrap complete.
I20260710 13:23:07.061829 23401 ts_tablet_manager.cc:1403] T e3cf6a1f434c4c0ba3b0d7b6632748a4 P b970fd3d4d3b420181bd0bb0d9a88093: Time spent bootstrapping tablet: real 0.022s	user 0.014s	sys 0.008s
I20260710 13:23:07.064747 23401 raft_consensus.cc:359] T e3cf6a1f434c4c0ba3b0d7b6632748a4 P b970fd3d4d3b420181bd0bb0d9a88093 [term 1 LEARNER]: Replica starting. Triggering 0 pending ops. Active config: opid_index: 2 OBSOLETE_local: false peers { permanent_uuid: "a2af2dcd05694aeab325ba116ecf7a93" member_type: VOTER last_known_addr { host: "127.21.21.129" port: 40585 } } peers { permanent_uuid: "7499d3d0326d41ceafef01a8c9507b2e" member_type: VOTER last_known_addr { host: "127.21.21.130" port: 33509 } attrs { replace: true } } peers { permanent_uuid: "8857760b49a1416f95374b3bfd405215" member_type: VOTER last_known_addr { host: "127.21.21.131" port: 46293 } } peers { permanent_uuid: "b970fd3d4d3b420181bd0bb0d9a88093" member_type: NON_VOTER last_known_addr { host: "127.21.21.132" port: 37605 } attrs { promote: true } }
I20260710 13:23:07.065594 23401 raft_consensus.cc:740] T e3cf6a1f434c4c0ba3b0d7b6632748a4 P b970fd3d4d3b420181bd0bb0d9a88093 [term 1 LEARNER]: Becoming Follower/Learner. State: Replica: b970fd3d4d3b420181bd0bb0d9a88093, State: Initialized, Role: LEARNER
I20260710 13:23:07.066219 23401 consensus_queue.cc:260] T e3cf6a1f434c4c0ba3b0d7b6632748a4 P b970fd3d4d3b420181bd0bb0d9a88093 [NON_LEADER]: Queue going to NON_LEADER mode. State: All replicated index: 0, Majority replicated index: 0, Committed index: 2, Last appended: 1.2, Last appended by leader: 2, Current term: 0, Majority size: -1, State: 0, Mode: NON_LEADER, active raft config: opid_index: 2 OBSOLETE_local: false peers { permanent_uuid: "a2af2dcd05694aeab325ba116ecf7a93" member_type: VOTER last_known_addr { host: "127.21.21.129" port: 40585 } } peers { permanent_uuid: "7499d3d0326d41ceafef01a8c9507b2e" member_type: VOTER last_known_addr { host: "127.21.21.130" port: 33509 } attrs { replace: true } } peers { permanent_uuid: "8857760b49a1416f95374b3bfd405215" member_type: VOTER last_known_addr { host: "127.21.21.131" port: 46293 } } peers { permanent_uuid: "b970fd3d4d3b420181bd0bb0d9a88093" member_type: NON_VOTER last_known_addr { host: "127.21.21.132" port: 37605 } attrs { promote: true } }
I20260710 13:23:07.068591 23401 ts_tablet_manager.cc:1434] T e3cf6a1f434c4c0ba3b0d7b6632748a4 P b970fd3d4d3b420181bd0bb0d9a88093: Time spent starting tablet: real 0.006s	user 0.000s	sys 0.004s
I20260710 13:23:07.070241 22853 tablet_copy_service.cc:342] P 8857760b49a1416f95374b3bfd405215: Request end of tablet copy session b970fd3d4d3b420181bd0bb0d9a88093-e3cf6a1f434c4c0ba3b0d7b6632748a4 received from {username='slave'} at 127.0.0.1:46942
I20260710 13:23:07.070597 22853 tablet_copy_service.cc:434] P 8857760b49a1416f95374b3bfd405215: ending tablet copy session b970fd3d4d3b420181bd0bb0d9a88093-e3cf6a1f434c4c0ba3b0d7b6632748a4 on tablet e3cf6a1f434c4c0ba3b0d7b6632748a4 with peer b970fd3d4d3b420181bd0bb0d9a88093
I20260710 13:23:07.103516 23401 ts_tablet_manager.cc:933] T 11717fc5033c49e9ab70595627979dfe P b970fd3d4d3b420181bd0bb0d9a88093: Initiating tablet copy from peer 8857760b49a1416f95374b3bfd405215 (127.21.21.131:46293)
I20260710 13:23:07.105077 23401 tablet_copy_client.cc:323] T 11717fc5033c49e9ab70595627979dfe P b970fd3d4d3b420181bd0bb0d9a88093: tablet copy: Beginning tablet copy session from remote peer at address 127.21.21.131:46293
I20260710 13:23:07.106515 22853 tablet_copy_service.cc:140] P 8857760b49a1416f95374b3bfd405215: Received BeginTabletCopySession request for tablet 11717fc5033c49e9ab70595627979dfe from peer b970fd3d4d3b420181bd0bb0d9a88093 ({username='slave'} at 127.0.0.1:46942)
I20260710 13:23:07.106942 22853 tablet_copy_service.cc:161] P 8857760b49a1416f95374b3bfd405215: Beginning new tablet copy session on tablet 11717fc5033c49e9ab70595627979dfe from peer b970fd3d4d3b420181bd0bb0d9a88093 at {username='slave'} at 127.0.0.1:46942: session id = b970fd3d4d3b420181bd0bb0d9a88093-11717fc5033c49e9ab70595627979dfe
I20260710 13:23:07.111938 22853 tablet_copy_source_session.cc:215] T 11717fc5033c49e9ab70595627979dfe P 8857760b49a1416f95374b3bfd405215: Tablet Copy: opened 0 blocks and 1 log segments
I20260710 13:23:07.114662 23401 data_dirs.cc:400] Could only allocate 1 dirs of requested 3 for tablet 11717fc5033c49e9ab70595627979dfe. 1 dirs total, 0 dirs full, 0 dirs failed
I20260710 13:23:07.115396 23399 ts_tablet_manager.cc:933] T a5df04444eb94226812965d7d318f722 P b970fd3d4d3b420181bd0bb0d9a88093: Initiating tablet copy from peer 8857760b49a1416f95374b3bfd405215 (127.21.21.131:46293)
I20260710 13:23:07.117014 23399 tablet_copy_client.cc:323] T a5df04444eb94226812965d7d318f722 P b970fd3d4d3b420181bd0bb0d9a88093: tablet copy: Beginning tablet copy session from remote peer at address 127.21.21.131:46293
I20260710 13:23:07.118538 22853 tablet_copy_service.cc:140] P 8857760b49a1416f95374b3bfd405215: Received BeginTabletCopySession request for tablet a5df04444eb94226812965d7d318f722 from peer b970fd3d4d3b420181bd0bb0d9a88093 ({username='slave'} at 127.0.0.1:46942)
I20260710 13:23:07.119038 22853 tablet_copy_service.cc:161] P 8857760b49a1416f95374b3bfd405215: Beginning new tablet copy session on tablet a5df04444eb94226812965d7d318f722 from peer b970fd3d4d3b420181bd0bb0d9a88093 at {username='slave'} at 127.0.0.1:46942: session id = b970fd3d4d3b420181bd0bb0d9a88093-a5df04444eb94226812965d7d318f722
I20260710 13:23:07.126013 22853 tablet_copy_source_session.cc:215] T a5df04444eb94226812965d7d318f722 P 8857760b49a1416f95374b3bfd405215: Tablet Copy: opened 0 blocks and 1 log segments
I20260710 13:23:07.130213 23399 data_dirs.cc:400] Could only allocate 1 dirs of requested 3 for tablet a5df04444eb94226812965d7d318f722. 1 dirs total, 0 dirs full, 0 dirs failed
I20260710 13:23:07.134277 23401 tablet_copy_client.cc:806] T 11717fc5033c49e9ab70595627979dfe P b970fd3d4d3b420181bd0bb0d9a88093: tablet copy: Starting download of 0 data blocks...
I20260710 13:23:07.134912 23401 tablet_copy_client.cc:670] T 11717fc5033c49e9ab70595627979dfe P b970fd3d4d3b420181bd0bb0d9a88093: tablet copy: Starting download of 1 WAL segments...
I20260710 13:23:07.138464 23401 tablet_copy_client.cc:538] T 11717fc5033c49e9ab70595627979dfe P b970fd3d4d3b420181bd0bb0d9a88093: tablet copy: Tablet Copy complete. Replacing tablet superblock.
I20260710 13:23:07.146230 23399 tablet_copy_client.cc:806] T a5df04444eb94226812965d7d318f722 P b970fd3d4d3b420181bd0bb0d9a88093: tablet copy: Starting download of 0 data blocks...
I20260710 13:23:07.146845 23399 tablet_copy_client.cc:670] T a5df04444eb94226812965d7d318f722 P b970fd3d4d3b420181bd0bb0d9a88093: tablet copy: Starting download of 1 WAL segments...
I20260710 13:23:07.147281 23401 tablet_bootstrap.cc:492] T 11717fc5033c49e9ab70595627979dfe P b970fd3d4d3b420181bd0bb0d9a88093: Bootstrap starting.
I20260710 13:23:07.150015 23399 tablet_copy_client.cc:538] T a5df04444eb94226812965d7d318f722 P b970fd3d4d3b420181bd0bb0d9a88093: tablet copy: Tablet Copy complete. Replacing tablet superblock.
I20260710 13:23:07.155999 23399 tablet_bootstrap.cc:492] T a5df04444eb94226812965d7d318f722 P b970fd3d4d3b420181bd0bb0d9a88093: Bootstrap starting.
I20260710 13:23:07.169291 23401 tablet_bootstrap.cc:492] T 11717fc5033c49e9ab70595627979dfe P b970fd3d4d3b420181bd0bb0d9a88093: Bootstrap replayed 1/1 log segments. Stats: ops{read=2 overwritten=0 applied=2 ignored=0} inserts{seen=0 ignored=0} mutations{seen=0 ignored=0} orphaned_commits=0. Pending: 0 replicates
I20260710 13:23:07.170183 23401 tablet_bootstrap.cc:492] T 11717fc5033c49e9ab70595627979dfe P b970fd3d4d3b420181bd0bb0d9a88093: Bootstrap complete.
I20260710 13:23:07.170816 23401 ts_tablet_manager.cc:1403] T 11717fc5033c49e9ab70595627979dfe P b970fd3d4d3b420181bd0bb0d9a88093: Time spent bootstrapping tablet: real 0.024s	user 0.016s	sys 0.006s
I20260710 13:23:07.173640 23401 raft_consensus.cc:359] T 11717fc5033c49e9ab70595627979dfe P b970fd3d4d3b420181bd0bb0d9a88093 [term 1 LEARNER]: Replica starting. Triggering 0 pending ops. Active config: opid_index: 2 OBSOLETE_local: false peers { permanent_uuid: "7499d3d0326d41ceafef01a8c9507b2e" member_type: VOTER last_known_addr { host: "127.21.21.130" port: 33509 } } peers { permanent_uuid: "8857760b49a1416f95374b3bfd405215" member_type: VOTER last_known_addr { host: "127.21.21.131" port: 46293 } } peers { permanent_uuid: "a2af2dcd05694aeab325ba116ecf7a93" member_type: VOTER last_known_addr { host: "127.21.21.129" port: 40585 } attrs { replace: true } } peers { permanent_uuid: "b970fd3d4d3b420181bd0bb0d9a88093" member_type: NON_VOTER last_known_addr { host: "127.21.21.132" port: 37605 } attrs { promote: true } }
I20260710 13:23:07.174465 23401 raft_consensus.cc:740] T 11717fc5033c49e9ab70595627979dfe P b970fd3d4d3b420181bd0bb0d9a88093 [term 1 LEARNER]: Becoming Follower/Learner. State: Replica: b970fd3d4d3b420181bd0bb0d9a88093, State: Initialized, Role: LEARNER
I20260710 13:23:07.175585 23399 tablet_bootstrap.cc:492] T a5df04444eb94226812965d7d318f722 P b970fd3d4d3b420181bd0bb0d9a88093: Bootstrap replayed 1/1 log segments. Stats: ops{read=2 overwritten=0 applied=2 ignored=0} inserts{seen=0 ignored=0} mutations{seen=0 ignored=0} orphaned_commits=0. Pending: 0 replicates
I20260710 13:23:07.175107 23401 consensus_queue.cc:260] T 11717fc5033c49e9ab70595627979dfe P b970fd3d4d3b420181bd0bb0d9a88093 [NON_LEADER]: Queue going to NON_LEADER mode. State: All replicated index: 0, Majority replicated index: 0, Committed index: 2, Last appended: 1.2, Last appended by leader: 2, Current term: 0, Majority size: -1, State: 0, Mode: NON_LEADER, active raft config: opid_index: 2 OBSOLETE_local: false peers { permanent_uuid: "7499d3d0326d41ceafef01a8c9507b2e" member_type: VOTER last_known_addr { host: "127.21.21.130" port: 33509 } } peers { permanent_uuid: "8857760b49a1416f95374b3bfd405215" member_type: VOTER last_known_addr { host: "127.21.21.131" port: 46293 } } peers { permanent_uuid: "a2af2dcd05694aeab325ba116ecf7a93" member_type: VOTER last_known_addr { host: "127.21.21.129" port: 40585 } attrs { replace: true } } peers { permanent_uuid: "b970fd3d4d3b420181bd0bb0d9a88093" member_type: NON_VOTER last_known_addr { host: "127.21.21.132" port: 37605 } attrs { promote: true } }
I20260710 13:23:07.176539 23399 tablet_bootstrap.cc:492] T a5df04444eb94226812965d7d318f722 P b970fd3d4d3b420181bd0bb0d9a88093: Bootstrap complete.
I20260710 13:23:07.177261 23399 ts_tablet_manager.cc:1403] T a5df04444eb94226812965d7d318f722 P b970fd3d4d3b420181bd0bb0d9a88093: Time spent bootstrapping tablet: real 0.022s	user 0.022s	sys 0.000s
I20260710 13:23:07.177605 23401 ts_tablet_manager.cc:1434] T 11717fc5033c49e9ab70595627979dfe P b970fd3d4d3b420181bd0bb0d9a88093: Time spent starting tablet: real 0.006s	user 0.008s	sys 0.000s
I20260710 13:23:07.179334 22853 tablet_copy_service.cc:342] P 8857760b49a1416f95374b3bfd405215: Request end of tablet copy session b970fd3d4d3b420181bd0bb0d9a88093-11717fc5033c49e9ab70595627979dfe received from {username='slave'} at 127.0.0.1:46942
I20260710 13:23:07.179771 22853 tablet_copy_service.cc:434] P 8857760b49a1416f95374b3bfd405215: ending tablet copy session b970fd3d4d3b420181bd0bb0d9a88093-11717fc5033c49e9ab70595627979dfe on tablet 11717fc5033c49e9ab70595627979dfe with peer b970fd3d4d3b420181bd0bb0d9a88093
I20260710 13:23:07.180768 23399 raft_consensus.cc:359] T a5df04444eb94226812965d7d318f722 P b970fd3d4d3b420181bd0bb0d9a88093 [term 1 LEARNER]: Replica starting. Triggering 0 pending ops. Active config: opid_index: 2 OBSOLETE_local: false peers { permanent_uuid: "a2af2dcd05694aeab325ba116ecf7a93" member_type: VOTER last_known_addr { host: "127.21.21.129" port: 40585 } attrs { replace: true } } peers { permanent_uuid: "7499d3d0326d41ceafef01a8c9507b2e" member_type: VOTER last_known_addr { host: "127.21.21.130" port: 33509 } } peers { permanent_uuid: "8857760b49a1416f95374b3bfd405215" member_type: VOTER last_known_addr { host: "127.21.21.131" port: 46293 } } peers { permanent_uuid: "b970fd3d4d3b420181bd0bb0d9a88093" member_type: NON_VOTER last_known_addr { host: "127.21.21.132" port: 37605 } attrs { promote: true } }
I20260710 13:23:07.181633 23399 raft_consensus.cc:740] T a5df04444eb94226812965d7d318f722 P b970fd3d4d3b420181bd0bb0d9a88093 [term 1 LEARNER]: Becoming Follower/Learner. State: Replica: b970fd3d4d3b420181bd0bb0d9a88093, State: Initialized, Role: LEARNER
I20260710 13:23:07.182175 23399 consensus_queue.cc:260] T a5df04444eb94226812965d7d318f722 P b970fd3d4d3b420181bd0bb0d9a88093 [NON_LEADER]: Queue going to NON_LEADER mode. State: All replicated index: 0, Majority replicated index: 0, Committed index: 2, Last appended: 1.2, Last appended by leader: 2, Current term: 0, Majority size: -1, State: 0, Mode: NON_LEADER, active raft config: opid_index: 2 OBSOLETE_local: false peers { permanent_uuid: "a2af2dcd05694aeab325ba116ecf7a93" member_type: VOTER last_known_addr { host: "127.21.21.129" port: 40585 } attrs { replace: true } } peers { permanent_uuid: "7499d3d0326d41ceafef01a8c9507b2e" member_type: VOTER last_known_addr { host: "127.21.21.130" port: 33509 } } peers { permanent_uuid: "8857760b49a1416f95374b3bfd405215" member_type: VOTER last_known_addr { host: "127.21.21.131" port: 46293 } } peers { permanent_uuid: "b970fd3d4d3b420181bd0bb0d9a88093" member_type: NON_VOTER last_known_addr { host: "127.21.21.132" port: 37605 } attrs { promote: true } }
I20260710 13:23:07.184425 23399 ts_tablet_manager.cc:1434] T a5df04444eb94226812965d7d318f722 P b970fd3d4d3b420181bd0bb0d9a88093: Time spent starting tablet: real 0.007s	user 0.005s	sys 0.000s
I20260710 13:23:07.185997 22853 tablet_copy_service.cc:342] P 8857760b49a1416f95374b3bfd405215: Request end of tablet copy session b970fd3d4d3b420181bd0bb0d9a88093-a5df04444eb94226812965d7d318f722 received from {username='slave'} at 127.0.0.1:46942
I20260710 13:23:07.186350 22853 tablet_copy_service.cc:434] P 8857760b49a1416f95374b3bfd405215: ending tablet copy session b970fd3d4d3b420181bd0bb0d9a88093-a5df04444eb94226812965d7d318f722 on tablet a5df04444eb94226812965d7d318f722 with peer b970fd3d4d3b420181bd0bb0d9a88093
I20260710 13:23:07.495898 23120 raft_consensus.cc:1217] T bc2bdb050a49487980b8ab94e1b604b7 P b970fd3d4d3b420181bd0bb0d9a88093 [term 1 LEARNER]: Deduplicated request from leader. Original: 1.1->[1.2-1.2]   Dedup: 1.2->[]
I20260710 13:23:07.515940 23120 raft_consensus.cc:1217] T e3cf6a1f434c4c0ba3b0d7b6632748a4 P b970fd3d4d3b420181bd0bb0d9a88093 [term 1 LEARNER]: Deduplicated request from leader. Original: 1.1->[1.2-1.2]   Dedup: 1.2->[]
I20260710 13:23:07.557260 23120 raft_consensus.cc:1217] T a5df04444eb94226812965d7d318f722 P b970fd3d4d3b420181bd0bb0d9a88093 [term 1 LEARNER]: Deduplicated request from leader. Original: 1.1->[1.2-1.2]   Dedup: 1.2->[]
I20260710 13:23:07.586808 23120 raft_consensus.cc:1217] T 11717fc5033c49e9ab70595627979dfe P b970fd3d4d3b420181bd0bb0d9a88093 [term 1 LEARNER]: Deduplicated request from leader. Original: 1.1->[1.2-1.2]   Dedup: 1.2->[]
I20260710 13:23:07.970568 23317 raft_consensus.cc:1064] T 11717fc5033c49e9ab70595627979dfe P 8857760b49a1416f95374b3bfd405215: attempting to promote NON_VOTER b970fd3d4d3b420181bd0bb0d9a88093 to VOTER
I20260710 13:23:07.972976 23317 consensus_queue.cc:237] T 11717fc5033c49e9ab70595627979dfe P 8857760b49a1416f95374b3bfd405215 [LEADER]: Queue going to LEADER mode. State: All replicated index: 0, Majority replicated index: 2, Committed index: 2, Last appended: 1.2, Last appended by leader: 0, Current term: 1, Majority size: 3, State: 0, Mode: LEADER, active raft config: opid_index: 3 OBSOLETE_local: false peers { permanent_uuid: "7499d3d0326d41ceafef01a8c9507b2e" member_type: VOTER last_known_addr { host: "127.21.21.130" port: 33509 } } peers { permanent_uuid: "8857760b49a1416f95374b3bfd405215" member_type: VOTER last_known_addr { host: "127.21.21.131" port: 46293 } } peers { permanent_uuid: "a2af2dcd05694aeab325ba116ecf7a93" member_type: VOTER last_known_addr { host: "127.21.21.129" port: 40585 } attrs { replace: true } } peers { permanent_uuid: "b970fd3d4d3b420181bd0bb0d9a88093" member_type: VOTER last_known_addr { host: "127.21.21.132" port: 37605 } attrs { promote: false } }
I20260710 13:23:07.980650 22689 raft_consensus.cc:1275] T 11717fc5033c49e9ab70595627979dfe P a2af2dcd05694aeab325ba116ecf7a93 [term 1 FOLLOWER]: Refusing update from remote peer 8857760b49a1416f95374b3bfd405215: Log matching property violated. Preceding OpId in replica: term: 1 index: 2. Preceding OpId from leader: term: 1 index: 3. (index mismatch)
I20260710 13:23:07.981057 22769 raft_consensus.cc:1275] T 11717fc5033c49e9ab70595627979dfe P 7499d3d0326d41ceafef01a8c9507b2e [term 1 FOLLOWER]: Refusing update from remote peer 8857760b49a1416f95374b3bfd405215: Log matching property violated. Preceding OpId in replica: term: 1 index: 2. Preceding OpId from leader: term: 1 index: 3. (index mismatch)
I20260710 13:23:07.982136 23412 consensus_queue.cc:1048] T 11717fc5033c49e9ab70595627979dfe P 8857760b49a1416f95374b3bfd405215 [LEADER]: Connected to new peer: Peer: permanent_uuid: "a2af2dcd05694aeab325ba116ecf7a93" member_type: VOTER last_known_addr { host: "127.21.21.129" port: 40585 } attrs { replace: true }, Status: LMP_MISMATCH, Last received: 0.0, Next index: 3, Last known committed idx: 2, Time since last communication: 0.000s
I20260710 13:23:07.983619 23412 consensus_queue.cc:1048] T 11717fc5033c49e9ab70595627979dfe P 8857760b49a1416f95374b3bfd405215 [LEADER]: Connected to new peer: Peer: permanent_uuid: "7499d3d0326d41ceafef01a8c9507b2e" member_type: VOTER last_known_addr { host: "127.21.21.130" port: 33509 }, Status: LMP_MISMATCH, Last received: 0.0, Next index: 3, Last known committed idx: 2, Time since last communication: 0.000s
I20260710 13:23:07.995628 23120 raft_consensus.cc:1275] T 11717fc5033c49e9ab70595627979dfe P b970fd3d4d3b420181bd0bb0d9a88093 [term 1 LEARNER]: Refusing update from remote peer 8857760b49a1416f95374b3bfd405215: Log matching property violated. Preceding OpId in replica: term: 1 index: 2. Preceding OpId from leader: term: 1 index: 3. (index mismatch)
I20260710 13:23:07.996881 23392 consensus_queue.cc:1048] T 11717fc5033c49e9ab70595627979dfe P 8857760b49a1416f95374b3bfd405215 [LEADER]: Connected to new peer: Peer: permanent_uuid: "b970fd3d4d3b420181bd0bb0d9a88093" member_type: VOTER last_known_addr { host: "127.21.21.132" port: 37605 } attrs { promote: false }, Status: LMP_MISMATCH, Last received: 0.0, Next index: 3, Last known committed idx: 2, Time since last communication: 0.000s
I20260710 13:23:08.005370 23412 raft_consensus.cc:2955] T 11717fc5033c49e9ab70595627979dfe P 8857760b49a1416f95374b3bfd405215 [term 1 LEADER]: Committing config change with OpId 1.3: config changed from index 2 to 3, b970fd3d4d3b420181bd0bb0d9a88093 (127.21.21.132) changed from NON_VOTER to VOTER. New config: { opid_index: 3 OBSOLETE_local: false peers { permanent_uuid: "7499d3d0326d41ceafef01a8c9507b2e" member_type: VOTER last_known_addr { host: "127.21.21.130" port: 33509 } } peers { permanent_uuid: "8857760b49a1416f95374b3bfd405215" member_type: VOTER last_known_addr { host: "127.21.21.131" port: 46293 } } peers { permanent_uuid: "a2af2dcd05694aeab325ba116ecf7a93" member_type: VOTER last_known_addr { host: "127.21.21.129" port: 40585 } attrs { replace: true } } peers { permanent_uuid: "b970fd3d4d3b420181bd0bb0d9a88093" member_type: VOTER last_known_addr { host: "127.21.21.132" port: 37605 } attrs { promote: false } } }
I20260710 13:23:08.007416 22769 raft_consensus.cc:2955] T 11717fc5033c49e9ab70595627979dfe P 7499d3d0326d41ceafef01a8c9507b2e [term 1 FOLLOWER]: Committing config change with OpId 1.3: config changed from index 2 to 3, b970fd3d4d3b420181bd0bb0d9a88093 (127.21.21.132) changed from NON_VOTER to VOTER. New config: { opid_index: 3 OBSOLETE_local: false peers { permanent_uuid: "7499d3d0326d41ceafef01a8c9507b2e" member_type: VOTER last_known_addr { host: "127.21.21.130" port: 33509 } } peers { permanent_uuid: "8857760b49a1416f95374b3bfd405215" member_type: VOTER last_known_addr { host: "127.21.21.131" port: 46293 } } peers { permanent_uuid: "a2af2dcd05694aeab325ba116ecf7a93" member_type: VOTER last_known_addr { host: "127.21.21.129" port: 40585 } attrs { replace: true } } peers { permanent_uuid: "b970fd3d4d3b420181bd0bb0d9a88093" member_type: VOTER last_known_addr { host: "127.21.21.132" port: 37605 } attrs { promote: false } } }
I20260710 13:23:08.020452 22689 raft_consensus.cc:2955] T 11717fc5033c49e9ab70595627979dfe P a2af2dcd05694aeab325ba116ecf7a93 [term 1 FOLLOWER]: Committing config change with OpId 1.3: config changed from index 2 to 3, b970fd3d4d3b420181bd0bb0d9a88093 (127.21.21.132) changed from NON_VOTER to VOTER. New config: { opid_index: 3 OBSOLETE_local: false peers { permanent_uuid: "7499d3d0326d41ceafef01a8c9507b2e" member_type: VOTER last_known_addr { host: "127.21.21.130" port: 33509 } } peers { permanent_uuid: "8857760b49a1416f95374b3bfd405215" member_type: VOTER last_known_addr { host: "127.21.21.131" port: 46293 } } peers { permanent_uuid: "a2af2dcd05694aeab325ba116ecf7a93" member_type: VOTER last_known_addr { host: "127.21.21.129" port: 40585 } attrs { replace: true } } peers { permanent_uuid: "b970fd3d4d3b420181bd0bb0d9a88093" member_type: VOTER last_known_addr { host: "127.21.21.132" port: 37605 } attrs { promote: false } } }
I20260710 13:23:08.022397 23120 raft_consensus.cc:2955] T 11717fc5033c49e9ab70595627979dfe P b970fd3d4d3b420181bd0bb0d9a88093 [term 1 FOLLOWER]: Committing config change with OpId 1.3: config changed from index 2 to 3, b970fd3d4d3b420181bd0bb0d9a88093 (127.21.21.132) changed from NON_VOTER to VOTER. New config: { opid_index: 3 OBSOLETE_local: false peers { permanent_uuid: "7499d3d0326d41ceafef01a8c9507b2e" member_type: VOTER last_known_addr { host: "127.21.21.130" port: 33509 } } peers { permanent_uuid: "8857760b49a1416f95374b3bfd405215" member_type: VOTER last_known_addr { host: "127.21.21.131" port: 46293 } } peers { permanent_uuid: "a2af2dcd05694aeab325ba116ecf7a93" member_type: VOTER last_known_addr { host: "127.21.21.129" port: 40585 } attrs { replace: true } } peers { permanent_uuid: "b970fd3d4d3b420181bd0bb0d9a88093" member_type: VOTER last_known_addr { host: "127.21.21.132" port: 37605 } attrs { promote: false } } }
I20260710 13:23:08.023425 22589 catalog_manager.cc:5697] T 11717fc5033c49e9ab70595627979dfe P 7499d3d0326d41ceafef01a8c9507b2e reported cstate change: config changed from index 2 to 3, b970fd3d4d3b420181bd0bb0d9a88093 (127.21.21.132) changed from NON_VOTER to VOTER. New cstate: current_term: 1 leader_uuid: "8857760b49a1416f95374b3bfd405215" committed_config { opid_index: 3 OBSOLETE_local: false peers { permanent_uuid: "7499d3d0326d41ceafef01a8c9507b2e" member_type: VOTER last_known_addr { host: "127.21.21.130" port: 33509 } } peers { permanent_uuid: "8857760b49a1416f95374b3bfd405215" member_type: VOTER last_known_addr { host: "127.21.21.131" port: 46293 } } peers { permanent_uuid: "a2af2dcd05694aeab325ba116ecf7a93" member_type: VOTER last_known_addr { host: "127.21.21.129" port: 40585 } attrs { replace: true } } peers { permanent_uuid: "b970fd3d4d3b420181bd0bb0d9a88093" member_type: VOTER last_known_addr { host: "127.21.21.132" port: 37605 } attrs { promote: false } } }
I20260710 13:23:08.043735 23412 raft_consensus.cc:1064] T e3cf6a1f434c4c0ba3b0d7b6632748a4 P 8857760b49a1416f95374b3bfd405215: attempting to promote NON_VOTER b970fd3d4d3b420181bd0bb0d9a88093 to VOTER
I20260710 13:23:08.046108 23412 consensus_queue.cc:237] T e3cf6a1f434c4c0ba3b0d7b6632748a4 P 8857760b49a1416f95374b3bfd405215 [LEADER]: Queue going to LEADER mode. State: All replicated index: 0, Majority replicated index: 2, Committed index: 2, Last appended: 1.2, Last appended by leader: 0, Current term: 1, Majority size: 3, State: 0, Mode: LEADER, active raft config: opid_index: 3 OBSOLETE_local: false peers { permanent_uuid: "a2af2dcd05694aeab325ba116ecf7a93" member_type: VOTER last_known_addr { host: "127.21.21.129" port: 40585 } } peers { permanent_uuid: "7499d3d0326d41ceafef01a8c9507b2e" member_type: VOTER last_known_addr { host: "127.21.21.130" port: 33509 } attrs { replace: true } } peers { permanent_uuid: "8857760b49a1416f95374b3bfd405215" member_type: VOTER last_known_addr { host: "127.21.21.131" port: 46293 } } peers { permanent_uuid: "b970fd3d4d3b420181bd0bb0d9a88093" member_type: VOTER last_known_addr { host: "127.21.21.132" port: 37605 } attrs { promote: false } }
I20260710 13:23:08.053607 22769 raft_consensus.cc:1275] T e3cf6a1f434c4c0ba3b0d7b6632748a4 P 7499d3d0326d41ceafef01a8c9507b2e [term 1 FOLLOWER]: Refusing update from remote peer 8857760b49a1416f95374b3bfd405215: Log matching property violated. Preceding OpId in replica: term: 1 index: 2. Preceding OpId from leader: term: 1 index: 3. (index mismatch)
I20260710 13:23:08.054013 22689 raft_consensus.cc:1275] T e3cf6a1f434c4c0ba3b0d7b6632748a4 P a2af2dcd05694aeab325ba116ecf7a93 [term 1 FOLLOWER]: Refusing update from remote peer 8857760b49a1416f95374b3bfd405215: Log matching property violated. Preceding OpId in replica: term: 1 index: 2. Preceding OpId from leader: term: 1 index: 3. (index mismatch)
I20260710 13:23:08.054920 23120 raft_consensus.cc:1275] T e3cf6a1f434c4c0ba3b0d7b6632748a4 P b970fd3d4d3b420181bd0bb0d9a88093 [term 1 LEARNER]: Refusing update from remote peer 8857760b49a1416f95374b3bfd405215: Log matching property violated. Preceding OpId in replica: term: 1 index: 2. Preceding OpId from leader: term: 1 index: 3. (index mismatch)
I20260710 13:23:08.055042 23412 consensus_queue.cc:1048] T e3cf6a1f434c4c0ba3b0d7b6632748a4 P 8857760b49a1416f95374b3bfd405215 [LEADER]: Connected to new peer: Peer: permanent_uuid: "7499d3d0326d41ceafef01a8c9507b2e" member_type: VOTER last_known_addr { host: "127.21.21.130" port: 33509 } attrs { replace: true }, Status: LMP_MISMATCH, Last received: 0.0, Next index: 3, Last known committed idx: 2, Time since last communication: 0.000s
I20260710 13:23:08.055964 23392 consensus_queue.cc:1048] T e3cf6a1f434c4c0ba3b0d7b6632748a4 P 8857760b49a1416f95374b3bfd405215 [LEADER]: Connected to new peer: Peer: permanent_uuid: "a2af2dcd05694aeab325ba116ecf7a93" member_type: VOTER last_known_addr { host: "127.21.21.129" port: 40585 }, Status: LMP_MISMATCH, Last received: 0.0, Next index: 3, Last known committed idx: 2, Time since last communication: 0.000s
