I20260710 13:22:39.575470 17368 consensus_queue.cc:1048] T af17a6e65a6c42bb9b696ec56c38b9f6 P 238b8a8d499c4369b62c2b009186d7d2 [LEADER]: Connected to new peer: Peer: permanent_uuid: "35c307fab793430e9881bf2cea678b2c" member_type: VOTER last_known_addr { host: "127.16.36.66" port: 33781 }, Status: LMP_MISMATCH, Last received: 0.0, Next index: 1, Last known committed idx: 0, Time since last communication: 0.000s
I20260710 13:22:39.577358 17142 tablet_service.cc:2072] Received LeaderStepDown RPC: tablet_id: "af17a6e65a6c42bb9b696ec56c38b9f6"
dest_uuid: "238b8a8d499c4369b62c2b009186d7d2"
mode: GRACEFUL
new_leader_uuid: "35c307fab793430e9881bf2cea678b2c"
 from {username='slave'} at 127.0.0.1:35794
I20260710 13:22:39.577862 17142 raft_consensus.cc:606] T af17a6e65a6c42bb9b696ec56c38b9f6 P 238b8a8d499c4369b62c2b009186d7d2 [term 1 LEADER]: Received request to transfer leadership to TS 35c307fab793430e9881bf2cea678b2c
I20260710 13:22:39.578718 17040 catalog_manager.cc:5697] T a6f78cb237b34a43a1a8ff8c8a5b36b5 P 238b8a8d499c4369b62c2b009186d7d2 reported cstate change: term changed from 1 to 2, leader changed from 35c307fab793430e9881bf2cea678b2c (127.16.36.66) to 238b8a8d499c4369b62c2b009186d7d2 (127.16.36.65). New cstate: current_term: 2 leader_uuid: "238b8a8d499c4369b62c2b009186d7d2" committed_config { opid_index: -1 OBSOLETE_local: false peers { permanent_uuid: "238b8a8d499c4369b62c2b009186d7d2" member_type: VOTER last_known_addr { host: "127.16.36.65" port: 34109 } health_report { overall_health: HEALTHY } } peers { permanent_uuid: "35c307fab793430e9881bf2cea678b2c" member_type: VOTER last_known_addr { host: "127.16.36.66" port: 33781 } health_report { overall_health: UNKNOWN } } peers { permanent_uuid: "6b9cb31bbecc4f3bb9a32658907c53aa" member_type: VOTER last_known_addr { host: "127.16.36.67" port: 44053 } health_report { overall_health: UNKNOWN } } }
I20260710 13:22:39.591571 17141 raft_consensus.cc:3060] T 546dc5481aa047beadaf51bea3af7a1f P 238b8a8d499c4369b62c2b009186d7d2 [term 1 FOLLOWER]: Advancing to term 2
I20260710 13:22:39.594063 17374 raft_consensus.cc:993] T af17a6e65a6c42bb9b696ec56c38b9f6 P 238b8a8d499c4369b62c2b009186d7d2: : Instructing follower 35c307fab793430e9881bf2cea678b2c to start an election
I20260710 13:22:39.594537 17374 raft_consensus.cc:1081] T af17a6e65a6c42bb9b696ec56c38b9f6 P 238b8a8d499c4369b62c2b009186d7d2 [term 1 LEADER]: Signalling peer 35c307fab793430e9881bf2cea678b2c to start an election
I20260710 13:22:39.596653 17218 tablet_service.cc:2044] Received Run Leader Election RPC: tablet_id: "af17a6e65a6c42bb9b696ec56c38b9f6"
dest_uuid: "35c307fab793430e9881bf2cea678b2c"
 from {username='slave'} at 127.0.0.1:41268
I20260710 13:22:39.597429 17218 raft_consensus.cc:493] T af17a6e65a6c42bb9b696ec56c38b9f6 P 35c307fab793430e9881bf2cea678b2c [term 1 FOLLOWER]: Starting forced leader election (received explicit request)
I20260710 13:22:39.597848 17218 raft_consensus.cc:3060] T af17a6e65a6c42bb9b696ec56c38b9f6 P 35c307fab793430e9881bf2cea678b2c [term 1 FOLLOWER]: Advancing to term 2
I20260710 13:22:39.603919 17218 raft_consensus.cc:515] T af17a6e65a6c42bb9b696ec56c38b9f6 P 35c307fab793430e9881bf2cea678b2c [term 2 FOLLOWER]: Starting forced leader election with config: opid_index: -1 OBSOLETE_local: false peers { permanent_uuid: "238b8a8d499c4369b62c2b009186d7d2" member_type: VOTER last_known_addr { host: "127.16.36.65" port: 34109 } } peers { permanent_uuid: "35c307fab793430e9881bf2cea678b2c" member_type: VOTER last_known_addr { host: "127.16.36.66" port: 33781 } } peers { permanent_uuid: "6b9cb31bbecc4f3bb9a32658907c53aa" member_type: VOTER last_known_addr { host: "127.16.36.67" port: 44053 } }
I20260710 13:22:39.604496 17141 raft_consensus.cc:515] T 546dc5481aa047beadaf51bea3af7a1f P 238b8a8d499c4369b62c2b009186d7d2 [term 2 FOLLOWER]: Starting forced leader election with config: opid_index: -1 OBSOLETE_local: false peers { permanent_uuid: "238b8a8d499c4369b62c2b009186d7d2" member_type: VOTER last_known_addr { host: "127.16.36.65" port: 34109 } } peers { permanent_uuid: "35c307fab793430e9881bf2cea678b2c" member_type: VOTER last_known_addr { host: "127.16.36.66" port: 33781 } } peers { permanent_uuid: "6b9cb31bbecc4f3bb9a32658907c53aa" member_type: VOTER last_known_addr { host: "127.16.36.67" port: 44053 } }
I20260710 13:22:39.606645 17218 leader_election.cc:290] T af17a6e65a6c42bb9b696ec56c38b9f6 P 35c307fab793430e9881bf2cea678b2c [CANDIDATE]: Term 2 election: Requested vote from peers 238b8a8d499c4369b62c2b009186d7d2 (127.16.36.65:34109), 6b9cb31bbecc4f3bb9a32658907c53aa (127.16.36.67:44053)
I20260710 13:22:39.606948 17142 tablet_service.cc:1917] Received RequestConsensusVote() RPC: tablet_id: "af17a6e65a6c42bb9b696ec56c38b9f6" candidate_uuid: "35c307fab793430e9881bf2cea678b2c" candidate_term: 2 candidate_status { last_received { term: 1 index: 1 } } ignore_live_leader: true dest_uuid: "238b8a8d499c4369b62c2b009186d7d2"
I20260710 13:22:39.608058 17142 raft_consensus.cc:3055] T af17a6e65a6c42bb9b696ec56c38b9f6 P 238b8a8d499c4369b62c2b009186d7d2 [term 1 LEADER]: Stepping down as leader of term 1
I20260710 13:22:39.608002 17292 tablet_service.cc:1917] Received RequestConsensusVote() RPC: tablet_id: "af17a6e65a6c42bb9b696ec56c38b9f6" candidate_uuid: "35c307fab793430e9881bf2cea678b2c" candidate_term: 2 candidate_status { last_received { term: 1 index: 1 } } ignore_live_leader: true dest_uuid: "6b9cb31bbecc4f3bb9a32658907c53aa"
I20260710 13:22:39.608511 17142 raft_consensus.cc:740] T af17a6e65a6c42bb9b696ec56c38b9f6 P 238b8a8d499c4369b62c2b009186d7d2 [term 1 LEADER]: Becoming Follower/Learner. State: Replica: 238b8a8d499c4369b62c2b009186d7d2, State: Running, Role: LEADER
I20260710 13:22:39.608664 17292 raft_consensus.cc:3060] T af17a6e65a6c42bb9b696ec56c38b9f6 P 6b9cb31bbecc4f3bb9a32658907c53aa [term 1 FOLLOWER]: Advancing to term 2
I20260710 13:22:39.609433 17141 leader_election.cc:290] T 546dc5481aa047beadaf51bea3af7a1f P 238b8a8d499c4369b62c2b009186d7d2 [CANDIDATE]: Term 2 election: Requested vote from peers 35c307fab793430e9881bf2cea678b2c (127.16.36.66:33781), 6b9cb31bbecc4f3bb9a32658907c53aa (127.16.36.67:44053)
I20260710 13:22:39.609338 17142 consensus_queue.cc:260] T af17a6e65a6c42bb9b696ec56c38b9f6 P 238b8a8d499c4369b62c2b009186d7d2 [NON_LEADER]: Queue going to NON_LEADER mode. State: All replicated index: 0, Majority replicated index: 1, Committed index: 1, Last appended: 1.1, Last appended by leader: 1, Current term: 1, Majority size: -1, State: 0, Mode: NON_LEADER, active raft config: opid_index: -1 OBSOLETE_local: false peers { permanent_uuid: "238b8a8d499c4369b62c2b009186d7d2" member_type: VOTER last_known_addr { host: "127.16.36.65" port: 34109 } } peers { permanent_uuid: "35c307fab793430e9881bf2cea678b2c" member_type: VOTER last_known_addr { host: "127.16.36.66" port: 33781 } } peers { permanent_uuid: "6b9cb31bbecc4f3bb9a32658907c53aa" member_type: VOTER last_known_addr { host: "127.16.36.67" port: 44053 } }
I20260710 13:22:39.610630 17142 raft_consensus.cc:3060] T af17a6e65a6c42bb9b696ec56c38b9f6 P 238b8a8d499c4369b62c2b009186d7d2 [term 1 FOLLOWER]: Advancing to term 2
I20260710 13:22:39.610859 17289 tablet_service.cc:1917] Received RequestConsensusVote() RPC: tablet_id: "546dc5481aa047beadaf51bea3af7a1f" candidate_uuid: "238b8a8d499c4369b62c2b009186d7d2" candidate_term: 2 candidate_status { last_received { term: 1 index: 1 } } ignore_live_leader: true dest_uuid: "6b9cb31bbecc4f3bb9a32658907c53aa"
I20260710 13:22:39.611413 17289 raft_consensus.cc:3055] T 546dc5481aa047beadaf51bea3af7a1f P 6b9cb31bbecc4f3bb9a32658907c53aa [term 1 LEADER]: Stepping down as leader of term 1
I20260710 13:22:39.611745 17289 raft_consensus.cc:740] T 546dc5481aa047beadaf51bea3af7a1f P 6b9cb31bbecc4f3bb9a32658907c53aa [term 1 LEADER]: Becoming Follower/Learner. State: Replica: 6b9cb31bbecc4f3bb9a32658907c53aa, State: Running, Role: LEADER
I20260710 13:22:39.612478 17289 consensus_queue.cc:260] T 546dc5481aa047beadaf51bea3af7a1f P 6b9cb31bbecc4f3bb9a32658907c53aa [NON_LEADER]: Queue going to NON_LEADER mode. State: All replicated index: 0, Majority replicated index: 1, Committed index: 1, Last appended: 1.1, Last appended by leader: 1, Current term: 1, Majority size: -1, State: 0, Mode: NON_LEADER, active raft config: opid_index: -1 OBSOLETE_local: false peers { permanent_uuid: "238b8a8d499c4369b62c2b009186d7d2" member_type: VOTER last_known_addr { host: "127.16.36.65" port: 34109 } } peers { permanent_uuid: "35c307fab793430e9881bf2cea678b2c" member_type: VOTER last_known_addr { host: "127.16.36.66" port: 33781 } } peers { permanent_uuid: "6b9cb31bbecc4f3bb9a32658907c53aa" member_type: VOTER last_known_addr { host: "127.16.36.67" port: 44053 } }
I20260710 13:22:39.613632 17289 raft_consensus.cc:3060] T 546dc5481aa047beadaf51bea3af7a1f P 6b9cb31bbecc4f3bb9a32658907c53aa [term 1 FOLLOWER]: Advancing to term 2
I20260710 13:22:39.616009 17218 tablet_service.cc:1917] Received RequestConsensusVote() RPC: tablet_id: "546dc5481aa047beadaf51bea3af7a1f" candidate_uuid: "238b8a8d499c4369b62c2b009186d7d2" candidate_term: 2 candidate_status { last_received { term: 1 index: 1 } } ignore_live_leader: true dest_uuid: "35c307fab793430e9881bf2cea678b2c"
I20260710 13:22:39.615502 17292 raft_consensus.cc:2468] T af17a6e65a6c42bb9b696ec56c38b9f6 P 6b9cb31bbecc4f3bb9a32658907c53aa [term 2 FOLLOWER]: Leader election vote request: Granting yes vote for candidate 35c307fab793430e9881bf2cea678b2c in term 2.
I20260710 13:22:39.616524 17218 raft_consensus.cc:3060] T 546dc5481aa047beadaf51bea3af7a1f P 35c307fab793430e9881bf2cea678b2c [term 1 FOLLOWER]: Advancing to term 2
I20260710 13:22:39.617487 17142 raft_consensus.cc:2468] T af17a6e65a6c42bb9b696ec56c38b9f6 P 238b8a8d499c4369b62c2b009186d7d2 [term 2 FOLLOWER]: Leader election vote request: Granting yes vote for candidate 35c307fab793430e9881bf2cea678b2c in term 2.
I20260710 13:22:39.617655 17181 leader_election.cc:304] T af17a6e65a6c42bb9b696ec56c38b9f6 P 35c307fab793430e9881bf2cea678b2c [CANDIDATE]: Term 2 election: Election decided. Result: candidate won. Election summary: received 2 responses out of 3 voters: 2 yes votes; 0 no votes. yes voters: 35c307fab793430e9881bf2cea678b2c, 6b9cb31bbecc4f3bb9a32658907c53aa; no voters: 
I20260710 13:22:39.618472 17358 raft_consensus.cc:2804] T af17a6e65a6c42bb9b696ec56c38b9f6 P 35c307fab793430e9881bf2cea678b2c [term 2 FOLLOWER]: Leader election won for term 2
I20260710 13:22:39.618914 17358 raft_consensus.cc:697] T af17a6e65a6c42bb9b696ec56c38b9f6 P 35c307fab793430e9881bf2cea678b2c [term 2 LEADER]: Becoming Leader. State: Replica: 35c307fab793430e9881bf2cea678b2c, State: Running, Role: LEADER
I20260710 13:22:39.619699 17358 consensus_queue.cc:237] T af17a6e65a6c42bb9b696ec56c38b9f6 P 35c307fab793430e9881bf2cea678b2c [LEADER]: Queue going to LEADER mode. State: All replicated index: 0, Majority replicated index: 1, Committed index: 1, Last appended: 1.1, Last appended by leader: 1, Current term: 2, Majority size: 2, State: 0, Mode: LEADER, active raft config: opid_index: -1 OBSOLETE_local: false peers { permanent_uuid: "238b8a8d499c4369b62c2b009186d7d2" member_type: VOTER last_known_addr { host: "127.16.36.65" port: 34109 } } peers { permanent_uuid: "35c307fab793430e9881bf2cea678b2c" member_type: VOTER last_known_addr { host: "127.16.36.66" port: 33781 } } peers { permanent_uuid: "6b9cb31bbecc4f3bb9a32658907c53aa" member_type: VOTER last_known_addr { host: "127.16.36.67" port: 44053 } }
I20260710 13:22:39.620258 17289 raft_consensus.cc:2468] T 546dc5481aa047beadaf51bea3af7a1f P 6b9cb31bbecc4f3bb9a32658907c53aa [term 2 FOLLOWER]: Leader election vote request: Granting yes vote for candidate 238b8a8d499c4369b62c2b009186d7d2 in term 2.
I20260710 13:22:39.621281 17106 leader_election.cc:304] T 546dc5481aa047beadaf51bea3af7a1f P 238b8a8d499c4369b62c2b009186d7d2 [CANDIDATE]: Term 2 election: Election decided. Result: candidate won. Election summary: received 2 responses out of 3 voters: 2 yes votes; 0 no votes. yes voters: 238b8a8d499c4369b62c2b009186d7d2, 6b9cb31bbecc4f3bb9a32658907c53aa; no voters: 
I20260710 13:22:39.622128 17368 raft_consensus.cc:2804] T 546dc5481aa047beadaf51bea3af7a1f P 238b8a8d499c4369b62c2b009186d7d2 [term 2 FOLLOWER]: Leader election won for term 2
I20260710 13:22:39.622538 17368 raft_consensus.cc:697] T 546dc5481aa047beadaf51bea3af7a1f P 238b8a8d499c4369b62c2b009186d7d2 [term 2 LEADER]: Becoming Leader. State: Replica: 238b8a8d499c4369b62c2b009186d7d2, State: Running, Role: LEADER
I20260710 13:22:39.622722 17218 raft_consensus.cc:2468] T 546dc5481aa047beadaf51bea3af7a1f P 35c307fab793430e9881bf2cea678b2c [term 2 FOLLOWER]: Leader election vote request: Granting yes vote for candidate 238b8a8d499c4369b62c2b009186d7d2 in term 2.
I20260710 13:22:39.623281 17368 consensus_queue.cc:237] T 546dc5481aa047beadaf51bea3af7a1f P 238b8a8d499c4369b62c2b009186d7d2 [LEADER]: Queue going to LEADER mode. State: All replicated index: 0, Majority replicated index: 1, Committed index: 1, Last appended: 1.1, Last appended by leader: 1, Current term: 2, Majority size: 2, State: 0, Mode: LEADER, active raft config: opid_index: -1 OBSOLETE_local: false peers { permanent_uuid: "238b8a8d499c4369b62c2b009186d7d2" member_type: VOTER last_known_addr { host: "127.16.36.65" port: 34109 } } peers { permanent_uuid: "35c307fab793430e9881bf2cea678b2c" member_type: VOTER last_known_addr { host: "127.16.36.66" port: 33781 } } peers { permanent_uuid: "6b9cb31bbecc4f3bb9a32658907c53aa" member_type: VOTER last_known_addr { host: "127.16.36.67" port: 44053 } }
I20260710 13:22:39.627688 17358 consensus_queue.cc:1048] T 69c153bf5c92492ea73729acb85a81c6 P 35c307fab793430e9881bf2cea678b2c [LEADER]: Connected to new peer: Peer: permanent_uuid: "6b9cb31bbecc4f3bb9a32658907c53aa" member_type: VOTER last_known_addr { host: "127.16.36.67" port: 44053 }, Status: LMP_MISMATCH, Last received: 0.0, Next index: 1, Last known committed idx: 0, Time since last communication: 0.000s
I20260710 13:22:39.629289 17040 catalog_manager.cc:5697] T af17a6e65a6c42bb9b696ec56c38b9f6 P 35c307fab793430e9881bf2cea678b2c reported cstate change: term changed from 1 to 2, leader changed from 238b8a8d499c4369b62c2b009186d7d2 (127.16.36.65) to 35c307fab793430e9881bf2cea678b2c (127.16.36.66). New cstate: current_term: 2 leader_uuid: "35c307fab793430e9881bf2cea678b2c" committed_config { opid_index: -1 OBSOLETE_local: false peers { permanent_uuid: "238b8a8d499c4369b62c2b009186d7d2" member_type: VOTER last_known_addr { host: "127.16.36.65" port: 34109 } health_report { overall_health: UNKNOWN } } peers { permanent_uuid: "35c307fab793430e9881bf2cea678b2c" member_type: VOTER last_known_addr { host: "127.16.36.66" port: 33781 } health_report { overall_health: HEALTHY } } peers { permanent_uuid: "6b9cb31bbecc4f3bb9a32658907c53aa" member_type: VOTER last_known_addr { host: "127.16.36.67" port: 44053 } health_report { overall_health: UNKNOWN } } }
I20260710 13:22:39.630048 17038 catalog_manager.cc:5697] T 546dc5481aa047beadaf51bea3af7a1f P 238b8a8d499c4369b62c2b009186d7d2 reported cstate change: term changed from 1 to 2, leader changed from 6b9cb31bbecc4f3bb9a32658907c53aa (127.16.36.67) to 238b8a8d499c4369b62c2b009186d7d2 (127.16.36.65). New cstate: current_term: 2 leader_uuid: "238b8a8d499c4369b62c2b009186d7d2" committed_config { opid_index: -1 OBSOLETE_local: false peers { permanent_uuid: "238b8a8d499c4369b62c2b009186d7d2" member_type: VOTER last_known_addr { host: "127.16.36.65" port: 34109 } health_report { overall_health: HEALTHY } } peers { permanent_uuid: "35c307fab793430e9881bf2cea678b2c" member_type: VOTER last_known_addr { host: "127.16.36.66" port: 33781 } health_report { overall_health: UNKNOWN } } peers { permanent_uuid: "6b9cb31bbecc4f3bb9a32658907c53aa" member_type: VOTER last_known_addr { host: "127.16.36.67" port: 44053 } health_report { overall_health: UNKNOWN } } }
I20260710 13:22:39.638438 17358 consensus_queue.cc:1048] T 69c153bf5c92492ea73729acb85a81c6 P 35c307fab793430e9881bf2cea678b2c [LEADER]: Connected to new peer: Peer: permanent_uuid: "238b8a8d499c4369b62c2b009186d7d2" member_type: VOTER last_known_addr { host: "127.16.36.65" port: 34109 }, Status: LMP_MISMATCH, Last received: 0.0, Next index: 1, Last known committed idx: 0, Time since last communication: 0.000s
I20260710 13:22:39.711215 17368 consensus_queue.cc:1048] T 62072d9b20a64312aea57933f687cee6 P 238b8a8d499c4369b62c2b009186d7d2 [LEADER]: Connected to new peer: Peer: permanent_uuid: "6b9cb31bbecc4f3bb9a32658907c53aa" member_type: VOTER last_known_addr { host: "127.16.36.67" port: 44053 }, Status: LMP_MISMATCH, Last received: 0.0, Next index: 1, Last known committed idx: 0, Time since last communication: 0.000s
I20260710 13:22:39.720170 17374 consensus_queue.cc:1048] T 62072d9b20a64312aea57933f687cee6 P 238b8a8d499c4369b62c2b009186d7d2 [LEADER]: Connected to new peer: Peer: permanent_uuid: "35c307fab793430e9881bf2cea678b2c" member_type: VOTER last_known_addr { host: "127.16.36.66" port: 33781 }, Status: LMP_MISMATCH, Last received: 0.0, Next index: 1, Last known committed idx: 0, Time since last communication: 0.000s
I20260710 13:22:39.825707 17358 raft_consensus.cc:993] T 997dd9507d37408dad4a98e2912eec2b P 35c307fab793430e9881bf2cea678b2c: : Instructing follower 238b8a8d499c4369b62c2b009186d7d2 to start an election
I20260710 13:22:39.826093 17338 raft_consensus.cc:1081] T 997dd9507d37408dad4a98e2912eec2b P 35c307fab793430e9881bf2cea678b2c [term 1 LEADER]: Signalling peer 238b8a8d499c4369b62c2b009186d7d2 to start an election
I20260710 13:22:39.827400 17141 tablet_service.cc:2044] Received Run Leader Election RPC: tablet_id: "997dd9507d37408dad4a98e2912eec2b"
dest_uuid: "238b8a8d499c4369b62c2b009186d7d2"
 from {username='slave'} at 127.0.0.1:35776
I20260710 13:22:39.827857 17141 raft_consensus.cc:493] T 997dd9507d37408dad4a98e2912eec2b P 238b8a8d499c4369b62c2b009186d7d2 [term 1 FOLLOWER]: Starting forced leader election (received explicit request)
I20260710 13:22:39.828125 17141 raft_consensus.cc:3060] T 997dd9507d37408dad4a98e2912eec2b P 238b8a8d499c4369b62c2b009186d7d2 [term 1 FOLLOWER]: Advancing to term 2
I20260710 13:22:39.832208 17141 raft_consensus.cc:515] T 997dd9507d37408dad4a98e2912eec2b P 238b8a8d499c4369b62c2b009186d7d2 [term 2 FOLLOWER]: Starting forced leader election with config: opid_index: -1 OBSOLETE_local: false peers { permanent_uuid: "238b8a8d499c4369b62c2b009186d7d2" member_type: VOTER last_known_addr { host: "127.16.36.65" port: 34109 } } peers { permanent_uuid: "35c307fab793430e9881bf2cea678b2c" member_type: VOTER last_known_addr { host: "127.16.36.66" port: 33781 } } peers { permanent_uuid: "6b9cb31bbecc4f3bb9a32658907c53aa" member_type: VOTER last_known_addr { host: "127.16.36.67" port: 44053 } }
I20260710 13:22:39.833683 17141 leader_election.cc:290] T 997dd9507d37408dad4a98e2912eec2b P 238b8a8d499c4369b62c2b009186d7d2 [CANDIDATE]: Term 2 election: Requested vote from peers 35c307fab793430e9881bf2cea678b2c (127.16.36.66:33781), 6b9cb31bbecc4f3bb9a32658907c53aa (127.16.36.67:44053)
I20260710 13:22:39.834409 17218 tablet_service.cc:1917] Received RequestConsensusVote() RPC: tablet_id: "997dd9507d37408dad4a98e2912eec2b" candidate_uuid: "238b8a8d499c4369b62c2b009186d7d2" candidate_term: 2 candidate_status { last_received { term: 1 index: 1 } } ignore_live_leader: true dest_uuid: "35c307fab793430e9881bf2cea678b2c"
I20260710 13:22:39.834612 17289 tablet_service.cc:1917] Received RequestConsensusVote() RPC: tablet_id: "997dd9507d37408dad4a98e2912eec2b" candidate_uuid: "238b8a8d499c4369b62c2b009186d7d2" candidate_term: 2 candidate_status { last_received { term: 1 index: 1 } } ignore_live_leader: true dest_uuid: "6b9cb31bbecc4f3bb9a32658907c53aa"
I20260710 13:22:39.834915 17218 raft_consensus.cc:3055] T 997dd9507d37408dad4a98e2912eec2b P 35c307fab793430e9881bf2cea678b2c [term 1 LEADER]: Stepping down as leader of term 1
I20260710 13:22:39.835070 17289 raft_consensus.cc:3060] T 997dd9507d37408dad4a98e2912eec2b P 6b9cb31bbecc4f3bb9a32658907c53aa [term 1 FOLLOWER]: Advancing to term 2
I20260710 13:22:39.835215 17218 raft_consensus.cc:740] T 997dd9507d37408dad4a98e2912eec2b P 35c307fab793430e9881bf2cea678b2c [term 1 LEADER]: Becoming Follower/Learner. State: Replica: 35c307fab793430e9881bf2cea678b2c, State: Running, Role: LEADER
I20260710 13:22:39.836024 17218 consensus_queue.cc:260] T 997dd9507d37408dad4a98e2912eec2b P 35c307fab793430e9881bf2cea678b2c [NON_LEADER]: Queue going to NON_LEADER mode. State: All replicated index: 0, Majority replicated index: 1, Committed index: 1, Last appended: 1.1, Last appended by leader: 1, Current term: 1, Majority size: -1, State: 0, Mode: NON_LEADER, active raft config: opid_index: -1 OBSOLETE_local: false peers { permanent_uuid: "238b8a8d499c4369b62c2b009186d7d2" member_type: VOTER last_known_addr { host: "127.16.36.65" port: 34109 } } peers { permanent_uuid: "35c307fab793430e9881bf2cea678b2c" member_type: VOTER last_known_addr { host: "127.16.36.66" port: 33781 } } peers { permanent_uuid: "6b9cb31bbecc4f3bb9a32658907c53aa" member_type: VOTER last_known_addr { host: "127.16.36.67" port: 44053 } }
I20260710 13:22:39.837275 17218 raft_consensus.cc:3060] T 997dd9507d37408dad4a98e2912eec2b P 35c307fab793430e9881bf2cea678b2c [term 1 FOLLOWER]: Advancing to term 2
I20260710 13:22:39.840302 17289 raft_consensus.cc:2468] T 997dd9507d37408dad4a98e2912eec2b P 6b9cb31bbecc4f3bb9a32658907c53aa [term 2 FOLLOWER]: Leader election vote request: Granting yes vote for candidate 238b8a8d499c4369b62c2b009186d7d2 in term 2.
I20260710 13:22:39.841272 17106 leader_election.cc:304] T 997dd9507d37408dad4a98e2912eec2b P 238b8a8d499c4369b62c2b009186d7d2 [CANDIDATE]: Term 2 election: Election decided. Result: candidate won. Election summary: received 2 responses out of 3 voters: 2 yes votes; 0 no votes. yes voters: 238b8a8d499c4369b62c2b009186d7d2, 6b9cb31bbecc4f3bb9a32658907c53aa; no voters: 
I20260710 13:22:39.841867 17374 raft_consensus.cc:2804] T 997dd9507d37408dad4a98e2912eec2b P 238b8a8d499c4369b62c2b009186d7d2 [term 2 FOLLOWER]: Leader election won for term 2
I20260710 13:22:39.842252 17374 raft_consensus.cc:697] T 997dd9507d37408dad4a98e2912eec2b P 238b8a8d499c4369b62c2b009186d7d2 [term 2 LEADER]: Becoming Leader. State: Replica: 238b8a8d499c4369b62c2b009186d7d2, State: Running, Role: LEADER
I20260710 13:22:39.842523 17218 raft_consensus.cc:2468] T 997dd9507d37408dad4a98e2912eec2b P 35c307fab793430e9881bf2cea678b2c [term 2 FOLLOWER]: Leader election vote request: Granting yes vote for candidate 238b8a8d499c4369b62c2b009186d7d2 in term 2.
I20260710 13:22:39.842922 17374 consensus_queue.cc:237] T 997dd9507d37408dad4a98e2912eec2b P 238b8a8d499c4369b62c2b009186d7d2 [LEADER]: Queue going to LEADER mode. State: All replicated index: 0, Majority replicated index: 1, Committed index: 1, Last appended: 1.1, Last appended by leader: 1, Current term: 2, Majority size: 2, State: 0, Mode: LEADER, active raft config: opid_index: -1 OBSOLETE_local: false peers { permanent_uuid: "238b8a8d499c4369b62c2b009186d7d2" member_type: VOTER last_known_addr { host: "127.16.36.65" port: 34109 } } peers { permanent_uuid: "35c307fab793430e9881bf2cea678b2c" member_type: VOTER last_known_addr { host: "127.16.36.66" port: 33781 } } peers { permanent_uuid: "6b9cb31bbecc4f3bb9a32658907c53aa" member_type: VOTER last_known_addr { host: "127.16.36.67" port: 44053 } }
I20260710 13:22:39.848658 17040 catalog_manager.cc:5697] T 997dd9507d37408dad4a98e2912eec2b P 238b8a8d499c4369b62c2b009186d7d2 reported cstate change: term changed from 1 to 2, leader changed from 35c307fab793430e9881bf2cea678b2c (127.16.36.66) to 238b8a8d499c4369b62c2b009186d7d2 (127.16.36.65). New cstate: current_term: 2 leader_uuid: "238b8a8d499c4369b62c2b009186d7d2" committed_config { opid_index: -1 OBSOLETE_local: false peers { permanent_uuid: "238b8a8d499c4369b62c2b009186d7d2" member_type: VOTER last_known_addr { host: "127.16.36.65" port: 34109 } health_report { overall_health: HEALTHY } } peers { permanent_uuid: "35c307fab793430e9881bf2cea678b2c" member_type: VOTER last_known_addr { host: "127.16.36.66" port: 33781 } health_report { overall_health: UNKNOWN } } peers { permanent_uuid: "6b9cb31bbecc4f3bb9a32658907c53aa" member_type: VOTER last_known_addr { host: "127.16.36.67" port: 44053 } health_report { overall_health: UNKNOWN } } }
I20260710 13:22:40.023046 17370 raft_consensus.cc:993] T 41a58478fc294649b8f13183cf774aa8 P 238b8a8d499c4369b62c2b009186d7d2: : Instructing follower 35c307fab793430e9881bf2cea678b2c to start an election
I20260710 13:22:40.023440 17374 raft_consensus.cc:1081] T 41a58478fc294649b8f13183cf774aa8 P 238b8a8d499c4369b62c2b009186d7d2 [term 1 LEADER]: Signalling peer 35c307fab793430e9881bf2cea678b2c to start an election
I20260710 13:22:40.024689 17218 tablet_service.cc:2044] Received Run Leader Election RPC: tablet_id: "41a58478fc294649b8f13183cf774aa8"
dest_uuid: "35c307fab793430e9881bf2cea678b2c"
 from {username='slave'} at 127.0.0.1:41268
I20260710 13:22:40.025085 17218 raft_consensus.cc:493] T 41a58478fc294649b8f13183cf774aa8 P 35c307fab793430e9881bf2cea678b2c [term 1 FOLLOWER]: Starting forced leader election (received explicit request)
I20260710 13:22:40.025331 17218 raft_consensus.cc:3060] T 41a58478fc294649b8f13183cf774aa8 P 35c307fab793430e9881bf2cea678b2c [term 1 FOLLOWER]: Advancing to term 2
I20260710 13:22:40.029589 17218 raft_consensus.cc:515] T 41a58478fc294649b8f13183cf774aa8 P 35c307fab793430e9881bf2cea678b2c [term 2 FOLLOWER]: Starting forced leader election with config: opid_index: -1 OBSOLETE_local: false peers { permanent_uuid: "238b8a8d499c4369b62c2b009186d7d2" member_type: VOTER last_known_addr { host: "127.16.36.65" port: 34109 } } peers { permanent_uuid: "35c307fab793430e9881bf2cea678b2c" member_type: VOTER last_known_addr { host: "127.16.36.66" port: 33781 } } peers { permanent_uuid: "6b9cb31bbecc4f3bb9a32658907c53aa" member_type: VOTER last_known_addr { host: "127.16.36.67" port: 44053 } }
I20260710 13:22:40.031140 17218 leader_election.cc:290] T 41a58478fc294649b8f13183cf774aa8 P 35c307fab793430e9881bf2cea678b2c [CANDIDATE]: Term 2 election: Requested vote from peers 238b8a8d499c4369b62c2b009186d7d2 (127.16.36.65:34109), 6b9cb31bbecc4f3bb9a32658907c53aa (127.16.36.67:44053)
I20260710 13:22:40.031790 17141 tablet_service.cc:1917] Received RequestConsensusVote() RPC: tablet_id: "41a58478fc294649b8f13183cf774aa8" candidate_uuid: "35c307fab793430e9881bf2cea678b2c" candidate_term: 2 candidate_status { last_received { term: 1 index: 1 } } ignore_live_leader: true dest_uuid: "238b8a8d499c4369b62c2b009186d7d2"
I20260710 13:22:40.032079 17289 tablet_service.cc:1917] Received RequestConsensusVote() RPC: tablet_id: "41a58478fc294649b8f13183cf774aa8" candidate_uuid: "35c307fab793430e9881bf2cea678b2c" candidate_term: 2 candidate_status { last_received { term: 1 index: 1 } } ignore_live_leader: true dest_uuid: "6b9cb31bbecc4f3bb9a32658907c53aa"
I20260710 13:22:40.032334 17141 raft_consensus.cc:3055] T 41a58478fc294649b8f13183cf774aa8 P 238b8a8d499c4369b62c2b009186d7d2 [term 1 LEADER]: Stepping down as leader of term 1
I20260710 13:22:40.032622 17289 raft_consensus.cc:3060] T 41a58478fc294649b8f13183cf774aa8 P 6b9cb31bbecc4f3bb9a32658907c53aa [term 1 FOLLOWER]: Advancing to term 2
I20260710 13:22:40.032648 17141 raft_consensus.cc:740] T 41a58478fc294649b8f13183cf774aa8 P 238b8a8d499c4369b62c2b009186d7d2 [term 1 LEADER]: Becoming Follower/Learner. State: Replica: 238b8a8d499c4369b62c2b009186d7d2, State: Running, Role: LEADER
I20260710 13:22:40.033531 17141 consensus_queue.cc:260] T 41a58478fc294649b8f13183cf774aa8 P 238b8a8d499c4369b62c2b009186d7d2 [NON_LEADER]: Queue going to NON_LEADER mode. State: All replicated index: 0, Majority replicated index: 1, Committed index: 1, Last appended: 1.1, Last appended by leader: 1, Current term: 1, Majority size: -1, State: 0, Mode: NON_LEADER, active raft config: opid_index: -1 OBSOLETE_local: false peers { permanent_uuid: "238b8a8d499c4369b62c2b009186d7d2" member_type: VOTER last_known_addr { host: "127.16.36.65" port: 34109 } } peers { permanent_uuid: "35c307fab793430e9881bf2cea678b2c" member_type: VOTER last_known_addr { host: "127.16.36.66" port: 33781 } } peers { permanent_uuid: "6b9cb31bbecc4f3bb9a32658907c53aa" member_type: VOTER last_known_addr { host: "127.16.36.67" port: 44053 } }
I20260710 13:22:40.034494 17141 raft_consensus.cc:3060] T 41a58478fc294649b8f13183cf774aa8 P 238b8a8d499c4369b62c2b009186d7d2 [term 1 FOLLOWER]: Advancing to term 2
I20260710 13:22:40.037075 17289 raft_consensus.cc:2468] T 41a58478fc294649b8f13183cf774aa8 P 6b9cb31bbecc4f3bb9a32658907c53aa [term 2 FOLLOWER]: Leader election vote request: Granting yes vote for candidate 35c307fab793430e9881bf2cea678b2c in term 2.
I20260710 13:22:40.037884 17181 leader_election.cc:304] T 41a58478fc294649b8f13183cf774aa8 P 35c307fab793430e9881bf2cea678b2c [CANDIDATE]: Term 2 election: Election decided. Result: candidate won. Election summary: received 2 responses out of 3 voters: 2 yes votes; 0 no votes. yes voters: 35c307fab793430e9881bf2cea678b2c, 6b9cb31bbecc4f3bb9a32658907c53aa; no voters: 
I20260710 13:22:40.038493 17338 raft_consensus.cc:2804] T 41a58478fc294649b8f13183cf774aa8 P 35c307fab793430e9881bf2cea678b2c [term 2 FOLLOWER]: Leader election won for term 2
I20260710 13:22:40.038789 17141 raft_consensus.cc:2468] T 41a58478fc294649b8f13183cf774aa8 P 238b8a8d499c4369b62c2b009186d7d2 [term 2 FOLLOWER]: Leader election vote request: Granting yes vote for candidate 35c307fab793430e9881bf2cea678b2c in term 2.
I20260710 13:22:40.038841 17338 raft_consensus.cc:697] T 41a58478fc294649b8f13183cf774aa8 P 35c307fab793430e9881bf2cea678b2c [term 2 LEADER]: Becoming Leader. State: Replica: 35c307fab793430e9881bf2cea678b2c, State: Running, Role: LEADER
I20260710 13:22:40.039762 17338 consensus_queue.cc:237] T 41a58478fc294649b8f13183cf774aa8 P 35c307fab793430e9881bf2cea678b2c [LEADER]: Queue going to LEADER mode. State: All replicated index: 0, Majority replicated index: 1, Committed index: 1, Last appended: 1.1, Last appended by leader: 1, Current term: 2, Majority size: 2, State: 0, Mode: LEADER, active raft config: opid_index: -1 OBSOLETE_local: false peers { permanent_uuid: "238b8a8d499c4369b62c2b009186d7d2" member_type: VOTER last_known_addr { host: "127.16.36.65" port: 34109 } } peers { permanent_uuid: "35c307fab793430e9881bf2cea678b2c" member_type: VOTER last_known_addr { host: "127.16.36.66" port: 33781 } } peers { permanent_uuid: "6b9cb31bbecc4f3bb9a32658907c53aa" member_type: VOTER last_known_addr { host: "127.16.36.67" port: 44053 } }
I20260710 13:22:40.045483 17141 raft_consensus.cc:1275] T af17a6e65a6c42bb9b696ec56c38b9f6 P 238b8a8d499c4369b62c2b009186d7d2 [term 2 FOLLOWER]: Refusing update from remote peer 35c307fab793430e9881bf2cea678b2c: Log matching property violated. Preceding OpId in replica: term: 1 index: 1. Preceding OpId from leader: term: 2 index: 2. (index mismatch)
I20260710 13:22:40.045293 17041 catalog_manager.cc:5697] T 41a58478fc294649b8f13183cf774aa8 P 35c307fab793430e9881bf2cea678b2c reported cstate change: term changed from 1 to 2, leader changed from 238b8a8d499c4369b62c2b009186d7d2 (127.16.36.65) to 35c307fab793430e9881bf2cea678b2c (127.16.36.66). New cstate: current_term: 2 leader_uuid: "35c307fab793430e9881bf2cea678b2c" committed_config { opid_index: -1 OBSOLETE_local: false peers { permanent_uuid: "238b8a8d499c4369b62c2b009186d7d2" member_type: VOTER last_known_addr { host: "127.16.36.65" port: 34109 } health_report { overall_health: UNKNOWN } } peers { permanent_uuid: "35c307fab793430e9881bf2cea678b2c" member_type: VOTER last_known_addr { host: "127.16.36.66" port: 33781 } health_report { overall_health: HEALTHY } } peers { permanent_uuid: "6b9cb31bbecc4f3bb9a32658907c53aa" member_type: VOTER last_known_addr { host: "127.16.36.67" port: 44053 } health_report { overall_health: UNKNOWN } } }
I20260710 13:22:40.046563 17338 consensus_queue.cc:1048] T af17a6e65a6c42bb9b696ec56c38b9f6 P 35c307fab793430e9881bf2cea678b2c [LEADER]: Connected to new peer: Peer: permanent_uuid: "238b8a8d499c4369b62c2b009186d7d2" member_type: VOTER last_known_addr { host: "127.16.36.65" port: 34109 }, Status: LMP_MISMATCH, Last received: 0.0, Next index: 2, Last known committed idx: 1, Time since last communication: 0.000s
I20260710 13:22:40.054304 17289 raft_consensus.cc:1275] T af17a6e65a6c42bb9b696ec56c38b9f6 P 6b9cb31bbecc4f3bb9a32658907c53aa [term 2 FOLLOWER]: Refusing update from remote peer 35c307fab793430e9881bf2cea678b2c: Log matching property violated. Preceding OpId in replica: term: 1 index: 1. Preceding OpId from leader: term: 2 index: 2. (index mismatch)
I20260710 13:22:40.055616 17358 consensus_queue.cc:1048] T af17a6e65a6c42bb9b696ec56c38b9f6 P 35c307fab793430e9881bf2cea678b2c [LEADER]: Connected to new peer: Peer: permanent_uuid: "6b9cb31bbecc4f3bb9a32658907c53aa" member_type: VOTER last_known_addr { host: "127.16.36.67" port: 44053 }, Status: LMP_MISMATCH, Last received: 0.0, Next index: 2, Last known committed idx: 1, Time since last communication: 0.000s
I20260710 13:22:40.079916 17374 raft_consensus.cc:993] T c5334d54aeab4440871ff6b7acba8c73 P 238b8a8d499c4369b62c2b009186d7d2: : Instructing follower 35c307fab793430e9881bf2cea678b2c to start an election
I20260710 13:22:40.080265 17370 raft_consensus.cc:1081] T c5334d54aeab4440871ff6b7acba8c73 P 238b8a8d499c4369b62c2b009186d7d2 [term 1 LEADER]: Signalling peer 35c307fab793430e9881bf2cea678b2c to start an election
I20260710 13:22:40.081782 17218 tablet_service.cc:2044] Received Run Leader Election RPC: tablet_id: "c5334d54aeab4440871ff6b7acba8c73"
dest_uuid: "35c307fab793430e9881bf2cea678b2c"
 from {username='slave'} at 127.0.0.1:41268
I20260710 13:22:40.082247 17218 raft_consensus.cc:493] T c5334d54aeab4440871ff6b7acba8c73 P 35c307fab793430e9881bf2cea678b2c [term 1 FOLLOWER]: Starting forced leader election (received explicit request)
I20260710 13:22:40.082561 17218 raft_consensus.cc:3060] T c5334d54aeab4440871ff6b7acba8c73 P 35c307fab793430e9881bf2cea678b2c [term 1 FOLLOWER]: Advancing to term 2
I20260710 13:22:40.084276 17289 raft_consensus.cc:1275] T 546dc5481aa047beadaf51bea3af7a1f P 6b9cb31bbecc4f3bb9a32658907c53aa [term 2 FOLLOWER]: Refusing update from remote peer 238b8a8d499c4369b62c2b009186d7d2: Log matching property violated. Preceding OpId in replica: term: 1 index: 1. Preceding OpId from leader: term: 2 index: 2. (index mismatch)
I20260710 13:22:40.085552 17374 consensus_queue.cc:1048] T 546dc5481aa047beadaf51bea3af7a1f P 238b8a8d499c4369b62c2b009186d7d2 [LEADER]: Connected to new peer: Peer: permanent_uuid: "6b9cb31bbecc4f3bb9a32658907c53aa" member_type: VOTER last_known_addr { host: "127.16.36.67" port: 44053 }, Status: LMP_MISMATCH, Last received: 0.0, Next index: 2, Last known committed idx: 1, Time since last communication: 0.000s
I20260710 13:22:40.088551 17218 raft_consensus.cc:515] T c5334d54aeab4440871ff6b7acba8c73 P 35c307fab793430e9881bf2cea678b2c [term 2 FOLLOWER]: Starting forced leader election with config: opid_index: -1 OBSOLETE_local: false peers { permanent_uuid: "238b8a8d499c4369b62c2b009186d7d2" member_type: VOTER last_known_addr { host: "127.16.36.65" port: 34109 } } peers { permanent_uuid: "35c307fab793430e9881bf2cea678b2c" member_type: VOTER last_known_addr { host: "127.16.36.66" port: 33781 } } peers { permanent_uuid: "6b9cb31bbecc4f3bb9a32658907c53aa" member_type: VOTER last_known_addr { host: "127.16.36.67" port: 44053 } }
I20260710 13:22:40.091233 17141 tablet_service.cc:1917] Received RequestConsensusVote() RPC: tablet_id: "c5334d54aeab4440871ff6b7acba8c73" candidate_uuid: "35c307fab793430e9881bf2cea678b2c" candidate_term: 2 candidate_status { last_received { term: 1 index: 1 } } ignore_live_leader: true dest_uuid: "238b8a8d499c4369b62c2b009186d7d2"
I20260710 13:22:40.091748 17141 raft_consensus.cc:3055] T c5334d54aeab4440871ff6b7acba8c73 P 238b8a8d499c4369b62c2b009186d7d2 [term 1 LEADER]: Stepping down as leader of term 1
I20260710 13:22:40.093159 17217 raft_consensus.cc:1275] T 546dc5481aa047beadaf51bea3af7a1f P 35c307fab793430e9881bf2cea678b2c [term 2 FOLLOWER]: Refusing update from remote peer 238b8a8d499c4369b62c2b009186d7d2: Log matching property violated. Preceding OpId in replica: term: 1 index: 1. Preceding OpId from leader: term: 2 index: 2. (index mismatch)
I20260710 13:22:40.092022 17141 raft_consensus.cc:740] T c5334d54aeab4440871ff6b7acba8c73 P 238b8a8d499c4369b62c2b009186d7d2 [term 1 LEADER]: Becoming Follower/Learner. State: Replica: 238b8a8d499c4369b62c2b009186d7d2, State: Running, Role: LEADER
I20260710 13:22:40.094496 17420 consensus_queue.cc:1048] T 546dc5481aa047beadaf51bea3af7a1f P 238b8a8d499c4369b62c2b009186d7d2 [LEADER]: Connected to new peer: Peer: permanent_uuid: "35c307fab793430e9881bf2cea678b2c" member_type: VOTER last_known_addr { host: "127.16.36.66" port: 33781 }, Status: LMP_MISMATCH, Last received: 0.0, Next index: 2, Last known committed idx: 1, Time since last communication: 0.000s
I20260710 13:22:40.094405 17141 consensus_queue.cc:260] T c5334d54aeab4440871ff6b7acba8c73 P 238b8a8d499c4369b62c2b009186d7d2 [NON_LEADER]: Queue going to NON_LEADER mode. State: All replicated index: 0, Majority replicated index: 1, Committed index: 1, Last appended: 1.1, Last appended by leader: 1, Current term: 1, Majority size: -1, State: 0, Mode: NON_LEADER, active raft config: opid_index: -1 OBSOLETE_local: false peers { permanent_uuid: "238b8a8d499c4369b62c2b009186d7d2" member_type: VOTER last_known_addr { host: "127.16.36.65" port: 34109 } } peers { permanent_uuid: "35c307fab793430e9881bf2cea678b2c" member_type: VOTER last_known_addr { host: "127.16.36.66" port: 33781 } } peers { permanent_uuid: "6b9cb31bbecc4f3bb9a32658907c53aa" member_type: VOTER last_known_addr { host: "127.16.36.67" port: 44053 } }
I20260710 13:22:40.095429 17141 raft_consensus.cc:3060] T c5334d54aeab4440871ff6b7acba8c73 P 238b8a8d499c4369b62c2b009186d7d2 [term 1 FOLLOWER]: Advancing to term 2
I20260710 13:22:40.102563 17141 raft_consensus.cc:2468] T c5334d54aeab4440871ff6b7acba8c73 P 238b8a8d499c4369b62c2b009186d7d2 [term 2 FOLLOWER]: Leader election vote request: Granting yes vote for candidate 35c307fab793430e9881bf2cea678b2c in term 2.
I20260710 13:22:40.103636 17183 leader_election.cc:304] T c5334d54aeab4440871ff6b7acba8c73 P 35c307fab793430e9881bf2cea678b2c [CANDIDATE]: Term 2 election: Election decided. Result: candidate won. Election summary: received 2 responses out of 3 voters: 2 yes votes; 0 no votes. yes voters: 238b8a8d499c4369b62c2b009186d7d2, 35c307fab793430e9881bf2cea678b2c; no voters: 
I20260710 13:22:40.103916 17218 leader_election.cc:290] T c5334d54aeab4440871ff6b7acba8c73 P 35c307fab793430e9881bf2cea678b2c [CANDIDATE]: Term 2 election: Requested vote from peers 238b8a8d499c4369b62c2b009186d7d2 (127.16.36.65:34109), 6b9cb31bbecc4f3bb9a32658907c53aa (127.16.36.67:44053)
I20260710 13:22:40.104380 17358 raft_consensus.cc:2804] T c5334d54aeab4440871ff6b7acba8c73 P 35c307fab793430e9881bf2cea678b2c [term 2 FOLLOWER]: Leader election won for term 2
I20260710 13:22:40.104825 17358 raft_consensus.cc:697] T c5334d54aeab4440871ff6b7acba8c73 P 35c307fab793430e9881bf2cea678b2c [term 2 LEADER]: Becoming Leader. State: Replica: 35c307fab793430e9881bf2cea678b2c, State: Running, Role: LEADER
I20260710 13:22:40.104879 17289 tablet_service.cc:1917] Received RequestConsensusVote() RPC: tablet_id: "c5334d54aeab4440871ff6b7acba8c73" candidate_uuid: "35c307fab793430e9881bf2cea678b2c" candidate_term: 2 candidate_status { last_received { term: 1 index: 1 } } ignore_live_leader: true dest_uuid: "6b9cb31bbecc4f3bb9a32658907c53aa"
I20260710 13:22:40.105640 17358 consensus_queue.cc:237] T c5334d54aeab4440871ff6b7acba8c73 P 35c307fab793430e9881bf2cea678b2c [LEADER]: Queue going to LEADER mode. State: All replicated index: 0, Majority replicated index: 1, Committed index: 1, Last appended: 1.1, Last appended by leader: 1, Current term: 2, Majority size: 2, State: 0, Mode: LEADER, active raft config: opid_index: -1 OBSOLETE_local: false peers { permanent_uuid: "238b8a8d499c4369b62c2b009186d7d2" member_type: VOTER last_known_addr { host: "127.16.36.65" port: 34109 } } peers { permanent_uuid: "35c307fab793430e9881bf2cea678b2c" member_type: VOTER last_known_addr { host: "127.16.36.66" port: 33781 } } peers { permanent_uuid: "6b9cb31bbecc4f3bb9a32658907c53aa" member_type: VOTER last_known_addr { host: "127.16.36.67" port: 44053 } }
I20260710 13:22:40.106901 17289 raft_consensus.cc:3060] T c5334d54aeab4440871ff6b7acba8c73 P 6b9cb31bbecc4f3bb9a32658907c53aa [term 1 FOLLOWER]: Advancing to term 2
I20260710 13:22:40.112257 17289 raft_consensus.cc:2468] T c5334d54aeab4440871ff6b7acba8c73 P 6b9cb31bbecc4f3bb9a32658907c53aa [term 2 FOLLOWER]: Leader election vote request: Granting yes vote for candidate 35c307fab793430e9881bf2cea678b2c in term 2.
I20260710 13:22:40.113497 17040 catalog_manager.cc:5697] T c5334d54aeab4440871ff6b7acba8c73 P 35c307fab793430e9881bf2cea678b2c reported cstate change: term changed from 1 to 2, leader changed from 238b8a8d499c4369b62c2b009186d7d2 (127.16.36.65) to 35c307fab793430e9881bf2cea678b2c (127.16.36.66). New cstate: current_term: 2 leader_uuid: "35c307fab793430e9881bf2cea678b2c" committed_config { opid_index: -1 OBSOLETE_local: false peers { permanent_uuid: "238b8a8d499c4369b62c2b009186d7d2" member_type: VOTER last_known_addr { host: "127.16.36.65" port: 34109 } health_report { overall_health: UNKNOWN } } peers { permanent_uuid: "35c307fab793430e9881bf2cea678b2c" member_type: VOTER last_known_addr { host: "127.16.36.66" port: 33781 } health_report { overall_health: HEALTHY } } peers { permanent_uuid: "6b9cb31bbecc4f3bb9a32658907c53aa" member_type: VOTER last_known_addr { host: "127.16.36.67" port: 44053 } health_report { overall_health: UNKNOWN } } }
I20260710 13:22:40.120564 17218 raft_consensus.cc:1275] T a6f78cb237b34a43a1a8ff8c8a5b36b5 P 35c307fab793430e9881bf2cea678b2c [term 2 FOLLOWER]: Refusing update from remote peer 238b8a8d499c4369b62c2b009186d7d2: Log matching property violated. Preceding OpId in replica: term: 1 index: 1. Preceding OpId from leader: term: 2 index: 2. (index mismatch)
I20260710 13:22:40.121501 17370 consensus_queue.cc:1048] T a6f78cb237b34a43a1a8ff8c8a5b36b5 P 238b8a8d499c4369b62c2b009186d7d2 [LEADER]: Connected to new peer: Peer: permanent_uuid: "35c307fab793430e9881bf2cea678b2c" member_type: VOTER last_known_addr { host: "127.16.36.66" port: 33781 }, Status: LMP_MISMATCH, Last received: 0.0, Next index: 2, Last known committed idx: 1, Time since last communication: 0.000s
I20260710 13:22:40.128050 17289 raft_consensus.cc:1275] T a6f78cb237b34a43a1a8ff8c8a5b36b5 P 6b9cb31bbecc4f3bb9a32658907c53aa [term 2 FOLLOWER]: Refusing update from remote peer 238b8a8d499c4369b62c2b009186d7d2: Log matching property violated. Preceding OpId in replica: term: 1 index: 1. Preceding OpId from leader: term: 2 index: 2. (index mismatch)
I20260710 13:22:40.129230 17368 consensus_queue.cc:1048] T a6f78cb237b34a43a1a8ff8c8a5b36b5 P 238b8a8d499c4369b62c2b009186d7d2 [LEADER]: Connected to new peer: Peer: permanent_uuid: "6b9cb31bbecc4f3bb9a32658907c53aa" member_type: VOTER last_known_addr { host: "127.16.36.67" port: 44053 }, Status: LMP_MISMATCH, Last received: 0.0, Next index: 2, Last known committed idx: 1, Time since last communication: 0.000s
I20260710 13:22:40.403190 17218 raft_consensus.cc:1275] T 997dd9507d37408dad4a98e2912eec2b P 35c307fab793430e9881bf2cea678b2c [term 2 FOLLOWER]: Refusing update from remote peer 238b8a8d499c4369b62c2b009186d7d2: Log matching property violated. Preceding OpId in replica: term: 1 index: 1. Preceding OpId from leader: term: 2 index: 2. (index mismatch)
I20260710 13:22:40.404294 17374 consensus_queue.cc:1048] T 997dd9507d37408dad4a98e2912eec2b P 238b8a8d499c4369b62c2b009186d7d2 [LEADER]: Connected to new peer: Peer: permanent_uuid: "35c307fab793430e9881bf2cea678b2c" member_type: VOTER last_known_addr { host: "127.16.36.66" port: 33781 }, Status: LMP_MISMATCH, Last received: 0.0, Next index: 2, Last known committed idx: 1, Time since last communication: 0.000s
I20260710 13:22:40.411646 17289 raft_consensus.cc:1275] T 997dd9507d37408dad4a98e2912eec2b P 6b9cb31bbecc4f3bb9a32658907c53aa [term 2 FOLLOWER]: Refusing update from remote peer 238b8a8d499c4369b62c2b009186d7d2: Log matching property violated. Preceding OpId in replica: term: 1 index: 1. Preceding OpId from leader: term: 2 index: 2. (index mismatch)
I20260710 13:22:40.413017 17370 consensus_queue.cc:1048] T 997dd9507d37408dad4a98e2912eec2b P 238b8a8d499c4369b62c2b009186d7d2 [LEADER]: Connected to new peer: Peer: permanent_uuid: "6b9cb31bbecc4f3bb9a32658907c53aa" member_type: VOTER last_known_addr { host: "127.16.36.67" port: 44053 }, Status: LMP_MISMATCH, Last received: 0.0, Next index: 2, Last known committed idx: 1, Time since last communication: 0.000s
I20260710 13:22:40.559460 17141 raft_consensus.cc:1275] T c5334d54aeab4440871ff6b7acba8c73 P 238b8a8d499c4369b62c2b009186d7d2 [term 2 FOLLOWER]: Refusing update from remote peer 35c307fab793430e9881bf2cea678b2c: Log matching property violated. Preceding OpId in replica: term: 1 index: 1. Preceding OpId from leader: term: 2 index: 2. (index mismatch)
I20260710 13:22:40.560652 17338 consensus_queue.cc:1048] T c5334d54aeab4440871ff6b7acba8c73 P 35c307fab793430e9881bf2cea678b2c [LEADER]: Connected to new peer: Peer: permanent_uuid: "238b8a8d499c4369b62c2b009186d7d2" member_type: VOTER last_known_addr { host: "127.16.36.65" port: 34109 }, Status: LMP_MISMATCH, Last received: 0.0, Next index: 2, Last known committed idx: 1, Time since last communication: 0.000s
I20260710 13:22:40.568878 17289 raft_consensus.cc:1275] T c5334d54aeab4440871ff6b7acba8c73 P 6b9cb31bbecc4f3bb9a32658907c53aa [term 2 FOLLOWER]: Refusing update from remote peer 35c307fab793430e9881bf2cea678b2c: Log matching property violated. Preceding OpId in replica: term: 1 index: 1. Preceding OpId from leader: term: 2 index: 2. (index mismatch)
I20260710 13:22:40.570254 17338 consensus_queue.cc:1048] T c5334d54aeab4440871ff6b7acba8c73 P 35c307fab793430e9881bf2cea678b2c [LEADER]: Connected to new peer: Peer: permanent_uuid: "6b9cb31bbecc4f3bb9a32658907c53aa" member_type: VOTER last_known_addr { host: "127.16.36.67" port: 44053 }, Status: LMP_MISMATCH, Last received: 0.0, Next index: 2, Last known committed idx: 1, Time since last communication: 0.000s
I20260710 13:22:40.573503 17141 raft_consensus.cc:1275] T 41a58478fc294649b8f13183cf774aa8 P 238b8a8d499c4369b62c2b009186d7d2 [term 2 FOLLOWER]: Refusing update from remote peer 35c307fab793430e9881bf2cea678b2c: Log matching property violated. Preceding OpId in replica: term: 1 index: 1. Preceding OpId from leader: term: 2 index: 2. (index mismatch)
I20260710 13:22:40.574596 17338 consensus_queue.cc:1048] T 41a58478fc294649b8f13183cf774aa8 P 35c307fab793430e9881bf2cea678b2c [LEADER]: Connected to new peer: Peer: permanent_uuid: "238b8a8d499c4369b62c2b009186d7d2" member_type: VOTER last_known_addr { host: "127.16.36.65" port: 34109 }, Status: LMP_MISMATCH, Last received: 0.0, Next index: 2, Last known committed idx: 1, Time since last communication: 0.000s
I20260710 13:22:40.586508 17289 raft_consensus.cc:1275] T 41a58478fc294649b8f13183cf774aa8 P 6b9cb31bbecc4f3bb9a32658907c53aa [term 2 FOLLOWER]: Refusing update from remote peer 35c307fab793430e9881bf2cea678b2c: Log matching property violated. Preceding OpId in replica: term: 1 index: 1. Preceding OpId from leader: term: 2 index: 2. (index mismatch)
I20260710 13:22:40.588232 17426 consensus_queue.cc:1048] T 41a58478fc294649b8f13183cf774aa8 P 35c307fab793430e9881bf2cea678b2c [LEADER]: Connected to new peer: Peer: permanent_uuid: "6b9cb31bbecc4f3bb9a32658907c53aa" member_type: VOTER last_known_addr { host: "127.16.36.67" port: 44053 }, Status: LMP_MISMATCH, Last received: 0.0, Next index: 2, Last known committed idx: 1, Time since last communication: 0.000s
I20260710 13:22:42.607429 16529 auto_leader_rebalancer-test.cc:348] The leader distribution is 
I20260710 13:22:42.608255 16529 auto_leader_rebalancer.cc:141] leader rebalance for table test-workload
I20260710 13:22:42.621544 17141 tablet_service.cc:2072] Received LeaderStepDown RPC: tablet_id: "546dc5481aa047beadaf51bea3af7a1f"
dest_uuid: "238b8a8d499c4369b62c2b009186d7d2"
mode: GRACEFUL
new_leader_uuid: "6b9cb31bbecc4f3bb9a32658907c53aa"
 from {username='slave'} at 127.0.0.1:35800
I20260710 13:22:42.621981 17141 raft_consensus.cc:606] T 546dc5481aa047beadaf51bea3af7a1f P 238b8a8d499c4369b62c2b009186d7d2 [term 2 LEADER]: Received request to transfer leadership to TS 6b9cb31bbecc4f3bb9a32658907c53aa
I20260710 13:22:42.623884 17141 tablet_service.cc:2072] Received LeaderStepDown RPC: tablet_id: "62072d9b20a64312aea57933f687cee6"
dest_uuid: "238b8a8d499c4369b62c2b009186d7d2"
mode: GRACEFUL
new_leader_uuid: "6b9cb31bbecc4f3bb9a32658907c53aa"
 from {username='slave'} at 127.0.0.1:35800
I20260710 13:22:42.624279 17141 raft_consensus.cc:606] T 62072d9b20a64312aea57933f687cee6 P 238b8a8d499c4369b62c2b009186d7d2 [term 1 LEADER]: Received request to transfer leadership to TS 6b9cb31bbecc4f3bb9a32658907c53aa
I20260710 13:22:42.625104 16529 auto_leader_rebalancer.cc:479] table: test-workload, leader rebalance finish, leader transfer count: 2
I20260710 13:22:42.625485 16529 auto_leader_rebalancer.cc:554] All tables' leader rebalancing finished this round
I20260710 13:22:42.894297 17374 raft_consensus.cc:993] T 62072d9b20a64312aea57933f687cee6 P 238b8a8d499c4369b62c2b009186d7d2: : Instructing follower 6b9cb31bbecc4f3bb9a32658907c53aa to start an election
I20260710 13:22:42.894711 17429 raft_consensus.cc:1081] T 62072d9b20a64312aea57933f687cee6 P 238b8a8d499c4369b62c2b009186d7d2 [term 1 LEADER]: Signalling peer 6b9cb31bbecc4f3bb9a32658907c53aa to start an election
