I20260710 13:23:05.443396 18478 consensus_queue.cc:1048] T 27bc7faa44fa41f7a8f9de4a78362716 P b15c3294d9294966bce6207dbde6c5f8 [LEADER]: Connected to new peer: Peer: permanent_uuid: "836f0ef350784283a77fe440220710c8" member_type: VOTER last_known_addr { host: "127.16.62.129" port: 44819 } attrs { replace: true }, Status: LMP_MISMATCH, Last received: 0.0, Next index: 3, Last known committed idx: 2, Time since last communication: 0.000s
I20260710 13:23:05.444322 18483 consensus_queue.cc:1048] T 27bc7faa44fa41f7a8f9de4a78362716 P b15c3294d9294966bce6207dbde6c5f8 [LEADER]: Connected to new peer: Peer: permanent_uuid: "d5143b3be1394abba9aefbe86397ca89" member_type: VOTER last_known_addr { host: "127.16.62.130" port: 42595 }, Status: LMP_MISMATCH, Last received: 0.0, Next index: 3, Last known committed idx: 2, Time since last communication: 0.000s
I20260710 13:23:05.459877 18496 raft_consensus.cc:2955] T 27bc7faa44fa41f7a8f9de4a78362716 P b15c3294d9294966bce6207dbde6c5f8 [term 1 LEADER]: Committing config change with OpId 1.3: config changed from index 2 to 3, 090a0fda960e41d499242975fbb6a1fc (127.16.62.132) changed from NON_VOTER to VOTER. New config: { opid_index: 3 OBSOLETE_local: false peers { permanent_uuid: "836f0ef350784283a77fe440220710c8" member_type: VOTER last_known_addr { host: "127.16.62.129" port: 44819 } attrs { replace: true } } peers { permanent_uuid: "d5143b3be1394abba9aefbe86397ca89" member_type: VOTER last_known_addr { host: "127.16.62.130" port: 42595 } } peers { permanent_uuid: "b15c3294d9294966bce6207dbde6c5f8" member_type: VOTER last_known_addr { host: "127.16.62.131" port: 39589 } } peers { permanent_uuid: "090a0fda960e41d499242975fbb6a1fc" member_type: VOTER last_known_addr { host: "127.16.62.132" port: 39555 } attrs { promote: false } } }
I20260710 13:23:05.461706 18162 raft_consensus.cc:2955] T 27bc7faa44fa41f7a8f9de4a78362716 P 090a0fda960e41d499242975fbb6a1fc [term 1 FOLLOWER]: Committing config change with OpId 1.3: config changed from index 2 to 3, 090a0fda960e41d499242975fbb6a1fc (127.16.62.132) changed from NON_VOTER to VOTER. New config: { opid_index: 3 OBSOLETE_local: false peers { permanent_uuid: "836f0ef350784283a77fe440220710c8" member_type: VOTER last_known_addr { host: "127.16.62.129" port: 44819 } attrs { replace: true } } peers { permanent_uuid: "d5143b3be1394abba9aefbe86397ca89" member_type: VOTER last_known_addr { host: "127.16.62.130" port: 42595 } } peers { permanent_uuid: "b15c3294d9294966bce6207dbde6c5f8" member_type: VOTER last_known_addr { host: "127.16.62.131" port: 39589 } } peers { permanent_uuid: "090a0fda960e41d499242975fbb6a1fc" member_type: VOTER last_known_addr { host: "127.16.62.132" port: 39555 } attrs { promote: false } } }
I20260710 13:23:05.465431 17740 raft_consensus.cc:2955] T 27bc7faa44fa41f7a8f9de4a78362716 P 836f0ef350784283a77fe440220710c8 [term 1 FOLLOWER]: Committing config change with OpId 1.3: config changed from index 2 to 3, 090a0fda960e41d499242975fbb6a1fc (127.16.62.132) changed from NON_VOTER to VOTER. New config: { opid_index: 3 OBSOLETE_local: false peers { permanent_uuid: "836f0ef350784283a77fe440220710c8" member_type: VOTER last_known_addr { host: "127.16.62.129" port: 44819 } attrs { replace: true } } peers { permanent_uuid: "d5143b3be1394abba9aefbe86397ca89" member_type: VOTER last_known_addr { host: "127.16.62.130" port: 42595 } } peers { permanent_uuid: "b15c3294d9294966bce6207dbde6c5f8" member_type: VOTER last_known_addr { host: "127.16.62.131" port: 39589 } } peers { permanent_uuid: "090a0fda960e41d499242975fbb6a1fc" member_type: VOTER last_known_addr { host: "127.16.62.132" port: 39555 } attrs { promote: false } } }
I20260710 13:23:05.476312 17634 catalog_manager.cc:5697] T 27bc7faa44fa41f7a8f9de4a78362716 P 090a0fda960e41d499242975fbb6a1fc reported cstate change: config changed from index 2 to 3, 090a0fda960e41d499242975fbb6a1fc (127.16.62.132) changed from NON_VOTER to VOTER. New cstate: current_term: 1 leader_uuid: "b15c3294d9294966bce6207dbde6c5f8" committed_config { opid_index: 3 OBSOLETE_local: false peers { permanent_uuid: "836f0ef350784283a77fe440220710c8" member_type: VOTER last_known_addr { host: "127.16.62.129" port: 44819 } attrs { replace: true } } peers { permanent_uuid: "d5143b3be1394abba9aefbe86397ca89" member_type: VOTER last_known_addr { host: "127.16.62.130" port: 42595 } } peers { permanent_uuid: "b15c3294d9294966bce6207dbde6c5f8" member_type: VOTER last_known_addr { host: "127.16.62.131" port: 39589 } } peers { permanent_uuid: "090a0fda960e41d499242975fbb6a1fc" member_type: VOTER last_known_addr { host: "127.16.62.132" port: 39555 } attrs { promote: false } } }
I20260710 13:23:05.483162 17813 raft_consensus.cc:2955] T 27bc7faa44fa41f7a8f9de4a78362716 P d5143b3be1394abba9aefbe86397ca89 [term 1 FOLLOWER]: Committing config change with OpId 1.3: config changed from index 2 to 3, 090a0fda960e41d499242975fbb6a1fc (127.16.62.132) changed from NON_VOTER to VOTER. New config: { opid_index: 3 OBSOLETE_local: false peers { permanent_uuid: "836f0ef350784283a77fe440220710c8" member_type: VOTER last_known_addr { host: "127.16.62.129" port: 44819 } attrs { replace: true } } peers { permanent_uuid: "d5143b3be1394abba9aefbe86397ca89" member_type: VOTER last_known_addr { host: "127.16.62.130" port: 42595 } } peers { permanent_uuid: "b15c3294d9294966bce6207dbde6c5f8" member_type: VOTER last_known_addr { host: "127.16.62.131" port: 39589 } } peers { permanent_uuid: "090a0fda960e41d499242975fbb6a1fc" member_type: VOTER last_known_addr { host: "127.16.62.132" port: 39555 } attrs { promote: false } } }
W20260710 13:23:05.495141 18478 consensus_queue.cc:1175] T 27bc7faa44fa41f7a8f9de4a78362716 P b15c3294d9294966bce6207dbde6c5f8 [LEADER]: Queue is closed or peer was untracked, disregarding peer response. Response: responder_uuid: "d5143b3be1394abba9aefbe86397ca89" responder_term: 1 status { last_received { term: 1 index: 3 } last_committed_idx: 3 last_received_current_leader { term: 1 index: 3 } }
I20260710 13:23:05.496311 17885 consensus_queue.cc:237] T 27bc7faa44fa41f7a8f9de4a78362716 P b15c3294d9294966bce6207dbde6c5f8 [LEADER]: Queue going to LEADER mode. State: All replicated index: 0, Majority replicated index: 3, Committed index: 3, Last appended: 1.3, Last appended by leader: 0, Current term: 1, Majority size: 2, State: 0, Mode: LEADER, active raft config: opid_index: 4 OBSOLETE_local: false peers { permanent_uuid: "d5143b3be1394abba9aefbe86397ca89" member_type: VOTER last_known_addr { host: "127.16.62.130" port: 42595 } } peers { permanent_uuid: "b15c3294d9294966bce6207dbde6c5f8" member_type: VOTER last_known_addr { host: "127.16.62.131" port: 39589 } } peers { permanent_uuid: "090a0fda960e41d499242975fbb6a1fc" member_type: VOTER last_known_addr { host: "127.16.62.132" port: 39555 } attrs { promote: false } }
I20260710 13:23:05.501277 17813 raft_consensus.cc:1275] T 27bc7faa44fa41f7a8f9de4a78362716 P d5143b3be1394abba9aefbe86397ca89 [term 1 FOLLOWER]: Refusing update from remote peer b15c3294d9294966bce6207dbde6c5f8: Log matching property violated. Preceding OpId in replica: term: 1 index: 3. Preceding OpId from leader: term: 1 index: 4. (index mismatch)
I20260710 13:23:05.501278 18161 raft_consensus.cc:1275] T 27bc7faa44fa41f7a8f9de4a78362716 P 090a0fda960e41d499242975fbb6a1fc [term 1 FOLLOWER]: Refusing update from remote peer b15c3294d9294966bce6207dbde6c5f8: Log matching property violated. Preceding OpId in replica: term: 1 index: 3. Preceding OpId from leader: term: 1 index: 4. (index mismatch)
I20260710 13:23:05.503756 18478 consensus_queue.cc:1048] T 27bc7faa44fa41f7a8f9de4a78362716 P b15c3294d9294966bce6207dbde6c5f8 [LEADER]: Connected to new peer: Peer: permanent_uuid: "d5143b3be1394abba9aefbe86397ca89" member_type: VOTER last_known_addr { host: "127.16.62.130" port: 42595 }, Status: LMP_MISMATCH, Last received: 0.0, Next index: 4, Last known committed idx: 3, Time since last communication: 0.000s
I20260710 13:23:05.506132 18478 consensus_queue.cc:1048] T 27bc7faa44fa41f7a8f9de4a78362716 P b15c3294d9294966bce6207dbde6c5f8 [LEADER]: Connected to new peer: Peer: permanent_uuid: "090a0fda960e41d499242975fbb6a1fc" member_type: VOTER last_known_addr { host: "127.16.62.132" port: 39555 } attrs { promote: false }, Status: LMP_MISMATCH, Last received: 0.0, Next index: 4, Last known committed idx: 3, Time since last communication: 0.000s
I20260710 13:23:05.511327 18496 raft_consensus.cc:2955] T 27bc7faa44fa41f7a8f9de4a78362716 P b15c3294d9294966bce6207dbde6c5f8 [term 1 LEADER]: Committing config change with OpId 1.4: config changed from index 3 to 4, VOTER 836f0ef350784283a77fe440220710c8 (127.16.62.129) evicted. New config: { opid_index: 4 OBSOLETE_local: false peers { permanent_uuid: "d5143b3be1394abba9aefbe86397ca89" member_type: VOTER last_known_addr { host: "127.16.62.130" port: 42595 } } peers { permanent_uuid: "b15c3294d9294966bce6207dbde6c5f8" member_type: VOTER last_known_addr { host: "127.16.62.131" port: 39589 } } peers { permanent_uuid: "090a0fda960e41d499242975fbb6a1fc" member_type: VOTER last_known_addr { host: "127.16.62.132" port: 39555 } attrs { promote: false } } }
I20260710 13:23:05.514048 17813 raft_consensus.cc:2955] T 27bc7faa44fa41f7a8f9de4a78362716 P d5143b3be1394abba9aefbe86397ca89 [term 1 FOLLOWER]: Committing config change with OpId 1.4: config changed from index 3 to 4, VOTER 836f0ef350784283a77fe440220710c8 (127.16.62.129) evicted. New config: { opid_index: 4 OBSOLETE_local: false peers { permanent_uuid: "d5143b3be1394abba9aefbe86397ca89" member_type: VOTER last_known_addr { host: "127.16.62.130" port: 42595 } } peers { permanent_uuid: "b15c3294d9294966bce6207dbde6c5f8" member_type: VOTER last_known_addr { host: "127.16.62.131" port: 39589 } } peers { permanent_uuid: "090a0fda960e41d499242975fbb6a1fc" member_type: VOTER last_known_addr { host: "127.16.62.132" port: 39555 } attrs { promote: false } } }
I20260710 13:23:05.517879 18161 raft_consensus.cc:2955] T 27bc7faa44fa41f7a8f9de4a78362716 P 090a0fda960e41d499242975fbb6a1fc [term 1 FOLLOWER]: Committing config change with OpId 1.4: config changed from index 3 to 4, VOTER 836f0ef350784283a77fe440220710c8 (127.16.62.129) evicted. New config: { opid_index: 4 OBSOLETE_local: false peers { permanent_uuid: "d5143b3be1394abba9aefbe86397ca89" member_type: VOTER last_known_addr { host: "127.16.62.130" port: 42595 } } peers { permanent_uuid: "b15c3294d9294966bce6207dbde6c5f8" member_type: VOTER last_known_addr { host: "127.16.62.131" port: 39589 } } peers { permanent_uuid: "090a0fda960e41d499242975fbb6a1fc" member_type: VOTER last_known_addr { host: "127.16.62.132" port: 39555 } attrs { promote: false } } }
I20260710 13:23:05.527653 17636 catalog_manager.cc:5697] T 27bc7faa44fa41f7a8f9de4a78362716 P d5143b3be1394abba9aefbe86397ca89 reported cstate change: config changed from index 3 to 4, VOTER 836f0ef350784283a77fe440220710c8 (127.16.62.129) evicted. New cstate: current_term: 1 leader_uuid: "b15c3294d9294966bce6207dbde6c5f8" committed_config { opid_index: 4 OBSOLETE_local: false peers { permanent_uuid: "d5143b3be1394abba9aefbe86397ca89" member_type: VOTER last_known_addr { host: "127.16.62.130" port: 42595 } } peers { permanent_uuid: "b15c3294d9294966bce6207dbde6c5f8" member_type: VOTER last_known_addr { host: "127.16.62.131" port: 39589 } } peers { permanent_uuid: "090a0fda960e41d499242975fbb6a1fc" member_type: VOTER last_known_addr { host: "127.16.62.132" port: 39555 } attrs { promote: false } } }
I20260710 13:23:05.529560 17622 catalog_manager.cc:5210] ChangeConfig:REMOVE_PEER RPC for tablet 27bc7faa44fa41f7a8f9de4a78362716 with cas_config_opid_index 3: ChangeConfig:REMOVE_PEER succeeded (attempt 1)
I20260710 13:23:05.540747 17730 tablet_service.cc:1558] Processing DeleteTablet for tablet 27bc7faa44fa41f7a8f9de4a78362716 with delete_type TABLET_DATA_TOMBSTONED (TS 836f0ef350784283a77fe440220710c8 not found in new config with opid_index 4) from {username='slave'} at 127.0.0.1:52192
I20260710 13:23:05.542819 18506 tablet_replica.cc:333] T 27bc7faa44fa41f7a8f9de4a78362716 P 836f0ef350784283a77fe440220710c8: stopping tablet replica
I20260710 13:23:05.544150 18506 raft_consensus.cc:2243] T 27bc7faa44fa41f7a8f9de4a78362716 P 836f0ef350784283a77fe440220710c8 [term 1 FOLLOWER]: Raft consensus shutting down.
I20260710 13:23:05.544761 18506 raft_consensus.cc:2272] T 27bc7faa44fa41f7a8f9de4a78362716 P 836f0ef350784283a77fe440220710c8 [term 1 FOLLOWER]: Raft consensus is shut down!
I20260710 13:23:05.548009 18506 ts_tablet_manager.cc:1916] T 27bc7faa44fa41f7a8f9de4a78362716 P 836f0ef350784283a77fe440220710c8: Deleting tablet data with delete state TABLET_DATA_TOMBSTONED
I20260710 13:23:05.563979 18506 ts_tablet_manager.cc:1929] T 27bc7faa44fa41f7a8f9de4a78362716 P 836f0ef350784283a77fe440220710c8: tablet deleted with delete type TABLET_DATA_TOMBSTONED: last-logged OpId 1.3
I20260710 13:23:05.564373 18506 log.cc:1199] T 27bc7faa44fa41f7a8f9de4a78362716 P 836f0ef350784283a77fe440220710c8: Deleting WAL directory at /tmp/dist-test-taskVGYKD0/test-tmp/auto_leader_rebalancer-test.0.LeaderRebalancerTest.AddTserver.1783689743236391-16634-0/minicluster-data/ts-0-root/wals/27bc7faa44fa41f7a8f9de4a78362716
I20260710 13:23:05.565785 17623 catalog_manager.cc:5028] TS 836f0ef350784283a77fe440220710c8 (127.16.62.129:44819): tablet 27bc7faa44fa41f7a8f9de4a78362716 (table test-workload [id=3e3507bedb584b32b87b5a0ba31d7c07]) successfully deleted
I20260710 13:23:05.648559 18483 raft_consensus.cc:1064] T 2682507cb4ae447ba166fd283b29ecb4 P b15c3294d9294966bce6207dbde6c5f8: attempting to promote NON_VOTER 090a0fda960e41d499242975fbb6a1fc to VOTER
I20260710 13:23:05.650498 18483 consensus_queue.cc:237] T 2682507cb4ae447ba166fd283b29ecb4 P b15c3294d9294966bce6207dbde6c5f8 [LEADER]: Queue going to LEADER mode. State: All replicated index: 0, Majority replicated index: 2, Committed index: 2, Last appended: 1.2, Last appended by leader: 0, Current term: 1, Majority size: 3, State: 0, Mode: LEADER, active raft config: opid_index: 3 OBSOLETE_local: false peers { permanent_uuid: "836f0ef350784283a77fe440220710c8" member_type: VOTER last_known_addr { host: "127.16.62.129" port: 44819 } } peers { permanent_uuid: "d5143b3be1394abba9aefbe86397ca89" member_type: VOTER last_known_addr { host: "127.16.62.130" port: 42595 } attrs { replace: true } } peers { permanent_uuid: "b15c3294d9294966bce6207dbde6c5f8" member_type: VOTER last_known_addr { host: "127.16.62.131" port: 39589 } } peers { permanent_uuid: "090a0fda960e41d499242975fbb6a1fc" member_type: VOTER last_known_addr { host: "127.16.62.132" port: 39555 } attrs { promote: false } }
I20260710 13:23:05.656366 18162 raft_consensus.cc:1275] T 2682507cb4ae447ba166fd283b29ecb4 P 090a0fda960e41d499242975fbb6a1fc [term 1 LEARNER]: Refusing update from remote peer b15c3294d9294966bce6207dbde6c5f8: Log matching property violated. Preceding OpId in replica: term: 1 index: 2. Preceding OpId from leader: term: 1 index: 3. (index mismatch)
I20260710 13:23:05.656410 17813 raft_consensus.cc:1275] T 2682507cb4ae447ba166fd283b29ecb4 P d5143b3be1394abba9aefbe86397ca89 [term 1 FOLLOWER]: Refusing update from remote peer b15c3294d9294966bce6207dbde6c5f8: Log matching property violated. Preceding OpId in replica: term: 1 index: 2. Preceding OpId from leader: term: 1 index: 3. (index mismatch)
I20260710 13:23:05.657825 17738 raft_consensus.cc:1275] T 2682507cb4ae447ba166fd283b29ecb4 P 836f0ef350784283a77fe440220710c8 [term 1 FOLLOWER]: Refusing update from remote peer b15c3294d9294966bce6207dbde6c5f8: Log matching property violated. Preceding OpId in replica: term: 1 index: 2. Preceding OpId from leader: term: 1 index: 3. (index mismatch)
I20260710 13:23:05.658020 18496 consensus_queue.cc:1048] T 2682507cb4ae447ba166fd283b29ecb4 P b15c3294d9294966bce6207dbde6c5f8 [LEADER]: Connected to new peer: Peer: permanent_uuid: "090a0fda960e41d499242975fbb6a1fc" member_type: VOTER last_known_addr { host: "127.16.62.132" port: 39555 } attrs { promote: false }, Status: LMP_MISMATCH, Last received: 0.0, Next index: 3, Last known committed idx: 2, Time since last communication: 0.000s
I20260710 13:23:05.658970 18483 consensus_queue.cc:1048] T 2682507cb4ae447ba166fd283b29ecb4 P b15c3294d9294966bce6207dbde6c5f8 [LEADER]: Connected to new peer: Peer: permanent_uuid: "d5143b3be1394abba9aefbe86397ca89" member_type: VOTER last_known_addr { host: "127.16.62.130" port: 42595 } attrs { replace: true }, Status: LMP_MISMATCH, Last received: 0.0, Next index: 3, Last known committed idx: 2, Time since last communication: 0.000s
I20260710 13:23:05.660734 18478 consensus_queue.cc:1048] T 2682507cb4ae447ba166fd283b29ecb4 P b15c3294d9294966bce6207dbde6c5f8 [LEADER]: Connected to new peer: Peer: permanent_uuid: "836f0ef350784283a77fe440220710c8" member_type: VOTER last_known_addr { host: "127.16.62.129" port: 44819 }, Status: LMP_MISMATCH, Last received: 0.0, Next index: 3, Last known committed idx: 2, Time since last communication: 0.000s
I20260710 13:23:05.673086 18483 raft_consensus.cc:2955] T 2682507cb4ae447ba166fd283b29ecb4 P b15c3294d9294966bce6207dbde6c5f8 [term 1 LEADER]: Committing config change with OpId 1.3: config changed from index 2 to 3, 090a0fda960e41d499242975fbb6a1fc (127.16.62.132) changed from NON_VOTER to VOTER. New config: { opid_index: 3 OBSOLETE_local: false peers { permanent_uuid: "836f0ef350784283a77fe440220710c8" member_type: VOTER last_known_addr { host: "127.16.62.129" port: 44819 } } peers { permanent_uuid: "d5143b3be1394abba9aefbe86397ca89" member_type: VOTER last_known_addr { host: "127.16.62.130" port: 42595 } attrs { replace: true } } peers { permanent_uuid: "b15c3294d9294966bce6207dbde6c5f8" member_type: VOTER last_known_addr { host: "127.16.62.131" port: 39589 } } peers { permanent_uuid: "090a0fda960e41d499242975fbb6a1fc" member_type: VOTER last_known_addr { host: "127.16.62.132" port: 39555 } attrs { promote: false } } }
I20260710 13:23:05.674710 17738 raft_consensus.cc:2955] T 2682507cb4ae447ba166fd283b29ecb4 P 836f0ef350784283a77fe440220710c8 [term 1 FOLLOWER]: Committing config change with OpId 1.3: config changed from index 2 to 3, 090a0fda960e41d499242975fbb6a1fc (127.16.62.132) changed from NON_VOTER to VOTER. New config: { opid_index: 3 OBSOLETE_local: false peers { permanent_uuid: "836f0ef350784283a77fe440220710c8" member_type: VOTER last_known_addr { host: "127.16.62.129" port: 44819 } } peers { permanent_uuid: "d5143b3be1394abba9aefbe86397ca89" member_type: VOTER last_known_addr { host: "127.16.62.130" port: 42595 } attrs { replace: true } } peers { permanent_uuid: "b15c3294d9294966bce6207dbde6c5f8" member_type: VOTER last_known_addr { host: "127.16.62.131" port: 39589 } } peers { permanent_uuid: "090a0fda960e41d499242975fbb6a1fc" member_type: VOTER last_known_addr { host: "127.16.62.132" port: 39555 } attrs { promote: false } } }
I20260710 13:23:05.678272 18162 raft_consensus.cc:2955] T 2682507cb4ae447ba166fd283b29ecb4 P 090a0fda960e41d499242975fbb6a1fc [term 1 FOLLOWER]: Committing config change with OpId 1.3: config changed from index 2 to 3, 090a0fda960e41d499242975fbb6a1fc (127.16.62.132) changed from NON_VOTER to VOTER. New config: { opid_index: 3 OBSOLETE_local: false peers { permanent_uuid: "836f0ef350784283a77fe440220710c8" member_type: VOTER last_known_addr { host: "127.16.62.129" port: 44819 } } peers { permanent_uuid: "d5143b3be1394abba9aefbe86397ca89" member_type: VOTER last_known_addr { host: "127.16.62.130" port: 42595 } attrs { replace: true } } peers { permanent_uuid: "b15c3294d9294966bce6207dbde6c5f8" member_type: VOTER last_known_addr { host: "127.16.62.131" port: 39589 } } peers { permanent_uuid: "090a0fda960e41d499242975fbb6a1fc" member_type: VOTER last_known_addr { host: "127.16.62.132" port: 39555 } attrs { promote: false } } }
I20260710 13:23:05.685400 17813 raft_consensus.cc:2955] T 2682507cb4ae447ba166fd283b29ecb4 P d5143b3be1394abba9aefbe86397ca89 [term 1 FOLLOWER]: Committing config change with OpId 1.3: config changed from index 2 to 3, 090a0fda960e41d499242975fbb6a1fc (127.16.62.132) changed from NON_VOTER to VOTER. New config: { opid_index: 3 OBSOLETE_local: false peers { permanent_uuid: "836f0ef350784283a77fe440220710c8" member_type: VOTER last_known_addr { host: "127.16.62.129" port: 44819 } } peers { permanent_uuid: "d5143b3be1394abba9aefbe86397ca89" member_type: VOTER last_known_addr { host: "127.16.62.130" port: 42595 } attrs { replace: true } } peers { permanent_uuid: "b15c3294d9294966bce6207dbde6c5f8" member_type: VOTER last_known_addr { host: "127.16.62.131" port: 39589 } } peers { permanent_uuid: "090a0fda960e41d499242975fbb6a1fc" member_type: VOTER last_known_addr { host: "127.16.62.132" port: 39555 } attrs { promote: false } } }
I20260710 13:23:05.690667 17634 catalog_manager.cc:5697] T 2682507cb4ae447ba166fd283b29ecb4 P b15c3294d9294966bce6207dbde6c5f8 reported cstate change: config changed from index 2 to 3, 090a0fda960e41d499242975fbb6a1fc (127.16.62.132) changed from NON_VOTER to VOTER. New cstate: current_term: 1 leader_uuid: "b15c3294d9294966bce6207dbde6c5f8" committed_config { opid_index: 3 OBSOLETE_local: false peers { permanent_uuid: "836f0ef350784283a77fe440220710c8" member_type: VOTER last_known_addr { host: "127.16.62.129" port: 44819 } health_report { overall_health: HEALTHY } } peers { permanent_uuid: "d5143b3be1394abba9aefbe86397ca89" member_type: VOTER last_known_addr { host: "127.16.62.130" port: 42595 } attrs { replace: true } health_report { overall_health: HEALTHY } } peers { permanent_uuid: "b15c3294d9294966bce6207dbde6c5f8" member_type: VOTER last_known_addr { host: "127.16.62.131" port: 39589 } health_report { overall_health: HEALTHY } } peers { permanent_uuid: "090a0fda960e41d499242975fbb6a1fc" member_type: VOTER last_known_addr { host: "127.16.62.132" port: 39555 } attrs { promote: false } health_report { overall_health: HEALTHY } } }
I20260710 13:23:05.806792 17885 consensus_queue.cc:237] T 2682507cb4ae447ba166fd283b29ecb4 P b15c3294d9294966bce6207dbde6c5f8 [LEADER]: Queue going to LEADER mode. State: All replicated index: 0, Majority replicated index: 3, Committed index: 3, Last appended: 1.3, Last appended by leader: 0, Current term: 1, Majority size: 2, State: 0, Mode: LEADER, active raft config: opid_index: 4 OBSOLETE_local: false peers { permanent_uuid: "836f0ef350784283a77fe440220710c8" member_type: VOTER last_known_addr { host: "127.16.62.129" port: 44819 } } peers { permanent_uuid: "b15c3294d9294966bce6207dbde6c5f8" member_type: VOTER last_known_addr { host: "127.16.62.131" port: 39589 } } peers { permanent_uuid: "090a0fda960e41d499242975fbb6a1fc" member_type: VOTER last_known_addr { host: "127.16.62.132" port: 39555 } attrs { promote: false } }
I20260710 13:23:05.813977 17738 raft_consensus.cc:1275] T 2682507cb4ae447ba166fd283b29ecb4 P 836f0ef350784283a77fe440220710c8 [term 1 FOLLOWER]: Refusing update from remote peer b15c3294d9294966bce6207dbde6c5f8: Log matching property violated. Preceding OpId in replica: term: 1 index: 3. Preceding OpId from leader: term: 1 index: 4. (index mismatch)
I20260710 13:23:05.815256 18162 raft_consensus.cc:1275] T 2682507cb4ae447ba166fd283b29ecb4 P 090a0fda960e41d499242975fbb6a1fc [term 1 FOLLOWER]: Refusing update from remote peer b15c3294d9294966bce6207dbde6c5f8: Log matching property violated. Preceding OpId in replica: term: 1 index: 3. Preceding OpId from leader: term: 1 index: 4. (index mismatch)
I20260710 13:23:05.815308 18511 consensus_queue.cc:1048] T 2682507cb4ae447ba166fd283b29ecb4 P b15c3294d9294966bce6207dbde6c5f8 [LEADER]: Connected to new peer: Peer: permanent_uuid: "836f0ef350784283a77fe440220710c8" member_type: VOTER last_known_addr { host: "127.16.62.129" port: 44819 }, Status: LMP_MISMATCH, Last received: 0.0, Next index: 4, Last known committed idx: 3, Time since last communication: 0.001s
I20260710 13:23:05.816886 18483 consensus_queue.cc:1048] T 2682507cb4ae447ba166fd283b29ecb4 P b15c3294d9294966bce6207dbde6c5f8 [LEADER]: Connected to new peer: Peer: permanent_uuid: "090a0fda960e41d499242975fbb6a1fc" member_type: VOTER last_known_addr { host: "127.16.62.132" port: 39555 } attrs { promote: false }, Status: LMP_MISMATCH, Last received: 0.0, Next index: 4, Last known committed idx: 3, Time since last communication: 0.000s
I20260710 13:23:05.822547 18496 raft_consensus.cc:2955] T 2682507cb4ae447ba166fd283b29ecb4 P b15c3294d9294966bce6207dbde6c5f8 [term 1 LEADER]: Committing config change with OpId 1.4: config changed from index 3 to 4, VOTER d5143b3be1394abba9aefbe86397ca89 (127.16.62.130) evicted. New config: { opid_index: 4 OBSOLETE_local: false peers { permanent_uuid: "836f0ef350784283a77fe440220710c8" member_type: VOTER last_known_addr { host: "127.16.62.129" port: 44819 } } peers { permanent_uuid: "b15c3294d9294966bce6207dbde6c5f8" member_type: VOTER last_known_addr { host: "127.16.62.131" port: 39589 } } peers { permanent_uuid: "090a0fda960e41d499242975fbb6a1fc" member_type: VOTER last_known_addr { host: "127.16.62.132" port: 39555 } attrs { promote: false } } }
I20260710 13:23:05.824585 17738 raft_consensus.cc:2955] T 2682507cb4ae447ba166fd283b29ecb4 P 836f0ef350784283a77fe440220710c8 [term 1 FOLLOWER]: Committing config change with OpId 1.4: config changed from index 3 to 4, VOTER d5143b3be1394abba9aefbe86397ca89 (127.16.62.130) evicted. New config: { opid_index: 4 OBSOLETE_local: false peers { permanent_uuid: "836f0ef350784283a77fe440220710c8" member_type: VOTER last_known_addr { host: "127.16.62.129" port: 44819 } } peers { permanent_uuid: "b15c3294d9294966bce6207dbde6c5f8" member_type: VOTER last_known_addr { host: "127.16.62.131" port: 39589 } } peers { permanent_uuid: "090a0fda960e41d499242975fbb6a1fc" member_type: VOTER last_known_addr { host: "127.16.62.132" port: 39555 } attrs { promote: false } } }
I20260710 13:23:05.826601 18162 raft_consensus.cc:2955] T 2682507cb4ae447ba166fd283b29ecb4 P 090a0fda960e41d499242975fbb6a1fc [term 1 FOLLOWER]: Committing config change with OpId 1.4: config changed from index 3 to 4, VOTER d5143b3be1394abba9aefbe86397ca89 (127.16.62.130) evicted. New config: { opid_index: 4 OBSOLETE_local: false peers { permanent_uuid: "836f0ef350784283a77fe440220710c8" member_type: VOTER last_known_addr { host: "127.16.62.129" port: 44819 } } peers { permanent_uuid: "b15c3294d9294966bce6207dbde6c5f8" member_type: VOTER last_known_addr { host: "127.16.62.131" port: 39589 } } peers { permanent_uuid: "090a0fda960e41d499242975fbb6a1fc" member_type: VOTER last_known_addr { host: "127.16.62.132" port: 39555 } attrs { promote: false } } }
I20260710 13:23:05.837661 17638 catalog_manager.cc:5697] T 2682507cb4ae447ba166fd283b29ecb4 P b15c3294d9294966bce6207dbde6c5f8 reported cstate change: config changed from index 3 to 4, VOTER d5143b3be1394abba9aefbe86397ca89 (127.16.62.130) evicted. New cstate: current_term: 1 leader_uuid: "b15c3294d9294966bce6207dbde6c5f8" committed_config { opid_index: 4 OBSOLETE_local: false peers { permanent_uuid: "836f0ef350784283a77fe440220710c8" member_type: VOTER last_known_addr { host: "127.16.62.129" port: 44819 } health_report { overall_health: HEALTHY } } peers { permanent_uuid: "b15c3294d9294966bce6207dbde6c5f8" member_type: VOTER last_known_addr { host: "127.16.62.131" port: 39589 } health_report { overall_health: HEALTHY } } peers { permanent_uuid: "090a0fda960e41d499242975fbb6a1fc" member_type: VOTER last_known_addr { host: "127.16.62.132" port: 39555 } attrs { promote: false } health_report { overall_health: HEALTHY } } }
I20260710 13:23:05.841594 17622 catalog_manager.cc:5210] ChangeConfig:REMOVE_PEER RPC for tablet 2682507cb4ae447ba166fd283b29ecb4 with cas_config_opid_index 3: ChangeConfig:REMOVE_PEER succeeded (attempt 1)
I20260710 13:23:05.852495 17802 tablet_service.cc:1558] Processing DeleteTablet for tablet 2682507cb4ae447ba166fd283b29ecb4 with delete_type TABLET_DATA_TOMBSTONED (TS d5143b3be1394abba9aefbe86397ca89 not found in new config with opid_index 4) from {username='slave'} at 127.0.0.1:58942
I20260710 13:23:05.854585 18513 tablet_replica.cc:333] T 2682507cb4ae447ba166fd283b29ecb4 P d5143b3be1394abba9aefbe86397ca89: stopping tablet replica
I20260710 13:23:05.855736 18513 raft_consensus.cc:2243] T 2682507cb4ae447ba166fd283b29ecb4 P d5143b3be1394abba9aefbe86397ca89 [term 1 FOLLOWER]: Raft consensus shutting down.
I20260710 13:23:05.856492 18513 raft_consensus.cc:2272] T 2682507cb4ae447ba166fd283b29ecb4 P d5143b3be1394abba9aefbe86397ca89 [term 1 FOLLOWER]: Raft consensus is shut down!
I20260710 13:23:05.859151 18513 ts_tablet_manager.cc:1916] T 2682507cb4ae447ba166fd283b29ecb4 P d5143b3be1394abba9aefbe86397ca89: Deleting tablet data with delete state TABLET_DATA_TOMBSTONED
I20260710 13:23:05.870451 18513 ts_tablet_manager.cc:1929] T 2682507cb4ae447ba166fd283b29ecb4 P d5143b3be1394abba9aefbe86397ca89: tablet deleted with delete type TABLET_DATA_TOMBSTONED: last-logged OpId 1.3
I20260710 13:23:05.870792 18513 log.cc:1199] T 2682507cb4ae447ba166fd283b29ecb4 P d5143b3be1394abba9aefbe86397ca89: Deleting WAL directory at /tmp/dist-test-taskVGYKD0/test-tmp/auto_leader_rebalancer-test.0.LeaderRebalancerTest.AddTserver.1783689743236391-16634-0/minicluster-data/ts-1-root/wals/2682507cb4ae447ba166fd283b29ecb4
I20260710 13:23:05.872476 17624 catalog_manager.cc:5028] TS d5143b3be1394abba9aefbe86397ca89 (127.16.62.130:42595): tablet 2682507cb4ae447ba166fd283b29ecb4 (table test-workload [id=3e3507bedb584b32b87b5a0ba31d7c07]) successfully deleted
I20260710 13:23:11.361665 16634 auto_leader_rebalancer.cc:141] leader rebalance for table test-workload
I20260710 13:23:11.388433 17889 tablet_service.cc:2072] Received LeaderStepDown RPC: tablet_id: "2682507cb4ae447ba166fd283b29ecb4"
dest_uuid: "b15c3294d9294966bce6207dbde6c5f8"
mode: GRACEFUL
new_leader_uuid: "090a0fda960e41d499242975fbb6a1fc"
 from {username='slave'} at 127.0.0.1:48848
I20260710 13:23:11.388978 17889 raft_consensus.cc:606] T 2682507cb4ae447ba166fd283b29ecb4 P b15c3294d9294966bce6207dbde6c5f8 [term 1 LEADER]: Received request to transfer leadership to TS 090a0fda960e41d499242975fbb6a1fc
I20260710 13:23:11.392352 17889 tablet_service.cc:2072] Received LeaderStepDown RPC: tablet_id: "27bc7faa44fa41f7a8f9de4a78362716"
dest_uuid: "b15c3294d9294966bce6207dbde6c5f8"
mode: GRACEFUL
new_leader_uuid: "090a0fda960e41d499242975fbb6a1fc"
 from {username='slave'} at 127.0.0.1:48848
I20260710 13:23:11.392887 17889 raft_consensus.cc:606] T 27bc7faa44fa41f7a8f9de4a78362716 P b15c3294d9294966bce6207dbde6c5f8 [term 1 LEADER]: Received request to transfer leadership to TS 090a0fda960e41d499242975fbb6a1fc
I20260710 13:23:11.393155 18524 raft_consensus.cc:993] T 2682507cb4ae447ba166fd283b29ecb4 P b15c3294d9294966bce6207dbde6c5f8: : Instructing follower 090a0fda960e41d499242975fbb6a1fc to start an election
I20260710 13:23:11.393585 18524 raft_consensus.cc:1081] T 2682507cb4ae447ba166fd283b29ecb4 P b15c3294d9294966bce6207dbde6c5f8 [term 1 LEADER]: Signalling peer 090a0fda960e41d499242975fbb6a1fc to start an election
I20260710 13:23:11.395082 18162 tablet_service.cc:2044] Received Run Leader Election RPC: tablet_id: "2682507cb4ae447ba166fd283b29ecb4"
dest_uuid: "090a0fda960e41d499242975fbb6a1fc"
 from {username='slave'} at 127.0.0.1:55816
I20260710 13:23:11.395308 17889 tablet_service.cc:2072] Received LeaderStepDown RPC: tablet_id: "3035ec8a6a184968a2e13406363176b7"
dest_uuid: "b15c3294d9294966bce6207dbde6c5f8"
mode: GRACEFUL
new_leader_uuid: "836f0ef350784283a77fe440220710c8"
 from {username='slave'} at 127.0.0.1:48848
I20260710 13:23:11.395601 18162 raft_consensus.cc:493] T 2682507cb4ae447ba166fd283b29ecb4 P 090a0fda960e41d499242975fbb6a1fc [term 1 FOLLOWER]: Starting forced leader election (received explicit request)
I20260710 13:23:11.395866 17889 raft_consensus.cc:606] T 3035ec8a6a184968a2e13406363176b7 P b15c3294d9294966bce6207dbde6c5f8 [term 1 LEADER]: Received request to transfer leadership to TS 836f0ef350784283a77fe440220710c8
I20260710 13:23:11.395967 18162 raft_consensus.cc:3060] T 2682507cb4ae447ba166fd283b29ecb4 P 090a0fda960e41d499242975fbb6a1fc [term 1 FOLLOWER]: Advancing to term 2
I20260710 13:23:11.398289 17889 tablet_service.cc:2072] Received LeaderStepDown RPC: tablet_id: "304ea0fd2c794f5798cc32185e1419d4"
dest_uuid: "b15c3294d9294966bce6207dbde6c5f8"
mode: GRACEFUL
new_leader_uuid: "090a0fda960e41d499242975fbb6a1fc"
 from {username='slave'} at 127.0.0.1:48848
I20260710 13:23:11.398782 17889 raft_consensus.cc:606] T 304ea0fd2c794f5798cc32185e1419d4 P b15c3294d9294966bce6207dbde6c5f8 [term 1 LEADER]: Received request to transfer leadership to TS 090a0fda960e41d499242975fbb6a1fc
I20260710 13:23:11.401044 17889 tablet_service.cc:2072] Received LeaderStepDown RPC: tablet_id: "c0b1597c16164597a5e3b2fcb0616d6c"
dest_uuid: "b15c3294d9294966bce6207dbde6c5f8"
mode: GRACEFUL
new_leader_uuid: "836f0ef350784283a77fe440220710c8"
 from {username='slave'} at 127.0.0.1:48848
I20260710 13:23:11.401613 17889 raft_consensus.cc:606] T c0b1597c16164597a5e3b2fcb0616d6c P b15c3294d9294966bce6207dbde6c5f8 [term 1 LEADER]: Received request to transfer leadership to TS 836f0ef350784283a77fe440220710c8
I20260710 13:23:11.401808 18162 raft_consensus.cc:515] T 2682507cb4ae447ba166fd283b29ecb4 P 090a0fda960e41d499242975fbb6a1fc [term 2 FOLLOWER]: Starting forced leader election with config: opid_index: 4 OBSOLETE_local: false peers { permanent_uuid: "836f0ef350784283a77fe440220710c8" member_type: VOTER last_known_addr { host: "127.16.62.129" port: 44819 } } peers { permanent_uuid: "b15c3294d9294966bce6207dbde6c5f8" member_type: VOTER last_known_addr { host: "127.16.62.131" port: 39589 } } peers { permanent_uuid: "090a0fda960e41d499242975fbb6a1fc" member_type: VOTER last_known_addr { host: "127.16.62.132" port: 39555 } attrs { promote: false } }
I20260710 13:23:11.405572 18162 leader_election.cc:290] T 2682507cb4ae447ba166fd283b29ecb4 P 090a0fda960e41d499242975fbb6a1fc [CANDIDATE]: Term 2 election: Requested vote from peers 836f0ef350784283a77fe440220710c8 (127.16.62.129:44819), b15c3294d9294966bce6207dbde6c5f8 (127.16.62.131:39589)
I20260710 13:23:11.405732 17740 tablet_service.cc:1917] Received RequestConsensusVote() RPC: tablet_id: "2682507cb4ae447ba166fd283b29ecb4" candidate_uuid: "090a0fda960e41d499242975fbb6a1fc" candidate_term: 2 candidate_status { last_received { term: 1 index: 4 } } ignore_live_leader: true dest_uuid: "836f0ef350784283a77fe440220710c8"
I20260710 13:23:11.406332 17740 raft_consensus.cc:3060] T 2682507cb4ae447ba166fd283b29ecb4 P 836f0ef350784283a77fe440220710c8 [term 1 FOLLOWER]: Advancing to term 2
I20260710 13:23:11.409461 17889 tablet_service.cc:1917] Received RequestConsensusVote() RPC: tablet_id: "2682507cb4ae447ba166fd283b29ecb4" candidate_uuid: "090a0fda960e41d499242975fbb6a1fc" candidate_term: 2 candidate_status { last_received { term: 1 index: 4 } } ignore_live_leader: true dest_uuid: "b15c3294d9294966bce6207dbde6c5f8"
I20260710 13:23:11.410091 17889 raft_consensus.cc:3055] T 2682507cb4ae447ba166fd283b29ecb4 P b15c3294d9294966bce6207dbde6c5f8 [term 1 LEADER]: Stepping down as leader of term 1
I20260710 13:23:11.410473 17889 raft_consensus.cc:740] T 2682507cb4ae447ba166fd283b29ecb4 P b15c3294d9294966bce6207dbde6c5f8 [term 1 LEADER]: Becoming Follower/Learner. State: Replica: b15c3294d9294966bce6207dbde6c5f8, State: Running, Role: LEADER
I20260710 13:23:11.411266 17889 consensus_queue.cc:260] T 2682507cb4ae447ba166fd283b29ecb4 P b15c3294d9294966bce6207dbde6c5f8 [NON_LEADER]: Queue going to NON_LEADER mode. State: All replicated index: 0, Majority replicated index: 4, Committed index: 4, Last appended: 1.4, Last appended by leader: 4, Current term: 1, Majority size: -1, State: 0, Mode: NON_LEADER, active raft config: opid_index: 4 OBSOLETE_local: false peers { permanent_uuid: "836f0ef350784283a77fe440220710c8" member_type: VOTER last_known_addr { host: "127.16.62.129" port: 44819 } } peers { permanent_uuid: "b15c3294d9294966bce6207dbde6c5f8" member_type: VOTER last_known_addr { host: "127.16.62.131" port: 39589 } } peers { permanent_uuid: "090a0fda960e41d499242975fbb6a1fc" member_type: VOTER last_known_addr { host: "127.16.62.132" port: 39555 } attrs { promote: false } }
I20260710 13:23:11.412037 17740 raft_consensus.cc:2468] T 2682507cb4ae447ba166fd283b29ecb4 P 836f0ef350784283a77fe440220710c8 [term 2 FOLLOWER]: Leader election vote request: Granting yes vote for candidate 090a0fda960e41d499242975fbb6a1fc in term 2.
I20260710 13:23:11.412546 17889 raft_consensus.cc:3060] T 2682507cb4ae447ba166fd283b29ecb4 P b15c3294d9294966bce6207dbde6c5f8 [term 1 FOLLOWER]: Advancing to term 2
I20260710 13:23:11.413386 18126 leader_election.cc:304] T 2682507cb4ae447ba166fd283b29ecb4 P 090a0fda960e41d499242975fbb6a1fc [CANDIDATE]: Term 2 election: Election decided. Result: candidate won. Election summary: received 2 responses out of 3 voters: 2 yes votes; 0 no votes. yes voters: 090a0fda960e41d499242975fbb6a1fc, 836f0ef350784283a77fe440220710c8; no voters: 
I20260710 13:23:11.417481 17889 raft_consensus.cc:2468] T 2682507cb4ae447ba166fd283b29ecb4 P b15c3294d9294966bce6207dbde6c5f8 [term 2 FOLLOWER]: Leader election vote request: Granting yes vote for candidate 090a0fda960e41d499242975fbb6a1fc in term 2.
I20260710 13:23:11.418537 18532 raft_consensus.cc:2804] T 2682507cb4ae447ba166fd283b29ecb4 P 090a0fda960e41d499242975fbb6a1fc [term 2 FOLLOWER]: Leader election won for term 2
I20260710 13:23:11.420719 17813 tablet_service.cc:2072] Received LeaderStepDown RPC: tablet_id: "ff267459c7e04c0bba980762e9ac91b8"
dest_uuid: "d5143b3be1394abba9aefbe86397ca89"
mode: GRACEFUL
new_leader_uuid: "b15c3294d9294966bce6207dbde6c5f8"
 from {username='slave'} at 127.0.0.1:52632
I20260710 13:23:11.421429 17813 raft_consensus.cc:606] T ff267459c7e04c0bba980762e9ac91b8 P d5143b3be1394abba9aefbe86397ca89 [term 1 LEADER]: Received request to transfer leadership to TS b15c3294d9294966bce6207dbde6c5f8
I20260710 13:23:11.423251 16634 auto_leader_rebalancer.cc:479] table: test-workload, leader rebalance finish, leader transfer count: 6
I20260710 13:23:11.424144 16634 auto_leader_rebalancer.cc:554] All tables' leader rebalancing finished this round
I20260710 13:23:11.424072 18532 raft_consensus.cc:697] T 2682507cb4ae447ba166fd283b29ecb4 P 090a0fda960e41d499242975fbb6a1fc [term 2 LEADER]: Becoming Leader. State: Replica: 090a0fda960e41d499242975fbb6a1fc, State: Running, Role: LEADER
I20260710 13:23:11.424983 18532 consensus_queue.cc:237] T 2682507cb4ae447ba166fd283b29ecb4 P 090a0fda960e41d499242975fbb6a1fc [LEADER]: Queue going to LEADER mode. State: All replicated index: 0, Majority replicated index: 4, Committed index: 4, Last appended: 1.4, Last appended by leader: 4, Current term: 2, Majority size: 2, State: 0, Mode: LEADER, active raft config: opid_index: 4 OBSOLETE_local: false peers { permanent_uuid: "836f0ef350784283a77fe440220710c8" member_type: VOTER last_known_addr { host: "127.16.62.129" port: 44819 } } peers { permanent_uuid: "b15c3294d9294966bce6207dbde6c5f8" member_type: VOTER last_known_addr { host: "127.16.62.131" port: 39589 } } peers { permanent_uuid: "090a0fda960e41d499242975fbb6a1fc" member_type: VOTER last_known_addr { host: "127.16.62.132" port: 39555 } attrs { promote: false } }
I20260710 13:23:11.432947 17638 catalog_manager.cc:5697] T 2682507cb4ae447ba166fd283b29ecb4 P 090a0fda960e41d499242975fbb6a1fc reported cstate change: term changed from 1 to 2, leader changed from b15c3294d9294966bce6207dbde6c5f8 (127.16.62.131) to 090a0fda960e41d499242975fbb6a1fc (127.16.62.132). New cstate: current_term: 2 leader_uuid: "090a0fda960e41d499242975fbb6a1fc" committed_config { opid_index: 4 OBSOLETE_local: false peers { permanent_uuid: "836f0ef350784283a77fe440220710c8" member_type: VOTER last_known_addr { host: "127.16.62.129" port: 44819 } health_report { overall_health: UNKNOWN } } peers { permanent_uuid: "b15c3294d9294966bce6207dbde6c5f8" member_type: VOTER last_known_addr { host: "127.16.62.131" port: 39589 } health_report { overall_health: UNKNOWN } } peers { permanent_uuid: "090a0fda960e41d499242975fbb6a1fc" member_type: VOTER last_known_addr { host: "127.16.62.132" port: 39555 } attrs { promote: false } health_report { overall_health: HEALTHY } } }
I20260710 13:23:11.566241 18519 raft_consensus.cc:993] T ff267459c7e04c0bba980762e9ac91b8 P d5143b3be1394abba9aefbe86397ca89: : Instructing follower b15c3294d9294966bce6207dbde6c5f8 to start an election
I20260710 13:23:11.566742 18527 raft_consensus.cc:1081] T ff267459c7e04c0bba980762e9ac91b8 P d5143b3be1394abba9aefbe86397ca89 [term 1 LEADER]: Signalling peer b15c3294d9294966bce6207dbde6c5f8 to start an election
I20260710 13:23:11.568122 17889 tablet_service.cc:2044] Received Run Leader Election RPC: tablet_id: "ff267459c7e04c0bba980762e9ac91b8"
dest_uuid: "b15c3294d9294966bce6207dbde6c5f8"
 from {username='slave'} at 127.0.0.1:42998
I20260710 13:23:11.568562 17889 raft_consensus.cc:493] T ff267459c7e04c0bba980762e9ac91b8 P b15c3294d9294966bce6207dbde6c5f8 [term 1 FOLLOWER]: Starting forced leader election (received explicit request)
I20260710 13:23:11.568838 17889 raft_consensus.cc:3060] T ff267459c7e04c0bba980762e9ac91b8 P b15c3294d9294966bce6207dbde6c5f8 [term 1 FOLLOWER]: Advancing to term 2
I20260710 13:23:11.575438 17889 raft_consensus.cc:515] T ff267459c7e04c0bba980762e9ac91b8 P b15c3294d9294966bce6207dbde6c5f8 [term 2 FOLLOWER]: Starting forced leader election with config: opid_index: -1 OBSOLETE_local: false peers { permanent_uuid: "836f0ef350784283a77fe440220710c8" member_type: VOTER last_known_addr { host: "127.16.62.129" port: 44819 } } peers { permanent_uuid: "d5143b3be1394abba9aefbe86397ca89" member_type: VOTER last_known_addr { host: "127.16.62.130" port: 42595 } } peers { permanent_uuid: "b15c3294d9294966bce6207dbde6c5f8" member_type: VOTER last_known_addr { host: "127.16.62.131" port: 39589 } }
I20260710 13:23:11.576946 17889 leader_election.cc:290] T ff267459c7e04c0bba980762e9ac91b8 P b15c3294d9294966bce6207dbde6c5f8 [CANDIDATE]: Term 2 election: Requested vote from peers 836f0ef350784283a77fe440220710c8 (127.16.62.129:44819), d5143b3be1394abba9aefbe86397ca89 (127.16.62.130:42595)
I20260710 13:23:11.577598 17740 tablet_service.cc:1917] Received RequestConsensusVote() RPC: tablet_id: "ff267459c7e04c0bba980762e9ac91b8" candidate_uuid: "b15c3294d9294966bce6207dbde6c5f8" candidate_term: 2 candidate_status { last_received { term: 1 index: 1 } } ignore_live_leader: true dest_uuid: "836f0ef350784283a77fe440220710c8"
I20260710 13:23:11.577913 17813 tablet_service.cc:1917] Received RequestConsensusVote() RPC: tablet_id: "ff267459c7e04c0bba980762e9ac91b8" candidate_uuid: "b15c3294d9294966bce6207dbde6c5f8" candidate_term: 2 candidate_status { last_received { term: 1 index: 1 } } ignore_live_leader: true dest_uuid: "d5143b3be1394abba9aefbe86397ca89"
I20260710 13:23:11.578210 17740 raft_consensus.cc:3060] T ff267459c7e04c0bba980762e9ac91b8 P 836f0ef350784283a77fe440220710c8 [term 1 FOLLOWER]: Advancing to term 2
I20260710 13:23:11.578466 17813 raft_consensus.cc:3055] T ff267459c7e04c0bba980762e9ac91b8 P d5143b3be1394abba9aefbe86397ca89 [term 1 LEADER]: Stepping down as leader of term 1
I20260710 13:23:11.578751 17813 raft_consensus.cc:740] T ff267459c7e04c0bba980762e9ac91b8 P d5143b3be1394abba9aefbe86397ca89 [term 1 LEADER]: Becoming Follower/Learner. State: Replica: d5143b3be1394abba9aefbe86397ca89, State: Running, Role: LEADER
I20260710 13:23:11.579432 17813 consensus_queue.cc:260] T ff267459c7e04c0bba980762e9ac91b8 P d5143b3be1394abba9aefbe86397ca89 [NON_LEADER]: Queue going to NON_LEADER mode. State: All replicated index: 0, Majority replicated index: 1, Committed index: 1, Last appended: 1.1, Last appended by leader: 1, Current term: 1, Majority size: -1, State: 0, Mode: NON_LEADER, active raft config: opid_index: -1 OBSOLETE_local: false peers { permanent_uuid: "836f0ef350784283a77fe440220710c8" member_type: VOTER last_known_addr { host: "127.16.62.129" port: 44819 } } peers { permanent_uuid: "d5143b3be1394abba9aefbe86397ca89" member_type: VOTER last_known_addr { host: "127.16.62.130" port: 42595 } } peers { permanent_uuid: "b15c3294d9294966bce6207dbde6c5f8" member_type: VOTER last_known_addr { host: "127.16.62.131" port: 39589 } }
I20260710 13:23:11.580295 17813 raft_consensus.cc:3060] T ff267459c7e04c0bba980762e9ac91b8 P d5143b3be1394abba9aefbe86397ca89 [term 1 FOLLOWER]: Advancing to term 2
I20260710 13:23:11.582618 17740 raft_consensus.cc:2468] T ff267459c7e04c0bba980762e9ac91b8 P 836f0ef350784283a77fe440220710c8 [term 2 FOLLOWER]: Leader election vote request: Granting yes vote for candidate b15c3294d9294966bce6207dbde6c5f8 in term 2.
I20260710 13:23:11.583469 17853 leader_election.cc:304] T ff267459c7e04c0bba980762e9ac91b8 P b15c3294d9294966bce6207dbde6c5f8 [CANDIDATE]: Term 2 election: Election decided. Result: candidate won. Election summary: received 2 responses out of 3 voters: 2 yes votes; 0 no votes. yes voters: 836f0ef350784283a77fe440220710c8, b15c3294d9294966bce6207dbde6c5f8; no voters: 
I20260710 13:23:11.584156 18514 raft_consensus.cc:2804] T ff267459c7e04c0bba980762e9ac91b8 P b15c3294d9294966bce6207dbde6c5f8 [term 2 FOLLOWER]: Leader election won for term 2
I20260710 13:23:11.584513 18514 raft_consensus.cc:697] T ff267459c7e04c0bba980762e9ac91b8 P b15c3294d9294966bce6207dbde6c5f8 [term 2 LEADER]: Becoming Leader. State: Replica: b15c3294d9294966bce6207dbde6c5f8, State: Running, Role: LEADER
I20260710 13:23:11.584520 17813 raft_consensus.cc:2468] T ff267459c7e04c0bba980762e9ac91b8 P d5143b3be1394abba9aefbe86397ca89 [term 2 FOLLOWER]: Leader election vote request: Granting yes vote for candidate b15c3294d9294966bce6207dbde6c5f8 in term 2.
I20260710 13:23:11.585451 18514 consensus_queue.cc:237] T ff267459c7e04c0bba980762e9ac91b8 P b15c3294d9294966bce6207dbde6c5f8 [LEADER]: Queue going to LEADER mode. State: All replicated index: 0, Majority replicated index: 1, Committed index: 1, Last appended: 1.1, Last appended by leader: 1, Current term: 2, Majority size: 2, State: 0, Mode: LEADER, active raft config: opid_index: -1 OBSOLETE_local: false peers { permanent_uuid: "836f0ef350784283a77fe440220710c8" member_type: VOTER last_known_addr { host: "127.16.62.129" port: 44819 } } peers { permanent_uuid: "d5143b3be1394abba9aefbe86397ca89" member_type: VOTER last_known_addr { host: "127.16.62.130" port: 42595 } } peers { permanent_uuid: "b15c3294d9294966bce6207dbde6c5f8" member_type: VOTER last_known_addr { host: "127.16.62.131" port: 39589 } }
I20260710 13:23:11.593083 17638 catalog_manager.cc:5697] T ff267459c7e04c0bba980762e9ac91b8 P b15c3294d9294966bce6207dbde6c5f8 reported cstate change: term changed from 1 to 2, leader changed from d5143b3be1394abba9aefbe86397ca89 (127.16.62.130) to b15c3294d9294966bce6207dbde6c5f8 (127.16.62.131). New cstate: current_term: 2 leader_uuid: "b15c3294d9294966bce6207dbde6c5f8" committed_config { opid_index: -1 OBSOLETE_local: false peers { permanent_uuid: "836f0ef350784283a77fe440220710c8" member_type: VOTER last_known_addr { host: "127.16.62.129" port: 44819 } health_report { overall_health: UNKNOWN } } peers { permanent_uuid: "d5143b3be1394abba9aefbe86397ca89" member_type: VOTER last_known_addr { host: "127.16.62.130" port: 42595 } health_report { overall_health: UNKNOWN } } peers { permanent_uuid: "b15c3294d9294966bce6207dbde6c5f8" member_type: VOTER last_known_addr { host: "127.16.62.131" port: 39589 } health_report { overall_health: HEALTHY } } }
I20260710 13:23:11.616358 18524 raft_consensus.cc:993] T 3035ec8a6a184968a2e13406363176b7 P b15c3294d9294966bce6207dbde6c5f8: : Instructing follower 836f0ef350784283a77fe440220710c8 to start an election
I20260710 13:23:11.616835 18524 raft_consensus.cc:1081] T 3035ec8a6a184968a2e13406363176b7 P b15c3294d9294966bce6207dbde6c5f8 [term 1 LEADER]: Signalling peer 836f0ef350784283a77fe440220710c8 to start an election
I20260710 13:23:11.618311 17740 tablet_service.cc:2044] Received Run Leader Election RPC: tablet_id: "3035ec8a6a184968a2e13406363176b7"
dest_uuid: "836f0ef350784283a77fe440220710c8"
 from {username='slave'} at 127.0.0.1:52220
I20260710 13:23:11.618683 17740 raft_consensus.cc:493] T 3035ec8a6a184968a2e13406363176b7 P 836f0ef350784283a77fe440220710c8 [term 1 FOLLOWER]: Starting forced leader election (received explicit request)
I20260710 13:23:11.618908 17740 raft_consensus.cc:3060] T 3035ec8a6a184968a2e13406363176b7 P 836f0ef350784283a77fe440220710c8 [term 1 FOLLOWER]: Advancing to term 2
I20260710 13:23:11.622874 17740 raft_consensus.cc:515] T 3035ec8a6a184968a2e13406363176b7 P 836f0ef350784283a77fe440220710c8 [term 2 FOLLOWER]: Starting forced leader election with config: opid_index: -1 OBSOLETE_local: false peers { permanent_uuid: "d5143b3be1394abba9aefbe86397ca89" member_type: VOTER last_known_addr { host: "127.16.62.130" port: 42595 } } peers { permanent_uuid: "b15c3294d9294966bce6207dbde6c5f8" member_type: VOTER last_known_addr { host: "127.16.62.131" port: 39589 } } peers { permanent_uuid: "836f0ef350784283a77fe440220710c8" member_type: VOTER last_known_addr { host: "127.16.62.129" port: 44819 } }
I20260710 13:23:11.624632 17740 leader_election.cc:290] T 3035ec8a6a184968a2e13406363176b7 P 836f0ef350784283a77fe440220710c8 [CANDIDATE]: Term 2 election: Requested vote from peers d5143b3be1394abba9aefbe86397ca89 (127.16.62.130:42595), b15c3294d9294966bce6207dbde6c5f8 (127.16.62.131:39589)
I20260710 13:23:11.625483 17813 tablet_service.cc:1917] Received RequestConsensusVote() RPC: tablet_id: "3035ec8a6a184968a2e13406363176b7" candidate_uuid: "836f0ef350784283a77fe440220710c8" candidate_term: 2 candidate_status { last_received { term: 1 index: 1 } } ignore_live_leader: true dest_uuid: "d5143b3be1394abba9aefbe86397ca89"
