I20260710 13:22:41.038267 22666 raft_consensus.cc:2468] T d4521a361727407a81b99447a4dfe0e1 P 99b39c7745b54884b0b2335ac5f30f01 [term 3 FOLLOWER]: Leader election vote request: Granting yes vote for candidate 2c58be143b644fad9e99272733ece7cb in term 3.
I20260710 13:22:41.039247 22482 leader_election.cc:304] T d4521a361727407a81b99447a4dfe0e1 P 2c58be143b644fad9e99272733ece7cb [CANDIDATE]: Term 3 election: Election decided. Result: candidate won. Election summary: received 2 responses out of 3 voters: 2 yes votes; 0 no votes. yes voters: 2c58be143b644fad9e99272733ece7cb, 99b39c7745b54884b0b2335ac5f30f01; no voters: 
I20260710 13:22:41.039933 22820 raft_consensus.cc:2804] T d4521a361727407a81b99447a4dfe0e1 P 2c58be143b644fad9e99272733ece7cb [term 3 FOLLOWER]: Leader election won for term 3
I20260710 13:22:41.040472 22820 raft_consensus.cc:697] T d4521a361727407a81b99447a4dfe0e1 P 2c58be143b644fad9e99272733ece7cb [term 3 LEADER]: Becoming Leader. State: Replica: 2c58be143b644fad9e99272733ece7cb, State: Running, Role: LEADER
I20260710 13:22:41.041318 22820 consensus_queue.cc:237] T d4521a361727407a81b99447a4dfe0e1 P 2c58be143b644fad9e99272733ece7cb [LEADER]: Queue going to LEADER mode. State: All replicated index: 0, Majority replicated index: 2, Committed index: 2, Last appended: 2.2, Last appended by leader: 2, Current term: 3, Majority size: 2, State: 0, Mode: LEADER, active raft config: opid_index: -1 OBSOLETE_local: false peers { permanent_uuid: "2c58be143b644fad9e99272733ece7cb" member_type: VOTER last_known_addr { host: "127.21.98.1" port: 32923 } } peers { permanent_uuid: "afeb1998f2f14254848b9a48a529025d" member_type: VOTER last_known_addr { host: "127.21.98.2" port: 36329 } } peers { permanent_uuid: "99b39c7745b54884b0b2335ac5f30f01" member_type: VOTER last_known_addr { host: "127.21.98.3" port: 45131 } }
I20260710 13:22:41.042183 22593 raft_consensus.cc:2468] T d4521a361727407a81b99447a4dfe0e1 P afeb1998f2f14254848b9a48a529025d [term 3 FOLLOWER]: Leader election vote request: Granting yes vote for candidate 2c58be143b644fad9e99272733ece7cb in term 3.
I20260710 13:22:41.048511 22417 catalog_manager.cc:5697] T d4521a361727407a81b99447a4dfe0e1 P 2c58be143b644fad9e99272733ece7cb reported cstate change: term changed from 2 to 3, leader changed from afeb1998f2f14254848b9a48a529025d (127.21.98.2) to 2c58be143b644fad9e99272733ece7cb (127.21.98.1). New cstate: current_term: 3 leader_uuid: "2c58be143b644fad9e99272733ece7cb" committed_config { opid_index: -1 OBSOLETE_local: false peers { permanent_uuid: "2c58be143b644fad9e99272733ece7cb" member_type: VOTER last_known_addr { host: "127.21.98.1" port: 32923 } health_report { overall_health: HEALTHY } } peers { permanent_uuid: "afeb1998f2f14254848b9a48a529025d" member_type: VOTER last_known_addr { host: "127.21.98.2" port: 36329 } health_report { overall_health: UNKNOWN } } peers { permanent_uuid: "99b39c7745b54884b0b2335ac5f30f01" member_type: VOTER last_known_addr { host: "127.21.98.3" port: 45131 } health_report { overall_health: UNKNOWN } } }
I20260710 13:22:41.324980 22593 raft_consensus.cc:1275] T dc98b4b2b0b54bbdbc49cfd1e6ad95e6 P afeb1998f2f14254848b9a48a529025d [term 3 FOLLOWER]: Refusing update from remote peer 2c58be143b644fad9e99272733ece7cb: Log matching property violated. Preceding OpId in replica: term: 2 index: 2. Preceding OpId from leader: term: 3 index: 3. (index mismatch)
I20260710 13:22:41.326093 22820 consensus_queue.cc:1048] T dc98b4b2b0b54bbdbc49cfd1e6ad95e6 P 2c58be143b644fad9e99272733ece7cb [LEADER]: Connected to new peer: Peer: permanent_uuid: "afeb1998f2f14254848b9a48a529025d" member_type: VOTER last_known_addr { host: "127.21.98.2" port: 36329 }, Status: LMP_MISMATCH, Last received: 0.0, Next index: 3, Last known committed idx: 2, Time since last communication: 0.000s
I20260710 13:22:41.329071 22594 raft_consensus.cc:1275] T 51d8b42c14bc47faab0effa30173e605 P afeb1998f2f14254848b9a48a529025d [term 4 FOLLOWER]: Refusing update from remote peer 2c58be143b644fad9e99272733ece7cb: Log matching property violated. Preceding OpId in replica: term: 3 index: 3. Preceding OpId from leader: term: 4 index: 4. (index mismatch)
I20260710 13:22:41.330449 22820 consensus_queue.cc:1048] T 51d8b42c14bc47faab0effa30173e605 P 2c58be143b644fad9e99272733ece7cb [LEADER]: Connected to new peer: Peer: permanent_uuid: "afeb1998f2f14254848b9a48a529025d" member_type: VOTER last_known_addr { host: "127.21.98.2" port: 36329 }, Status: LMP_MISMATCH, Last received: 0.0, Next index: 4, Last known committed idx: 3, Time since last communication: 0.000s
I20260710 13:22:41.336872 22666 raft_consensus.cc:1275] T a598afc2b9a245278547d7ce2bfcb9cd P 99b39c7745b54884b0b2335ac5f30f01 [term 2 FOLLOWER]: Refusing update from remote peer 2c58be143b644fad9e99272733ece7cb: Log matching property violated. Preceding OpId in replica: term: 1 index: 1. Preceding OpId from leader: term: 2 index: 2. (index mismatch)
I20260710 13:22:41.337860 22667 raft_consensus.cc:1275] T dc98b4b2b0b54bbdbc49cfd1e6ad95e6 P 99b39c7745b54884b0b2335ac5f30f01 [term 3 FOLLOWER]: Refusing update from remote peer 2c58be143b644fad9e99272733ece7cb: Log matching property violated. Preceding OpId in replica: term: 2 index: 2. Preceding OpId from leader: term: 3 index: 3. (index mismatch)
I20260710 13:22:41.338727 22820 consensus_queue.cc:1048] T a598afc2b9a245278547d7ce2bfcb9cd P 2c58be143b644fad9e99272733ece7cb [LEADER]: Connected to new peer: Peer: permanent_uuid: "99b39c7745b54884b0b2335ac5f30f01" member_type: VOTER last_known_addr { host: "127.21.98.3" port: 45131 }, Status: LMP_MISMATCH, Last received: 0.0, Next index: 2, Last known committed idx: 1, Time since last communication: 0.000s
I20260710 13:22:41.340013 22820 consensus_queue.cc:1048] T dc98b4b2b0b54bbdbc49cfd1e6ad95e6 P 2c58be143b644fad9e99272733ece7cb [LEADER]: Connected to new peer: Peer: permanent_uuid: "99b39c7745b54884b0b2335ac5f30f01" member_type: VOTER last_known_addr { host: "127.21.98.3" port: 45131 }, Status: LMP_MISMATCH, Last received: 0.0, Next index: 3, Last known committed idx: 2, Time since last communication: 0.000s
I20260710 13:22:41.357153 22668 raft_consensus.cc:1275] T 51d8b42c14bc47faab0effa30173e605 P 99b39c7745b54884b0b2335ac5f30f01 [term 4 FOLLOWER]: Refusing update from remote peer 2c58be143b644fad9e99272733ece7cb: Log matching property violated. Preceding OpId in replica: term: 3 index: 3. Preceding OpId from leader: term: 4 index: 4. (index mismatch)
I20260710 13:22:41.358927 22820 consensus_queue.cc:1048] T 51d8b42c14bc47faab0effa30173e605 P 2c58be143b644fad9e99272733ece7cb [LEADER]: Connected to new peer: Peer: permanent_uuid: "99b39c7745b54884b0b2335ac5f30f01" member_type: VOTER last_known_addr { host: "127.21.98.3" port: 45131 }, Status: LMP_MISMATCH, Last received: 0.0, Next index: 4, Last known committed idx: 3, Time since last communication: 0.000s
I20260710 13:22:41.367499 22594 raft_consensus.cc:1275] T a598afc2b9a245278547d7ce2bfcb9cd P afeb1998f2f14254848b9a48a529025d [term 2 FOLLOWER]: Refusing update from remote peer 2c58be143b644fad9e99272733ece7cb: Log matching property violated. Preceding OpId in replica: term: 1 index: 1. Preceding OpId from leader: term: 2 index: 2. (index mismatch)
I20260710 13:22:41.369189 22829 consensus_queue.cc:1048] T a598afc2b9a245278547d7ce2bfcb9cd P 2c58be143b644fad9e99272733ece7cb [LEADER]: Connected to new peer: Peer: permanent_uuid: "afeb1998f2f14254848b9a48a529025d" member_type: VOTER last_known_addr { host: "127.21.98.2" port: 36329 }, Status: LMP_MISMATCH, Last received: 0.0, Next index: 2, Last known committed idx: 1, Time since last communication: 0.000s
I20260710 13:22:41.432523 22667 raft_consensus.cc:1275] T ce1abf3b9e55415a85da9510d46fe182 P 99b39c7745b54884b0b2335ac5f30f01 [term 3 FOLLOWER]: Refusing update from remote peer 2c58be143b644fad9e99272733ece7cb: Log matching property violated. Preceding OpId in replica: term: 2 index: 2. Preceding OpId from leader: term: 3 index: 3. (index mismatch)
I20260710 13:22:41.433658 22829 consensus_queue.cc:1048] T ce1abf3b9e55415a85da9510d46fe182 P 2c58be143b644fad9e99272733ece7cb [LEADER]: Connected to new peer: Peer: permanent_uuid: "99b39c7745b54884b0b2335ac5f30f01" member_type: VOTER last_known_addr { host: "127.21.98.3" port: 45131 }, Status: LMP_MISMATCH, Last received: 0.0, Next index: 3, Last known committed idx: 2, Time since last communication: 0.000s
I20260710 13:22:41.443514 22593 raft_consensus.cc:1275] T ce1abf3b9e55415a85da9510d46fe182 P afeb1998f2f14254848b9a48a529025d [term 3 FOLLOWER]: Refusing update from remote peer 2c58be143b644fad9e99272733ece7cb: Log matching property violated. Preceding OpId in replica: term: 2 index: 2. Preceding OpId from leader: term: 3 index: 3. (index mismatch)
I20260710 13:22:41.444800 22830 consensus_queue.cc:1048] T ce1abf3b9e55415a85da9510d46fe182 P 2c58be143b644fad9e99272733ece7cb [LEADER]: Connected to new peer: Peer: permanent_uuid: "afeb1998f2f14254848b9a48a529025d" member_type: VOTER last_known_addr { host: "127.21.98.2" port: 36329 }, Status: LMP_MISMATCH, Last received: 0.0, Next index: 3, Last known committed idx: 2, Time since last communication: 0.000s
I20260710 13:22:41.527794 22593 raft_consensus.cc:1275] T d4521a361727407a81b99447a4dfe0e1 P afeb1998f2f14254848b9a48a529025d [term 3 FOLLOWER]: Refusing update from remote peer 2c58be143b644fad9e99272733ece7cb: Log matching property violated. Preceding OpId in replica: term: 2 index: 2. Preceding OpId from leader: term: 3 index: 3. (index mismatch)
I20260710 13:22:41.528920 22830 consensus_queue.cc:1048] T d4521a361727407a81b99447a4dfe0e1 P 2c58be143b644fad9e99272733ece7cb [LEADER]: Connected to new peer: Peer: permanent_uuid: "afeb1998f2f14254848b9a48a529025d" member_type: VOTER last_known_addr { host: "127.21.98.2" port: 36329 }, Status: LMP_MISMATCH, Last received: 0.0, Next index: 3, Last known committed idx: 2, Time since last communication: 0.000s
I20260710 13:22:41.536535 22667 raft_consensus.cc:1275] T d4521a361727407a81b99447a4dfe0e1 P 99b39c7745b54884b0b2335ac5f30f01 [term 3 FOLLOWER]: Refusing update from remote peer 2c58be143b644fad9e99272733ece7cb: Log matching property violated. Preceding OpId in replica: term: 2 index: 2. Preceding OpId from leader: term: 3 index: 3. (index mismatch)
I20260710 13:22:41.537966 22830 consensus_queue.cc:1048] T d4521a361727407a81b99447a4dfe0e1 P 2c58be143b644fad9e99272733ece7cb [LEADER]: Connected to new peer: Peer: permanent_uuid: "99b39c7745b54884b0b2335ac5f30f01" member_type: VOTER last_known_addr { host: "127.21.98.3" port: 45131 }, Status: LMP_MISMATCH, Last received: 0.0, Next index: 3, Last known committed idx: 2, Time since last communication: 0.000s
I20260710 13:22:43.779752 21896 auto_leader_rebalancer.cc:141] leader rebalance for table test-workload
I20260710 13:22:43.787679 22517 tablet_service.cc:2072] Received LeaderStepDown RPC: tablet_id: "51d8b42c14bc47faab0effa30173e605"
dest_uuid: "2c58be143b644fad9e99272733ece7cb"
mode: GRACEFUL
new_leader_uuid: "99b39c7745b54884b0b2335ac5f30f01"
 from {username='slave'} at 127.0.0.1:52306
I20260710 13:22:43.788394 22517 raft_consensus.cc:606] T 51d8b42c14bc47faab0effa30173e605 P 2c58be143b644fad9e99272733ece7cb [term 4 LEADER]: Received request to transfer leadership to TS 99b39c7745b54884b0b2335ac5f30f01
I20260710 13:22:43.791088 22517 tablet_service.cc:2072] Received LeaderStepDown RPC: tablet_id: "5e80cae335ae4355a20fa2bc5620a059"
dest_uuid: "2c58be143b644fad9e99272733ece7cb"
mode: GRACEFUL
new_leader_uuid: "afeb1998f2f14254848b9a48a529025d"
 from {username='slave'} at 127.0.0.1:52306
I20260710 13:22:43.791512 22517 raft_consensus.cc:606] T 5e80cae335ae4355a20fa2bc5620a059 P 2c58be143b644fad9e99272733ece7cb [term 1 LEADER]: Received request to transfer leadership to TS afeb1998f2f14254848b9a48a529025d
I20260710 13:22:43.793635 22517 tablet_service.cc:2072] Received LeaderStepDown RPC: tablet_id: "a598afc2b9a245278547d7ce2bfcb9cd"
dest_uuid: "2c58be143b644fad9e99272733ece7cb"
mode: GRACEFUL
new_leader_uuid: "afeb1998f2f14254848b9a48a529025d"
 from {username='slave'} at 127.0.0.1:52306
I20260710 13:22:43.794078 22517 raft_consensus.cc:606] T a598afc2b9a245278547d7ce2bfcb9cd P 2c58be143b644fad9e99272733ece7cb [term 2 LEADER]: Received request to transfer leadership to TS afeb1998f2f14254848b9a48a529025d
I20260710 13:22:43.796173 22517 tablet_service.cc:2072] Received LeaderStepDown RPC: tablet_id: "ce1abf3b9e55415a85da9510d46fe182"
dest_uuid: "2c58be143b644fad9e99272733ece7cb"
mode: GRACEFUL
new_leader_uuid: "99b39c7745b54884b0b2335ac5f30f01"
 from {username='slave'} at 127.0.0.1:52306
I20260710 13:22:43.796592 22517 raft_consensus.cc:606] T ce1abf3b9e55415a85da9510d46fe182 P 2c58be143b644fad9e99272733ece7cb [term 3 LEADER]: Received request to transfer leadership to TS 99b39c7745b54884b0b2335ac5f30f01
I20260710 13:22:43.797529 21896 auto_leader_rebalancer.cc:479] table: test-workload, leader rebalance finish, leader transfer count: 4
I20260710 13:22:43.797945 21896 auto_leader_rebalancer.cc:554] All tables' leader rebalancing finished this round
I20260710 13:22:43.830930 22842 raft_consensus.cc:993] T ce1abf3b9e55415a85da9510d46fe182 P 2c58be143b644fad9e99272733ece7cb: : Instructing follower 99b39c7745b54884b0b2335ac5f30f01 to start an election
I20260710 13:22:43.831497 22830 raft_consensus.cc:1081] T ce1abf3b9e55415a85da9510d46fe182 P 2c58be143b644fad9e99272733ece7cb [term 3 LEADER]: Signalling peer 99b39c7745b54884b0b2335ac5f30f01 to start an election
I20260710 13:22:43.832901 22667 tablet_service.cc:2044] Received Run Leader Election RPC: tablet_id: "ce1abf3b9e55415a85da9510d46fe182"
dest_uuid: "99b39c7745b54884b0b2335ac5f30f01"
 from {username='slave'} at 127.0.0.1:45244
I20260710 13:22:43.833393 22667 raft_consensus.cc:493] T ce1abf3b9e55415a85da9510d46fe182 P 99b39c7745b54884b0b2335ac5f30f01 [term 3 FOLLOWER]: Starting forced leader election (received explicit request)
I20260710 13:22:43.833719 22667 raft_consensus.cc:3060] T ce1abf3b9e55415a85da9510d46fe182 P 99b39c7745b54884b0b2335ac5f30f01 [term 3 FOLLOWER]: Advancing to term 4
I20260710 13:22:43.839042 22667 raft_consensus.cc:515] T ce1abf3b9e55415a85da9510d46fe182 P 99b39c7745b54884b0b2335ac5f30f01 [term 4 FOLLOWER]: Starting forced leader election with config: opid_index: -1 OBSOLETE_local: false peers { permanent_uuid: "afeb1998f2f14254848b9a48a529025d" member_type: VOTER last_known_addr { host: "127.21.98.2" port: 36329 } } peers { permanent_uuid: "99b39c7745b54884b0b2335ac5f30f01" member_type: VOTER last_known_addr { host: "127.21.98.3" port: 45131 } } peers { permanent_uuid: "2c58be143b644fad9e99272733ece7cb" member_type: VOTER last_known_addr { host: "127.21.98.1" port: 32923 } }
I20260710 13:22:43.840684 22667 leader_election.cc:290] T ce1abf3b9e55415a85da9510d46fe182 P 99b39c7745b54884b0b2335ac5f30f01 [CANDIDATE]: Term 4 election: Requested vote from peers afeb1998f2f14254848b9a48a529025d (127.21.98.2:36329), 2c58be143b644fad9e99272733ece7cb (127.21.98.1:32923)
I20260710 13:22:43.841861 22517 tablet_service.cc:1917] Received RequestConsensusVote() RPC: tablet_id: "ce1abf3b9e55415a85da9510d46fe182" candidate_uuid: "99b39c7745b54884b0b2335ac5f30f01" candidate_term: 4 candidate_status { last_received { term: 3 index: 3 } } ignore_live_leader: true dest_uuid: "2c58be143b644fad9e99272733ece7cb"
I20260710 13:22:43.841801 22594 tablet_service.cc:1917] Received RequestConsensusVote() RPC: tablet_id: "ce1abf3b9e55415a85da9510d46fe182" candidate_uuid: "99b39c7745b54884b0b2335ac5f30f01" candidate_term: 4 candidate_status { last_received { term: 3 index: 3 } } ignore_live_leader: true dest_uuid: "afeb1998f2f14254848b9a48a529025d"
I20260710 13:22:43.842490 22517 raft_consensus.cc:3055] T ce1abf3b9e55415a85da9510d46fe182 P 2c58be143b644fad9e99272733ece7cb [term 3 LEADER]: Stepping down as leader of term 3
I20260710 13:22:43.842625 22594 raft_consensus.cc:3060] T ce1abf3b9e55415a85da9510d46fe182 P afeb1998f2f14254848b9a48a529025d [term 3 FOLLOWER]: Advancing to term 4
I20260710 13:22:43.842828 22517 raft_consensus.cc:740] T ce1abf3b9e55415a85da9510d46fe182 P 2c58be143b644fad9e99272733ece7cb [term 3 LEADER]: Becoming Follower/Learner. State: Replica: 2c58be143b644fad9e99272733ece7cb, State: Running, Role: LEADER
I20260710 13:22:43.843768 22517 consensus_queue.cc:260] T ce1abf3b9e55415a85da9510d46fe182 P 2c58be143b644fad9e99272733ece7cb [NON_LEADER]: Queue going to NON_LEADER mode. State: All replicated index: 0, Majority replicated index: 3, Committed index: 3, Last appended: 3.3, Last appended by leader: 3, Current term: 3, Majority size: -1, State: 0, Mode: NON_LEADER, active raft config: opid_index: -1 OBSOLETE_local: false peers { permanent_uuid: "afeb1998f2f14254848b9a48a529025d" member_type: VOTER last_known_addr { host: "127.21.98.2" port: 36329 } } peers { permanent_uuid: "99b39c7745b54884b0b2335ac5f30f01" member_type: VOTER last_known_addr { host: "127.21.98.3" port: 45131 } } peers { permanent_uuid: "2c58be143b644fad9e99272733ece7cb" member_type: VOTER last_known_addr { host: "127.21.98.1" port: 32923 } }
I20260710 13:22:43.844762 22517 raft_consensus.cc:3060] T ce1abf3b9e55415a85da9510d46fe182 P 2c58be143b644fad9e99272733ece7cb [term 3 FOLLOWER]: Advancing to term 4
I20260710 13:22:43.847813 22594 raft_consensus.cc:2468] T ce1abf3b9e55415a85da9510d46fe182 P afeb1998f2f14254848b9a48a529025d [term 4 FOLLOWER]: Leader election vote request: Granting yes vote for candidate 99b39c7745b54884b0b2335ac5f30f01 in term 4.
I20260710 13:22:43.849095 22632 leader_election.cc:304] T ce1abf3b9e55415a85da9510d46fe182 P 99b39c7745b54884b0b2335ac5f30f01 [CANDIDATE]: Term 4 election: Election decided. Result: candidate won. Election summary: received 2 responses out of 3 voters: 2 yes votes; 0 no votes. yes voters: 99b39c7745b54884b0b2335ac5f30f01, afeb1998f2f14254848b9a48a529025d; no voters: 
I20260710 13:22:43.849829 22805 raft_consensus.cc:2804] T ce1abf3b9e55415a85da9510d46fe182 P 99b39c7745b54884b0b2335ac5f30f01 [term 4 FOLLOWER]: Leader election won for term 4
I20260710 13:22:43.850662 22517 raft_consensus.cc:2468] T ce1abf3b9e55415a85da9510d46fe182 P 2c58be143b644fad9e99272733ece7cb [term 4 FOLLOWER]: Leader election vote request: Granting yes vote for candidate 99b39c7745b54884b0b2335ac5f30f01 in term 4.
I20260710 13:22:43.850847 22805 raft_consensus.cc:697] T ce1abf3b9e55415a85da9510d46fe182 P 99b39c7745b54884b0b2335ac5f30f01 [term 4 LEADER]: Becoming Leader. State: Replica: 99b39c7745b54884b0b2335ac5f30f01, State: Running, Role: LEADER
I20260710 13:22:43.851795 22805 consensus_queue.cc:237] T ce1abf3b9e55415a85da9510d46fe182 P 99b39c7745b54884b0b2335ac5f30f01 [LEADER]: Queue going to LEADER mode. State: All replicated index: 0, Majority replicated index: 3, Committed index: 3, Last appended: 3.3, Last appended by leader: 3, Current term: 4, Majority size: 2, State: 0, Mode: LEADER, active raft config: opid_index: -1 OBSOLETE_local: false peers { permanent_uuid: "afeb1998f2f14254848b9a48a529025d" member_type: VOTER last_known_addr { host: "127.21.98.2" port: 36329 } } peers { permanent_uuid: "99b39c7745b54884b0b2335ac5f30f01" member_type: VOTER last_known_addr { host: "127.21.98.3" port: 45131 } } peers { permanent_uuid: "2c58be143b644fad9e99272733ece7cb" member_type: VOTER last_known_addr { host: "127.21.98.1" port: 32923 } }
I20260710 13:22:43.858477 22415 catalog_manager.cc:5697] T ce1abf3b9e55415a85da9510d46fe182 P 99b39c7745b54884b0b2335ac5f30f01 reported cstate change: term changed from 3 to 4, leader changed from 2c58be143b644fad9e99272733ece7cb (127.21.98.1) to 99b39c7745b54884b0b2335ac5f30f01 (127.21.98.3). New cstate: current_term: 4 leader_uuid: "99b39c7745b54884b0b2335ac5f30f01" committed_config { opid_index: -1 OBSOLETE_local: false peers { permanent_uuid: "afeb1998f2f14254848b9a48a529025d" member_type: VOTER last_known_addr { host: "127.21.98.2" port: 36329 } health_report { overall_health: UNKNOWN } } peers { permanent_uuid: "99b39c7745b54884b0b2335ac5f30f01" member_type: VOTER last_known_addr { host: "127.21.98.3" port: 45131 } health_report { overall_health: HEALTHY } } peers { permanent_uuid: "2c58be143b644fad9e99272733ece7cb" member_type: VOTER last_known_addr { host: "127.21.98.1" port: 32923 } health_report { overall_health: UNKNOWN } } }
I20260710 13:22:43.997869 22842 raft_consensus.cc:993] T 51d8b42c14bc47faab0effa30173e605 P 2c58be143b644fad9e99272733ece7cb: : Instructing follower 99b39c7745b54884b0b2335ac5f30f01 to start an election
I20260710 13:22:43.998075 22849 raft_consensus.cc:993] T 5e80cae335ae4355a20fa2bc5620a059 P 2c58be143b644fad9e99272733ece7cb: : Instructing follower afeb1998f2f14254848b9a48a529025d to start an election
I20260710 13:22:43.998427 22830 raft_consensus.cc:1081] T 51d8b42c14bc47faab0effa30173e605 P 2c58be143b644fad9e99272733ece7cb [term 4 LEADER]: Signalling peer 99b39c7745b54884b0b2335ac5f30f01 to start an election
I20260710 13:22:43.998624 22850 raft_consensus.cc:1081] T 5e80cae335ae4355a20fa2bc5620a059 P 2c58be143b644fad9e99272733ece7cb [term 1 LEADER]: Signalling peer afeb1998f2f14254848b9a48a529025d to start an election
I20260710 13:22:44.000160 22594 tablet_service.cc:2044] Received Run Leader Election RPC: tablet_id: "5e80cae335ae4355a20fa2bc5620a059"
dest_uuid: "afeb1998f2f14254848b9a48a529025d"
 from {username='slave'} at 127.0.0.1:59062
I20260710 13:22:44.000744 22594 raft_consensus.cc:493] T 5e80cae335ae4355a20fa2bc5620a059 P afeb1998f2f14254848b9a48a529025d [term 1 FOLLOWER]: Starting forced leader election (received explicit request)
I20260710 13:22:44.001080 22594 raft_consensus.cc:3060] T 5e80cae335ae4355a20fa2bc5620a059 P afeb1998f2f14254848b9a48a529025d [term 1 FOLLOWER]: Advancing to term 2
I20260710 13:22:44.003942 22830 raft_consensus.cc:993] T a598afc2b9a245278547d7ce2bfcb9cd P 2c58be143b644fad9e99272733ece7cb: : Instructing follower afeb1998f2f14254848b9a48a529025d to start an election
I20260710 13:22:44.004359 22850 raft_consensus.cc:1081] T a598afc2b9a245278547d7ce2bfcb9cd P 2c58be143b644fad9e99272733ece7cb [term 2 LEADER]: Signalling peer afeb1998f2f14254848b9a48a529025d to start an election
I20260710 13:22:44.005884 22593 tablet_service.cc:2044] Received Run Leader Election RPC: tablet_id: "a598afc2b9a245278547d7ce2bfcb9cd"
dest_uuid: "afeb1998f2f14254848b9a48a529025d"
 from {username='slave'} at 127.0.0.1:59062
I20260710 13:22:44.000123 22667 tablet_service.cc:2044] Received Run Leader Election RPC: tablet_id: "51d8b42c14bc47faab0effa30173e605"
dest_uuid: "99b39c7745b54884b0b2335ac5f30f01"
 from {username='slave'} at 127.0.0.1:45244
I20260710 13:22:44.006369 22593 raft_consensus.cc:493] T a598afc2b9a245278547d7ce2bfcb9cd P afeb1998f2f14254848b9a48a529025d [term 2 FOLLOWER]: Starting forced leader election (received explicit request)
I20260710 13:22:44.006842 22593 raft_consensus.cc:3060] T a598afc2b9a245278547d7ce2bfcb9cd P afeb1998f2f14254848b9a48a529025d [term 2 FOLLOWER]: Advancing to term 3
I20260710 13:22:44.006855 22667 raft_consensus.cc:493] T 51d8b42c14bc47faab0effa30173e605 P 99b39c7745b54884b0b2335ac5f30f01 [term 4 FOLLOWER]: Starting forced leader election (received explicit request)
I20260710 13:22:44.007674 22667 raft_consensus.cc:3060] T 51d8b42c14bc47faab0effa30173e605 P 99b39c7745b54884b0b2335ac5f30f01 [term 4 FOLLOWER]: Advancing to term 5
I20260710 13:22:44.007625 22594 raft_consensus.cc:515] T 5e80cae335ae4355a20fa2bc5620a059 P afeb1998f2f14254848b9a48a529025d [term 2 FOLLOWER]: Starting forced leader election with config: opid_index: -1 OBSOLETE_local: false peers { permanent_uuid: "2c58be143b644fad9e99272733ece7cb" member_type: VOTER last_known_addr { host: "127.21.98.1" port: 32923 } } peers { permanent_uuid: "afeb1998f2f14254848b9a48a529025d" member_type: VOTER last_known_addr { host: "127.21.98.2" port: 36329 } } peers { permanent_uuid: "99b39c7745b54884b0b2335ac5f30f01" member_type: VOTER last_known_addr { host: "127.21.98.3" port: 45131 } }
I20260710 13:22:44.010674 22517 tablet_service.cc:1917] Received RequestConsensusVote() RPC: tablet_id: "5e80cae335ae4355a20fa2bc5620a059" candidate_uuid: "afeb1998f2f14254848b9a48a529025d" candidate_term: 2 candidate_status { last_received { term: 1 index: 1 } } ignore_live_leader: true dest_uuid: "2c58be143b644fad9e99272733ece7cb"
I20260710 13:22:44.010917 22666 tablet_service.cc:1917] Received RequestConsensusVote() RPC: tablet_id: "5e80cae335ae4355a20fa2bc5620a059" candidate_uuid: "afeb1998f2f14254848b9a48a529025d" candidate_term: 2 candidate_status { last_received { term: 1 index: 1 } } ignore_live_leader: true dest_uuid: "99b39c7745b54884b0b2335ac5f30f01"
I20260710 13:22:44.011245 22517 raft_consensus.cc:3055] T 5e80cae335ae4355a20fa2bc5620a059 P 2c58be143b644fad9e99272733ece7cb [term 1 LEADER]: Stepping down as leader of term 1
I20260710 13:22:44.011423 22666 raft_consensus.cc:3060] T 5e80cae335ae4355a20fa2bc5620a059 P 99b39c7745b54884b0b2335ac5f30f01 [term 1 FOLLOWER]: Advancing to term 2
I20260710 13:22:44.011600 22517 raft_consensus.cc:740] T 5e80cae335ae4355a20fa2bc5620a059 P 2c58be143b644fad9e99272733ece7cb [term 1 LEADER]: Becoming Follower/Learner. State: Replica: 2c58be143b644fad9e99272733ece7cb, State: Running, Role: LEADER
I20260710 13:22:44.012431 22517 consensus_queue.cc:260] T 5e80cae335ae4355a20fa2bc5620a059 P 2c58be143b644fad9e99272733ece7cb [NON_LEADER]: Queue going to NON_LEADER mode. State: All replicated index: 0, Majority replicated index: 1, Committed index: 1, Last appended: 1.1, Last appended by leader: 1, Current term: 1, Majority size: -1, State: 0, Mode: NON_LEADER, active raft config: opid_index: -1 OBSOLETE_local: false peers { permanent_uuid: "2c58be143b644fad9e99272733ece7cb" member_type: VOTER last_known_addr { host: "127.21.98.1" port: 32923 } } peers { permanent_uuid: "afeb1998f2f14254848b9a48a529025d" member_type: VOTER last_known_addr { host: "127.21.98.2" port: 36329 } } peers { permanent_uuid: "99b39c7745b54884b0b2335ac5f30f01" member_type: VOTER last_known_addr { host: "127.21.98.3" port: 45131 } }
I20260710 13:22:44.013448 22517 raft_consensus.cc:3060] T 5e80cae335ae4355a20fa2bc5620a059 P 2c58be143b644fad9e99272733ece7cb [term 1 FOLLOWER]: Advancing to term 2
I20260710 13:22:44.013288 22593 raft_consensus.cc:515] T a598afc2b9a245278547d7ce2bfcb9cd P afeb1998f2f14254848b9a48a529025d [term 3 FOLLOWER]: Starting forced leader election with config: opid_index: -1 OBSOLETE_local: false peers { permanent_uuid: "2c58be143b644fad9e99272733ece7cb" member_type: VOTER last_known_addr { host: "127.21.98.1" port: 32923 } } peers { permanent_uuid: "afeb1998f2f14254848b9a48a529025d" member_type: VOTER last_known_addr { host: "127.21.98.2" port: 36329 } } peers { permanent_uuid: "99b39c7745b54884b0b2335ac5f30f01" member_type: VOTER last_known_addr { host: "127.21.98.3" port: 45131 } }
I20260710 13:22:44.014375 22667 raft_consensus.cc:515] T 51d8b42c14bc47faab0effa30173e605 P 99b39c7745b54884b0b2335ac5f30f01 [term 5 FOLLOWER]: Starting forced leader election with config: opid_index: -1 OBSOLETE_local: false peers { permanent_uuid: "2c58be143b644fad9e99272733ece7cb" member_type: VOTER last_known_addr { host: "127.21.98.1" port: 32923 } } peers { permanent_uuid: "afeb1998f2f14254848b9a48a529025d" member_type: VOTER last_known_addr { host: "127.21.98.2" port: 36329 } } peers { permanent_uuid: "99b39c7745b54884b0b2335ac5f30f01" member_type: VOTER last_known_addr { host: "127.21.98.3" port: 45131 } }
I20260710 13:22:44.017170 22518 tablet_service.cc:1917] Received RequestConsensusVote() RPC: tablet_id: "51d8b42c14bc47faab0effa30173e605" candidate_uuid: "99b39c7745b54884b0b2335ac5f30f01" candidate_term: 5 candidate_status { last_received { term: 4 index: 4 } } ignore_live_leader: true dest_uuid: "2c58be143b644fad9e99272733ece7cb"
I20260710 13:22:44.017807 22518 raft_consensus.cc:3055] T 51d8b42c14bc47faab0effa30173e605 P 2c58be143b644fad9e99272733ece7cb [term 4 LEADER]: Stepping down as leader of term 4
I20260710 13:22:44.017977 22666 raft_consensus.cc:2468] T 5e80cae335ae4355a20fa2bc5620a059 P 99b39c7745b54884b0b2335ac5f30f01 [term 2 FOLLOWER]: Leader election vote request: Granting yes vote for candidate afeb1998f2f14254848b9a48a529025d in term 2.
I20260710 13:22:44.018098 22593 leader_election.cc:290] T a598afc2b9a245278547d7ce2bfcb9cd P afeb1998f2f14254848b9a48a529025d [CANDIDATE]: Term 3 election: Requested vote from peers 2c58be143b644fad9e99272733ece7cb (127.21.98.1:32923), 99b39c7745b54884b0b2335ac5f30f01 (127.21.98.3:45131)
I20260710 13:22:44.017237 22519 tablet_service.cc:1917] Received RequestConsensusVote() RPC: tablet_id: "a598afc2b9a245278547d7ce2bfcb9cd" candidate_uuid: "afeb1998f2f14254848b9a48a529025d" candidate_term: 3 candidate_status { last_received { term: 2 index: 2 } } ignore_live_leader: true dest_uuid: "2c58be143b644fad9e99272733ece7cb"
I20260710 13:22:44.018829 22519 raft_consensus.cc:3055] T a598afc2b9a245278547d7ce2bfcb9cd P 2c58be143b644fad9e99272733ece7cb [term 2 LEADER]: Stepping down as leader of term 2
I20260710 13:22:44.019109 22519 raft_consensus.cc:740] T a598afc2b9a245278547d7ce2bfcb9cd P 2c58be143b644fad9e99272733ece7cb [term 2 LEADER]: Becoming Follower/Learner. State: Replica: 2c58be143b644fad9e99272733ece7cb, State: Running, Role: LEADER
I20260710 13:22:44.019209 22668 tablet_service.cc:1917] Received RequestConsensusVote() RPC: tablet_id: "a598afc2b9a245278547d7ce2bfcb9cd" candidate_uuid: "afeb1998f2f14254848b9a48a529025d" candidate_term: 3 candidate_status { last_received { term: 2 index: 2 } } ignore_live_leader: true dest_uuid: "99b39c7745b54884b0b2335ac5f30f01"
I20260710 13:22:44.019632 22668 raft_consensus.cc:3060] T a598afc2b9a245278547d7ce2bfcb9cd P 99b39c7745b54884b0b2335ac5f30f01 [term 2 FOLLOWER]: Advancing to term 3
I20260710 13:22:44.019704 22519 consensus_queue.cc:260] T a598afc2b9a245278547d7ce2bfcb9cd P 2c58be143b644fad9e99272733ece7cb [NON_LEADER]: Queue going to NON_LEADER mode. State: All replicated index: 0, Majority replicated index: 2, Committed index: 2, Last appended: 2.2, Last appended by leader: 2, Current term: 2, Majority size: -1, State: 0, Mode: NON_LEADER, active raft config: opid_index: -1 OBSOLETE_local: false peers { permanent_uuid: "2c58be143b644fad9e99272733ece7cb" member_type: VOTER last_known_addr { host: "127.21.98.1" port: 32923 } } peers { permanent_uuid: "afeb1998f2f14254848b9a48a529025d" member_type: VOTER last_known_addr { host: "127.21.98.2" port: 36329 } } peers { permanent_uuid: "99b39c7745b54884b0b2335ac5f30f01" member_type: VOTER last_known_addr { host: "127.21.98.3" port: 45131 } }
I20260710 13:22:44.020428 22519 raft_consensus.cc:3060] T a598afc2b9a245278547d7ce2bfcb9cd P 2c58be143b644fad9e99272733ece7cb [term 2 FOLLOWER]: Advancing to term 3
I20260710 13:22:44.018157 22518 raft_consensus.cc:740] T 51d8b42c14bc47faab0effa30173e605 P 2c58be143b644fad9e99272733ece7cb [term 4 LEADER]: Becoming Follower/Learner. State: Replica: 2c58be143b644fad9e99272733ece7cb, State: Running, Role: LEADER
I20260710 13:22:44.022789 22667 leader_election.cc:290] T 51d8b42c14bc47faab0effa30173e605 P 99b39c7745b54884b0b2335ac5f30f01 [CANDIDATE]: Term 5 election: Requested vote from peers 2c58be143b644fad9e99272733ece7cb (127.21.98.1:32923), afeb1998f2f14254848b9a48a529025d (127.21.98.2:36329)
I20260710 13:22:44.023244 22557 leader_election.cc:304] T 5e80cae335ae4355a20fa2bc5620a059 P afeb1998f2f14254848b9a48a529025d [CANDIDATE]: Term 2 election: Election decided. Result: candidate won. Election summary: received 2 responses out of 3 voters: 2 yes votes; 0 no votes. yes voters: 99b39c7745b54884b0b2335ac5f30f01, afeb1998f2f14254848b9a48a529025d; no voters: 
I20260710 13:22:44.023208 22518 consensus_queue.cc:260] T 51d8b42c14bc47faab0effa30173e605 P 2c58be143b644fad9e99272733ece7cb [NON_LEADER]: Queue going to NON_LEADER mode. State: All replicated index: 0, Majority replicated index: 4, Committed index: 4, Last appended: 4.4, Last appended by leader: 4, Current term: 4, Majority size: -1, State: 0, Mode: NON_LEADER, active raft config: opid_index: -1 OBSOLETE_local: false peers { permanent_uuid: "2c58be143b644fad9e99272733ece7cb" member_type: VOTER last_known_addr { host: "127.21.98.1" port: 32923 } } peers { permanent_uuid: "afeb1998f2f14254848b9a48a529025d" member_type: VOTER last_known_addr { host: "127.21.98.2" port: 36329 } } peers { permanent_uuid: "99b39c7745b54884b0b2335ac5f30f01" member_type: VOTER last_known_addr { host: "127.21.98.3" port: 45131 } }
I20260710 13:22:44.024291 22728 raft_consensus.cc:2804] T 5e80cae335ae4355a20fa2bc5620a059 P afeb1998f2f14254848b9a48a529025d [term 2 FOLLOWER]: Leader election won for term 2
I20260710 13:22:44.024468 22518 raft_consensus.cc:3060] T 51d8b42c14bc47faab0effa30173e605 P 2c58be143b644fad9e99272733ece7cb [term 4 FOLLOWER]: Advancing to term 5
I20260710 13:22:44.025642 22668 raft_consensus.cc:2468] T a598afc2b9a245278547d7ce2bfcb9cd P 99b39c7745b54884b0b2335ac5f30f01 [term 3 FOLLOWER]: Leader election vote request: Granting yes vote for candidate afeb1998f2f14254848b9a48a529025d in term 3.
I20260710 13:22:44.026713 22517 raft_consensus.cc:2468] T 5e80cae335ae4355a20fa2bc5620a059 P 2c58be143b644fad9e99272733ece7cb [term 2 FOLLOWER]: Leader election vote request: Granting yes vote for candidate afeb1998f2f14254848b9a48a529025d in term 2.
I20260710 13:22:44.027634 22557 leader_election.cc:304] T a598afc2b9a245278547d7ce2bfcb9cd P afeb1998f2f14254848b9a48a529025d [CANDIDATE]: Term 3 election: Election decided. Result: candidate won. Election summary: received 2 responses out of 3 voters: 2 yes votes; 0 no votes. yes voters: 99b39c7745b54884b0b2335ac5f30f01, afeb1998f2f14254848b9a48a529025d; no voters: 
I20260710 13:22:44.010339 22594 leader_election.cc:290] T 5e80cae335ae4355a20fa2bc5620a059 P afeb1998f2f14254848b9a48a529025d [CANDIDATE]: Term 2 election: Requested vote from peers 2c58be143b644fad9e99272733ece7cb (127.21.98.1:32923), 99b39c7745b54884b0b2335ac5f30f01 (127.21.98.3:45131)
I20260710 13:22:44.029328 22519 raft_consensus.cc:2468] T a598afc2b9a245278547d7ce2bfcb9cd P 2c58be143b644fad9e99272733ece7cb [term 3 FOLLOWER]: Leader election vote request: Granting yes vote for candidate afeb1998f2f14254848b9a48a529025d in term 3.
I20260710 13:22:44.029237 22593 tablet_service.cc:1917] Received RequestConsensusVote() RPC: tablet_id: "51d8b42c14bc47faab0effa30173e605" candidate_uuid: "99b39c7745b54884b0b2335ac5f30f01" candidate_term: 5 candidate_status { last_received { term: 4 index: 4 } } ignore_live_leader: true dest_uuid: "afeb1998f2f14254848b9a48a529025d"
I20260710 13:22:44.031759 22728 raft_consensus.cc:697] T 5e80cae335ae4355a20fa2bc5620a059 P afeb1998f2f14254848b9a48a529025d [term 2 LEADER]: Becoming Leader. State: Replica: afeb1998f2f14254848b9a48a529025d, State: Running, Role: LEADER
I20260710 13:22:44.031953 22518 raft_consensus.cc:2468] T 51d8b42c14bc47faab0effa30173e605 P 2c58be143b644fad9e99272733ece7cb [term 5 FOLLOWER]: Leader election vote request: Granting yes vote for candidate 99b39c7745b54884b0b2335ac5f30f01 in term 5.
I20260710 13:22:44.032176 22593 raft_consensus.cc:3060] T 51d8b42c14bc47faab0effa30173e605 P afeb1998f2f14254848b9a48a529025d [term 4 FOLLOWER]: Advancing to term 5
I20260710 13:22:44.030982 22852 raft_consensus.cc:2804] T a598afc2b9a245278547d7ce2bfcb9cd P afeb1998f2f14254848b9a48a529025d [term 3 FOLLOWER]: Leader election won for term 3
I20260710 13:22:44.033048 22632 leader_election.cc:304] T 51d8b42c14bc47faab0effa30173e605 P 99b39c7745b54884b0b2335ac5f30f01 [CANDIDATE]: Term 5 election: Election decided. Result: candidate won. Election summary: received 2 responses out of 3 voters: 2 yes votes; 0 no votes. yes voters: 2c58be143b644fad9e99272733ece7cb, 99b39c7745b54884b0b2335ac5f30f01; no voters: 
I20260710 13:22:44.032788 22728 consensus_queue.cc:237] T 5e80cae335ae4355a20fa2bc5620a059 P afeb1998f2f14254848b9a48a529025d [LEADER]: Queue going to LEADER mode. State: All replicated index: 0, Majority replicated index: 1, Committed index: 1, Last appended: 1.1, Last appended by leader: 1, Current term: 2, Majority size: 2, State: 0, Mode: LEADER, active raft config: opid_index: -1 OBSOLETE_local: false peers { permanent_uuid: "2c58be143b644fad9e99272733ece7cb" member_type: VOTER last_known_addr { host: "127.21.98.1" port: 32923 } } peers { permanent_uuid: "afeb1998f2f14254848b9a48a529025d" member_type: VOTER last_known_addr { host: "127.21.98.2" port: 36329 } } peers { permanent_uuid: "99b39c7745b54884b0b2335ac5f30f01" member_type: VOTER last_known_addr { host: "127.21.98.3" port: 45131 } }
I20260710 13:22:44.033411 22852 raft_consensus.cc:697] T a598afc2b9a245278547d7ce2bfcb9cd P afeb1998f2f14254848b9a48a529025d [term 3 LEADER]: Becoming Leader. State: Replica: afeb1998f2f14254848b9a48a529025d, State: Running, Role: LEADER
I20260710 13:22:44.033797 22805 raft_consensus.cc:2804] T 51d8b42c14bc47faab0effa30173e605 P 99b39c7745b54884b0b2335ac5f30f01 [term 5 FOLLOWER]: Leader election won for term 5
I20260710 13:22:44.034296 22805 raft_consensus.cc:697] T 51d8b42c14bc47faab0effa30173e605 P 99b39c7745b54884b0b2335ac5f30f01 [term 5 LEADER]: Becoming Leader. State: Replica: 99b39c7745b54884b0b2335ac5f30f01, State: Running, Role: LEADER
I20260710 13:22:44.034272 22852 consensus_queue.cc:237] T a598afc2b9a245278547d7ce2bfcb9cd P afeb1998f2f14254848b9a48a529025d [LEADER]: Queue going to LEADER mode. State: All replicated index: 0, Majority replicated index: 2, Committed index: 2, Last appended: 2.2, Last appended by leader: 2, Current term: 3, Majority size: 2, State: 0, Mode: LEADER, active raft config: opid_index: -1 OBSOLETE_local: false peers { permanent_uuid: "2c58be143b644fad9e99272733ece7cb" member_type: VOTER last_known_addr { host: "127.21.98.1" port: 32923 } } peers { permanent_uuid: "afeb1998f2f14254848b9a48a529025d" member_type: VOTER last_known_addr { host: "127.21.98.2" port: 36329 } } peers { permanent_uuid: "99b39c7745b54884b0b2335ac5f30f01" member_type: VOTER last_known_addr { host: "127.21.98.3" port: 45131 } }
I20260710 13:22:44.035176 22805 consensus_queue.cc:237] T 51d8b42c14bc47faab0effa30173e605 P 99b39c7745b54884b0b2335ac5f30f01 [LEADER]: Queue going to LEADER mode. State: All replicated index: 0, Majority replicated index: 4, Committed index: 4, Last appended: 4.4, Last appended by leader: 4, Current term: 5, Majority size: 2, State: 0, Mode: LEADER, active raft config: opid_index: -1 OBSOLETE_local: false peers { permanent_uuid: "2c58be143b644fad9e99272733ece7cb" member_type: VOTER last_known_addr { host: "127.21.98.1" port: 32923 } } peers { permanent_uuid: "afeb1998f2f14254848b9a48a529025d" member_type: VOTER last_known_addr { host: "127.21.98.2" port: 36329 } } peers { permanent_uuid: "99b39c7745b54884b0b2335ac5f30f01" member_type: VOTER last_known_addr { host: "127.21.98.3" port: 45131 } }
I20260710 13:22:44.038652 22593 raft_consensus.cc:2468] T 51d8b42c14bc47faab0effa30173e605 P afeb1998f2f14254848b9a48a529025d [term 5 FOLLOWER]: Leader election vote request: Granting yes vote for candidate 99b39c7745b54884b0b2335ac5f30f01 in term 5.
I20260710 13:22:44.046767 22415 catalog_manager.cc:5697] T 51d8b42c14bc47faab0effa30173e605 P 99b39c7745b54884b0b2335ac5f30f01 reported cstate change: term changed from 4 to 5, leader changed from 2c58be143b644fad9e99272733ece7cb (127.21.98.1) to 99b39c7745b54884b0b2335ac5f30f01 (127.21.98.3). New cstate: current_term: 5 leader_uuid: "99b39c7745b54884b0b2335ac5f30f01" committed_config { opid_index: -1 OBSOLETE_local: false peers { permanent_uuid: "2c58be143b644fad9e99272733ece7cb" member_type: VOTER last_known_addr { host: "127.21.98.1" port: 32923 } health_report { overall_health: UNKNOWN } } peers { permanent_uuid: "afeb1998f2f14254848b9a48a529025d" member_type: VOTER last_known_addr { host: "127.21.98.2" port: 36329 } health_report { overall_health: UNKNOWN } } peers { permanent_uuid: "99b39c7745b54884b0b2335ac5f30f01" member_type: VOTER last_known_addr { host: "127.21.98.3" port: 45131 } health_report { overall_health: HEALTHY } } }
I20260710 13:22:44.049256 22416 catalog_manager.cc:5697] T 5e80cae335ae4355a20fa2bc5620a059 P afeb1998f2f14254848b9a48a529025d reported cstate change: term changed from 1 to 2, leader changed from 2c58be143b644fad9e99272733ece7cb (127.21.98.1) to afeb1998f2f14254848b9a48a529025d (127.21.98.2). New cstate: current_term: 2 leader_uuid: "afeb1998f2f14254848b9a48a529025d" committed_config { opid_index: -1 OBSOLETE_local: false peers { permanent_uuid: "2c58be143b644fad9e99272733ece7cb" member_type: VOTER last_known_addr { host: "127.21.98.1" port: 32923 } health_report { overall_health: UNKNOWN } } peers { permanent_uuid: "afeb1998f2f14254848b9a48a529025d" member_type: VOTER last_known_addr { host: "127.21.98.2" port: 36329 } health_report { overall_health: HEALTHY } } peers { permanent_uuid: "99b39c7745b54884b0b2335ac5f30f01" member_type: VOTER last_known_addr { host: "127.21.98.3" port: 45131 } health_report { overall_health: UNKNOWN } } }
I20260710 13:22:44.060022 22416 catalog_manager.cc:5697] T a598afc2b9a245278547d7ce2bfcb9cd P afeb1998f2f14254848b9a48a529025d reported cstate change: term changed from 2 to 3, leader changed from 2c58be143b644fad9e99272733ece7cb (127.21.98.1) to afeb1998f2f14254848b9a48a529025d (127.21.98.2). New cstate: current_term: 3 leader_uuid: "afeb1998f2f14254848b9a48a529025d" committed_config { opid_index: -1 OBSOLETE_local: false peers { permanent_uuid: "2c58be143b644fad9e99272733ece7cb" member_type: VOTER last_known_addr { host: "127.21.98.1" port: 32923 } health_report { overall_health: UNKNOWN } } peers { permanent_uuid: "afeb1998f2f14254848b9a48a529025d" member_type: VOTER last_known_addr { host: "127.21.98.2" port: 36329 } health_report { overall_health: HEALTHY } } peers { permanent_uuid: "99b39c7745b54884b0b2335ac5f30f01" member_type: VOTER last_known_addr { host: "127.21.98.3" port: 45131 } health_report { overall_health: UNKNOWN } } }
I20260710 13:22:44.295940 22518 raft_consensus.cc:1275] T ce1abf3b9e55415a85da9510d46fe182 P 2c58be143b644fad9e99272733ece7cb [term 4 FOLLOWER]: Refusing update from remote peer 99b39c7745b54884b0b2335ac5f30f01: Log matching property violated. Preceding OpId in replica: term: 3 index: 3. Preceding OpId from leader: term: 4 index: 4. (index mismatch)
I20260710 13:22:44.297096 22805 consensus_queue.cc:1048] T ce1abf3b9e55415a85da9510d46fe182 P 99b39c7745b54884b0b2335ac5f30f01 [LEADER]: Connected to new peer: Peer: permanent_uuid: "2c58be143b644fad9e99272733ece7cb" member_type: VOTER last_known_addr { host: "127.21.98.1" port: 32923 }, Status: LMP_MISMATCH, Last received: 0.0, Next index: 4, Last known committed idx: 3, Time since last communication: 0.000s
I20260710 13:22:44.307152 22593 raft_consensus.cc:1275] T ce1abf3b9e55415a85da9510d46fe182 P afeb1998f2f14254848b9a48a529025d [term 4 FOLLOWER]: Refusing update from remote peer 99b39c7745b54884b0b2335ac5f30f01: Log matching property violated. Preceding OpId in replica: term: 3 index: 3. Preceding OpId from leader: term: 4 index: 4. (index mismatch)
I20260710 13:22:44.308916 22843 consensus_queue.cc:1048] T ce1abf3b9e55415a85da9510d46fe182 P 99b39c7745b54884b0b2335ac5f30f01 [LEADER]: Connected to new peer: Peer: permanent_uuid: "afeb1998f2f14254848b9a48a529025d" member_type: VOTER last_known_addr { host: "127.21.98.2" port: 36329 }, Status: LMP_MISMATCH, Last received: 0.0, Next index: 4, Last known committed idx: 3, Time since last communication: 0.001s
I20260710 13:22:44.466084 22593 raft_consensus.cc:1275] T 51d8b42c14bc47faab0effa30173e605 P afeb1998f2f14254848b9a48a529025d [term 5 FOLLOWER]: Refusing update from remote peer 99b39c7745b54884b0b2335ac5f30f01: Log matching property violated. Preceding OpId in replica: term: 4 index: 4. Preceding OpId from leader: term: 5 index: 5. (index mismatch)
I20260710 13:22:44.467206 22859 consensus_queue.cc:1048] T 51d8b42c14bc47faab0effa30173e605 P 99b39c7745b54884b0b2335ac5f30f01 [LEADER]: Connected to new peer: Peer: permanent_uuid: "afeb1998f2f14254848b9a48a529025d" member_type: VOTER last_known_addr { host: "127.21.98.2" port: 36329 }, Status: LMP_MISMATCH, Last received: 0.0, Next index: 5, Last known committed idx: 4, Time since last communication: 0.000s
I20260710 13:22:44.476002 22518 raft_consensus.cc:1275] T 51d8b42c14bc47faab0effa30173e605 P 2c58be143b644fad9e99272733ece7cb [term 5 FOLLOWER]: Refusing update from remote peer 99b39c7745b54884b0b2335ac5f30f01: Log matching property violated. Preceding OpId in replica: term: 4 index: 4. Preceding OpId from leader: term: 5 index: 5. (index mismatch)
I20260710 13:22:44.477612 22859 consensus_queue.cc:1048] T 51d8b42c14bc47faab0effa30173e605 P 99b39c7745b54884b0b2335ac5f30f01 [LEADER]: Connected to new peer: Peer: permanent_uuid: "2c58be143b644fad9e99272733ece7cb" member_type: VOTER last_known_addr { host: "127.21.98.1" port: 32923 }, Status: LMP_MISMATCH, Last received: 0.0, Next index: 5, Last known committed idx: 4, Time since last communication: 0.000s
I20260710 13:22:44.570302 22668 raft_consensus.cc:1275] T a598afc2b9a245278547d7ce2bfcb9cd P 99b39c7745b54884b0b2335ac5f30f01 [term 3 FOLLOWER]: Refusing update from remote peer afeb1998f2f14254848b9a48a529025d: Log matching property violated. Preceding OpId in replica: term: 2 index: 2. Preceding OpId from leader: term: 3 index: 3. (index mismatch)
I20260710 13:22:44.571483 22728 consensus_queue.cc:1048] T a598afc2b9a245278547d7ce2bfcb9cd P afeb1998f2f14254848b9a48a529025d [LEADER]: Connected to new peer: Peer: permanent_uuid: "99b39c7745b54884b0b2335ac5f30f01" member_type: VOTER last_known_addr { host: "127.21.98.3" port: 45131 }, Status: LMP_MISMATCH, Last received: 0.0, Next index: 3, Last known committed idx: 2, Time since last communication: 0.000s
I20260710 13:22:44.581506 22518 raft_consensus.cc:1275] T a598afc2b9a245278547d7ce2bfcb9cd P 2c58be143b644fad9e99272733ece7cb [term 3 FOLLOWER]: Refusing update from remote peer afeb1998f2f14254848b9a48a529025d: Log matching property violated. Preceding OpId in replica: term: 2 index: 2. Preceding OpId from leader: term: 3 index: 3. (index mismatch)
I20260710 13:22:44.583328 22728 consensus_queue.cc:1048] T a598afc2b9a245278547d7ce2bfcb9cd P afeb1998f2f14254848b9a48a529025d [LEADER]: Connected to new peer: Peer: permanent_uuid: "2c58be143b644fad9e99272733ece7cb" member_type: VOTER last_known_addr { host: "127.21.98.1" port: 32923 }, Status: LMP_MISMATCH, Last received: 0.0, Next index: 3, Last known committed idx: 2, Time since last communication: 0.000s
I20260710 13:22:44.635198 22518 raft_consensus.cc:1275] T 5e80cae335ae4355a20fa2bc5620a059 P 2c58be143b644fad9e99272733ece7cb [term 2 FOLLOWER]: Refusing update from remote peer afeb1998f2f14254848b9a48a529025d: Log matching property violated. Preceding OpId in replica: term: 1 index: 1. Preceding OpId from leader: term: 2 index: 2. (index mismatch)
I20260710 13:22:44.636358 22728 consensus_queue.cc:1048] T 5e80cae335ae4355a20fa2bc5620a059 P afeb1998f2f14254848b9a48a529025d [LEADER]: Connected to new peer: Peer: permanent_uuid: "2c58be143b644fad9e99272733ece7cb" member_type: VOTER last_known_addr { host: "127.21.98.1" port: 32923 }, Status: LMP_MISMATCH, Last received: 0.0, Next index: 2, Last known committed idx: 1, Time since last communication: 0.000s
I20260710 13:22:44.644753 22668 raft_consensus.cc:1275] T 5e80cae335ae4355a20fa2bc5620a059 P 99b39c7745b54884b0b2335ac5f30f01 [term 2 FOLLOWER]: Refusing update from remote peer afeb1998f2f14254848b9a48a529025d: Log matching property violated. Preceding OpId in replica: term: 1 index: 1. Preceding OpId from leader: term: 2 index: 2. (index mismatch)
I20260710 13:22:44.646466 22728 consensus_queue.cc:1048] T 5e80cae335ae4355a20fa2bc5620a059 P afeb1998f2f14254848b9a48a529025d [LEADER]: Connected to new peer: Peer: permanent_uuid: "99b39c7745b54884b0b2335ac5f30f01" member_type: VOTER last_known_addr { host: "127.21.98.3" port: 45131 }, Status: LMP_MISMATCH, Last received: 0.0, Next index: 2, Last known committed idx: 1, Time since last communication: 0.000s
I20260710 13:22:44.798784 21896 auto_leader_rebalancer.cc:141] leader rebalance for table test-workload
I20260710 13:22:44.804958 21896 tablet_server.cc:179] TabletServer@127.21.98.1:0 shutting down...
I20260710 13:22:44.826602 21896 ts_tablet_manager.cc:1507] Shutting down tablet manager...
I20260710 13:22:44.827617 21896 tablet_replica.cc:333] T dcc32944e5814130bd7c4b5ff9fd005c P 2c58be143b644fad9e99272733ece7cb: stopping tablet replica
I20260710 13:22:44.828684 21896 raft_consensus.cc:2243] T dcc32944e5814130bd7c4b5ff9fd005c P 2c58be143b644fad9e99272733ece7cb [term 2 FOLLOWER]: Raft consensus shutting down.
I20260710 13:22:44.829141 21896 raft_consensus.cc:2272] T dcc32944e5814130bd7c4b5ff9fd005c P 2c58be143b644fad9e99272733ece7cb [term 2 FOLLOWER]: Raft consensus is shut down!
I20260710 13:22:44.831250 21896 tablet_replica.cc:333] T dc98b4b2b0b54bbdbc49cfd1e6ad95e6 P 2c58be143b644fad9e99272733ece7cb: stopping tablet replica
I20260710 13:22:44.831984 21896 raft_consensus.cc:2243] T dc98b4b2b0b54bbdbc49cfd1e6ad95e6 P 2c58be143b644fad9e99272733ece7cb [term 3 LEADER]: Raft consensus shutting down.
I20260710 13:22:44.832934 21896 raft_consensus.cc:2272] T dc98b4b2b0b54bbdbc49cfd1e6ad95e6 P 2c58be143b644fad9e99272733ece7cb [term 3 FOLLOWER]: Raft consensus is shut down!
I20260710 13:22:44.834656 21896 tablet_replica.cc:333] T ce1abf3b9e55415a85da9510d46fe182 P 2c58be143b644fad9e99272733ece7cb: stopping tablet replica
I20260710 13:22:44.835186 21896 raft_consensus.cc:2243] T ce1abf3b9e55415a85da9510d46fe182 P 2c58be143b644fad9e99272733ece7cb [term 4 FOLLOWER]: Raft consensus shutting down.
I20260710 13:22:44.835566 21896 raft_consensus.cc:2272] T ce1abf3b9e55415a85da9510d46fe182 P 2c58be143b644fad9e99272733ece7cb [term 4 FOLLOWER]: Raft consensus is shut down!
I20260710 13:22:44.837349 21896 tablet_replica.cc:333] T 6e5a8790d6184110adf916d3e0d06412 P 2c58be143b644fad9e99272733ece7cb: stopping tablet replica
