I20260710 13:22:34.320731 22665 tablet_service.cc:1511] Processing CreateTablet for tablet fe4f41565ad94beeb73ad784b8a33b10 (DEFAULT_TABLE table=test-workload [id=abbf8c6817324c2ca12c586b3535f509]), partition=RANGE (key) PARTITION 429496728 <= VALUES < 644245092
I20260710 13:22:34.321961 22665 data_dirs.cc:400] Could only allocate 1 dirs of requested 3 for tablet fe4f41565ad94beeb73ad784b8a33b10. 1 dirs total, 0 dirs full, 0 dirs failed
I20260710 13:22:34.321818 22733 tablet_service.cc:1511] Processing CreateTablet for tablet 5c6f3d6567d54321bd32ce5b537ca99c (DEFAULT_TABLE table=test-workload [id=abbf8c6817324c2ca12c586b3535f509]), partition=RANGE (key) PARTITION 1717986912 <= VALUES < 1932735276
I20260710 13:22:34.322621 22737 data_dirs.cc:400] Could only allocate 1 dirs of requested 3 for tablet cb78e14e413b4b878a8cf85bd9cacef6. 1 dirs total, 0 dirs full, 0 dirs failed
I20260710 13:22:34.324074 22739 data_dirs.cc:400] Could only allocate 1 dirs of requested 3 for tablet fe4f41565ad94beeb73ad784b8a33b10. 1 dirs total, 0 dirs full, 0 dirs failed
I20260710 13:22:34.324357 22732 tablet_service.cc:1511] Processing CreateTablet for tablet bdd88d0e17e94e058240ae25c3704c0b (DEFAULT_TABLE table=test-workload [id=abbf8c6817324c2ca12c586b3535f509]), partition=RANGE (key) PARTITION 1932735276 <= VALUES
I20260710 13:22:34.324677 22664 tablet_service.cc:1511] Processing CreateTablet for tablet 7880f58cf8b0497da6d6b2c75d46a4c4 (DEFAULT_TABLE table=test-workload [id=abbf8c6817324c2ca12c586b3535f509]), partition=RANGE (key) PARTITION 644245092 <= VALUES < 858993456
I20260710 13:22:34.325452 22740 data_dirs.cc:400] Could only allocate 1 dirs of requested 3 for tablet a14473d926a64e0d9097885bf088e31f. 1 dirs total, 0 dirs full, 0 dirs failed
I20260710 13:22:34.326208 22664 data_dirs.cc:400] Could only allocate 1 dirs of requested 3 for tablet 7880f58cf8b0497da6d6b2c75d46a4c4. 1 dirs total, 0 dirs full, 0 dirs failed
I20260710 13:22:34.326539 22738 data_dirs.cc:400] Could only allocate 1 dirs of requested 3 for tablet 7880f58cf8b0497da6d6b2c75d46a4c4. 1 dirs total, 0 dirs full, 0 dirs failed
I20260710 13:22:34.328037 22732 data_dirs.cc:400] Could only allocate 1 dirs of requested 3 for tablet bdd88d0e17e94e058240ae25c3704c0b. 1 dirs total, 0 dirs full, 0 dirs failed
I20260710 13:22:34.329432 22733 data_dirs.cc:400] Could only allocate 1 dirs of requested 3 for tablet 5c6f3d6567d54321bd32ce5b537ca99c. 1 dirs total, 0 dirs full, 0 dirs failed
I20260710 13:22:34.329005 22662 tablet_service.cc:1511] Processing CreateTablet for tablet e9319fd6df3b47d08bacb764ca04fe73 (DEFAULT_TABLE table=test-workload [id=abbf8c6817324c2ca12c586b3535f509]), partition=RANGE (key) PARTITION 1073741820 <= VALUES < 1288490184
I20260710 13:22:34.330798 22734 data_dirs.cc:400] Could only allocate 1 dirs of requested 3 for tablet 823000efcc1f4a979eb1f7cd8f8ba3c5. 1 dirs total, 0 dirs full, 0 dirs failed
I20260710 13:22:34.332204 22735 data_dirs.cc:400] Could only allocate 1 dirs of requested 3 for tablet 72526597a460422aa5add1f7cb450d48. 1 dirs total, 0 dirs full, 0 dirs failed
I20260710 13:22:34.331768 22661 tablet_service.cc:1511] Processing CreateTablet for tablet 72526597a460422aa5add1f7cb450d48 (DEFAULT_TABLE table=test-workload [id=abbf8c6817324c2ca12c586b3535f509]), partition=RANGE (key) PARTITION 1288490184 <= VALUES < 1503238548
I20260710 13:22:34.334599 22660 tablet_service.cc:1511] Processing CreateTablet for tablet 823000efcc1f4a979eb1f7cd8f8ba3c5 (DEFAULT_TABLE table=test-workload [id=abbf8c6817324c2ca12c586b3535f509]), partition=RANGE (key) PARTITION 1503238548 <= VALUES < 1717986912
I20260710 13:22:34.337149 22659 tablet_service.cc:1511] Processing CreateTablet for tablet 5c6f3d6567d54321bd32ce5b537ca99c (DEFAULT_TABLE table=test-workload [id=abbf8c6817324c2ca12c586b3535f509]), partition=RANGE (key) PARTITION 1717986912 <= VALUES < 1932735276
I20260710 13:22:34.339561 22658 tablet_service.cc:1511] Processing CreateTablet for tablet bdd88d0e17e94e058240ae25c3704c0b (DEFAULT_TABLE table=test-workload [id=abbf8c6817324c2ca12c586b3535f509]), partition=RANGE (key) PARTITION 1932735276 <= VALUES
I20260710 13:22:34.341928 22663 tablet_service.cc:1511] Processing CreateTablet for tablet cb78e14e413b4b878a8cf85bd9cacef6 (DEFAULT_TABLE table=test-workload [id=abbf8c6817324c2ca12c586b3535f509]), partition=RANGE (key) PARTITION 858993456 <= VALUES < 1073741820
I20260710 13:22:34.345464 22589 tablet_service.cc:1511] Processing CreateTablet for tablet 7880f58cf8b0497da6d6b2c75d46a4c4 (DEFAULT_TABLE table=test-workload [id=abbf8c6817324c2ca12c586b3535f509]), partition=RANGE (key) PARTITION 644245092 <= VALUES < 858993456
I20260710 13:22:34.346761 22589 data_dirs.cc:400] Could only allocate 1 dirs of requested 3 for tablet 7880f58cf8b0497da6d6b2c75d46a4c4. 1 dirs total, 0 dirs full, 0 dirs failed
I20260710 13:22:34.347610 22591 tablet_service.cc:1511] Processing CreateTablet for tablet a14473d926a64e0d9097885bf088e31f (DEFAULT_TABLE table=test-workload [id=abbf8c6817324c2ca12c586b3535f509]), partition=RANGE (key) PARTITION 214748364 <= VALUES < 429496728
I20260710 13:22:34.348826 22588 tablet_service.cc:1511] Processing CreateTablet for tablet cb78e14e413b4b878a8cf85bd9cacef6 (DEFAULT_TABLE table=test-workload [id=abbf8c6817324c2ca12c586b3535f509]), partition=RANGE (key) PARTITION 858993456 <= VALUES < 1073741820
I20260710 13:22:34.350335 22590 tablet_service.cc:1511] Processing CreateTablet for tablet fe4f41565ad94beeb73ad784b8a33b10 (DEFAULT_TABLE table=test-workload [id=abbf8c6817324c2ca12c586b3535f509]), partition=RANGE (key) PARTITION 429496728 <= VALUES < 644245092
I20260710 13:22:34.351807 22587 tablet_service.cc:1511] Processing CreateTablet for tablet e9319fd6df3b47d08bacb764ca04fe73 (DEFAULT_TABLE table=test-workload [id=abbf8c6817324c2ca12c586b3535f509]), partition=RANGE (key) PARTITION 1073741820 <= VALUES < 1288490184
I20260710 13:22:34.354110 22586 tablet_service.cc:1511] Processing CreateTablet for tablet 72526597a460422aa5add1f7cb450d48 (DEFAULT_TABLE table=test-workload [id=abbf8c6817324c2ca12c586b3535f509]), partition=RANGE (key) PARTITION 1288490184 <= VALUES < 1503238548
I20260710 13:22:34.356123 22662 data_dirs.cc:400] Could only allocate 1 dirs of requested 3 for tablet e9319fd6df3b47d08bacb764ca04fe73. 1 dirs total, 0 dirs full, 0 dirs failed
I20260710 13:22:34.356616 22585 tablet_service.cc:1511] Processing CreateTablet for tablet 823000efcc1f4a979eb1f7cd8f8ba3c5 (DEFAULT_TABLE table=test-workload [id=abbf8c6817324c2ca12c586b3535f509]), partition=RANGE (key) PARTITION 1503238548 <= VALUES < 1717986912
I20260710 13:22:34.357718 22591 data_dirs.cc:400] Could only allocate 1 dirs of requested 3 for tablet a14473d926a64e0d9097885bf088e31f. 1 dirs total, 0 dirs full, 0 dirs failed
I20260710 13:22:34.359083 22658 data_dirs.cc:400] Could only allocate 1 dirs of requested 3 for tablet bdd88d0e17e94e058240ae25c3704c0b. 1 dirs total, 0 dirs full, 0 dirs failed
I20260710 13:22:34.359579 22584 tablet_service.cc:1511] Processing CreateTablet for tablet 5c6f3d6567d54321bd32ce5b537ca99c (DEFAULT_TABLE table=test-workload [id=abbf8c6817324c2ca12c586b3535f509]), partition=RANGE (key) PARTITION 1717986912 <= VALUES < 1932735276
I20260710 13:22:34.362226 22585 data_dirs.cc:400] Could only allocate 1 dirs of requested 3 for tablet 823000efcc1f4a979eb1f7cd8f8ba3c5. 1 dirs total, 0 dirs full, 0 dirs failed
I20260710 13:22:34.362843 22588 data_dirs.cc:400] Could only allocate 1 dirs of requested 3 for tablet cb78e14e413b4b878a8cf85bd9cacef6. 1 dirs total, 0 dirs full, 0 dirs failed
I20260710 13:22:34.367555 22586 data_dirs.cc:400] Could only allocate 1 dirs of requested 3 for tablet 72526597a460422aa5add1f7cb450d48. 1 dirs total, 0 dirs full, 0 dirs failed
I20260710 13:22:34.370327 22583 tablet_service.cc:1511] Processing CreateTablet for tablet bdd88d0e17e94e058240ae25c3704c0b (DEFAULT_TABLE table=test-workload [id=abbf8c6817324c2ca12c586b3535f509]), partition=RANGE (key) PARTITION 1932735276 <= VALUES
I20260710 13:22:34.376150 22587 data_dirs.cc:400] Could only allocate 1 dirs of requested 3 for tablet e9319fd6df3b47d08bacb764ca04fe73. 1 dirs total, 0 dirs full, 0 dirs failed
I20260710 13:22:34.379990 22583 data_dirs.cc:400] Could only allocate 1 dirs of requested 3 for tablet bdd88d0e17e94e058240ae25c3704c0b. 1 dirs total, 0 dirs full, 0 dirs failed
I20260710 13:22:34.380705 22590 data_dirs.cc:400] Could only allocate 1 dirs of requested 3 for tablet fe4f41565ad94beeb73ad784b8a33b10. 1 dirs total, 0 dirs full, 0 dirs failed
I20260710 13:22:34.381201 22661 data_dirs.cc:400] Could only allocate 1 dirs of requested 3 for tablet 72526597a460422aa5add1f7cb450d48. 1 dirs total, 0 dirs full, 0 dirs failed
I20260710 13:22:34.383445 22659 data_dirs.cc:400] Could only allocate 1 dirs of requested 3 for tablet 5c6f3d6567d54321bd32ce5b537ca99c. 1 dirs total, 0 dirs full, 0 dirs failed
I20260710 13:22:34.383934 22584 data_dirs.cc:400] Could only allocate 1 dirs of requested 3 for tablet 5c6f3d6567d54321bd32ce5b537ca99c. 1 dirs total, 0 dirs full, 0 dirs failed
I20260710 13:22:34.384693 22660 data_dirs.cc:400] Could only allocate 1 dirs of requested 3 for tablet 823000efcc1f4a979eb1f7cd8f8ba3c5. 1 dirs total, 0 dirs full, 0 dirs failed
I20260710 13:22:34.388062 22663 data_dirs.cc:400] Could only allocate 1 dirs of requested 3 for tablet cb78e14e413b4b878a8cf85bd9cacef6. 1 dirs total, 0 dirs full, 0 dirs failed
I20260710 13:22:34.430776 22792 tablet_bootstrap.cc:492] T 823000efcc1f4a979eb1f7cd8f8ba3c5 P ce436538abcf44a2a20ad8aab2d709cd: Bootstrap starting.
I20260710 13:22:34.448426 22791 tablet_bootstrap.cc:492] T e82be5f82768413fa37b085db82aa9bb P 5a7be37d4ee14c12b1959690d79f60be: Bootstrap starting.
I20260710 13:22:34.473688 22792 tablet_bootstrap.cc:654] T 823000efcc1f4a979eb1f7cd8f8ba3c5 P ce436538abcf44a2a20ad8aab2d709cd: Neither blocks nor log segments found. Creating new log.
I20260710 13:22:34.485098 22793 tablet_bootstrap.cc:492] T 7880f58cf8b0497da6d6b2c75d46a4c4 P 363949e0e02947468fd7b5b749cd303a: Bootstrap starting.
I20260710 13:22:34.487845 22791 tablet_bootstrap.cc:654] T e82be5f82768413fa37b085db82aa9bb P 5a7be37d4ee14c12b1959690d79f60be: Neither blocks nor log segments found. Creating new log.
I20260710 13:22:34.492697 22793 tablet_bootstrap.cc:654] T 7880f58cf8b0497da6d6b2c75d46a4c4 P 363949e0e02947468fd7b5b749cd303a: Neither blocks nor log segments found. Creating new log.
I20260710 13:22:34.498333 22791 tablet_bootstrap.cc:492] T e82be5f82768413fa37b085db82aa9bb P 5a7be37d4ee14c12b1959690d79f60be: No bootstrap required, opened a new log
I20260710 13:22:34.498708 22792 tablet_bootstrap.cc:492] T 823000efcc1f4a979eb1f7cd8f8ba3c5 P ce436538abcf44a2a20ad8aab2d709cd: No bootstrap required, opened a new log
I20260710 13:22:34.498790 22791 ts_tablet_manager.cc:1403] T e82be5f82768413fa37b085db82aa9bb P 5a7be37d4ee14c12b1959690d79f60be: Time spent bootstrapping tablet: real 0.051s	user 0.005s	sys 0.010s
I20260710 13:22:34.499197 22792 ts_tablet_manager.cc:1403] T 823000efcc1f4a979eb1f7cd8f8ba3c5 P ce436538abcf44a2a20ad8aab2d709cd: Time spent bootstrapping tablet: real 0.069s	user 0.003s	sys 0.015s
I20260710 13:22:34.501756 22791 raft_consensus.cc:359] T e82be5f82768413fa37b085db82aa9bb P 5a7be37d4ee14c12b1959690d79f60be [term 0 FOLLOWER]: Replica starting. Triggering 0 pending ops. Active config: opid_index: -1 OBSOLETE_local: false peers { permanent_uuid: "5a7be37d4ee14c12b1959690d79f60be" member_type: VOTER last_known_addr { host: "127.21.119.1" port: 41415 } } peers { permanent_uuid: "363949e0e02947468fd7b5b749cd303a" member_type: VOTER last_known_addr { host: "127.21.119.2" port: 36663 } } peers { permanent_uuid: "ce436538abcf44a2a20ad8aab2d709cd" member_type: VOTER last_known_addr { host: "127.21.119.3" port: 33661 } }
I20260710 13:22:34.501951 22792 raft_consensus.cc:359] T 823000efcc1f4a979eb1f7cd8f8ba3c5 P ce436538abcf44a2a20ad8aab2d709cd [term 0 FOLLOWER]: Replica starting. Triggering 0 pending ops. Active config: opid_index: -1 OBSOLETE_local: false peers { permanent_uuid: "5a7be37d4ee14c12b1959690d79f60be" member_type: VOTER last_known_addr { host: "127.21.119.1" port: 41415 } } peers { permanent_uuid: "363949e0e02947468fd7b5b749cd303a" member_type: VOTER last_known_addr { host: "127.21.119.2" port: 36663 } } peers { permanent_uuid: "ce436538abcf44a2a20ad8aab2d709cd" member_type: VOTER last_known_addr { host: "127.21.119.3" port: 33661 } }
I20260710 13:22:34.502518 22791 raft_consensus.cc:385] T e82be5f82768413fa37b085db82aa9bb P 5a7be37d4ee14c12b1959690d79f60be [term 0 FOLLOWER]: Consensus starting up: Expiring failure detector timer to make a prompt election more likely
I20260710 13:22:34.502581 22792 raft_consensus.cc:385] T 823000efcc1f4a979eb1f7cd8f8ba3c5 P ce436538abcf44a2a20ad8aab2d709cd [term 0 FOLLOWER]: Consensus starting up: Expiring failure detector timer to make a prompt election more likely
I20260710 13:22:34.503041 22793 tablet_bootstrap.cc:492] T 7880f58cf8b0497da6d6b2c75d46a4c4 P 363949e0e02947468fd7b5b749cd303a: No bootstrap required, opened a new log
I20260710 13:22:34.502921 22792 raft_consensus.cc:740] T 823000efcc1f4a979eb1f7cd8f8ba3c5 P ce436538abcf44a2a20ad8aab2d709cd [term 0 FOLLOWER]: Becoming Follower/Learner. State: Replica: ce436538abcf44a2a20ad8aab2d709cd, State: Initialized, Role: FOLLOWER
I20260710 13:22:34.502871 22791 raft_consensus.cc:740] T e82be5f82768413fa37b085db82aa9bb P 5a7be37d4ee14c12b1959690d79f60be [term 0 FOLLOWER]: Becoming Follower/Learner. State: Replica: 5a7be37d4ee14c12b1959690d79f60be, State: Initialized, Role: FOLLOWER
I20260710 13:22:34.503533 22793 ts_tablet_manager.cc:1403] T 7880f58cf8b0497da6d6b2c75d46a4c4 P 363949e0e02947468fd7b5b749cd303a: Time spent bootstrapping tablet: real 0.019s	user 0.012s	sys 0.004s
I20260710 13:22:34.503908 22792 consensus_queue.cc:260] T 823000efcc1f4a979eb1f7cd8f8ba3c5 P ce436538abcf44a2a20ad8aab2d709cd [NON_LEADER]: Queue going to NON_LEADER mode. State: All replicated index: 0, Majority replicated index: 0, Committed index: 0, Last appended: 0.0, Last appended by leader: 0, Current term: 0, Majority size: -1, State: 0, Mode: NON_LEADER, active raft config: opid_index: -1 OBSOLETE_local: false peers { permanent_uuid: "5a7be37d4ee14c12b1959690d79f60be" member_type: VOTER last_known_addr { host: "127.21.119.1" port: 41415 } } peers { permanent_uuid: "363949e0e02947468fd7b5b749cd303a" member_type: VOTER last_known_addr { host: "127.21.119.2" port: 36663 } } peers { permanent_uuid: "ce436538abcf44a2a20ad8aab2d709cd" member_type: VOTER last_known_addr { host: "127.21.119.3" port: 33661 } }
I20260710 13:22:34.503861 22791 consensus_queue.cc:260] T e82be5f82768413fa37b085db82aa9bb P 5a7be37d4ee14c12b1959690d79f60be [NON_LEADER]: Queue going to NON_LEADER mode. State: All replicated index: 0, Majority replicated index: 0, Committed index: 0, Last appended: 0.0, Last appended by leader: 0, Current term: 0, Majority size: -1, State: 0, Mode: NON_LEADER, active raft config: opid_index: -1 OBSOLETE_local: false peers { permanent_uuid: "5a7be37d4ee14c12b1959690d79f60be" member_type: VOTER last_known_addr { host: "127.21.119.1" port: 41415 } } peers { permanent_uuid: "363949e0e02947468fd7b5b749cd303a" member_type: VOTER last_known_addr { host: "127.21.119.2" port: 36663 } } peers { permanent_uuid: "ce436538abcf44a2a20ad8aab2d709cd" member_type: VOTER last_known_addr { host: "127.21.119.3" port: 33661 } }
I20260710 13:22:34.506218 22776 heartbeater.cc:499] Master 127.21.119.62:35093 was elected leader, sending a full tablet report...
I20260710 13:22:34.506485 22792 ts_tablet_manager.cc:1434] T 823000efcc1f4a979eb1f7cd8f8ba3c5 P ce436538abcf44a2a20ad8aab2d709cd: Time spent starting tablet: real 0.007s	user 0.007s	sys 0.000s
I20260710 13:22:34.507329 22792 tablet_bootstrap.cc:492] T 72526597a460422aa5add1f7cb450d48 P ce436538abcf44a2a20ad8aab2d709cd: Bootstrap starting.
I20260710 13:22:34.508888 22793 raft_consensus.cc:359] T 7880f58cf8b0497da6d6b2c75d46a4c4 P 363949e0e02947468fd7b5b749cd303a [term 0 FOLLOWER]: Replica starting. Triggering 0 pending ops. Active config: opid_index: -1 OBSOLETE_local: false peers { permanent_uuid: "5a7be37d4ee14c12b1959690d79f60be" member_type: VOTER last_known_addr { host: "127.21.119.1" port: 41415 } } peers { permanent_uuid: "363949e0e02947468fd7b5b749cd303a" member_type: VOTER last_known_addr { host: "127.21.119.2" port: 36663 } } peers { permanent_uuid: "ce436538abcf44a2a20ad8aab2d709cd" member_type: VOTER last_known_addr { host: "127.21.119.3" port: 33661 } }
I20260710 13:22:34.509764 22793 raft_consensus.cc:385] T 7880f58cf8b0497da6d6b2c75d46a4c4 P 363949e0e02947468fd7b5b749cd303a [term 0 FOLLOWER]: Consensus starting up: Expiring failure detector timer to make a prompt election more likely
I20260710 13:22:34.510120 22793 raft_consensus.cc:740] T 7880f58cf8b0497da6d6b2c75d46a4c4 P 363949e0e02947468fd7b5b749cd303a [term 0 FOLLOWER]: Becoming Follower/Learner. State: Replica: 363949e0e02947468fd7b5b749cd303a, State: Initialized, Role: FOLLOWER
I20260710 13:22:34.510946 22793 consensus_queue.cc:260] T 7880f58cf8b0497da6d6b2c75d46a4c4 P 363949e0e02947468fd7b5b749cd303a [NON_LEADER]: Queue going to NON_LEADER mode. State: All replicated index: 0, Majority replicated index: 0, Committed index: 0, Last appended: 0.0, Last appended by leader: 0, Current term: 0, Majority size: -1, State: 0, Mode: NON_LEADER, active raft config: opid_index: -1 OBSOLETE_local: false peers { permanent_uuid: "5a7be37d4ee14c12b1959690d79f60be" member_type: VOTER last_known_addr { host: "127.21.119.1" port: 41415 } } peers { permanent_uuid: "363949e0e02947468fd7b5b749cd303a" member_type: VOTER last_known_addr { host: "127.21.119.2" port: 36663 } } peers { permanent_uuid: "ce436538abcf44a2a20ad8aab2d709cd" member_type: VOTER last_known_addr { host: "127.21.119.3" port: 33661 } }
I20260710 13:22:34.514478 22792 tablet_bootstrap.cc:654] T 72526597a460422aa5add1f7cb450d48 P ce436538abcf44a2a20ad8aab2d709cd: Neither blocks nor log segments found. Creating new log.
I20260710 13:22:34.515337 22791 ts_tablet_manager.cc:1434] T e82be5f82768413fa37b085db82aa9bb P 5a7be37d4ee14c12b1959690d79f60be: Time spent starting tablet: real 0.016s	user 0.003s	sys 0.015s
I20260710 13:22:34.515551 22627 heartbeater.cc:499] Master 127.21.119.62:35093 was elected leader, sending a full tablet report...
I20260710 13:22:34.516310 22791 tablet_bootstrap.cc:492] T 823000efcc1f4a979eb1f7cd8f8ba3c5 P 5a7be37d4ee14c12b1959690d79f60be: Bootstrap starting.
I20260710 13:22:34.523021 22791 tablet_bootstrap.cc:654] T 823000efcc1f4a979eb1f7cd8f8ba3c5 P 5a7be37d4ee14c12b1959690d79f60be: Neither blocks nor log segments found. Creating new log.
I20260710 13:22:34.552980 22702 heartbeater.cc:499] Master 127.21.119.62:35093 was elected leader, sending a full tablet report...
I20260710 13:22:34.554152 22793 ts_tablet_manager.cc:1434] T 7880f58cf8b0497da6d6b2c75d46a4c4 P 363949e0e02947468fd7b5b749cd303a: Time spent starting tablet: real 0.050s	user 0.007s	sys 0.034s
I20260710 13:22:34.555500 22793 tablet_bootstrap.cc:492] T e82be5f82768413fa37b085db82aa9bb P 363949e0e02947468fd7b5b749cd303a: Bootstrap starting.
I20260710 13:22:34.564457 22793 tablet_bootstrap.cc:654] T e82be5f82768413fa37b085db82aa9bb P 363949e0e02947468fd7b5b749cd303a: Neither blocks nor log segments found. Creating new log.
I20260710 13:22:34.579146 22793 tablet_bootstrap.cc:492] T e82be5f82768413fa37b085db82aa9bb P 363949e0e02947468fd7b5b749cd303a: No bootstrap required, opened a new log
I20260710 13:22:34.579916 22793 ts_tablet_manager.cc:1403] T e82be5f82768413fa37b085db82aa9bb P 363949e0e02947468fd7b5b749cd303a: Time spent bootstrapping tablet: real 0.025s	user 0.017s	sys 0.005s
I20260710 13:22:34.583446 22793 raft_consensus.cc:359] T e82be5f82768413fa37b085db82aa9bb P 363949e0e02947468fd7b5b749cd303a [term 0 FOLLOWER]: Replica starting. Triggering 0 pending ops. Active config: opid_index: -1 OBSOLETE_local: false peers { permanent_uuid: "5a7be37d4ee14c12b1959690d79f60be" member_type: VOTER last_known_addr { host: "127.21.119.1" port: 41415 } } peers { permanent_uuid: "363949e0e02947468fd7b5b749cd303a" member_type: VOTER last_known_addr { host: "127.21.119.2" port: 36663 } } peers { permanent_uuid: "ce436538abcf44a2a20ad8aab2d709cd" member_type: VOTER last_known_addr { host: "127.21.119.3" port: 33661 } }
I20260710 13:22:34.584044 22793 raft_consensus.cc:385] T e82be5f82768413fa37b085db82aa9bb P 363949e0e02947468fd7b5b749cd303a [term 0 FOLLOWER]: Consensus starting up: Expiring failure detector timer to make a prompt election more likely
I20260710 13:22:34.584352 22793 raft_consensus.cc:740] T e82be5f82768413fa37b085db82aa9bb P 363949e0e02947468fd7b5b749cd303a [term 0 FOLLOWER]: Becoming Follower/Learner. State: Replica: 363949e0e02947468fd7b5b749cd303a, State: Initialized, Role: FOLLOWER
I20260710 13:22:34.585192 22793 consensus_queue.cc:260] T e82be5f82768413fa37b085db82aa9bb P 363949e0e02947468fd7b5b749cd303a [NON_LEADER]: Queue going to NON_LEADER mode. State: All replicated index: 0, Majority replicated index: 0, Committed index: 0, Last appended: 0.0, Last appended by leader: 0, Current term: 0, Majority size: -1, State: 0, Mode: NON_LEADER, active raft config: opid_index: -1 OBSOLETE_local: false peers { permanent_uuid: "5a7be37d4ee14c12b1959690d79f60be" member_type: VOTER last_known_addr { host: "127.21.119.1" port: 41415 } } peers { permanent_uuid: "363949e0e02947468fd7b5b749cd303a" member_type: VOTER last_known_addr { host: "127.21.119.2" port: 36663 } } peers { permanent_uuid: "ce436538abcf44a2a20ad8aab2d709cd" member_type: VOTER last_known_addr { host: "127.21.119.3" port: 33661 } }
I20260710 13:22:34.586196 22791 tablet_bootstrap.cc:492] T 823000efcc1f4a979eb1f7cd8f8ba3c5 P 5a7be37d4ee14c12b1959690d79f60be: No bootstrap required, opened a new log
I20260710 13:22:34.586671 22791 ts_tablet_manager.cc:1403] T 823000efcc1f4a979eb1f7cd8f8ba3c5 P 5a7be37d4ee14c12b1959690d79f60be: Time spent bootstrapping tablet: real 0.071s	user 0.034s	sys 0.034s
I20260710 13:22:34.586956 22792 tablet_bootstrap.cc:492] T 72526597a460422aa5add1f7cb450d48 P ce436538abcf44a2a20ad8aab2d709cd: No bootstrap required, opened a new log
I20260710 13:22:34.587357 22793 ts_tablet_manager.cc:1434] T e82be5f82768413fa37b085db82aa9bb P 363949e0e02947468fd7b5b749cd303a: Time spent starting tablet: real 0.007s	user 0.003s	sys 0.000s
I20260710 13:22:34.587464 22792 ts_tablet_manager.cc:1403] T 72526597a460422aa5add1f7cb450d48 P ce436538abcf44a2a20ad8aab2d709cd: Time spent bootstrapping tablet: real 0.080s	user 0.032s	sys 0.043s
I20260710 13:22:34.588404 22793 tablet_bootstrap.cc:492] T cb78e14e413b4b878a8cf85bd9cacef6 P 363949e0e02947468fd7b5b749cd303a: Bootstrap starting.
I20260710 13:22:34.589386 22791 raft_consensus.cc:359] T 823000efcc1f4a979eb1f7cd8f8ba3c5 P 5a7be37d4ee14c12b1959690d79f60be [term 0 FOLLOWER]: Replica starting. Triggering 0 pending ops. Active config: opid_index: -1 OBSOLETE_local: false peers { permanent_uuid: "5a7be37d4ee14c12b1959690d79f60be" member_type: VOTER last_known_addr { host: "127.21.119.1" port: 41415 } } peers { permanent_uuid: "363949e0e02947468fd7b5b749cd303a" member_type: VOTER last_known_addr { host: "127.21.119.2" port: 36663 } } peers { permanent_uuid: "ce436538abcf44a2a20ad8aab2d709cd" member_type: VOTER last_known_addr { host: "127.21.119.3" port: 33661 } }
I20260710 13:22:34.590229 22791 raft_consensus.cc:385] T 823000efcc1f4a979eb1f7cd8f8ba3c5 P 5a7be37d4ee14c12b1959690d79f60be [term 0 FOLLOWER]: Consensus starting up: Expiring failure detector timer to make a prompt election more likely
I20260710 13:22:34.590533 22791 raft_consensus.cc:740] T 823000efcc1f4a979eb1f7cd8f8ba3c5 P 5a7be37d4ee14c12b1959690d79f60be [term 0 FOLLOWER]: Becoming Follower/Learner. State: Replica: 5a7be37d4ee14c12b1959690d79f60be, State: Initialized, Role: FOLLOWER
I20260710 13:22:34.590725 22792 raft_consensus.cc:359] T 72526597a460422aa5add1f7cb450d48 P ce436538abcf44a2a20ad8aab2d709cd [term 0 FOLLOWER]: Replica starting. Triggering 0 pending ops. Active config: opid_index: -1 OBSOLETE_local: false peers { permanent_uuid: "5a7be37d4ee14c12b1959690d79f60be" member_type: VOTER last_known_addr { host: "127.21.119.1" port: 41415 } } peers { permanent_uuid: "363949e0e02947468fd7b5b749cd303a" member_type: VOTER last_known_addr { host: "127.21.119.2" port: 36663 } } peers { permanent_uuid: "ce436538abcf44a2a20ad8aab2d709cd" member_type: VOTER last_known_addr { host: "127.21.119.3" port: 33661 } }
I20260710 13:22:34.591676 22792 raft_consensus.cc:385] T 72526597a460422aa5add1f7cb450d48 P ce436538abcf44a2a20ad8aab2d709cd [term 0 FOLLOWER]: Consensus starting up: Expiring failure detector timer to make a prompt election more likely
I20260710 13:22:34.591480 22791 consensus_queue.cc:260] T 823000efcc1f4a979eb1f7cd8f8ba3c5 P 5a7be37d4ee14c12b1959690d79f60be [NON_LEADER]: Queue going to NON_LEADER mode. State: All replicated index: 0, Majority replicated index: 0, Committed index: 0, Last appended: 0.0, Last appended by leader: 0, Current term: 0, Majority size: -1, State: 0, Mode: NON_LEADER, active raft config: opid_index: -1 OBSOLETE_local: false peers { permanent_uuid: "5a7be37d4ee14c12b1959690d79f60be" member_type: VOTER last_known_addr { host: "127.21.119.1" port: 41415 } } peers { permanent_uuid: "363949e0e02947468fd7b5b749cd303a" member_type: VOTER last_known_addr { host: "127.21.119.2" port: 36663 } } peers { permanent_uuid: "ce436538abcf44a2a20ad8aab2d709cd" member_type: VOTER last_known_addr { host: "127.21.119.3" port: 33661 } }
I20260710 13:22:34.592110 22792 raft_consensus.cc:740] T 72526597a460422aa5add1f7cb450d48 P ce436538abcf44a2a20ad8aab2d709cd [term 0 FOLLOWER]: Becoming Follower/Learner. State: Replica: ce436538abcf44a2a20ad8aab2d709cd, State: Initialized, Role: FOLLOWER
I20260710 13:22:34.593148 22792 consensus_queue.cc:260] T 72526597a460422aa5add1f7cb450d48 P ce436538abcf44a2a20ad8aab2d709cd [NON_LEADER]: Queue going to NON_LEADER mode. State: All replicated index: 0, Majority replicated index: 0, Committed index: 0, Last appended: 0.0, Last appended by leader: 0, Current term: 0, Majority size: -1, State: 0, Mode: NON_LEADER, active raft config: opid_index: -1 OBSOLETE_local: false peers { permanent_uuid: "5a7be37d4ee14c12b1959690d79f60be" member_type: VOTER last_known_addr { host: "127.21.119.1" port: 41415 } } peers { permanent_uuid: "363949e0e02947468fd7b5b749cd303a" member_type: VOTER last_known_addr { host: "127.21.119.2" port: 36663 } } peers { permanent_uuid: "ce436538abcf44a2a20ad8aab2d709cd" member_type: VOTER last_known_addr { host: "127.21.119.3" port: 33661 } }
I20260710 13:22:34.594028 22791 ts_tablet_manager.cc:1434] T 823000efcc1f4a979eb1f7cd8f8ba3c5 P 5a7be37d4ee14c12b1959690d79f60be: Time spent starting tablet: real 0.007s	user 0.008s	sys 0.000s
I20260710 13:22:34.595512 22793 tablet_bootstrap.cc:654] T cb78e14e413b4b878a8cf85bd9cacef6 P 363949e0e02947468fd7b5b749cd303a: Neither blocks nor log segments found. Creating new log.
I20260710 13:22:34.595512 22791 tablet_bootstrap.cc:492] T a14473d926a64e0d9097885bf088e31f P 5a7be37d4ee14c12b1959690d79f60be: Bootstrap starting.
I20260710 13:22:34.598161 22792 ts_tablet_manager.cc:1434] T 72526597a460422aa5add1f7cb450d48 P ce436538abcf44a2a20ad8aab2d709cd: Time spent starting tablet: real 0.010s	user 0.005s	sys 0.001s
I20260710 13:22:34.599565 22792 tablet_bootstrap.cc:492] T e9319fd6df3b47d08bacb764ca04fe73 P ce436538abcf44a2a20ad8aab2d709cd: Bootstrap starting.
I20260710 13:22:34.602425 22791 tablet_bootstrap.cc:654] T a14473d926a64e0d9097885bf088e31f P 5a7be37d4ee14c12b1959690d79f60be: Neither blocks nor log segments found. Creating new log.
I20260710 13:22:34.607132 22793 tablet_bootstrap.cc:492] T cb78e14e413b4b878a8cf85bd9cacef6 P 363949e0e02947468fd7b5b749cd303a: No bootstrap required, opened a new log
I20260710 13:22:34.607581 22793 ts_tablet_manager.cc:1403] T cb78e14e413b4b878a8cf85bd9cacef6 P 363949e0e02947468fd7b5b749cd303a: Time spent bootstrapping tablet: real 0.019s	user 0.013s	sys 0.004s
I20260710 13:22:34.607988 22792 tablet_bootstrap.cc:654] T e9319fd6df3b47d08bacb764ca04fe73 P ce436538abcf44a2a20ad8aab2d709cd: Neither blocks nor log segments found. Creating new log.
I20260710 13:22:34.610425 22793 raft_consensus.cc:359] T cb78e14e413b4b878a8cf85bd9cacef6 P 363949e0e02947468fd7b5b749cd303a [term 0 FOLLOWER]: Replica starting. Triggering 0 pending ops. Active config: opid_index: -1 OBSOLETE_local: false peers { permanent_uuid: "5a7be37d4ee14c12b1959690d79f60be" member_type: VOTER last_known_addr { host: "127.21.119.1" port: 41415 } } peers { permanent_uuid: "363949e0e02947468fd7b5b749cd303a" member_type: VOTER last_known_addr { host: "127.21.119.2" port: 36663 } } peers { permanent_uuid: "ce436538abcf44a2a20ad8aab2d709cd" member_type: VOTER last_known_addr { host: "127.21.119.3" port: 33661 } }
I20260710 13:22:34.611209 22793 raft_consensus.cc:385] T cb78e14e413b4b878a8cf85bd9cacef6 P 363949e0e02947468fd7b5b749cd303a [term 0 FOLLOWER]: Consensus starting up: Expiring failure detector timer to make a prompt election more likely
I20260710 13:22:34.611581 22793 raft_consensus.cc:740] T cb78e14e413b4b878a8cf85bd9cacef6 P 363949e0e02947468fd7b5b749cd303a [term 0 FOLLOWER]: Becoming Follower/Learner. State: Replica: 363949e0e02947468fd7b5b749cd303a, State: Initialized, Role: FOLLOWER
I20260710 13:22:34.612816 22793 consensus_queue.cc:260] T cb78e14e413b4b878a8cf85bd9cacef6 P 363949e0e02947468fd7b5b749cd303a [NON_LEADER]: Queue going to NON_LEADER mode. State: All replicated index: 0, Majority replicated index: 0, Committed index: 0, Last appended: 0.0, Last appended by leader: 0, Current term: 0, Majority size: -1, State: 0, Mode: NON_LEADER, active raft config: opid_index: -1 OBSOLETE_local: false peers { permanent_uuid: "5a7be37d4ee14c12b1959690d79f60be" member_type: VOTER last_known_addr { host: "127.21.119.1" port: 41415 } } peers { permanent_uuid: "363949e0e02947468fd7b5b749cd303a" member_type: VOTER last_known_addr { host: "127.21.119.2" port: 36663 } } peers { permanent_uuid: "ce436538abcf44a2a20ad8aab2d709cd" member_type: VOTER last_known_addr { host: "127.21.119.3" port: 33661 } }
I20260710 13:22:34.613606 22791 tablet_bootstrap.cc:492] T a14473d926a64e0d9097885bf088e31f P 5a7be37d4ee14c12b1959690d79f60be: No bootstrap required, opened a new log
I20260710 13:22:34.614075 22791 ts_tablet_manager.cc:1403] T a14473d926a64e0d9097885bf088e31f P 5a7be37d4ee14c12b1959690d79f60be: Time spent bootstrapping tablet: real 0.019s	user 0.012s	sys 0.004s
I20260710 13:22:34.615904 22793 ts_tablet_manager.cc:1434] T cb78e14e413b4b878a8cf85bd9cacef6 P 363949e0e02947468fd7b5b749cd303a: Time spent starting tablet: real 0.008s	user 0.003s	sys 0.004s
I20260710 13:22:34.616758 22791 raft_consensus.cc:359] T a14473d926a64e0d9097885bf088e31f P 5a7be37d4ee14c12b1959690d79f60be [term 0 FOLLOWER]: Replica starting. Triggering 0 pending ops. Active config: opid_index: -1 OBSOLETE_local: false peers { permanent_uuid: "5a7be37d4ee14c12b1959690d79f60be" member_type: VOTER last_known_addr { host: "127.21.119.1" port: 41415 } } peers { permanent_uuid: "363949e0e02947468fd7b5b749cd303a" member_type: VOTER last_known_addr { host: "127.21.119.2" port: 36663 } } peers { permanent_uuid: "ce436538abcf44a2a20ad8aab2d709cd" member_type: VOTER last_known_addr { host: "127.21.119.3" port: 33661 } }
I20260710 13:22:34.617441 22791 raft_consensus.cc:385] T a14473d926a64e0d9097885bf088e31f P 5a7be37d4ee14c12b1959690d79f60be [term 0 FOLLOWER]: Consensus starting up: Expiring failure detector timer to make a prompt election more likely
I20260710 13:22:34.617769 22791 raft_consensus.cc:740] T a14473d926a64e0d9097885bf088e31f P 5a7be37d4ee14c12b1959690d79f60be [term 0 FOLLOWER]: Becoming Follower/Learner. State: Replica: 5a7be37d4ee14c12b1959690d79f60be, State: Initialized, Role: FOLLOWER
I20260710 13:22:34.617105 22793 tablet_bootstrap.cc:492] T fe4f41565ad94beeb73ad784b8a33b10 P 363949e0e02947468fd7b5b749cd303a: Bootstrap starting.
I20260710 13:22:34.618456 22791 consensus_queue.cc:260] T a14473d926a64e0d9097885bf088e31f P 5a7be37d4ee14c12b1959690d79f60be [NON_LEADER]: Queue going to NON_LEADER mode. State: All replicated index: 0, Majority replicated index: 0, Committed index: 0, Last appended: 0.0, Last appended by leader: 0, Current term: 0, Majority size: -1, State: 0, Mode: NON_LEADER, active raft config: opid_index: -1 OBSOLETE_local: false peers { permanent_uuid: "5a7be37d4ee14c12b1959690d79f60be" member_type: VOTER last_known_addr { host: "127.21.119.1" port: 41415 } } peers { permanent_uuid: "363949e0e02947468fd7b5b749cd303a" member_type: VOTER last_known_addr { host: "127.21.119.2" port: 36663 } } peers { permanent_uuid: "ce436538abcf44a2a20ad8aab2d709cd" member_type: VOTER last_known_addr { host: "127.21.119.3" port: 33661 } }
I20260710 13:22:34.619920 22792 tablet_bootstrap.cc:492] T e9319fd6df3b47d08bacb764ca04fe73 P ce436538abcf44a2a20ad8aab2d709cd: No bootstrap required, opened a new log
I20260710 13:22:34.620416 22792 ts_tablet_manager.cc:1403] T e9319fd6df3b47d08bacb764ca04fe73 P ce436538abcf44a2a20ad8aab2d709cd: Time spent bootstrapping tablet: real 0.021s	user 0.020s	sys 0.000s
I20260710 13:22:34.622319 22791 ts_tablet_manager.cc:1434] T a14473d926a64e0d9097885bf088e31f P 5a7be37d4ee14c12b1959690d79f60be: Time spent starting tablet: real 0.008s	user 0.006s	sys 0.001s
I20260710 13:22:34.623278 22791 tablet_bootstrap.cc:492] T 7880f58cf8b0497da6d6b2c75d46a4c4 P 5a7be37d4ee14c12b1959690d79f60be: Bootstrap starting.
I20260710 13:22:34.623245 22792 raft_consensus.cc:359] T e9319fd6df3b47d08bacb764ca04fe73 P ce436538abcf44a2a20ad8aab2d709cd [term 0 FOLLOWER]: Replica starting. Triggering 0 pending ops. Active config: opid_index: -1 OBSOLETE_local: false peers { permanent_uuid: "5a7be37d4ee14c12b1959690d79f60be" member_type: VOTER last_known_addr { host: "127.21.119.1" port: 41415 } } peers { permanent_uuid: "363949e0e02947468fd7b5b749cd303a" member_type: VOTER last_known_addr { host: "127.21.119.2" port: 36663 } } peers { permanent_uuid: "ce436538abcf44a2a20ad8aab2d709cd" member_type: VOTER last_known_addr { host: "127.21.119.3" port: 33661 } }
I20260710 13:22:34.624192 22792 raft_consensus.cc:385] T e9319fd6df3b47d08bacb764ca04fe73 P ce436538abcf44a2a20ad8aab2d709cd [term 0 FOLLOWER]: Consensus starting up: Expiring failure detector timer to make a prompt election more likely
I20260710 13:22:34.624553 22793 tablet_bootstrap.cc:654] T fe4f41565ad94beeb73ad784b8a33b10 P 363949e0e02947468fd7b5b749cd303a: Neither blocks nor log segments found. Creating new log.
I20260710 13:22:34.624547 22792 raft_consensus.cc:740] T e9319fd6df3b47d08bacb764ca04fe73 P ce436538abcf44a2a20ad8aab2d709cd [term 0 FOLLOWER]: Becoming Follower/Learner. State: Replica: ce436538abcf44a2a20ad8aab2d709cd, State: Initialized, Role: FOLLOWER
I20260710 13:22:34.625659 22792 consensus_queue.cc:260] T e9319fd6df3b47d08bacb764ca04fe73 P ce436538abcf44a2a20ad8aab2d709cd [NON_LEADER]: Queue going to NON_LEADER mode. State: All replicated index: 0, Majority replicated index: 0, Committed index: 0, Last appended: 0.0, Last appended by leader: 0, Current term: 0, Majority size: -1, State: 0, Mode: NON_LEADER, active raft config: opid_index: -1 OBSOLETE_local: false peers { permanent_uuid: "5a7be37d4ee14c12b1959690d79f60be" member_type: VOTER last_known_addr { host: "127.21.119.1" port: 41415 } } peers { permanent_uuid: "363949e0e02947468fd7b5b749cd303a" member_type: VOTER last_known_addr { host: "127.21.119.2" port: 36663 } } peers { permanent_uuid: "ce436538abcf44a2a20ad8aab2d709cd" member_type: VOTER last_known_addr { host: "127.21.119.3" port: 33661 } }
I20260710 13:22:34.629915 22791 tablet_bootstrap.cc:654] T 7880f58cf8b0497da6d6b2c75d46a4c4 P 5a7be37d4ee14c12b1959690d79f60be: Neither blocks nor log segments found. Creating new log.
I20260710 13:22:34.635666 22798 raft_consensus.cc:493] T 823000efcc1f4a979eb1f7cd8f8ba3c5 P 5a7be37d4ee14c12b1959690d79f60be [term 0 FOLLOWER]: Starting pre-election (no leader contacted us within the election timeout)
I20260710 13:22:34.636162 22798 raft_consensus.cc:515] T 823000efcc1f4a979eb1f7cd8f8ba3c5 P 5a7be37d4ee14c12b1959690d79f60be [term 0 FOLLOWER]: Starting pre-election with config: opid_index: -1 OBSOLETE_local: false peers { permanent_uuid: "5a7be37d4ee14c12b1959690d79f60be" member_type: VOTER last_known_addr { host: "127.21.119.1" port: 41415 } } peers { permanent_uuid: "363949e0e02947468fd7b5b749cd303a" member_type: VOTER last_known_addr { host: "127.21.119.2" port: 36663 } } peers { permanent_uuid: "ce436538abcf44a2a20ad8aab2d709cd" member_type: VOTER last_known_addr { host: "127.21.119.3" port: 33661 } }
I20260710 13:22:34.637862 22793 tablet_bootstrap.cc:492] T fe4f41565ad94beeb73ad784b8a33b10 P 363949e0e02947468fd7b5b749cd303a: No bootstrap required, opened a new log
I20260710 13:22:34.639050 22798 leader_election.cc:290] T 823000efcc1f4a979eb1f7cd8f8ba3c5 P 5a7be37d4ee14c12b1959690d79f60be [CANDIDATE]: Term 1 pre-election: Requested pre-vote from peers 363949e0e02947468fd7b5b749cd303a (127.21.119.2:36663), ce436538abcf44a2a20ad8aab2d709cd (127.21.119.3:33661)
I20260710 13:22:34.647254 22791 tablet_bootstrap.cc:492] T 7880f58cf8b0497da6d6b2c75d46a4c4 P 5a7be37d4ee14c12b1959690d79f60be: No bootstrap required, opened a new log
I20260710 13:22:34.638446 22793 ts_tablet_manager.cc:1403] T fe4f41565ad94beeb73ad784b8a33b10 P 363949e0e02947468fd7b5b749cd303a: Time spent bootstrapping tablet: real 0.022s	user 0.007s	sys 0.009s
I20260710 13:22:34.647727 22791 ts_tablet_manager.cc:1403] T 7880f58cf8b0497da6d6b2c75d46a4c4 P 5a7be37d4ee14c12b1959690d79f60be: Time spent bootstrapping tablet: real 0.025s	user 0.012s	sys 0.006s
I20260710 13:22:34.649556 22792 ts_tablet_manager.cc:1434] T e9319fd6df3b47d08bacb764ca04fe73 P ce436538abcf44a2a20ad8aab2d709cd: Time spent starting tablet: real 0.029s	user 0.005s	sys 0.004s
I20260710 13:22:34.650718 22791 raft_consensus.cc:359] T 7880f58cf8b0497da6d6b2c75d46a4c4 P 5a7be37d4ee14c12b1959690d79f60be [term 0 FOLLOWER]: Replica starting. Triggering 0 pending ops. Active config: opid_index: -1 OBSOLETE_local: false peers { permanent_uuid: "5a7be37d4ee14c12b1959690d79f60be" member_type: VOTER last_known_addr { host: "127.21.119.1" port: 41415 } } peers { permanent_uuid: "363949e0e02947468fd7b5b749cd303a" member_type: VOTER last_known_addr { host: "127.21.119.2" port: 36663 } } peers { permanent_uuid: "ce436538abcf44a2a20ad8aab2d709cd" member_type: VOTER last_known_addr { host: "127.21.119.3" port: 33661 } }
I20260710 13:22:34.650687 22793 raft_consensus.cc:359] T fe4f41565ad94beeb73ad784b8a33b10 P 363949e0e02947468fd7b5b749cd303a [term 0 FOLLOWER]: Replica starting. Triggering 0 pending ops. Active config: opid_index: -1 OBSOLETE_local: false peers { permanent_uuid: "5a7be37d4ee14c12b1959690d79f60be" member_type: VOTER last_known_addr { host: "127.21.119.1" port: 41415 } } peers { permanent_uuid: "363949e0e02947468fd7b5b749cd303a" member_type: VOTER last_known_addr { host: "127.21.119.2" port: 36663 } } peers { permanent_uuid: "ce436538abcf44a2a20ad8aab2d709cd" member_type: VOTER last_known_addr { host: "127.21.119.3" port: 33661 } }
I20260710 13:22:34.651605 22791 raft_consensus.cc:385] T 7880f58cf8b0497da6d6b2c75d46a4c4 P 5a7be37d4ee14c12b1959690d79f60be [term 0 FOLLOWER]: Consensus starting up: Expiring failure detector timer to make a prompt election more likely
I20260710 13:22:34.651717 22793 raft_consensus.cc:385] T fe4f41565ad94beeb73ad784b8a33b10 P 363949e0e02947468fd7b5b749cd303a [term 0 FOLLOWER]: Consensus starting up: Expiring failure detector timer to make a prompt election more likely
I20260710 13:22:34.652031 22791 raft_consensus.cc:740] T 7880f58cf8b0497da6d6b2c75d46a4c4 P 5a7be37d4ee14c12b1959690d79f60be [term 0 FOLLOWER]: Becoming Follower/Learner. State: Replica: 5a7be37d4ee14c12b1959690d79f60be, State: Initialized, Role: FOLLOWER
I20260710 13:22:34.652153 22793 raft_consensus.cc:740] T fe4f41565ad94beeb73ad784b8a33b10 P 363949e0e02947468fd7b5b749cd303a [term 0 FOLLOWER]: Becoming Follower/Learner. State: Replica: 363949e0e02947468fd7b5b749cd303a, State: Initialized, Role: FOLLOWER
I20260710 13:22:34.652774 22791 consensus_queue.cc:260] T 7880f58cf8b0497da6d6b2c75d46a4c4 P 5a7be37d4ee14c12b1959690d79f60be [NON_LEADER]: Queue going to NON_LEADER mode. State: All replicated index: 0, Majority replicated index: 0, Committed index: 0, Last appended: 0.0, Last appended by leader: 0, Current term: 0, Majority size: -1, State: 0, Mode: NON_LEADER, active raft config: opid_index: -1 OBSOLETE_local: false peers { permanent_uuid: "5a7be37d4ee14c12b1959690d79f60be" member_type: VOTER last_known_addr { host: "127.21.119.1" port: 41415 } } peers { permanent_uuid: "363949e0e02947468fd7b5b749cd303a" member_type: VOTER last_known_addr { host: "127.21.119.2" port: 36663 } } peers { permanent_uuid: "ce436538abcf44a2a20ad8aab2d709cd" member_type: VOTER last_known_addr { host: "127.21.119.3" port: 33661 } }
I20260710 13:22:34.655251 22791 ts_tablet_manager.cc:1434] T 7880f58cf8b0497da6d6b2c75d46a4c4 P 5a7be37d4ee14c12b1959690d79f60be: Time spent starting tablet: real 0.007s	user 0.002s	sys 0.004s
I20260710 13:22:34.656154 22792 tablet_bootstrap.cc:492] T e82be5f82768413fa37b085db82aa9bb P ce436538abcf44a2a20ad8aab2d709cd: Bootstrap starting.
I20260710 13:22:34.659186 22798 raft_consensus.cc:493] T e82be5f82768413fa37b085db82aa9bb P 5a7be37d4ee14c12b1959690d79f60be [term 0 FOLLOWER]: Starting pre-election (no leader contacted us within the election timeout)
I20260710 13:22:34.659663 22798 raft_consensus.cc:515] T e82be5f82768413fa37b085db82aa9bb P 5a7be37d4ee14c12b1959690d79f60be [term 0 FOLLOWER]: Starting pre-election with config: opid_index: -1 OBSOLETE_local: false peers { permanent_uuid: "5a7be37d4ee14c12b1959690d79f60be" member_type: VOTER last_known_addr { host: "127.21.119.1" port: 41415 } } peers { permanent_uuid: "363949e0e02947468fd7b5b749cd303a" member_type: VOTER last_known_addr { host: "127.21.119.2" port: 36663 } } peers { permanent_uuid: "ce436538abcf44a2a20ad8aab2d709cd" member_type: VOTER last_known_addr { host: "127.21.119.3" port: 33661 } }
I20260710 13:22:34.661628 22798 leader_election.cc:290] T e82be5f82768413fa37b085db82aa9bb P 5a7be37d4ee14c12b1959690d79f60be [CANDIDATE]: Term 1 pre-election: Requested pre-vote from peers 363949e0e02947468fd7b5b749cd303a (127.21.119.2:36663), ce436538abcf44a2a20ad8aab2d709cd (127.21.119.3:33661)
I20260710 13:22:34.656169 22791 tablet_bootstrap.cc:492] T 72526597a460422aa5add1f7cb450d48 P 5a7be37d4ee14c12b1959690d79f60be: Bootstrap starting.
I20260710 13:22:34.658202 22793 consensus_queue.cc:260] T fe4f41565ad94beeb73ad784b8a33b10 P 363949e0e02947468fd7b5b749cd303a [NON_LEADER]: Queue going to NON_LEADER mode. State: All replicated index: 0, Majority replicated index: 0, Committed index: 0, Last appended: 0.0, Last appended by leader: 0, Current term: 0, Majority size: -1, State: 0, Mode: NON_LEADER, active raft config: opid_index: -1 OBSOLETE_local: false peers { permanent_uuid: "5a7be37d4ee14c12b1959690d79f60be" member_type: VOTER last_known_addr { host: "127.21.119.1" port: 41415 } } peers { permanent_uuid: "363949e0e02947468fd7b5b749cd303a" member_type: VOTER last_known_addr { host: "127.21.119.2" port: 36663 } } peers { permanent_uuid: "ce436538abcf44a2a20ad8aab2d709cd" member_type: VOTER last_known_addr { host: "127.21.119.3" port: 33661 } }
I20260710 13:22:34.663869 22793 ts_tablet_manager.cc:1434] T fe4f41565ad94beeb73ad784b8a33b10 P 363949e0e02947468fd7b5b749cd303a: Time spent starting tablet: real 0.016s	user 0.007s	sys 0.000s
I20260710 13:22:34.664793 22793 tablet_bootstrap.cc:492] T e9319fd6df3b47d08bacb764ca04fe73 P 363949e0e02947468fd7b5b749cd303a: Bootstrap starting.
I20260710 13:22:34.668066 22791 tablet_bootstrap.cc:654] T 72526597a460422aa5add1f7cb450d48 P 5a7be37d4ee14c12b1959690d79f60be: Neither blocks nor log segments found. Creating new log.
I20260710 13:22:34.670711 22793 tablet_bootstrap.cc:654] T e9319fd6df3b47d08bacb764ca04fe73 P 363949e0e02947468fd7b5b749cd303a: Neither blocks nor log segments found. Creating new log.
I20260710 13:22:34.677870 22792 tablet_bootstrap.cc:654] T e82be5f82768413fa37b085db82aa9bb P ce436538abcf44a2a20ad8aab2d709cd: Neither blocks nor log segments found. Creating new log.
I20260710 13:22:34.684638 22797 raft_consensus.cc:493] T 823000efcc1f4a979eb1f7cd8f8ba3c5 P ce436538abcf44a2a20ad8aab2d709cd [term 0 FOLLOWER]: Starting pre-election (no leader contacted us within the election timeout)
I20260710 13:22:34.691946 22797 raft_consensus.cc:515] T 823000efcc1f4a979eb1f7cd8f8ba3c5 P ce436538abcf44a2a20ad8aab2d709cd [term 0 FOLLOWER]: Starting pre-election with config: opid_index: -1 OBSOLETE_local: false peers { permanent_uuid: "5a7be37d4ee14c12b1959690d79f60be" member_type: VOTER last_known_addr { host: "127.21.119.1" port: 41415 } } peers { permanent_uuid: "363949e0e02947468fd7b5b749cd303a" member_type: VOTER last_known_addr { host: "127.21.119.2" port: 36663 } } peers { permanent_uuid: "ce436538abcf44a2a20ad8aab2d709cd" member_type: VOTER last_known_addr { host: "127.21.119.3" port: 33661 } }
I20260710 13:22:34.694597 22797 leader_election.cc:290] T 823000efcc1f4a979eb1f7cd8f8ba3c5 P ce436538abcf44a2a20ad8aab2d709cd [CANDIDATE]: Term 1 pre-election: Requested pre-vote from peers 5a7be37d4ee14c12b1959690d79f60be (127.21.119.1:41415), 363949e0e02947468fd7b5b749cd303a (127.21.119.2:36663)
I20260710 13:22:34.690114 22791 tablet_bootstrap.cc:492] T 72526597a460422aa5add1f7cb450d48 P 5a7be37d4ee14c12b1959690d79f60be: No bootstrap required, opened a new log
I20260710 13:22:34.690258 22677 tablet_service.cc:1917] Received RequestConsensusVote() RPC: tablet_id: "823000efcc1f4a979eb1f7cd8f8ba3c5" candidate_uuid: "5a7be37d4ee14c12b1959690d79f60be" candidate_term: 1 candidate_status { last_received { term: 0 index: 0 } } ignore_live_leader: false dest_uuid: "363949e0e02947468fd7b5b749cd303a" is_pre_election: true
I20260710 13:22:34.696230 22791 ts_tablet_manager.cc:1403] T 72526597a460422aa5add1f7cb450d48 P 5a7be37d4ee14c12b1959690d79f60be: Time spent bootstrapping tablet: real 0.040s	user 0.013s	sys 0.015s
I20260710 13:22:34.690865 22676 tablet_service.cc:1917] Received RequestConsensusVote() RPC: tablet_id: "e82be5f82768413fa37b085db82aa9bb" candidate_uuid: "5a7be37d4ee14c12b1959690d79f60be" candidate_term: 1 candidate_status { last_received { term: 0 index: 0 } } ignore_live_leader: false dest_uuid: "363949e0e02947468fd7b5b749cd303a" is_pre_election: true
I20260710 13:22:34.696983 22676 raft_consensus.cc:2468] T e82be5f82768413fa37b085db82aa9bb P 363949e0e02947468fd7b5b749cd303a [term 0 FOLLOWER]: Leader pre-election vote request: Granting yes vote for candidate 5a7be37d4ee14c12b1959690d79f60be in term 0.
I20260710 13:22:34.697422 22793 tablet_bootstrap.cc:492] T e9319fd6df3b47d08bacb764ca04fe73 P 363949e0e02947468fd7b5b749cd303a: No bootstrap required, opened a new log
I20260710 13:22:34.697826 22793 ts_tablet_manager.cc:1403] T e9319fd6df3b47d08bacb764ca04fe73 P 363949e0e02947468fd7b5b749cd303a: Time spent bootstrapping tablet: real 0.033s	user 0.003s	sys 0.025s
W20260710 13:22:34.699726 22565 leader_election.cc:343] T 823000efcc1f4a979eb1f7cd8f8ba3c5 P 5a7be37d4ee14c12b1959690d79f60be [CANDIDATE]: Term 1 pre-election: Tablet error from VoteRequest() call to peer 363949e0e02947468fd7b5b749cd303a (127.21.119.2:36663): Illegal state: must be running to vote when last-logged opid is not known
I20260710 13:22:34.699928 22791 raft_consensus.cc:359] T 72526597a460422aa5add1f7cb450d48 P 5a7be37d4ee14c12b1959690d79f60be [term 0 FOLLOWER]: Replica starting. Triggering 0 pending ops. Active config: opid_index: -1 OBSOLETE_local: false peers { permanent_uuid: "5a7be37d4ee14c12b1959690d79f60be" member_type: VOTER last_known_addr { host: "127.21.119.1" port: 41415 } } peers { permanent_uuid: "363949e0e02947468fd7b5b749cd303a" member_type: VOTER last_known_addr { host: "127.21.119.2" port: 36663 } } peers { permanent_uuid: "ce436538abcf44a2a20ad8aab2d709cd" member_type: VOTER last_known_addr { host: "127.21.119.3" port: 33661 } }
I20260710 13:22:34.700385 22565 leader_election.cc:304] T e82be5f82768413fa37b085db82aa9bb P 5a7be37d4ee14c12b1959690d79f60be [CANDIDATE]: Term 1 pre-election: Election decided. Result: candidate won. Election summary: received 2 responses out of 3 voters: 2 yes votes; 0 no votes. yes voters: 363949e0e02947468fd7b5b749cd303a, 5a7be37d4ee14c12b1959690d79f60be; no voters: 
I20260710 13:22:34.700855 22791 raft_consensus.cc:385] T 72526597a460422aa5add1f7cb450d48 P 5a7be37d4ee14c12b1959690d79f60be [term 0 FOLLOWER]: Consensus starting up: Expiring failure detector timer to make a prompt election more likely
I20260710 13:22:34.700594 22793 raft_consensus.cc:359] T e9319fd6df3b47d08bacb764ca04fe73 P 363949e0e02947468fd7b5b749cd303a [term 0 FOLLOWER]: Replica starting. Triggering 0 pending ops. Active config: opid_index: -1 OBSOLETE_local: false peers { permanent_uuid: "5a7be37d4ee14c12b1959690d79f60be" member_type: VOTER last_known_addr { host: "127.21.119.1" port: 41415 } } peers { permanent_uuid: "363949e0e02947468fd7b5b749cd303a" member_type: VOTER last_known_addr { host: "127.21.119.2" port: 36663 } } peers { permanent_uuid: "ce436538abcf44a2a20ad8aab2d709cd" member_type: VOTER last_known_addr { host: "127.21.119.3" port: 33661 } }
I20260710 13:22:34.701226 22798 raft_consensus.cc:2804] T e82be5f82768413fa37b085db82aa9bb P 5a7be37d4ee14c12b1959690d79f60be [term 0 FOLLOWER]: Leader pre-election won for term 1
I20260710 13:22:34.701378 22793 raft_consensus.cc:385] T e9319fd6df3b47d08bacb764ca04fe73 P 363949e0e02947468fd7b5b749cd303a [term 0 FOLLOWER]: Consensus starting up: Expiring failure detector timer to make a prompt election more likely
