I20260710 13:22:33.358054 17263 raft_consensus.cc:740] T dcabe74f6ea243a09e9e14a45a95fd59 P 5c1f1dc3b0e64120b9db5322f6be99d4 [term 0 FOLLOWER]: Becoming Follower/Learner. State: Replica: 5c1f1dc3b0e64120b9db5322f6be99d4, State: Initialized, Role: FOLLOWER
I20260710 13:22:33.357913 17261 raft_consensus.cc:359] T dcabe74f6ea243a09e9e14a45a95fd59 P 10de557910db4db6b3fcd9ed87e26d8d [term 0 FOLLOWER]: Replica starting. Triggering 0 pending ops. Active config: opid_index: -1 OBSOLETE_local: false peers { permanent_uuid: "5c1f1dc3b0e64120b9db5322f6be99d4" member_type: VOTER last_known_addr { host: "127.16.15.193" port: 45029 } } peers { permanent_uuid: "10de557910db4db6b3fcd9ed87e26d8d" member_type: VOTER last_known_addr { host: "127.16.15.194" port: 39405 } } peers { permanent_uuid: "58b0864b2fd34b6980be4bac8f8dec12" member_type: VOTER last_known_addr { host: "127.16.15.195" port: 40623 } }
I20260710 13:22:33.358589 17261 raft_consensus.cc:385] T dcabe74f6ea243a09e9e14a45a95fd59 P 10de557910db4db6b3fcd9ed87e26d8d [term 0 FOLLOWER]: Consensus starting up: Expiring failure detector timer to make a prompt election more likely
I20260710 13:22:33.358079 17262 consensus_queue.cc:260] T dcabe74f6ea243a09e9e14a45a95fd59 P 58b0864b2fd34b6980be4bac8f8dec12 [NON_LEADER]: Queue going to NON_LEADER mode. State: All replicated index: 0, Majority replicated index: 0, Committed index: 0, Last appended: 0.0, Last appended by leader: 0, Current term: 0, Majority size: -1, State: 0, Mode: NON_LEADER, active raft config: opid_index: -1 OBSOLETE_local: false peers { permanent_uuid: "5c1f1dc3b0e64120b9db5322f6be99d4" member_type: VOTER last_known_addr { host: "127.16.15.193" port: 45029 } } peers { permanent_uuid: "10de557910db4db6b3fcd9ed87e26d8d" member_type: VOTER last_known_addr { host: "127.16.15.194" port: 39405 } } peers { permanent_uuid: "58b0864b2fd34b6980be4bac8f8dec12" member_type: VOTER last_known_addr { host: "127.16.15.195" port: 40623 } }
I20260710 13:22:33.358889 17261 raft_consensus.cc:740] T dcabe74f6ea243a09e9e14a45a95fd59 P 10de557910db4db6b3fcd9ed87e26d8d [term 0 FOLLOWER]: Becoming Follower/Learner. State: Replica: 10de557910db4db6b3fcd9ed87e26d8d, State: Initialized, Role: FOLLOWER
I20260710 13:22:33.358985 17263 consensus_queue.cc:260] T dcabe74f6ea243a09e9e14a45a95fd59 P 5c1f1dc3b0e64120b9db5322f6be99d4 [NON_LEADER]: Queue going to NON_LEADER mode. State: All replicated index: 0, Majority replicated index: 0, Committed index: 0, Last appended: 0.0, Last appended by leader: 0, Current term: 0, Majority size: -1, State: 0, Mode: NON_LEADER, active raft config: opid_index: -1 OBSOLETE_local: false peers { permanent_uuid: "5c1f1dc3b0e64120b9db5322f6be99d4" member_type: VOTER last_known_addr { host: "127.16.15.193" port: 45029 } } peers { permanent_uuid: "10de557910db4db6b3fcd9ed87e26d8d" member_type: VOTER last_known_addr { host: "127.16.15.194" port: 39405 } } peers { permanent_uuid: "58b0864b2fd34b6980be4bac8f8dec12" member_type: VOTER last_known_addr { host: "127.16.15.195" port: 40623 } }
I20260710 13:22:33.361075 17262 ts_tablet_manager.cc:1434] T dcabe74f6ea243a09e9e14a45a95fd59 P 58b0864b2fd34b6980be4bac8f8dec12: Time spent starting tablet: real 0.010s	user 0.007s	sys 0.000s
I20260710 13:22:33.361377 17263 ts_tablet_manager.cc:1434] T dcabe74f6ea243a09e9e14a45a95fd59 P 5c1f1dc3b0e64120b9db5322f6be99d4: Time spent starting tablet: real 0.007s	user 0.002s	sys 0.004s
I20260710 13:22:33.362201 17262 tablet_bootstrap.cc:492] T e5eabcb5d98b47acab140f54f16718ae P 58b0864b2fd34b6980be4bac8f8dec12: Bootstrap starting.
I20260710 13:22:33.362277 17263 tablet_bootstrap.cc:492] T c75b9f757cbc4e05aadae3b579b9b39f P 5c1f1dc3b0e64120b9db5322f6be99d4: Bootstrap starting.
I20260710 13:22:33.364445 17261 consensus_queue.cc:260] T dcabe74f6ea243a09e9e14a45a95fd59 P 10de557910db4db6b3fcd9ed87e26d8d [NON_LEADER]: Queue going to NON_LEADER mode. State: All replicated index: 0, Majority replicated index: 0, Committed index: 0, Last appended: 0.0, Last appended by leader: 0, Current term: 0, Majority size: -1, State: 0, Mode: NON_LEADER, active raft config: opid_index: -1 OBSOLETE_local: false peers { permanent_uuid: "5c1f1dc3b0e64120b9db5322f6be99d4" member_type: VOTER last_known_addr { host: "127.16.15.193" port: 45029 } } peers { permanent_uuid: "10de557910db4db6b3fcd9ed87e26d8d" member_type: VOTER last_known_addr { host: "127.16.15.194" port: 39405 } } peers { permanent_uuid: "58b0864b2fd34b6980be4bac8f8dec12" member_type: VOTER last_known_addr { host: "127.16.15.195" port: 40623 } }
I20260710 13:22:33.366647 17261 ts_tablet_manager.cc:1434] T dcabe74f6ea243a09e9e14a45a95fd59 P 10de557910db4db6b3fcd9ed87e26d8d: Time spent starting tablet: real 0.017s	user 0.005s	sys 0.000s
I20260710 13:22:33.367466 17261 tablet_bootstrap.cc:492] T adb214a2c2684504838eb32806f1ff53 P 10de557910db4db6b3fcd9ed87e26d8d: Bootstrap starting.
I20260710 13:22:33.368976 17262 tablet_bootstrap.cc:654] T e5eabcb5d98b47acab140f54f16718ae P 58b0864b2fd34b6980be4bac8f8dec12: Neither blocks nor log segments found. Creating new log.
I20260710 13:22:33.374619 17268 raft_consensus.cc:697] T 0430329e7bd44bedbe109ecc35bf5102 P 5c1f1dc3b0e64120b9db5322f6be99d4 [term 1 LEADER]: Becoming Leader. State: Replica: 5c1f1dc3b0e64120b9db5322f6be99d4, State: Running, Role: LEADER
I20260710 13:22:33.376044 17261 tablet_bootstrap.cc:654] T adb214a2c2684504838eb32806f1ff53 P 10de557910db4db6b3fcd9ed87e26d8d: Neither blocks nor log segments found. Creating new log.
I20260710 13:22:33.375564 17268 consensus_queue.cc:237] T 0430329e7bd44bedbe109ecc35bf5102 P 5c1f1dc3b0e64120b9db5322f6be99d4 [LEADER]: Queue going to LEADER mode. State: All replicated index: 0, Majority replicated index: 0, Committed index: 0, Last appended: 0.0, Last appended by leader: 0, Current term: 1, Majority size: 2, State: 0, Mode: LEADER, active raft config: opid_index: -1 OBSOLETE_local: false peers { permanent_uuid: "5c1f1dc3b0e64120b9db5322f6be99d4" member_type: VOTER last_known_addr { host: "127.16.15.193" port: 45029 } } peers { permanent_uuid: "10de557910db4db6b3fcd9ed87e26d8d" member_type: VOTER last_known_addr { host: "127.16.15.194" port: 39405 } } peers { permanent_uuid: "58b0864b2fd34b6980be4bac8f8dec12" member_type: VOTER last_known_addr { host: "127.16.15.195" port: 40623 } }
I20260710 13:22:33.377403 17263 tablet_bootstrap.cc:654] T c75b9f757cbc4e05aadae3b579b9b39f P 5c1f1dc3b0e64120b9db5322f6be99d4: Neither blocks nor log segments found. Creating new log.
I20260710 13:22:33.383121 17262 tablet_bootstrap.cc:492] T e5eabcb5d98b47acab140f54f16718ae P 58b0864b2fd34b6980be4bac8f8dec12: No bootstrap required, opened a new log
I20260710 13:22:33.383651 17262 ts_tablet_manager.cc:1403] T e5eabcb5d98b47acab140f54f16718ae P 58b0864b2fd34b6980be4bac8f8dec12: Time spent bootstrapping tablet: real 0.022s	user 0.007s	sys 0.014s
I20260710 13:22:33.386514 17262 raft_consensus.cc:359] T e5eabcb5d98b47acab140f54f16718ae P 58b0864b2fd34b6980be4bac8f8dec12 [term 0 FOLLOWER]: Replica starting. Triggering 0 pending ops. Active config: opid_index: -1 OBSOLETE_local: false peers { permanent_uuid: "5c1f1dc3b0e64120b9db5322f6be99d4" member_type: VOTER last_known_addr { host: "127.16.15.193" port: 45029 } } peers { permanent_uuid: "10de557910db4db6b3fcd9ed87e26d8d" member_type: VOTER last_known_addr { host: "127.16.15.194" port: 39405 } } peers { permanent_uuid: "58b0864b2fd34b6980be4bac8f8dec12" member_type: VOTER last_known_addr { host: "127.16.15.195" port: 40623 } }
I20260710 13:22:33.387250 17262 raft_consensus.cc:385] T e5eabcb5d98b47acab140f54f16718ae P 58b0864b2fd34b6980be4bac8f8dec12 [term 0 FOLLOWER]: Consensus starting up: Expiring failure detector timer to make a prompt election more likely
I20260710 13:22:33.387562 17262 raft_consensus.cc:740] T e5eabcb5d98b47acab140f54f16718ae P 58b0864b2fd34b6980be4bac8f8dec12 [term 0 FOLLOWER]: Becoming Follower/Learner. State: Replica: 58b0864b2fd34b6980be4bac8f8dec12, State: Initialized, Role: FOLLOWER
I20260710 13:22:33.388273 17262 consensus_queue.cc:260] T e5eabcb5d98b47acab140f54f16718ae P 58b0864b2fd34b6980be4bac8f8dec12 [NON_LEADER]: Queue going to NON_LEADER mode. State: All replicated index: 0, Majority replicated index: 0, Committed index: 0, Last appended: 0.0, Last appended by leader: 0, Current term: 0, Majority size: -1, State: 0, Mode: NON_LEADER, active raft config: opid_index: -1 OBSOLETE_local: false peers { permanent_uuid: "5c1f1dc3b0e64120b9db5322f6be99d4" member_type: VOTER last_known_addr { host: "127.16.15.193" port: 45029 } } peers { permanent_uuid: "10de557910db4db6b3fcd9ed87e26d8d" member_type: VOTER last_known_addr { host: "127.16.15.194" port: 39405 } } peers { permanent_uuid: "58b0864b2fd34b6980be4bac8f8dec12" member_type: VOTER last_known_addr { host: "127.16.15.195" port: 40623 } }
I20260710 13:22:33.390475 17262 ts_tablet_manager.cc:1434] T e5eabcb5d98b47acab140f54f16718ae P 58b0864b2fd34b6980be4bac8f8dec12: Time spent starting tablet: real 0.006s	user 0.006s	sys 0.000s
I20260710 13:22:33.391402 17262 tablet_bootstrap.cc:492] T d853b243087c4588943b26999fdcb750 P 58b0864b2fd34b6980be4bac8f8dec12: Bootstrap starting.
I20260710 13:22:33.391664 16970 catalog_manager.cc:5697] T 0430329e7bd44bedbe109ecc35bf5102 P 5c1f1dc3b0e64120b9db5322f6be99d4 reported cstate change: term changed from 0 to 1, leader changed from <none> to 5c1f1dc3b0e64120b9db5322f6be99d4 (127.16.15.193). New cstate: current_term: 1 leader_uuid: "5c1f1dc3b0e64120b9db5322f6be99d4" committed_config { opid_index: -1 OBSOLETE_local: false peers { permanent_uuid: "5c1f1dc3b0e64120b9db5322f6be99d4" member_type: VOTER last_known_addr { host: "127.16.15.193" port: 45029 } health_report { overall_health: HEALTHY } } peers { permanent_uuid: "10de557910db4db6b3fcd9ed87e26d8d" member_type: VOTER last_known_addr { host: "127.16.15.194" port: 39405 } health_report { overall_health: UNKNOWN } } peers { permanent_uuid: "58b0864b2fd34b6980be4bac8f8dec12" member_type: VOTER last_known_addr { host: "127.16.15.195" port: 40623 } health_report { overall_health: UNKNOWN } } }
I20260710 13:22:33.397552 17262 tablet_bootstrap.cc:654] T d853b243087c4588943b26999fdcb750 P 58b0864b2fd34b6980be4bac8f8dec12: Neither blocks nor log segments found. Creating new log.
I20260710 13:22:33.408613 17262 tablet_bootstrap.cc:492] T d853b243087c4588943b26999fdcb750 P 58b0864b2fd34b6980be4bac8f8dec12: No bootstrap required, opened a new log
I20260710 13:22:33.409173 17262 ts_tablet_manager.cc:1403] T d853b243087c4588943b26999fdcb750 P 58b0864b2fd34b6980be4bac8f8dec12: Time spent bootstrapping tablet: real 0.018s	user 0.009s	sys 0.007s
I20260710 13:22:33.411700 17262 raft_consensus.cc:359] T d853b243087c4588943b26999fdcb750 P 58b0864b2fd34b6980be4bac8f8dec12 [term 0 FOLLOWER]: Replica starting. Triggering 0 pending ops. Active config: opid_index: -1 OBSOLETE_local: false peers { permanent_uuid: "5c1f1dc3b0e64120b9db5322f6be99d4" member_type: VOTER last_known_addr { host: "127.16.15.193" port: 45029 } } peers { permanent_uuid: "10de557910db4db6b3fcd9ed87e26d8d" member_type: VOTER last_known_addr { host: "127.16.15.194" port: 39405 } } peers { permanent_uuid: "58b0864b2fd34b6980be4bac8f8dec12" member_type: VOTER last_known_addr { host: "127.16.15.195" port: 40623 } }
I20260710 13:22:33.412341 17262 raft_consensus.cc:385] T d853b243087c4588943b26999fdcb750 P 58b0864b2fd34b6980be4bac8f8dec12 [term 0 FOLLOWER]: Consensus starting up: Expiring failure detector timer to make a prompt election more likely
I20260710 13:22:33.412614 17262 raft_consensus.cc:740] T d853b243087c4588943b26999fdcb750 P 58b0864b2fd34b6980be4bac8f8dec12 [term 0 FOLLOWER]: Becoming Follower/Learner. State: Replica: 58b0864b2fd34b6980be4bac8f8dec12, State: Initialized, Role: FOLLOWER
I20260710 13:22:33.413323 17263 tablet_bootstrap.cc:492] T c75b9f757cbc4e05aadae3b579b9b39f P 5c1f1dc3b0e64120b9db5322f6be99d4: No bootstrap required, opened a new log
I20260710 13:22:33.413245 17262 consensus_queue.cc:260] T d853b243087c4588943b26999fdcb750 P 58b0864b2fd34b6980be4bac8f8dec12 [NON_LEADER]: Queue going to NON_LEADER mode. State: All replicated index: 0, Majority replicated index: 0, Committed index: 0, Last appended: 0.0, Last appended by leader: 0, Current term: 0, Majority size: -1, State: 0, Mode: NON_LEADER, active raft config: opid_index: -1 OBSOLETE_local: false peers { permanent_uuid: "5c1f1dc3b0e64120b9db5322f6be99d4" member_type: VOTER last_known_addr { host: "127.16.15.193" port: 45029 } } peers { permanent_uuid: "10de557910db4db6b3fcd9ed87e26d8d" member_type: VOTER last_known_addr { host: "127.16.15.194" port: 39405 } } peers { permanent_uuid: "58b0864b2fd34b6980be4bac8f8dec12" member_type: VOTER last_known_addr { host: "127.16.15.195" port: 40623 } }
I20260710 13:22:33.413776 17263 ts_tablet_manager.cc:1403] T c75b9f757cbc4e05aadae3b579b9b39f P 5c1f1dc3b0e64120b9db5322f6be99d4: Time spent bootstrapping tablet: real 0.052s	user 0.020s	sys 0.010s
I20260710 13:22:33.413980 17261 tablet_bootstrap.cc:492] T adb214a2c2684504838eb32806f1ff53 P 10de557910db4db6b3fcd9ed87e26d8d: No bootstrap required, opened a new log
I20260710 13:22:33.414343 17261 ts_tablet_manager.cc:1403] T adb214a2c2684504838eb32806f1ff53 P 10de557910db4db6b3fcd9ed87e26d8d: Time spent bootstrapping tablet: real 0.047s	user 0.020s	sys 0.020s
I20260710 13:22:33.414794 17262 ts_tablet_manager.cc:1434] T d853b243087c4588943b26999fdcb750 P 58b0864b2fd34b6980be4bac8f8dec12: Time spent starting tablet: real 0.005s	user 0.003s	sys 0.000s
I20260710 13:22:33.415769 17262 tablet_bootstrap.cc:492] T c75b9f757cbc4e05aadae3b579b9b39f P 58b0864b2fd34b6980be4bac8f8dec12: Bootstrap starting.
I20260710 13:22:33.418795 17263 raft_consensus.cc:359] T c75b9f757cbc4e05aadae3b579b9b39f P 5c1f1dc3b0e64120b9db5322f6be99d4 [term 0 FOLLOWER]: Replica starting. Triggering 0 pending ops. Active config: opid_index: -1 OBSOLETE_local: false peers { permanent_uuid: "58b0864b2fd34b6980be4bac8f8dec12" member_type: VOTER last_known_addr { host: "127.16.15.195" port: 40623 } } peers { permanent_uuid: "10de557910db4db6b3fcd9ed87e26d8d" member_type: VOTER last_known_addr { host: "127.16.15.194" port: 39405 } } peers { permanent_uuid: "5c1f1dc3b0e64120b9db5322f6be99d4" member_type: VOTER last_known_addr { host: "127.16.15.193" port: 45029 } }
I20260710 13:22:33.416818 17261 raft_consensus.cc:359] T adb214a2c2684504838eb32806f1ff53 P 10de557910db4db6b3fcd9ed87e26d8d [term 0 FOLLOWER]: Replica starting. Triggering 0 pending ops. Active config: opid_index: -1 OBSOLETE_local: false peers { permanent_uuid: "5c1f1dc3b0e64120b9db5322f6be99d4" member_type: VOTER last_known_addr { host: "127.16.15.193" port: 45029 } } peers { permanent_uuid: "10de557910db4db6b3fcd9ed87e26d8d" member_type: VOTER last_known_addr { host: "127.16.15.194" port: 39405 } } peers { permanent_uuid: "58b0864b2fd34b6980be4bac8f8dec12" member_type: VOTER last_known_addr { host: "127.16.15.195" port: 40623 } }
I20260710 13:22:33.419497 17263 raft_consensus.cc:385] T c75b9f757cbc4e05aadae3b579b9b39f P 5c1f1dc3b0e64120b9db5322f6be99d4 [term 0 FOLLOWER]: Consensus starting up: Expiring failure detector timer to make a prompt election more likely
I20260710 13:22:33.419687 17261 raft_consensus.cc:385] T adb214a2c2684504838eb32806f1ff53 P 10de557910db4db6b3fcd9ed87e26d8d [term 0 FOLLOWER]: Consensus starting up: Expiring failure detector timer to make a prompt election more likely
I20260710 13:22:33.419827 17263 raft_consensus.cc:740] T c75b9f757cbc4e05aadae3b579b9b39f P 5c1f1dc3b0e64120b9db5322f6be99d4 [term 0 FOLLOWER]: Becoming Follower/Learner. State: Replica: 5c1f1dc3b0e64120b9db5322f6be99d4, State: Initialized, Role: FOLLOWER
I20260710 13:22:33.421386 17262 tablet_bootstrap.cc:654] T c75b9f757cbc4e05aadae3b579b9b39f P 58b0864b2fd34b6980be4bac8f8dec12: Neither blocks nor log segments found. Creating new log.
I20260710 13:22:33.420990 17263 consensus_queue.cc:260] T c75b9f757cbc4e05aadae3b579b9b39f P 5c1f1dc3b0e64120b9db5322f6be99d4 [NON_LEADER]: Queue going to NON_LEADER mode. State: All replicated index: 0, Majority replicated index: 0, Committed index: 0, Last appended: 0.0, Last appended by leader: 0, Current term: 0, Majority size: -1, State: 0, Mode: NON_LEADER, active raft config: opid_index: -1 OBSOLETE_local: false peers { permanent_uuid: "58b0864b2fd34b6980be4bac8f8dec12" member_type: VOTER last_known_addr { host: "127.16.15.195" port: 40623 } } peers { permanent_uuid: "10de557910db4db6b3fcd9ed87e26d8d" member_type: VOTER last_known_addr { host: "127.16.15.194" port: 39405 } } peers { permanent_uuid: "5c1f1dc3b0e64120b9db5322f6be99d4" member_type: VOTER last_known_addr { host: "127.16.15.193" port: 45029 } }
I20260710 13:22:33.423218 17263 ts_tablet_manager.cc:1434] T c75b9f757cbc4e05aadae3b579b9b39f P 5c1f1dc3b0e64120b9db5322f6be99d4: Time spent starting tablet: real 0.007s	user 0.001s	sys 0.003s
I20260710 13:22:33.424140 17263 tablet_bootstrap.cc:492] T e5eabcb5d98b47acab140f54f16718ae P 5c1f1dc3b0e64120b9db5322f6be99d4: Bootstrap starting.
I20260710 13:22:33.419999 17261 raft_consensus.cc:740] T adb214a2c2684504838eb32806f1ff53 P 10de557910db4db6b3fcd9ed87e26d8d [term 0 FOLLOWER]: Becoming Follower/Learner. State: Replica: 10de557910db4db6b3fcd9ed87e26d8d, State: Initialized, Role: FOLLOWER
I20260710 13:22:33.427546 17261 consensus_queue.cc:260] T adb214a2c2684504838eb32806f1ff53 P 10de557910db4db6b3fcd9ed87e26d8d [NON_LEADER]: Queue going to NON_LEADER mode. State: All replicated index: 0, Majority replicated index: 0, Committed index: 0, Last appended: 0.0, Last appended by leader: 0, Current term: 0, Majority size: -1, State: 0, Mode: NON_LEADER, active raft config: opid_index: -1 OBSOLETE_local: false peers { permanent_uuid: "5c1f1dc3b0e64120b9db5322f6be99d4" member_type: VOTER last_known_addr { host: "127.16.15.193" port: 45029 } } peers { permanent_uuid: "10de557910db4db6b3fcd9ed87e26d8d" member_type: VOTER last_known_addr { host: "127.16.15.194" port: 39405 } } peers { permanent_uuid: "58b0864b2fd34b6980be4bac8f8dec12" member_type: VOTER last_known_addr { host: "127.16.15.195" port: 40623 } }
I20260710 13:22:33.429517 17261 ts_tablet_manager.cc:1434] T adb214a2c2684504838eb32806f1ff53 P 10de557910db4db6b3fcd9ed87e26d8d: Time spent starting tablet: real 0.015s	user 0.007s	sys 0.000s
I20260710 13:22:33.430473 17263 tablet_bootstrap.cc:654] T e5eabcb5d98b47acab140f54f16718ae P 5c1f1dc3b0e64120b9db5322f6be99d4: Neither blocks nor log segments found. Creating new log.
I20260710 13:22:33.432663 17262 tablet_bootstrap.cc:492] T c75b9f757cbc4e05aadae3b579b9b39f P 58b0864b2fd34b6980be4bac8f8dec12: No bootstrap required, opened a new log
I20260710 13:22:33.433086 17262 ts_tablet_manager.cc:1403] T c75b9f757cbc4e05aadae3b579b9b39f P 58b0864b2fd34b6980be4bac8f8dec12: Time spent bootstrapping tablet: real 0.017s	user 0.013s	sys 0.003s
I20260710 13:22:33.435700 17261 tablet_bootstrap.cc:492] T 4422d5a6614e4b1aaed55ee15b570b06 P 10de557910db4db6b3fcd9ed87e26d8d: Bootstrap starting.
I20260710 13:22:33.435434 17262 raft_consensus.cc:359] T c75b9f757cbc4e05aadae3b579b9b39f P 58b0864b2fd34b6980be4bac8f8dec12 [term 0 FOLLOWER]: Replica starting. Triggering 0 pending ops. Active config: opid_index: -1 OBSOLETE_local: false peers { permanent_uuid: "58b0864b2fd34b6980be4bac8f8dec12" member_type: VOTER last_known_addr { host: "127.16.15.195" port: 40623 } } peers { permanent_uuid: "10de557910db4db6b3fcd9ed87e26d8d" member_type: VOTER last_known_addr { host: "127.16.15.194" port: 39405 } } peers { permanent_uuid: "5c1f1dc3b0e64120b9db5322f6be99d4" member_type: VOTER last_known_addr { host: "127.16.15.193" port: 45029 } }
I20260710 13:22:33.436048 17262 raft_consensus.cc:385] T c75b9f757cbc4e05aadae3b579b9b39f P 58b0864b2fd34b6980be4bac8f8dec12 [term 0 FOLLOWER]: Consensus starting up: Expiring failure detector timer to make a prompt election more likely
I20260710 13:22:33.436308 17262 raft_consensus.cc:740] T c75b9f757cbc4e05aadae3b579b9b39f P 58b0864b2fd34b6980be4bac8f8dec12 [term 0 FOLLOWER]: Becoming Follower/Learner. State: Replica: 58b0864b2fd34b6980be4bac8f8dec12, State: Initialized, Role: FOLLOWER
I20260710 13:22:33.437072 17262 consensus_queue.cc:260] T c75b9f757cbc4e05aadae3b579b9b39f P 58b0864b2fd34b6980be4bac8f8dec12 [NON_LEADER]: Queue going to NON_LEADER mode. State: All replicated index: 0, Majority replicated index: 0, Committed index: 0, Last appended: 0.0, Last appended by leader: 0, Current term: 0, Majority size: -1, State: 0, Mode: NON_LEADER, active raft config: opid_index: -1 OBSOLETE_local: false peers { permanent_uuid: "58b0864b2fd34b6980be4bac8f8dec12" member_type: VOTER last_known_addr { host: "127.16.15.195" port: 40623 } } peers { permanent_uuid: "10de557910db4db6b3fcd9ed87e26d8d" member_type: VOTER last_known_addr { host: "127.16.15.194" port: 39405 } } peers { permanent_uuid: "5c1f1dc3b0e64120b9db5322f6be99d4" member_type: VOTER last_known_addr { host: "127.16.15.193" port: 45029 } }
I20260710 13:22:33.439234 17262 ts_tablet_manager.cc:1434] T c75b9f757cbc4e05aadae3b579b9b39f P 58b0864b2fd34b6980be4bac8f8dec12: Time spent starting tablet: real 0.006s	user 0.005s	sys 0.000s
I20260710 13:22:33.440153 17262 tablet_bootstrap.cc:492] T 772b38d626764f5a9a4d371691405f66 P 58b0864b2fd34b6980be4bac8f8dec12: Bootstrap starting.
I20260710 13:22:33.441993 17261 tablet_bootstrap.cc:654] T 4422d5a6614e4b1aaed55ee15b570b06 P 10de557910db4db6b3fcd9ed87e26d8d: Neither blocks nor log segments found. Creating new log.
I20260710 13:22:33.445801 17262 tablet_bootstrap.cc:654] T 772b38d626764f5a9a4d371691405f66 P 58b0864b2fd34b6980be4bac8f8dec12: Neither blocks nor log segments found. Creating new log.
I20260710 13:22:33.453028 17263 tablet_bootstrap.cc:492] T e5eabcb5d98b47acab140f54f16718ae P 5c1f1dc3b0e64120b9db5322f6be99d4: No bootstrap required, opened a new log
I20260710 13:22:33.453177 17261 tablet_bootstrap.cc:492] T 4422d5a6614e4b1aaed55ee15b570b06 P 10de557910db4db6b3fcd9ed87e26d8d: No bootstrap required, opened a new log
I20260710 13:22:33.453449 17263 ts_tablet_manager.cc:1403] T e5eabcb5d98b47acab140f54f16718ae P 5c1f1dc3b0e64120b9db5322f6be99d4: Time spent bootstrapping tablet: real 0.029s	user 0.019s	sys 0.007s
I20260710 13:22:33.453673 17261 ts_tablet_manager.cc:1403] T 4422d5a6614e4b1aaed55ee15b570b06 P 10de557910db4db6b3fcd9ed87e26d8d: Time spent bootstrapping tablet: real 0.018s	user 0.014s	sys 0.002s
I20260710 13:22:33.455986 17261 raft_consensus.cc:359] T 4422d5a6614e4b1aaed55ee15b570b06 P 10de557910db4db6b3fcd9ed87e26d8d [term 0 FOLLOWER]: Replica starting. Triggering 0 pending ops. Active config: opid_index: -1 OBSOLETE_local: false peers { permanent_uuid: "5c1f1dc3b0e64120b9db5322f6be99d4" member_type: VOTER last_known_addr { host: "127.16.15.193" port: 45029 } } peers { permanent_uuid: "10de557910db4db6b3fcd9ed87e26d8d" member_type: VOTER last_known_addr { host: "127.16.15.194" port: 39405 } } peers { permanent_uuid: "58b0864b2fd34b6980be4bac8f8dec12" member_type: VOTER last_known_addr { host: "127.16.15.195" port: 40623 } }
I20260710 13:22:33.456040 17263 raft_consensus.cc:359] T e5eabcb5d98b47acab140f54f16718ae P 5c1f1dc3b0e64120b9db5322f6be99d4 [term 0 FOLLOWER]: Replica starting. Triggering 0 pending ops. Active config: opid_index: -1 OBSOLETE_local: false peers { permanent_uuid: "5c1f1dc3b0e64120b9db5322f6be99d4" member_type: VOTER last_known_addr { host: "127.16.15.193" port: 45029 } } peers { permanent_uuid: "10de557910db4db6b3fcd9ed87e26d8d" member_type: VOTER last_known_addr { host: "127.16.15.194" port: 39405 } } peers { permanent_uuid: "58b0864b2fd34b6980be4bac8f8dec12" member_type: VOTER last_known_addr { host: "127.16.15.195" port: 40623 } }
I20260710 13:22:33.456501 17261 raft_consensus.cc:385] T 4422d5a6614e4b1aaed55ee15b570b06 P 10de557910db4db6b3fcd9ed87e26d8d [term 0 FOLLOWER]: Consensus starting up: Expiring failure detector timer to make a prompt election more likely
I20260710 13:22:33.456770 17263 raft_consensus.cc:385] T e5eabcb5d98b47acab140f54f16718ae P 5c1f1dc3b0e64120b9db5322f6be99d4 [term 0 FOLLOWER]: Consensus starting up: Expiring failure detector timer to make a prompt election more likely
I20260710 13:22:33.456820 17261 raft_consensus.cc:740] T 4422d5a6614e4b1aaed55ee15b570b06 P 10de557910db4db6b3fcd9ed87e26d8d [term 0 FOLLOWER]: Becoming Follower/Learner. State: Replica: 10de557910db4db6b3fcd9ed87e26d8d, State: Initialized, Role: FOLLOWER
I20260710 13:22:33.457130 17263 raft_consensus.cc:740] T e5eabcb5d98b47acab140f54f16718ae P 5c1f1dc3b0e64120b9db5322f6be99d4 [term 0 FOLLOWER]: Becoming Follower/Learner. State: Replica: 5c1f1dc3b0e64120b9db5322f6be99d4, State: Initialized, Role: FOLLOWER
I20260710 13:22:33.457597 17261 consensus_queue.cc:260] T 4422d5a6614e4b1aaed55ee15b570b06 P 10de557910db4db6b3fcd9ed87e26d8d [NON_LEADER]: Queue going to NON_LEADER mode. State: All replicated index: 0, Majority replicated index: 0, Committed index: 0, Last appended: 0.0, Last appended by leader: 0, Current term: 0, Majority size: -1, State: 0, Mode: NON_LEADER, active raft config: opid_index: -1 OBSOLETE_local: false peers { permanent_uuid: "5c1f1dc3b0e64120b9db5322f6be99d4" member_type: VOTER last_known_addr { host: "127.16.15.193" port: 45029 } } peers { permanent_uuid: "10de557910db4db6b3fcd9ed87e26d8d" member_type: VOTER last_known_addr { host: "127.16.15.194" port: 39405 } } peers { permanent_uuid: "58b0864b2fd34b6980be4bac8f8dec12" member_type: VOTER last_known_addr { host: "127.16.15.195" port: 40623 } }
I20260710 13:22:33.457931 17263 consensus_queue.cc:260] T e5eabcb5d98b47acab140f54f16718ae P 5c1f1dc3b0e64120b9db5322f6be99d4 [NON_LEADER]: Queue going to NON_LEADER mode. State: All replicated index: 0, Majority replicated index: 0, Committed index: 0, Last appended: 0.0, Last appended by leader: 0, Current term: 0, Majority size: -1, State: 0, Mode: NON_LEADER, active raft config: opid_index: -1 OBSOLETE_local: false peers { permanent_uuid: "5c1f1dc3b0e64120b9db5322f6be99d4" member_type: VOTER last_known_addr { host: "127.16.15.193" port: 45029 } } peers { permanent_uuid: "10de557910db4db6b3fcd9ed87e26d8d" member_type: VOTER last_known_addr { host: "127.16.15.194" port: 39405 } } peers { permanent_uuid: "58b0864b2fd34b6980be4bac8f8dec12" member_type: VOTER last_known_addr { host: "127.16.15.195" port: 40623 } }
I20260710 13:22:33.458698 17262 tablet_bootstrap.cc:492] T 772b38d626764f5a9a4d371691405f66 P 58b0864b2fd34b6980be4bac8f8dec12: No bootstrap required, opened a new log
I20260710 13:22:33.459170 17262 ts_tablet_manager.cc:1403] T 772b38d626764f5a9a4d371691405f66 P 58b0864b2fd34b6980be4bac8f8dec12: Time spent bootstrapping tablet: real 0.019s	user 0.008s	sys 0.004s
I20260710 13:22:33.459754 17261 ts_tablet_manager.cc:1434] T 4422d5a6614e4b1aaed55ee15b570b06 P 10de557910db4db6b3fcd9ed87e26d8d: Time spent starting tablet: real 0.006s	user 0.004s	sys 0.000s
I20260710 13:22:33.460603 17261 tablet_bootstrap.cc:492] T 0430329e7bd44bedbe109ecc35bf5102 P 10de557910db4db6b3fcd9ed87e26d8d: Bootstrap starting.
I20260710 13:22:33.461963 17262 raft_consensus.cc:359] T 772b38d626764f5a9a4d371691405f66 P 58b0864b2fd34b6980be4bac8f8dec12 [term 0 FOLLOWER]: Replica starting. Triggering 0 pending ops. Active config: opid_index: -1 OBSOLETE_local: false peers { permanent_uuid: "5c1f1dc3b0e64120b9db5322f6be99d4" member_type: VOTER last_known_addr { host: "127.16.15.193" port: 45029 } } peers { permanent_uuid: "10de557910db4db6b3fcd9ed87e26d8d" member_type: VOTER last_known_addr { host: "127.16.15.194" port: 39405 } } peers { permanent_uuid: "58b0864b2fd34b6980be4bac8f8dec12" member_type: VOTER last_known_addr { host: "127.16.15.195" port: 40623 } }
I20260710 13:22:33.462651 17262 raft_consensus.cc:385] T 772b38d626764f5a9a4d371691405f66 P 58b0864b2fd34b6980be4bac8f8dec12 [term 0 FOLLOWER]: Consensus starting up: Expiring failure detector timer to make a prompt election more likely
I20260710 13:22:33.462970 17262 raft_consensus.cc:740] T 772b38d626764f5a9a4d371691405f66 P 58b0864b2fd34b6980be4bac8f8dec12 [term 0 FOLLOWER]: Becoming Follower/Learner. State: Replica: 58b0864b2fd34b6980be4bac8f8dec12, State: Initialized, Role: FOLLOWER
I20260710 13:22:33.463753 17262 consensus_queue.cc:260] T 772b38d626764f5a9a4d371691405f66 P 58b0864b2fd34b6980be4bac8f8dec12 [NON_LEADER]: Queue going to NON_LEADER mode. State: All replicated index: 0, Majority replicated index: 0, Committed index: 0, Last appended: 0.0, Last appended by leader: 0, Current term: 0, Majority size: -1, State: 0, Mode: NON_LEADER, active raft config: opid_index: -1 OBSOLETE_local: false peers { permanent_uuid: "5c1f1dc3b0e64120b9db5322f6be99d4" member_type: VOTER last_known_addr { host: "127.16.15.193" port: 45029 } } peers { permanent_uuid: "10de557910db4db6b3fcd9ed87e26d8d" member_type: VOTER last_known_addr { host: "127.16.15.194" port: 39405 } } peers { permanent_uuid: "58b0864b2fd34b6980be4bac8f8dec12" member_type: VOTER last_known_addr { host: "127.16.15.195" port: 40623 } }
I20260710 13:22:33.465741 17262 ts_tablet_manager.cc:1434] T 772b38d626764f5a9a4d371691405f66 P 58b0864b2fd34b6980be4bac8f8dec12: Time spent starting tablet: real 0.006s	user 0.005s	sys 0.000s
I20260710 13:22:33.466463 17261 tablet_bootstrap.cc:654] T 0430329e7bd44bedbe109ecc35bf5102 P 10de557910db4db6b3fcd9ed87e26d8d: Neither blocks nor log segments found. Creating new log.
I20260710 13:22:33.466861 17263 ts_tablet_manager.cc:1434] T e5eabcb5d98b47acab140f54f16718ae P 5c1f1dc3b0e64120b9db5322f6be99d4: Time spent starting tablet: real 0.013s	user 0.006s	sys 0.000s
I20260710 13:22:33.467702 17263 tablet_bootstrap.cc:492] T adf74431b2364e5891c5b6c2f6f20b3c P 5c1f1dc3b0e64120b9db5322f6be99d4: Bootstrap starting.
I20260710 13:22:33.472237 17263 tablet_bootstrap.cc:654] T adf74431b2364e5891c5b6c2f6f20b3c P 5c1f1dc3b0e64120b9db5322f6be99d4: Neither blocks nor log segments found. Creating new log.
I20260710 13:22:33.473603 17270 raft_consensus.cc:493] T e5eabcb5d98b47acab140f54f16718ae P 58b0864b2fd34b6980be4bac8f8dec12 [term 0 FOLLOWER]: Starting pre-election (no leader contacted us within the election timeout)
I20260710 13:22:33.474188 17270 raft_consensus.cc:515] T e5eabcb5d98b47acab140f54f16718ae P 58b0864b2fd34b6980be4bac8f8dec12 [term 0 FOLLOWER]: Starting pre-election with config: opid_index: -1 OBSOLETE_local: false peers { permanent_uuid: "5c1f1dc3b0e64120b9db5322f6be99d4" member_type: VOTER last_known_addr { host: "127.16.15.193" port: 45029 } } peers { permanent_uuid: "10de557910db4db6b3fcd9ed87e26d8d" member_type: VOTER last_known_addr { host: "127.16.15.194" port: 39405 } } peers { permanent_uuid: "58b0864b2fd34b6980be4bac8f8dec12" member_type: VOTER last_known_addr { host: "127.16.15.195" port: 40623 } }
I20260710 13:22:33.476934 17072 tablet_service.cc:1917] Received RequestConsensusVote() RPC: tablet_id: "e5eabcb5d98b47acab140f54f16718ae" candidate_uuid: "58b0864b2fd34b6980be4bac8f8dec12" candidate_term: 1 candidate_status { last_received { term: 0 index: 0 } } ignore_live_leader: false dest_uuid: "5c1f1dc3b0e64120b9db5322f6be99d4" is_pre_election: true
I20260710 13:22:33.477540 17072 raft_consensus.cc:2468] T e5eabcb5d98b47acab140f54f16718ae P 5c1f1dc3b0e64120b9db5322f6be99d4 [term 0 FOLLOWER]: Leader pre-election vote request: Granting yes vote for candidate 58b0864b2fd34b6980be4bac8f8dec12 in term 0.
I20260710 13:22:33.478053 17270 leader_election.cc:290] T e5eabcb5d98b47acab140f54f16718ae P 58b0864b2fd34b6980be4bac8f8dec12 [CANDIDATE]: Term 1 pre-election: Requested pre-vote from peers 5c1f1dc3b0e64120b9db5322f6be99d4 (127.16.15.193:45029), 10de557910db4db6b3fcd9ed87e26d8d (127.16.15.194:39405)
I20260710 13:22:33.477474 17146 tablet_service.cc:1917] Received RequestConsensusVote() RPC: tablet_id: "e5eabcb5d98b47acab140f54f16718ae" candidate_uuid: "58b0864b2fd34b6980be4bac8f8dec12" candidate_term: 1 candidate_status { last_received { term: 0 index: 0 } } ignore_live_leader: false dest_uuid: "10de557910db4db6b3fcd9ed87e26d8d" is_pre_election: true
I20260710 13:22:33.478775 17146 raft_consensus.cc:2468] T e5eabcb5d98b47acab140f54f16718ae P 10de557910db4db6b3fcd9ed87e26d8d [term 0 FOLLOWER]: Leader pre-election vote request: Granting yes vote for candidate 58b0864b2fd34b6980be4bac8f8dec12 in term 0.
I20260710 13:22:33.478888 17186 leader_election.cc:304] T e5eabcb5d98b47acab140f54f16718ae P 58b0864b2fd34b6980be4bac8f8dec12 [CANDIDATE]: Term 1 pre-election: Election decided. Result: candidate won. Election summary: received 2 responses out of 3 voters: 2 yes votes; 0 no votes. yes voters: 58b0864b2fd34b6980be4bac8f8dec12, 5c1f1dc3b0e64120b9db5322f6be99d4; no voters: 
I20260710 13:22:33.480638 17263 tablet_bootstrap.cc:492] T adf74431b2364e5891c5b6c2f6f20b3c P 5c1f1dc3b0e64120b9db5322f6be99d4: No bootstrap required, opened a new log
I20260710 13:22:33.480556 17270 raft_consensus.cc:2804] T e5eabcb5d98b47acab140f54f16718ae P 58b0864b2fd34b6980be4bac8f8dec12 [term 0 FOLLOWER]: Leader pre-election won for term 1
I20260710 13:22:33.481113 17270 raft_consensus.cc:493] T e5eabcb5d98b47acab140f54f16718ae P 58b0864b2fd34b6980be4bac8f8dec12 [term 0 FOLLOWER]: Starting leader election (no leader contacted us within the election timeout)
I20260710 13:22:33.481194 17263 ts_tablet_manager.cc:1403] T adf74431b2364e5891c5b6c2f6f20b3c P 5c1f1dc3b0e64120b9db5322f6be99d4: Time spent bootstrapping tablet: real 0.014s	user 0.009s	sys 0.000s
I20260710 13:22:33.481415 17270 raft_consensus.cc:3060] T e5eabcb5d98b47acab140f54f16718ae P 58b0864b2fd34b6980be4bac8f8dec12 [term 0 FOLLOWER]: Advancing to term 1
I20260710 13:22:33.482837 17261 tablet_bootstrap.cc:492] T 0430329e7bd44bedbe109ecc35bf5102 P 10de557910db4db6b3fcd9ed87e26d8d: No bootstrap required, opened a new log
I20260710 13:22:33.483323 17261 ts_tablet_manager.cc:1403] T 0430329e7bd44bedbe109ecc35bf5102 P 10de557910db4db6b3fcd9ed87e26d8d: Time spent bootstrapping tablet: real 0.023s	user 0.018s	sys 0.003s
I20260710 13:22:33.483212 17263 raft_consensus.cc:359] T adf74431b2364e5891c5b6c2f6f20b3c P 5c1f1dc3b0e64120b9db5322f6be99d4 [term 0 FOLLOWER]: Replica starting. Triggering 0 pending ops. Active config: opid_index: -1 OBSOLETE_local: false peers { permanent_uuid: "5c1f1dc3b0e64120b9db5322f6be99d4" member_type: VOTER last_known_addr { host: "127.16.15.193" port: 45029 } } peers { permanent_uuid: "10de557910db4db6b3fcd9ed87e26d8d" member_type: VOTER last_known_addr { host: "127.16.15.194" port: 39405 } } peers { permanent_uuid: "58b0864b2fd34b6980be4bac8f8dec12" member_type: VOTER last_known_addr { host: "127.16.15.195" port: 40623 } }
I20260710 13:22:33.483731 17263 raft_consensus.cc:385] T adf74431b2364e5891c5b6c2f6f20b3c P 5c1f1dc3b0e64120b9db5322f6be99d4 [term 0 FOLLOWER]: Consensus starting up: Expiring failure detector timer to make a prompt election more likely
I20260710 13:22:33.483927 17263 raft_consensus.cc:740] T adf74431b2364e5891c5b6c2f6f20b3c P 5c1f1dc3b0e64120b9db5322f6be99d4 [term 0 FOLLOWER]: Becoming Follower/Learner. State: Replica: 5c1f1dc3b0e64120b9db5322f6be99d4, State: Initialized, Role: FOLLOWER
I20260710 13:22:33.484423 17263 consensus_queue.cc:260] T adf74431b2364e5891c5b6c2f6f20b3c P 5c1f1dc3b0e64120b9db5322f6be99d4 [NON_LEADER]: Queue going to NON_LEADER mode. State: All replicated index: 0, Majority replicated index: 0, Committed index: 0, Last appended: 0.0, Last appended by leader: 0, Current term: 0, Majority size: -1, State: 0, Mode: NON_LEADER, active raft config: opid_index: -1 OBSOLETE_local: false peers { permanent_uuid: "5c1f1dc3b0e64120b9db5322f6be99d4" member_type: VOTER last_known_addr { host: "127.16.15.193" port: 45029 } } peers { permanent_uuid: "10de557910db4db6b3fcd9ed87e26d8d" member_type: VOTER last_known_addr { host: "127.16.15.194" port: 39405 } } peers { permanent_uuid: "58b0864b2fd34b6980be4bac8f8dec12" member_type: VOTER last_known_addr { host: "127.16.15.195" port: 40623 } }
I20260710 13:22:33.486122 17263 ts_tablet_manager.cc:1434] T adf74431b2364e5891c5b6c2f6f20b3c P 5c1f1dc3b0e64120b9db5322f6be99d4: Time spent starting tablet: real 0.005s	user 0.004s	sys 0.000s
I20260710 13:22:33.486203 17261 raft_consensus.cc:359] T 0430329e7bd44bedbe109ecc35bf5102 P 10de557910db4db6b3fcd9ed87e26d8d [term 0 FOLLOWER]: Replica starting. Triggering 0 pending ops. Active config: opid_index: -1 OBSOLETE_local: false peers { permanent_uuid: "5c1f1dc3b0e64120b9db5322f6be99d4" member_type: VOTER last_known_addr { host: "127.16.15.193" port: 45029 } } peers { permanent_uuid: "10de557910db4db6b3fcd9ed87e26d8d" member_type: VOTER last_known_addr { host: "127.16.15.194" port: 39405 } } peers { permanent_uuid: "58b0864b2fd34b6980be4bac8f8dec12" member_type: VOTER last_known_addr { host: "127.16.15.195" port: 40623 } }
I20260710 13:22:33.487062 17263 tablet_bootstrap.cc:492] T 4422d5a6614e4b1aaed55ee15b570b06 P 5c1f1dc3b0e64120b9db5322f6be99d4: Bootstrap starting.
I20260710 13:22:33.487139 17261 raft_consensus.cc:385] T 0430329e7bd44bedbe109ecc35bf5102 P 10de557910db4db6b3fcd9ed87e26d8d [term 0 FOLLOWER]: Consensus starting up: Expiring failure detector timer to make a prompt election more likely
I20260710 13:22:33.487586 17261 raft_consensus.cc:740] T 0430329e7bd44bedbe109ecc35bf5102 P 10de557910db4db6b3fcd9ed87e26d8d [term 0 FOLLOWER]: Becoming Follower/Learner. State: Replica: 10de557910db4db6b3fcd9ed87e26d8d, State: Initialized, Role: FOLLOWER
I20260710 13:22:33.488281 17261 consensus_queue.cc:260] T 0430329e7bd44bedbe109ecc35bf5102 P 10de557910db4db6b3fcd9ed87e26d8d [NON_LEADER]: Queue going to NON_LEADER mode. State: All replicated index: 0, Majority replicated index: 0, Committed index: 0, Last appended: 0.0, Last appended by leader: 0, Current term: 0, Majority size: -1, State: 0, Mode: NON_LEADER, active raft config: opid_index: -1 OBSOLETE_local: false peers { permanent_uuid: "5c1f1dc3b0e64120b9db5322f6be99d4" member_type: VOTER last_known_addr { host: "127.16.15.193" port: 45029 } } peers { permanent_uuid: "10de557910db4db6b3fcd9ed87e26d8d" member_type: VOTER last_known_addr { host: "127.16.15.194" port: 39405 } } peers { permanent_uuid: "58b0864b2fd34b6980be4bac8f8dec12" member_type: VOTER last_known_addr { host: "127.16.15.195" port: 40623 } }
I20260710 13:22:33.488359 17270 raft_consensus.cc:515] T e5eabcb5d98b47acab140f54f16718ae P 58b0864b2fd34b6980be4bac8f8dec12 [term 1 FOLLOWER]: Starting leader election with config: opid_index: -1 OBSOLETE_local: false peers { permanent_uuid: "5c1f1dc3b0e64120b9db5322f6be99d4" member_type: VOTER last_known_addr { host: "127.16.15.193" port: 45029 } } peers { permanent_uuid: "10de557910db4db6b3fcd9ed87e26d8d" member_type: VOTER last_known_addr { host: "127.16.15.194" port: 39405 } } peers { permanent_uuid: "58b0864b2fd34b6980be4bac8f8dec12" member_type: VOTER last_known_addr { host: "127.16.15.195" port: 40623 } }
I20260710 13:22:33.490932 17261 ts_tablet_manager.cc:1434] T 0430329e7bd44bedbe109ecc35bf5102 P 10de557910db4db6b3fcd9ed87e26d8d: Time spent starting tablet: real 0.007s	user 0.002s	sys 0.003s
I20260710 13:22:33.493538 17263 tablet_bootstrap.cc:654] T 4422d5a6614e4b1aaed55ee15b570b06 P 5c1f1dc3b0e64120b9db5322f6be99d4: Neither blocks nor log segments found. Creating new log.
I20260710 13:22:33.494921 17072 tablet_service.cc:1917] Received RequestConsensusVote() RPC: tablet_id: "e5eabcb5d98b47acab140f54f16718ae" candidate_uuid: "58b0864b2fd34b6980be4bac8f8dec12" candidate_term: 1 candidate_status { last_received { term: 0 index: 0 } } ignore_live_leader: false dest_uuid: "5c1f1dc3b0e64120b9db5322f6be99d4"
I20260710 13:22:33.495479 17072 raft_consensus.cc:3060] T e5eabcb5d98b47acab140f54f16718ae P 5c1f1dc3b0e64120b9db5322f6be99d4 [term 0 FOLLOWER]: Advancing to term 1
I20260710 13:22:33.495733 17146 tablet_service.cc:1917] Received RequestConsensusVote() RPC: tablet_id: "e5eabcb5d98b47acab140f54f16718ae" candidate_uuid: "58b0864b2fd34b6980be4bac8f8dec12" candidate_term: 1 candidate_status { last_received { term: 0 index: 0 } } ignore_live_leader: false dest_uuid: "10de557910db4db6b3fcd9ed87e26d8d"
I20260710 13:22:33.496291 17146 raft_consensus.cc:3060] T e5eabcb5d98b47acab140f54f16718ae P 10de557910db4db6b3fcd9ed87e26d8d [term 0 FOLLOWER]: Advancing to term 1
I20260710 13:22:33.501016 17072 raft_consensus.cc:2468] T e5eabcb5d98b47acab140f54f16718ae P 5c1f1dc3b0e64120b9db5322f6be99d4 [term 1 FOLLOWER]: Leader election vote request: Granting yes vote for candidate 58b0864b2fd34b6980be4bac8f8dec12 in term 1.
I20260710 13:22:33.501750 17146 raft_consensus.cc:2468] T e5eabcb5d98b47acab140f54f16718ae P 10de557910db4db6b3fcd9ed87e26d8d [term 1 FOLLOWER]: Leader election vote request: Granting yes vote for candidate 58b0864b2fd34b6980be4bac8f8dec12 in term 1.
I20260710 13:22:33.502032 17186 leader_election.cc:304] T e5eabcb5d98b47acab140f54f16718ae P 58b0864b2fd34b6980be4bac8f8dec12 [CANDIDATE]: Term 1 election: Election decided. Result: candidate won. Election summary: received 2 responses out of 3 voters: 2 yes votes; 0 no votes. yes voters: 58b0864b2fd34b6980be4bac8f8dec12, 5c1f1dc3b0e64120b9db5322f6be99d4; no voters: 
I20260710 13:22:33.502838 17287 raft_consensus.cc:2804] T e5eabcb5d98b47acab140f54f16718ae P 58b0864b2fd34b6980be4bac8f8dec12 [term 1 FOLLOWER]: Leader election won for term 1
I20260710 13:22:33.503342 17287 raft_consensus.cc:697] T e5eabcb5d98b47acab140f54f16718ae P 58b0864b2fd34b6980be4bac8f8dec12 [term 1 LEADER]: Becoming Leader. State: Replica: 58b0864b2fd34b6980be4bac8f8dec12, State: Running, Role: LEADER
I20260710 13:22:33.504526 17270 leader_election.cc:290] T e5eabcb5d98b47acab140f54f16718ae P 58b0864b2fd34b6980be4bac8f8dec12 [CANDIDATE]: Term 1 election: Requested vote from peers 5c1f1dc3b0e64120b9db5322f6be99d4 (127.16.15.193:45029), 10de557910db4db6b3fcd9ed87e26d8d (127.16.15.194:39405)
I20260710 13:22:33.504151 17287 consensus_queue.cc:237] T e5eabcb5d98b47acab140f54f16718ae P 58b0864b2fd34b6980be4bac8f8dec12 [LEADER]: Queue going to LEADER mode. State: All replicated index: 0, Majority replicated index: 0, Committed index: 0, Last appended: 0.0, Last appended by leader: 0, Current term: 1, Majority size: 2, State: 0, Mode: LEADER, active raft config: opid_index: -1 OBSOLETE_local: false peers { permanent_uuid: "5c1f1dc3b0e64120b9db5322f6be99d4" member_type: VOTER last_known_addr { host: "127.16.15.193" port: 45029 } } peers { permanent_uuid: "10de557910db4db6b3fcd9ed87e26d8d" member_type: VOTER last_known_addr { host: "127.16.15.194" port: 39405 } } peers { permanent_uuid: "58b0864b2fd34b6980be4bac8f8dec12" member_type: VOTER last_known_addr { host: "127.16.15.195" port: 40623 } }
I20260710 13:22:33.508051 17263 tablet_bootstrap.cc:492] T 4422d5a6614e4b1aaed55ee15b570b06 P 5c1f1dc3b0e64120b9db5322f6be99d4: No bootstrap required, opened a new log
I20260710 13:22:33.508531 17263 ts_tablet_manager.cc:1403] T 4422d5a6614e4b1aaed55ee15b570b06 P 5c1f1dc3b0e64120b9db5322f6be99d4: Time spent bootstrapping tablet: real 0.022s	user 0.009s	sys 0.004s
I20260710 13:22:33.510854 17263 raft_consensus.cc:359] T 4422d5a6614e4b1aaed55ee15b570b06 P 5c1f1dc3b0e64120b9db5322f6be99d4 [term 0 FOLLOWER]: Replica starting. Triggering 0 pending ops. Active config: opid_index: -1 OBSOLETE_local: false peers { permanent_uuid: "5c1f1dc3b0e64120b9db5322f6be99d4" member_type: VOTER last_known_addr { host: "127.16.15.193" port: 45029 } } peers { permanent_uuid: "10de557910db4db6b3fcd9ed87e26d8d" member_type: VOTER last_known_addr { host: "127.16.15.194" port: 39405 } } peers { permanent_uuid: "58b0864b2fd34b6980be4bac8f8dec12" member_type: VOTER last_known_addr { host: "127.16.15.195" port: 40623 } }
I20260710 13:22:33.511476 17263 raft_consensus.cc:385] T 4422d5a6614e4b1aaed55ee15b570b06 P 5c1f1dc3b0e64120b9db5322f6be99d4 [term 0 FOLLOWER]: Consensus starting up: Expiring failure detector timer to make a prompt election more likely
I20260710 13:22:33.511731 17263 raft_consensus.cc:740] T 4422d5a6614e4b1aaed55ee15b570b06 P 5c1f1dc3b0e64120b9db5322f6be99d4 [term 0 FOLLOWER]: Becoming Follower/Learner. State: Replica: 5c1f1dc3b0e64120b9db5322f6be99d4, State: Initialized, Role: FOLLOWER
I20260710 13:22:33.512349 17263 consensus_queue.cc:260] T 4422d5a6614e4b1aaed55ee15b570b06 P 5c1f1dc3b0e64120b9db5322f6be99d4 [NON_LEADER]: Queue going to NON_LEADER mode. State: All replicated index: 0, Majority replicated index: 0, Committed index: 0, Last appended: 0.0, Last appended by leader: 0, Current term: 0, Majority size: -1, State: 0, Mode: NON_LEADER, active raft config: opid_index: -1 OBSOLETE_local: false peers { permanent_uuid: "5c1f1dc3b0e64120b9db5322f6be99d4" member_type: VOTER last_known_addr { host: "127.16.15.193" port: 45029 } } peers { permanent_uuid: "10de557910db4db6b3fcd9ed87e26d8d" member_type: VOTER last_known_addr { host: "127.16.15.194" port: 39405 } } peers { permanent_uuid: "58b0864b2fd34b6980be4bac8f8dec12" member_type: VOTER last_known_addr { host: "127.16.15.195" port: 40623 } }
I20260710 13:22:33.512742 16969 catalog_manager.cc:5697] T e5eabcb5d98b47acab140f54f16718ae P 58b0864b2fd34b6980be4bac8f8dec12 reported cstate change: term changed from 0 to 1, leader changed from <none> to 58b0864b2fd34b6980be4bac8f8dec12 (127.16.15.195). New cstate: current_term: 1 leader_uuid: "58b0864b2fd34b6980be4bac8f8dec12" committed_config { opid_index: -1 OBSOLETE_local: false peers { permanent_uuid: "5c1f1dc3b0e64120b9db5322f6be99d4" member_type: VOTER last_known_addr { host: "127.16.15.193" port: 45029 } health_report { overall_health: UNKNOWN } } peers { permanent_uuid: "10de557910db4db6b3fcd9ed87e26d8d" member_type: VOTER last_known_addr { host: "127.16.15.194" port: 39405 } health_report { overall_health: UNKNOWN } } peers { permanent_uuid: "58b0864b2fd34b6980be4bac8f8dec12" member_type: VOTER last_known_addr { host: "127.16.15.195" port: 40623 } health_report { overall_health: HEALTHY } } }
I20260710 13:22:33.514226 17263 ts_tablet_manager.cc:1434] T 4422d5a6614e4b1aaed55ee15b570b06 P 5c1f1dc3b0e64120b9db5322f6be99d4: Time spent starting tablet: real 0.005s	user 0.004s	sys 0.000s
I20260710 13:22:33.545869 17268 raft_consensus.cc:493] T adf74431b2364e5891c5b6c2f6f20b3c P 5c1f1dc3b0e64120b9db5322f6be99d4 [term 0 FOLLOWER]: Starting pre-election (no leader contacted us within the election timeout)
I20260710 13:22:33.546389 17268 raft_consensus.cc:515] T adf74431b2364e5891c5b6c2f6f20b3c P 5c1f1dc3b0e64120b9db5322f6be99d4 [term 0 FOLLOWER]: Starting pre-election with config: opid_index: -1 OBSOLETE_local: false peers { permanent_uuid: "5c1f1dc3b0e64120b9db5322f6be99d4" member_type: VOTER last_known_addr { host: "127.16.15.193" port: 45029 } } peers { permanent_uuid: "10de557910db4db6b3fcd9ed87e26d8d" member_type: VOTER last_known_addr { host: "127.16.15.194" port: 39405 } } peers { permanent_uuid: "58b0864b2fd34b6980be4bac8f8dec12" member_type: VOTER last_known_addr { host: "127.16.15.195" port: 40623 } }
I20260710 13:22:33.547448 17287 raft_consensus.cc:493] T c75b9f757cbc4e05aadae3b579b9b39f P 58b0864b2fd34b6980be4bac8f8dec12 [term 0 FOLLOWER]: Starting pre-election (no leader contacted us within the election timeout)
I20260710 13:22:33.547842 17287 raft_consensus.cc:515] T c75b9f757cbc4e05aadae3b579b9b39f P 58b0864b2fd34b6980be4bac8f8dec12 [term 0 FOLLOWER]: Starting pre-election with config: opid_index: -1 OBSOLETE_local: false peers { permanent_uuid: "58b0864b2fd34b6980be4bac8f8dec12" member_type: VOTER last_known_addr { host: "127.16.15.195" port: 40623 } } peers { permanent_uuid: "10de557910db4db6b3fcd9ed87e26d8d" member_type: VOTER last_known_addr { host: "127.16.15.194" port: 39405 } } peers { permanent_uuid: "5c1f1dc3b0e64120b9db5322f6be99d4" member_type: VOTER last_known_addr { host: "127.16.15.193" port: 45029 } }
I20260710 13:22:33.548127 17268 leader_election.cc:290] T adf74431b2364e5891c5b6c2f6f20b3c P 5c1f1dc3b0e64120b9db5322f6be99d4 [CANDIDATE]: Term 1 pre-election: Requested pre-vote from peers 10de557910db4db6b3fcd9ed87e26d8d (127.16.15.194:39405), 58b0864b2fd34b6980be4bac8f8dec12 (127.16.15.195:40623)
I20260710 13:22:33.549088 17146 tablet_service.cc:1917] Received RequestConsensusVote() RPC: tablet_id: "adf74431b2364e5891c5b6c2f6f20b3c" candidate_uuid: "5c1f1dc3b0e64120b9db5322f6be99d4" candidate_term: 1 candidate_status { last_received { term: 0 index: 0 } } ignore_live_leader: false dest_uuid: "10de557910db4db6b3fcd9ed87e26d8d" is_pre_election: true
I20260710 13:22:33.549278 17221 tablet_service.cc:1917] Received RequestConsensusVote() RPC: tablet_id: "adf74431b2364e5891c5b6c2f6f20b3c" candidate_uuid: "5c1f1dc3b0e64120b9db5322f6be99d4" candidate_term: 1 candidate_status { last_received { term: 0 index: 0 } } ignore_live_leader: false dest_uuid: "58b0864b2fd34b6980be4bac8f8dec12" is_pre_election: true
I20260710 13:22:33.549839 17146 raft_consensus.cc:2393] T adf74431b2364e5891c5b6c2f6f20b3c P 10de557910db4db6b3fcd9ed87e26d8d [term 1 FOLLOWER]: Leader pre-election vote request: Denying vote to candidate 5c1f1dc3b0e64120b9db5322f6be99d4 in current term 1: Already voted for candidate 58b0864b2fd34b6980be4bac8f8dec12 in this term.
I20260710 13:22:33.550149 17287 leader_election.cc:290] T c75b9f757cbc4e05aadae3b579b9b39f P 58b0864b2fd34b6980be4bac8f8dec12 [CANDIDATE]: Term 1 pre-election: Requested pre-vote from peers 10de557910db4db6b3fcd9ed87e26d8d (127.16.15.194:39405), 5c1f1dc3b0e64120b9db5322f6be99d4 (127.16.15.193:45029)
I20260710 13:22:33.550520 17147 tablet_service.cc:1917] Received RequestConsensusVote() RPC: tablet_id: "c75b9f757cbc4e05aadae3b579b9b39f" candidate_uuid: "58b0864b2fd34b6980be4bac8f8dec12" candidate_term: 1 candidate_status { last_received { term: 0 index: 0 } } ignore_live_leader: false dest_uuid: "10de557910db4db6b3fcd9ed87e26d8d" is_pre_election: true
I20260710 13:22:33.551095 17147 raft_consensus.cc:2468] T c75b9f757cbc4e05aadae3b579b9b39f P 10de557910db4db6b3fcd9ed87e26d8d [term 0 FOLLOWER]: Leader pre-election vote request: Granting yes vote for candidate 58b0864b2fd34b6980be4bac8f8dec12 in term 0.
