I20260710 13:22:22.888815 16793 consensus_queue.cc:1048] T fdddc4734cd64fe99d9a7570fccfaf1f P 629f016bcdc14c7d9e0e1279b7a50906 [LEADER]: Connected to new peer: Peer: permanent_uuid: "28b98d04cc9e4b60b39e8dd74164cc72" member_type: VOTER last_known_addr { host: "127.16.19.1" port: 40071 }, Status: LMP_MISMATCH, Last received: 0.0, Next index: 1, Last known committed idx: 0, Time since last communication: 0.000s
I20260710 13:22:22.891160 16792 raft_consensus.cc:993] T 426d104269e841be9e8a3880938796bd P 3db9cfd392e2428aaa6b27b65f59a06d: : Instructing follower 28b98d04cc9e4b60b39e8dd74164cc72 to start an election
I20260710 13:22:22.891625 16792 raft_consensus.cc:1081] T 426d104269e841be9e8a3880938796bd P 3db9cfd392e2428aaa6b27b65f59a06d [term 1 LEADER]: Signalling peer 28b98d04cc9e4b60b39e8dd74164cc72 to start an election
I20260710 13:22:22.893355 16593 tablet_service.cc:2044] Received Run Leader Election RPC: tablet_id: "426d104269e841be9e8a3880938796bd"
dest_uuid: "28b98d04cc9e4b60b39e8dd74164cc72"
 from {username='slave'} at 127.0.0.1:50584
I20260710 13:22:22.893909 16593 raft_consensus.cc:493] T 426d104269e841be9e8a3880938796bd P 28b98d04cc9e4b60b39e8dd74164cc72 [term 1 FOLLOWER]: Starting forced leader election (received explicit request)
I20260710 13:22:22.894328 16593 raft_consensus.cc:3060] T 426d104269e841be9e8a3880938796bd P 28b98d04cc9e4b60b39e8dd74164cc72 [term 1 FOLLOWER]: Advancing to term 2
I20260710 13:22:22.901516 16593 raft_consensus.cc:515] T 426d104269e841be9e8a3880938796bd P 28b98d04cc9e4b60b39e8dd74164cc72 [term 2 FOLLOWER]: Starting forced leader election with config: opid_index: -1 OBSOLETE_local: false peers { permanent_uuid: "3db9cfd392e2428aaa6b27b65f59a06d" member_type: VOTER last_known_addr { host: "127.16.19.3" port: 33467 } } peers { permanent_uuid: "629f016bcdc14c7d9e0e1279b7a50906" member_type: VOTER last_known_addr { host: "127.16.19.2" port: 36835 } } peers { permanent_uuid: "28b98d04cc9e4b60b39e8dd74164cc72" member_type: VOTER last_known_addr { host: "127.16.19.1" port: 40071 } }
I20260710 13:22:22.905710 16744 tablet_service.cc:1917] Received RequestConsensusVote() RPC: tablet_id: "426d104269e841be9e8a3880938796bd" candidate_uuid: "28b98d04cc9e4b60b39e8dd74164cc72" candidate_term: 2 candidate_status { last_received { term: 1 index: 1 } } ignore_live_leader: true dest_uuid: "3db9cfd392e2428aaa6b27b65f59a06d"
I20260710 13:22:22.905967 16670 tablet_service.cc:1917] Received RequestConsensusVote() RPC: tablet_id: "426d104269e841be9e8a3880938796bd" candidate_uuid: "28b98d04cc9e4b60b39e8dd74164cc72" candidate_term: 2 candidate_status { last_received { term: 1 index: 1 } } ignore_live_leader: true dest_uuid: "629f016bcdc14c7d9e0e1279b7a50906"
I20260710 13:22:22.906327 16744 raft_consensus.cc:3055] T 426d104269e841be9e8a3880938796bd P 3db9cfd392e2428aaa6b27b65f59a06d [term 1 LEADER]: Stepping down as leader of term 1
I20260710 13:22:22.906582 16670 raft_consensus.cc:3060] T 426d104269e841be9e8a3880938796bd P 629f016bcdc14c7d9e0e1279b7a50906 [term 1 FOLLOWER]: Advancing to term 2
I20260710 13:22:22.906684 16744 raft_consensus.cc:740] T 426d104269e841be9e8a3880938796bd P 3db9cfd392e2428aaa6b27b65f59a06d [term 1 LEADER]: Becoming Follower/Learner. State: Replica: 3db9cfd392e2428aaa6b27b65f59a06d, State: Running, Role: LEADER
I20260710 13:22:22.907675 16744 consensus_queue.cc:260] T 426d104269e841be9e8a3880938796bd P 3db9cfd392e2428aaa6b27b65f59a06d [NON_LEADER]: Queue going to NON_LEADER mode. State: All replicated index: 0, Majority replicated index: 1, Committed index: 1, Last appended: 1.1, Last appended by leader: 1, Current term: 1, Majority size: -1, State: 0, Mode: NON_LEADER, active raft config: opid_index: -1 OBSOLETE_local: false peers { permanent_uuid: "3db9cfd392e2428aaa6b27b65f59a06d" member_type: VOTER last_known_addr { host: "127.16.19.3" port: 33467 } } peers { permanent_uuid: "629f016bcdc14c7d9e0e1279b7a50906" member_type: VOTER last_known_addr { host: "127.16.19.2" port: 36835 } } peers { permanent_uuid: "28b98d04cc9e4b60b39e8dd74164cc72" member_type: VOTER last_known_addr { host: "127.16.19.1" port: 40071 } }
I20260710 13:22:22.908748 16744 raft_consensus.cc:3060] T 426d104269e841be9e8a3880938796bd P 3db9cfd392e2428aaa6b27b65f59a06d [term 1 FOLLOWER]: Advancing to term 2
I20260710 13:22:22.912279 16670 raft_consensus.cc:2468] T 426d104269e841be9e8a3880938796bd P 629f016bcdc14c7d9e0e1279b7a50906 [term 2 FOLLOWER]: Leader election vote request: Granting yes vote for candidate 28b98d04cc9e4b60b39e8dd74164cc72 in term 2.
I20260710 13:22:22.913185 16593 leader_election.cc:290] T 426d104269e841be9e8a3880938796bd P 28b98d04cc9e4b60b39e8dd74164cc72 [CANDIDATE]: Term 2 election: Requested vote from peers 3db9cfd392e2428aaa6b27b65f59a06d (127.16.19.3:33467), 629f016bcdc14c7d9e0e1279b7a50906 (127.16.19.2:36835)
I20260710 13:22:22.913481 16561 leader_election.cc:304] T 426d104269e841be9e8a3880938796bd P 28b98d04cc9e4b60b39e8dd74164cc72 [CANDIDATE]: Term 2 election: Election decided. Result: candidate won. Election summary: received 2 responses out of 3 voters: 2 yes votes; 0 no votes. yes voters: 28b98d04cc9e4b60b39e8dd74164cc72, 629f016bcdc14c7d9e0e1279b7a50906; no voters: 
I20260710 13:22:22.914287 16797 raft_consensus.cc:2804] T 426d104269e841be9e8a3880938796bd P 28b98d04cc9e4b60b39e8dd74164cc72 [term 2 FOLLOWER]: Leader election won for term 2
I20260710 13:22:22.914783 16797 raft_consensus.cc:697] T 426d104269e841be9e8a3880938796bd P 28b98d04cc9e4b60b39e8dd74164cc72 [term 2 LEADER]: Becoming Leader. State: Replica: 28b98d04cc9e4b60b39e8dd74164cc72, State: Running, Role: LEADER
I20260710 13:22:22.915573 16797 consensus_queue.cc:237] T 426d104269e841be9e8a3880938796bd P 28b98d04cc9e4b60b39e8dd74164cc72 [LEADER]: Queue going to LEADER mode. State: All replicated index: 0, Majority replicated index: 1, Committed index: 1, Last appended: 1.1, Last appended by leader: 1, Current term: 2, Majority size: 2, State: 0, Mode: LEADER, active raft config: opid_index: -1 OBSOLETE_local: false peers { permanent_uuid: "3db9cfd392e2428aaa6b27b65f59a06d" member_type: VOTER last_known_addr { host: "127.16.19.3" port: 33467 } } peers { permanent_uuid: "629f016bcdc14c7d9e0e1279b7a50906" member_type: VOTER last_known_addr { host: "127.16.19.2" port: 36835 } } peers { permanent_uuid: "28b98d04cc9e4b60b39e8dd74164cc72" member_type: VOTER last_known_addr { host: "127.16.19.1" port: 40071 } }
I20260710 13:22:22.921033 16744 raft_consensus.cc:2468] T 426d104269e841be9e8a3880938796bd P 3db9cfd392e2428aaa6b27b65f59a06d [term 2 FOLLOWER]: Leader election vote request: Granting yes vote for candidate 28b98d04cc9e4b60b39e8dd74164cc72 in term 2.
I20260710 13:22:22.922732 16489 catalog_manager.cc:5697] T 426d104269e841be9e8a3880938796bd P 28b98d04cc9e4b60b39e8dd74164cc72 reported cstate change: term changed from 1 to 2, leader changed from 3db9cfd392e2428aaa6b27b65f59a06d (127.16.19.3) to 28b98d04cc9e4b60b39e8dd74164cc72 (127.16.19.1). New cstate: current_term: 2 leader_uuid: "28b98d04cc9e4b60b39e8dd74164cc72" committed_config { opid_index: -1 OBSOLETE_local: false peers { permanent_uuid: "3db9cfd392e2428aaa6b27b65f59a06d" member_type: VOTER last_known_addr { host: "127.16.19.3" port: 33467 } health_report { overall_health: UNKNOWN } } peers { permanent_uuid: "629f016bcdc14c7d9e0e1279b7a50906" member_type: VOTER last_known_addr { host: "127.16.19.2" port: 36835 } health_report { overall_health: UNKNOWN } } peers { permanent_uuid: "28b98d04cc9e4b60b39e8dd74164cc72" member_type: VOTER last_known_addr { host: "127.16.19.1" port: 40071 } health_report { overall_health: HEALTHY } } }
I20260710 13:22:22.940014 16853 raft_consensus.cc:993] T 71ec22cdaec64ad5a2eca2008a1020df P 3db9cfd392e2428aaa6b27b65f59a06d: : Instructing follower 28b98d04cc9e4b60b39e8dd74164cc72 to start an election
I20260710 13:22:22.940447 16800 raft_consensus.cc:1081] T 71ec22cdaec64ad5a2eca2008a1020df P 3db9cfd392e2428aaa6b27b65f59a06d [term 1 LEADER]: Signalling peer 28b98d04cc9e4b60b39e8dd74164cc72 to start an election
I20260710 13:22:22.942058 16593 tablet_service.cc:2044] Received Run Leader Election RPC: tablet_id: "71ec22cdaec64ad5a2eca2008a1020df"
dest_uuid: "28b98d04cc9e4b60b39e8dd74164cc72"
 from {username='slave'} at 127.0.0.1:50584
I20260710 13:22:22.942711 16593 raft_consensus.cc:493] T 71ec22cdaec64ad5a2eca2008a1020df P 28b98d04cc9e4b60b39e8dd74164cc72 [term 1 FOLLOWER]: Starting forced leader election (received explicit request)
I20260710 13:22:22.943132 16593 raft_consensus.cc:3060] T 71ec22cdaec64ad5a2eca2008a1020df P 28b98d04cc9e4b60b39e8dd74164cc72 [term 1 FOLLOWER]: Advancing to term 2
I20260710 13:22:22.947337 16593 raft_consensus.cc:515] T 71ec22cdaec64ad5a2eca2008a1020df P 28b98d04cc9e4b60b39e8dd74164cc72 [term 2 FOLLOWER]: Starting forced leader election with config: opid_index: -1 OBSOLETE_local: false peers { permanent_uuid: "28b98d04cc9e4b60b39e8dd74164cc72" member_type: VOTER last_known_addr { host: "127.16.19.1" port: 40071 } } peers { permanent_uuid: "629f016bcdc14c7d9e0e1279b7a50906" member_type: VOTER last_known_addr { host: "127.16.19.2" port: 36835 } } peers { permanent_uuid: "3db9cfd392e2428aaa6b27b65f59a06d" member_type: VOTER last_known_addr { host: "127.16.19.3" port: 33467 } }
I20260710 13:22:22.949790 16744 tablet_service.cc:1917] Received RequestConsensusVote() RPC: tablet_id: "71ec22cdaec64ad5a2eca2008a1020df" candidate_uuid: "28b98d04cc9e4b60b39e8dd74164cc72" candidate_term: 2 candidate_status { last_received { term: 1 index: 1 } } ignore_live_leader: true dest_uuid: "3db9cfd392e2428aaa6b27b65f59a06d"
I20260710 13:22:22.949673 16670 tablet_service.cc:1917] Received RequestConsensusVote() RPC: tablet_id: "71ec22cdaec64ad5a2eca2008a1020df" candidate_uuid: "28b98d04cc9e4b60b39e8dd74164cc72" candidate_term: 2 candidate_status { last_received { term: 1 index: 1 } } ignore_live_leader: true dest_uuid: "629f016bcdc14c7d9e0e1279b7a50906"
I20260710 13:22:22.950321 16744 raft_consensus.cc:3055] T 71ec22cdaec64ad5a2eca2008a1020df P 3db9cfd392e2428aaa6b27b65f59a06d [term 1 LEADER]: Stepping down as leader of term 1
I20260710 13:22:22.950359 16670 raft_consensus.cc:3060] T 71ec22cdaec64ad5a2eca2008a1020df P 629f016bcdc14c7d9e0e1279b7a50906 [term 1 FOLLOWER]: Advancing to term 2
I20260710 13:22:22.949286 16593 leader_election.cc:290] T 71ec22cdaec64ad5a2eca2008a1020df P 28b98d04cc9e4b60b39e8dd74164cc72 [CANDIDATE]: Term 2 election: Requested vote from peers 629f016bcdc14c7d9e0e1279b7a50906 (127.16.19.2:36835), 3db9cfd392e2428aaa6b27b65f59a06d (127.16.19.3:33467)
I20260710 13:22:22.950655 16744 raft_consensus.cc:740] T 71ec22cdaec64ad5a2eca2008a1020df P 3db9cfd392e2428aaa6b27b65f59a06d [term 1 LEADER]: Becoming Follower/Learner. State: Replica: 3db9cfd392e2428aaa6b27b65f59a06d, State: Running, Role: LEADER
I20260710 13:22:22.951730 16744 consensus_queue.cc:260] T 71ec22cdaec64ad5a2eca2008a1020df P 3db9cfd392e2428aaa6b27b65f59a06d [NON_LEADER]: Queue going to NON_LEADER mode. State: All replicated index: 0, Majority replicated index: 1, Committed index: 1, Last appended: 1.1, Last appended by leader: 1, Current term: 1, Majority size: -1, State: 0, Mode: NON_LEADER, active raft config: opid_index: -1 OBSOLETE_local: false peers { permanent_uuid: "28b98d04cc9e4b60b39e8dd74164cc72" member_type: VOTER last_known_addr { host: "127.16.19.1" port: 40071 } } peers { permanent_uuid: "629f016bcdc14c7d9e0e1279b7a50906" member_type: VOTER last_known_addr { host: "127.16.19.2" port: 36835 } } peers { permanent_uuid: "3db9cfd392e2428aaa6b27b65f59a06d" member_type: VOTER last_known_addr { host: "127.16.19.3" port: 33467 } }
I20260710 13:22:22.952546 16744 raft_consensus.cc:3060] T 71ec22cdaec64ad5a2eca2008a1020df P 3db9cfd392e2428aaa6b27b65f59a06d [term 1 FOLLOWER]: Advancing to term 2
I20260710 13:22:22.956768 16744 raft_consensus.cc:2468] T 71ec22cdaec64ad5a2eca2008a1020df P 3db9cfd392e2428aaa6b27b65f59a06d [term 2 FOLLOWER]: Leader election vote request: Granting yes vote for candidate 28b98d04cc9e4b60b39e8dd74164cc72 in term 2.
I20260710 13:22:22.956724 16670 raft_consensus.cc:2468] T 71ec22cdaec64ad5a2eca2008a1020df P 629f016bcdc14c7d9e0e1279b7a50906 [term 2 FOLLOWER]: Leader election vote request: Granting yes vote for candidate 28b98d04cc9e4b60b39e8dd74164cc72 in term 2.
I20260710 13:22:22.957995 16561 leader_election.cc:304] T 71ec22cdaec64ad5a2eca2008a1020df P 28b98d04cc9e4b60b39e8dd74164cc72 [CANDIDATE]: Term 2 election: Election decided. Result: candidate won. Election summary: received 2 responses out of 3 voters: 2 yes votes; 0 no votes. yes voters: 28b98d04cc9e4b60b39e8dd74164cc72, 629f016bcdc14c7d9e0e1279b7a50906; no voters: 
I20260710 13:22:22.958739 16797 raft_consensus.cc:2804] T 71ec22cdaec64ad5a2eca2008a1020df P 28b98d04cc9e4b60b39e8dd74164cc72 [term 2 FOLLOWER]: Leader election won for term 2
I20260710 13:22:22.959133 16797 raft_consensus.cc:697] T 71ec22cdaec64ad5a2eca2008a1020df P 28b98d04cc9e4b60b39e8dd74164cc72 [term 2 LEADER]: Becoming Leader. State: Replica: 28b98d04cc9e4b60b39e8dd74164cc72, State: Running, Role: LEADER
I20260710 13:22:22.959816 16797 consensus_queue.cc:237] T 71ec22cdaec64ad5a2eca2008a1020df P 28b98d04cc9e4b60b39e8dd74164cc72 [LEADER]: Queue going to LEADER mode. State: All replicated index: 0, Majority replicated index: 1, Committed index: 1, Last appended: 1.1, Last appended by leader: 1, Current term: 2, Majority size: 2, State: 0, Mode: LEADER, active raft config: opid_index: -1 OBSOLETE_local: false peers { permanent_uuid: "28b98d04cc9e4b60b39e8dd74164cc72" member_type: VOTER last_known_addr { host: "127.16.19.1" port: 40071 } } peers { permanent_uuid: "629f016bcdc14c7d9e0e1279b7a50906" member_type: VOTER last_known_addr { host: "127.16.19.2" port: 36835 } } peers { permanent_uuid: "3db9cfd392e2428aaa6b27b65f59a06d" member_type: VOTER last_known_addr { host: "127.16.19.3" port: 33467 } }
I20260710 13:22:22.965380 16489 catalog_manager.cc:5697] T 71ec22cdaec64ad5a2eca2008a1020df P 28b98d04cc9e4b60b39e8dd74164cc72 reported cstate change: term changed from 1 to 2, leader changed from 3db9cfd392e2428aaa6b27b65f59a06d (127.16.19.3) to 28b98d04cc9e4b60b39e8dd74164cc72 (127.16.19.1). New cstate: current_term: 2 leader_uuid: "28b98d04cc9e4b60b39e8dd74164cc72" committed_config { opid_index: -1 OBSOLETE_local: false peers { permanent_uuid: "28b98d04cc9e4b60b39e8dd74164cc72" member_type: VOTER last_known_addr { host: "127.16.19.1" port: 40071 } health_report { overall_health: HEALTHY } } peers { permanent_uuid: "629f016bcdc14c7d9e0e1279b7a50906" member_type: VOTER last_known_addr { host: "127.16.19.2" port: 36835 } health_report { overall_health: UNKNOWN } } peers { permanent_uuid: "3db9cfd392e2428aaa6b27b65f59a06d" member_type: VOTER last_known_addr { host: "127.16.19.3" port: 33467 } health_report { overall_health: UNKNOWN } } }
I20260710 13:22:22.997256 16800 consensus_queue.cc:1048] T e5b0e3d9d8924186b1266cf29c5d8c83 P 3db9cfd392e2428aaa6b27b65f59a06d [LEADER]: Connected to new peer: Peer: permanent_uuid: "28b98d04cc9e4b60b39e8dd74164cc72" member_type: VOTER last_known_addr { host: "127.16.19.1" port: 40071 }, Status: LMP_MISMATCH, Last received: 0.0, Next index: 1, Last known committed idx: 0, Time since last communication: 0.000s
I20260710 13:22:23.001900 16800 consensus_queue.cc:1048] T e5b0e3d9d8924186b1266cf29c5d8c83 P 3db9cfd392e2428aaa6b27b65f59a06d [LEADER]: Connected to new peer: Peer: permanent_uuid: "629f016bcdc14c7d9e0e1279b7a50906" member_type: VOTER last_known_addr { host: "127.16.19.2" port: 36835 }, Status: LMP_MISMATCH, Last received: 0.0, Next index: 1, Last known committed idx: 0, Time since last communication: 0.000s
I20260710 13:22:23.019462 16792 raft_consensus.cc:993] T e5b0e3d9d8924186b1266cf29c5d8c83 P 3db9cfd392e2428aaa6b27b65f59a06d: : Instructing follower 629f016bcdc14c7d9e0e1279b7a50906 to start an election
I20260710 13:22:23.019922 16792 raft_consensus.cc:1081] T e5b0e3d9d8924186b1266cf29c5d8c83 P 3db9cfd392e2428aaa6b27b65f59a06d [term 1 LEADER]: Signalling peer 629f016bcdc14c7d9e0e1279b7a50906 to start an election
I20260710 13:22:23.023401 16670 tablet_service.cc:2044] Received Run Leader Election RPC: tablet_id: "e5b0e3d9d8924186b1266cf29c5d8c83"
dest_uuid: "629f016bcdc14c7d9e0e1279b7a50906"
 from {username='slave'} at 127.0.0.1:53468
I20260710 13:22:23.023941 16670 raft_consensus.cc:493] T e5b0e3d9d8924186b1266cf29c5d8c83 P 629f016bcdc14c7d9e0e1279b7a50906 [term 1 FOLLOWER]: Starting forced leader election (received explicit request)
I20260710 13:22:23.024276 16670 raft_consensus.cc:3060] T e5b0e3d9d8924186b1266cf29c5d8c83 P 629f016bcdc14c7d9e0e1279b7a50906 [term 1 FOLLOWER]: Advancing to term 2
I20260710 13:22:23.028867 16670 raft_consensus.cc:515] T e5b0e3d9d8924186b1266cf29c5d8c83 P 629f016bcdc14c7d9e0e1279b7a50906 [term 2 FOLLOWER]: Starting forced leader election with config: opid_index: -1 OBSOLETE_local: false peers { permanent_uuid: "28b98d04cc9e4b60b39e8dd74164cc72" member_type: VOTER last_known_addr { host: "127.16.19.1" port: 40071 } } peers { permanent_uuid: "629f016bcdc14c7d9e0e1279b7a50906" member_type: VOTER last_known_addr { host: "127.16.19.2" port: 36835 } } peers { permanent_uuid: "3db9cfd392e2428aaa6b27b65f59a06d" member_type: VOTER last_known_addr { host: "127.16.19.3" port: 33467 } }
I20260710 13:22:23.031373 16593 tablet_service.cc:1917] Received RequestConsensusVote() RPC: tablet_id: "e5b0e3d9d8924186b1266cf29c5d8c83" candidate_uuid: "629f016bcdc14c7d9e0e1279b7a50906" candidate_term: 2 candidate_status { last_received { term: 1 index: 1 } } ignore_live_leader: true dest_uuid: "28b98d04cc9e4b60b39e8dd74164cc72"
I20260710 13:22:23.032042 16593 raft_consensus.cc:3060] T e5b0e3d9d8924186b1266cf29c5d8c83 P 28b98d04cc9e4b60b39e8dd74164cc72 [term 1 FOLLOWER]: Advancing to term 2
I20260710 13:22:23.031769 16744 tablet_service.cc:1917] Received RequestConsensusVote() RPC: tablet_id: "e5b0e3d9d8924186b1266cf29c5d8c83" candidate_uuid: "629f016bcdc14c7d9e0e1279b7a50906" candidate_term: 2 candidate_status { last_received { term: 1 index: 1 } } ignore_live_leader: true dest_uuid: "3db9cfd392e2428aaa6b27b65f59a06d"
I20260710 13:22:23.032680 16744 raft_consensus.cc:3055] T e5b0e3d9d8924186b1266cf29c5d8c83 P 3db9cfd392e2428aaa6b27b65f59a06d [term 1 LEADER]: Stepping down as leader of term 1
I20260710 13:22:23.033027 16744 raft_consensus.cc:740] T e5b0e3d9d8924186b1266cf29c5d8c83 P 3db9cfd392e2428aaa6b27b65f59a06d [term 1 LEADER]: Becoming Follower/Learner. State: Replica: 3db9cfd392e2428aaa6b27b65f59a06d, State: Running, Role: LEADER
I20260710 13:22:23.033825 16744 consensus_queue.cc:260] T e5b0e3d9d8924186b1266cf29c5d8c83 P 3db9cfd392e2428aaa6b27b65f59a06d [NON_LEADER]: Queue going to NON_LEADER mode. State: All replicated index: 0, Majority replicated index: 1, Committed index: 1, Last appended: 1.1, Last appended by leader: 1, Current term: 1, Majority size: -1, State: 0, Mode: NON_LEADER, active raft config: opid_index: -1 OBSOLETE_local: false peers { permanent_uuid: "28b98d04cc9e4b60b39e8dd74164cc72" member_type: VOTER last_known_addr { host: "127.16.19.1" port: 40071 } } peers { permanent_uuid: "629f016bcdc14c7d9e0e1279b7a50906" member_type: VOTER last_known_addr { host: "127.16.19.2" port: 36835 } } peers { permanent_uuid: "3db9cfd392e2428aaa6b27b65f59a06d" member_type: VOTER last_known_addr { host: "127.16.19.3" port: 33467 } }
I20260710 13:22:23.034891 16744 raft_consensus.cc:3060] T e5b0e3d9d8924186b1266cf29c5d8c83 P 3db9cfd392e2428aaa6b27b65f59a06d [term 1 FOLLOWER]: Advancing to term 2
I20260710 13:22:23.032392 16670 leader_election.cc:290] T e5b0e3d9d8924186b1266cf29c5d8c83 P 629f016bcdc14c7d9e0e1279b7a50906 [CANDIDATE]: Term 2 election: Requested vote from peers 28b98d04cc9e4b60b39e8dd74164cc72 (127.16.19.1:40071), 3db9cfd392e2428aaa6b27b65f59a06d (127.16.19.3:33467)
I20260710 13:22:23.039673 16593 raft_consensus.cc:2468] T e5b0e3d9d8924186b1266cf29c5d8c83 P 28b98d04cc9e4b60b39e8dd74164cc72 [term 2 FOLLOWER]: Leader election vote request: Granting yes vote for candidate 629f016bcdc14c7d9e0e1279b7a50906 in term 2.
I20260710 13:22:23.041049 16744 raft_consensus.cc:2468] T e5b0e3d9d8924186b1266cf29c5d8c83 P 3db9cfd392e2428aaa6b27b65f59a06d [term 2 FOLLOWER]: Leader election vote request: Granting yes vote for candidate 629f016bcdc14c7d9e0e1279b7a50906 in term 2.
I20260710 13:22:23.040917 16635 leader_election.cc:304] T e5b0e3d9d8924186b1266cf29c5d8c83 P 629f016bcdc14c7d9e0e1279b7a50906 [CANDIDATE]: Term 2 election: Election decided. Result: candidate won. Election summary: received 2 responses out of 3 voters: 2 yes votes; 0 no votes. yes voters: 28b98d04cc9e4b60b39e8dd74164cc72, 629f016bcdc14c7d9e0e1279b7a50906; no voters: 
I20260710 13:22:23.041834 16793 raft_consensus.cc:2804] T e5b0e3d9d8924186b1266cf29c5d8c83 P 629f016bcdc14c7d9e0e1279b7a50906 [term 2 FOLLOWER]: Leader election won for term 2
I20260710 13:22:23.042315 16793 raft_consensus.cc:697] T e5b0e3d9d8924186b1266cf29c5d8c83 P 629f016bcdc14c7d9e0e1279b7a50906 [term 2 LEADER]: Becoming Leader. State: Replica: 629f016bcdc14c7d9e0e1279b7a50906, State: Running, Role: LEADER
I20260710 13:22:23.042976 16793 consensus_queue.cc:237] T e5b0e3d9d8924186b1266cf29c5d8c83 P 629f016bcdc14c7d9e0e1279b7a50906 [LEADER]: Queue going to LEADER mode. State: All replicated index: 0, Majority replicated index: 1, Committed index: 1, Last appended: 1.1, Last appended by leader: 1, Current term: 2, Majority size: 2, State: 0, Mode: LEADER, active raft config: opid_index: -1 OBSOLETE_local: false peers { permanent_uuid: "28b98d04cc9e4b60b39e8dd74164cc72" member_type: VOTER last_known_addr { host: "127.16.19.1" port: 40071 } } peers { permanent_uuid: "629f016bcdc14c7d9e0e1279b7a50906" member_type: VOTER last_known_addr { host: "127.16.19.2" port: 36835 } } peers { permanent_uuid: "3db9cfd392e2428aaa6b27b65f59a06d" member_type: VOTER last_known_addr { host: "127.16.19.3" port: 33467 } }
I20260710 13:22:23.049990 16490 catalog_manager.cc:5697] T e5b0e3d9d8924186b1266cf29c5d8c83 P 629f016bcdc14c7d9e0e1279b7a50906 reported cstate change: term changed from 1 to 2, leader changed from 3db9cfd392e2428aaa6b27b65f59a06d (127.16.19.3) to 629f016bcdc14c7d9e0e1279b7a50906 (127.16.19.2). New cstate: current_term: 2 leader_uuid: "629f016bcdc14c7d9e0e1279b7a50906" committed_config { opid_index: -1 OBSOLETE_local: false peers { permanent_uuid: "28b98d04cc9e4b60b39e8dd74164cc72" member_type: VOTER last_known_addr { host: "127.16.19.1" port: 40071 } health_report { overall_health: UNKNOWN } } peers { permanent_uuid: "629f016bcdc14c7d9e0e1279b7a50906" member_type: VOTER last_known_addr { host: "127.16.19.2" port: 36835 } health_report { overall_health: HEALTHY } } peers { permanent_uuid: "3db9cfd392e2428aaa6b27b65f59a06d" member_type: VOTER last_known_addr { host: "127.16.19.3" port: 33467 } health_report { overall_health: UNKNOWN } } }
I20260710 13:22:23.156482 16853 raft_consensus.cc:993] T 647a6ca5c36e4468b66432458bed069b P 3db9cfd392e2428aaa6b27b65f59a06d: : Instructing follower 28b98d04cc9e4b60b39e8dd74164cc72 to start an election
I20260710 13:22:23.157044 16800 raft_consensus.cc:1081] T 647a6ca5c36e4468b66432458bed069b P 3db9cfd392e2428aaa6b27b65f59a06d [term 1 LEADER]: Signalling peer 28b98d04cc9e4b60b39e8dd74164cc72 to start an election
I20260710 13:22:23.158715 16593 tablet_service.cc:2044] Received Run Leader Election RPC: tablet_id: "647a6ca5c36e4468b66432458bed069b"
dest_uuid: "28b98d04cc9e4b60b39e8dd74164cc72"
 from {username='slave'} at 127.0.0.1:50584
I20260710 13:22:23.159198 16593 raft_consensus.cc:493] T 647a6ca5c36e4468b66432458bed069b P 28b98d04cc9e4b60b39e8dd74164cc72 [term 1 FOLLOWER]: Starting forced leader election (received explicit request)
I20260710 13:22:23.159507 16593 raft_consensus.cc:3060] T 647a6ca5c36e4468b66432458bed069b P 28b98d04cc9e4b60b39e8dd74164cc72 [term 1 FOLLOWER]: Advancing to term 2
I20260710 13:22:23.163887 16593 raft_consensus.cc:515] T 647a6ca5c36e4468b66432458bed069b P 28b98d04cc9e4b60b39e8dd74164cc72 [term 2 FOLLOWER]: Starting forced leader election with config: opid_index: -1 OBSOLETE_local: false peers { permanent_uuid: "28b98d04cc9e4b60b39e8dd74164cc72" member_type: VOTER last_known_addr { host: "127.16.19.1" port: 40071 } } peers { permanent_uuid: "629f016bcdc14c7d9e0e1279b7a50906" member_type: VOTER last_known_addr { host: "127.16.19.2" port: 36835 } } peers { permanent_uuid: "3db9cfd392e2428aaa6b27b65f59a06d" member_type: VOTER last_known_addr { host: "127.16.19.3" port: 33467 } }
I20260710 13:22:23.165416 16593 leader_election.cc:290] T 647a6ca5c36e4468b66432458bed069b P 28b98d04cc9e4b60b39e8dd74164cc72 [CANDIDATE]: Term 2 election: Requested vote from peers 629f016bcdc14c7d9e0e1279b7a50906 (127.16.19.2:36835), 3db9cfd392e2428aaa6b27b65f59a06d (127.16.19.3:33467)
I20260710 13:22:23.166527 16744 tablet_service.cc:1917] Received RequestConsensusVote() RPC: tablet_id: "647a6ca5c36e4468b66432458bed069b" candidate_uuid: "28b98d04cc9e4b60b39e8dd74164cc72" candidate_term: 2 candidate_status { last_received { term: 1 index: 1 } } ignore_live_leader: true dest_uuid: "3db9cfd392e2428aaa6b27b65f59a06d"
I20260710 13:22:23.166595 16670 tablet_service.cc:1917] Received RequestConsensusVote() RPC: tablet_id: "647a6ca5c36e4468b66432458bed069b" candidate_uuid: "28b98d04cc9e4b60b39e8dd74164cc72" candidate_term: 2 candidate_status { last_received { term: 1 index: 1 } } ignore_live_leader: true dest_uuid: "629f016bcdc14c7d9e0e1279b7a50906"
I20260710 13:22:23.167057 16744 raft_consensus.cc:3055] T 647a6ca5c36e4468b66432458bed069b P 3db9cfd392e2428aaa6b27b65f59a06d [term 1 LEADER]: Stepping down as leader of term 1
I20260710 13:22:23.167178 16670 raft_consensus.cc:3060] T 647a6ca5c36e4468b66432458bed069b P 629f016bcdc14c7d9e0e1279b7a50906 [term 1 FOLLOWER]: Advancing to term 2
I20260710 13:22:23.167402 16744 raft_consensus.cc:740] T 647a6ca5c36e4468b66432458bed069b P 3db9cfd392e2428aaa6b27b65f59a06d [term 1 LEADER]: Becoming Follower/Learner. State: Replica: 3db9cfd392e2428aaa6b27b65f59a06d, State: Running, Role: LEADER
I20260710 13:22:23.168213 16744 consensus_queue.cc:260] T 647a6ca5c36e4468b66432458bed069b P 3db9cfd392e2428aaa6b27b65f59a06d [NON_LEADER]: Queue going to NON_LEADER mode. State: All replicated index: 0, Majority replicated index: 1, Committed index: 1, Last appended: 1.1, Last appended by leader: 1, Current term: 1, Majority size: -1, State: 0, Mode: NON_LEADER, active raft config: opid_index: -1 OBSOLETE_local: false peers { permanent_uuid: "28b98d04cc9e4b60b39e8dd74164cc72" member_type: VOTER last_known_addr { host: "127.16.19.1" port: 40071 } } peers { permanent_uuid: "629f016bcdc14c7d9e0e1279b7a50906" member_type: VOTER last_known_addr { host: "127.16.19.2" port: 36835 } } peers { permanent_uuid: "3db9cfd392e2428aaa6b27b65f59a06d" member_type: VOTER last_known_addr { host: "127.16.19.3" port: 33467 } }
I20260710 13:22:23.169186 16744 raft_consensus.cc:3060] T 647a6ca5c36e4468b66432458bed069b P 3db9cfd392e2428aaa6b27b65f59a06d [term 1 FOLLOWER]: Advancing to term 2
I20260710 13:22:23.173473 16670 raft_consensus.cc:2468] T 647a6ca5c36e4468b66432458bed069b P 629f016bcdc14c7d9e0e1279b7a50906 [term 2 FOLLOWER]: Leader election vote request: Granting yes vote for candidate 28b98d04cc9e4b60b39e8dd74164cc72 in term 2.
I20260710 13:22:23.173722 16744 raft_consensus.cc:2468] T 647a6ca5c36e4468b66432458bed069b P 3db9cfd392e2428aaa6b27b65f59a06d [term 2 FOLLOWER]: Leader election vote request: Granting yes vote for candidate 28b98d04cc9e4b60b39e8dd74164cc72 in term 2.
I20260710 13:22:23.174571 16561 leader_election.cc:304] T 647a6ca5c36e4468b66432458bed069b P 28b98d04cc9e4b60b39e8dd74164cc72 [CANDIDATE]: Term 2 election: Election decided. Result: candidate won. Election summary: received 2 responses out of 3 voters: 2 yes votes; 0 no votes. yes voters: 28b98d04cc9e4b60b39e8dd74164cc72, 629f016bcdc14c7d9e0e1279b7a50906; no voters: 
I20260710 13:22:23.175388 16797 raft_consensus.cc:2804] T 647a6ca5c36e4468b66432458bed069b P 28b98d04cc9e4b60b39e8dd74164cc72 [term 2 FOLLOWER]: Leader election won for term 2
I20260710 13:22:23.175860 16797 raft_consensus.cc:697] T 647a6ca5c36e4468b66432458bed069b P 28b98d04cc9e4b60b39e8dd74164cc72 [term 2 LEADER]: Becoming Leader. State: Replica: 28b98d04cc9e4b60b39e8dd74164cc72, State: Running, Role: LEADER
I20260710 13:22:23.176745 16797 consensus_queue.cc:237] T 647a6ca5c36e4468b66432458bed069b P 28b98d04cc9e4b60b39e8dd74164cc72 [LEADER]: Queue going to LEADER mode. State: All replicated index: 0, Majority replicated index: 1, Committed index: 1, Last appended: 1.1, Last appended by leader: 1, Current term: 2, Majority size: 2, State: 0, Mode: LEADER, active raft config: opid_index: -1 OBSOLETE_local: false peers { permanent_uuid: "28b98d04cc9e4b60b39e8dd74164cc72" member_type: VOTER last_known_addr { host: "127.16.19.1" port: 40071 } } peers { permanent_uuid: "629f016bcdc14c7d9e0e1279b7a50906" member_type: VOTER last_known_addr { host: "127.16.19.2" port: 36835 } } peers { permanent_uuid: "3db9cfd392e2428aaa6b27b65f59a06d" member_type: VOTER last_known_addr { host: "127.16.19.3" port: 33467 } }
I20260710 13:22:23.184069 16490 catalog_manager.cc:5697] T 647a6ca5c36e4468b66432458bed069b P 28b98d04cc9e4b60b39e8dd74164cc72 reported cstate change: term changed from 1 to 2, leader changed from 3db9cfd392e2428aaa6b27b65f59a06d (127.16.19.3) to 28b98d04cc9e4b60b39e8dd74164cc72 (127.16.19.1). New cstate: current_term: 2 leader_uuid: "28b98d04cc9e4b60b39e8dd74164cc72" committed_config { opid_index: -1 OBSOLETE_local: false peers { permanent_uuid: "28b98d04cc9e4b60b39e8dd74164cc72" member_type: VOTER last_known_addr { host: "127.16.19.1" port: 40071 } health_report { overall_health: HEALTHY } } peers { permanent_uuid: "629f016bcdc14c7d9e0e1279b7a50906" member_type: VOTER last_known_addr { host: "127.16.19.2" port: 36835 } health_report { overall_health: UNKNOWN } } peers { permanent_uuid: "3db9cfd392e2428aaa6b27b65f59a06d" member_type: VOTER last_known_addr { host: "127.16.19.3" port: 33467 } health_report { overall_health: UNKNOWN } } }
I20260710 13:22:23.197685 16744 raft_consensus.cc:1275] T ea7bd337a0d640098a63c70709c6a916 P 3db9cfd392e2428aaa6b27b65f59a06d [term 2 FOLLOWER]: Refusing update from remote peer 28b98d04cc9e4b60b39e8dd74164cc72: Log matching property violated. Preceding OpId in replica: term: 1 index: 1. Preceding OpId from leader: term: 2 index: 2. (index mismatch)
I20260710 13:22:23.198937 16797 consensus_queue.cc:1048] T ea7bd337a0d640098a63c70709c6a916 P 28b98d04cc9e4b60b39e8dd74164cc72 [LEADER]: Connected to new peer: Peer: permanent_uuid: "3db9cfd392e2428aaa6b27b65f59a06d" member_type: VOTER last_known_addr { host: "127.16.19.3" port: 33467 }, Status: LMP_MISMATCH, Last received: 0.0, Next index: 2, Last known committed idx: 1, Time since last communication: 0.000s
I20260710 13:22:23.205880 16670 raft_consensus.cc:1275] T ea7bd337a0d640098a63c70709c6a916 P 629f016bcdc14c7d9e0e1279b7a50906 [term 2 FOLLOWER]: Refusing update from remote peer 28b98d04cc9e4b60b39e8dd74164cc72: Log matching property violated. Preceding OpId in replica: term: 1 index: 1. Preceding OpId from leader: term: 2 index: 2. (index mismatch)
I20260710 13:22:23.207262 16797 consensus_queue.cc:1048] T ea7bd337a0d640098a63c70709c6a916 P 28b98d04cc9e4b60b39e8dd74164cc72 [LEADER]: Connected to new peer: Peer: permanent_uuid: "629f016bcdc14c7d9e0e1279b7a50906" member_type: VOTER last_known_addr { host: "127.16.19.2" port: 36835 }, Status: LMP_MISMATCH, Last received: 0.0, Next index: 2, Last known committed idx: 1, Time since last communication: 0.000s
I20260710 13:22:23.289186 16593 raft_consensus.cc:1275] T 55638b3a6640476f84edfd14c8864293 P 28b98d04cc9e4b60b39e8dd74164cc72 [term 2 FOLLOWER]: Refusing update from remote peer 3db9cfd392e2428aaa6b27b65f59a06d: Log matching property violated. Preceding OpId in replica: term: 1 index: 1. Preceding OpId from leader: term: 2 index: 2. (index mismatch)
I20260710 13:22:23.290385 16800 consensus_queue.cc:1048] T 55638b3a6640476f84edfd14c8864293 P 3db9cfd392e2428aaa6b27b65f59a06d [LEADER]: Connected to new peer: Peer: permanent_uuid: "28b98d04cc9e4b60b39e8dd74164cc72" member_type: VOTER last_known_addr { host: "127.16.19.1" port: 40071 }, Status: LMP_MISMATCH, Last received: 0.0, Next index: 2, Last known committed idx: 1, Time since last communication: 0.000s
I20260710 13:22:23.297439 16668 raft_consensus.cc:1275] T 55638b3a6640476f84edfd14c8864293 P 629f016bcdc14c7d9e0e1279b7a50906 [term 2 FOLLOWER]: Refusing update from remote peer 3db9cfd392e2428aaa6b27b65f59a06d: Log matching property violated. Preceding OpId in replica: term: 1 index: 1. Preceding OpId from leader: term: 2 index: 2. (index mismatch)
I20260710 13:22:23.299432 16792 consensus_queue.cc:1048] T 55638b3a6640476f84edfd14c8864293 P 3db9cfd392e2428aaa6b27b65f59a06d [LEADER]: Connected to new peer: Peer: permanent_uuid: "629f016bcdc14c7d9e0e1279b7a50906" member_type: VOTER last_known_addr { host: "127.16.19.2" port: 36835 }, Status: LMP_MISMATCH, Last received: 0.0, Next index: 2, Last known committed idx: 1, Time since last communication: 0.000s
I20260710 13:22:23.370726 16593 raft_consensus.cc:3060] T d834cf60134945b3924c4355a2a2be25 P 28b98d04cc9e4b60b39e8dd74164cc72 [term 1 FOLLOWER]: Advancing to term 2
I20260710 13:22:23.375382 16593 raft_consensus.cc:1275] T d834cf60134945b3924c4355a2a2be25 P 28b98d04cc9e4b60b39e8dd74164cc72 [term 2 FOLLOWER]: Refusing update from remote peer 629f016bcdc14c7d9e0e1279b7a50906: Log matching property violated. Preceding OpId in replica: term: 1 index: 1. Preceding OpId from leader: term: 2 index: 2. (index mismatch)
I20260710 13:22:23.376721 16793 consensus_queue.cc:1048] T d834cf60134945b3924c4355a2a2be25 P 629f016bcdc14c7d9e0e1279b7a50906 [LEADER]: Connected to new peer: Peer: permanent_uuid: "28b98d04cc9e4b60b39e8dd74164cc72" member_type: VOTER last_known_addr { host: "127.16.19.1" port: 40071 }, Status: LMP_MISMATCH, Last received: 0.0, Next index: 2, Last known committed idx: 1, Time since last communication: 0.000s
I20260710 13:22:23.384021 16744 raft_consensus.cc:1275] T d834cf60134945b3924c4355a2a2be25 P 3db9cfd392e2428aaa6b27b65f59a06d [term 2 FOLLOWER]: Refusing update from remote peer 629f016bcdc14c7d9e0e1279b7a50906: Log matching property violated. Preceding OpId in replica: term: 1 index: 1. Preceding OpId from leader: term: 2 index: 2. (index mismatch)
I20260710 13:22:23.385370 16840 consensus_queue.cc:1048] T d834cf60134945b3924c4355a2a2be25 P 629f016bcdc14c7d9e0e1279b7a50906 [LEADER]: Connected to new peer: Peer: permanent_uuid: "3db9cfd392e2428aaa6b27b65f59a06d" member_type: VOTER last_known_addr { host: "127.16.19.3" port: 33467 }, Status: LMP_MISMATCH, Last received: 0.0, Next index: 2, Last known committed idx: 1, Time since last communication: 0.000s
I20260710 13:22:23.429792 16744 raft_consensus.cc:1275] T e5b0e3d9d8924186b1266cf29c5d8c83 P 3db9cfd392e2428aaa6b27b65f59a06d [term 2 FOLLOWER]: Refusing update from remote peer 629f016bcdc14c7d9e0e1279b7a50906: Log matching property violated. Preceding OpId in replica: term: 1 index: 1. Preceding OpId from leader: term: 2 index: 2. (index mismatch)
I20260710 13:22:23.430284 16668 raft_consensus.cc:1275] T 426d104269e841be9e8a3880938796bd P 629f016bcdc14c7d9e0e1279b7a50906 [term 2 FOLLOWER]: Refusing update from remote peer 28b98d04cc9e4b60b39e8dd74164cc72: Log matching property violated. Preceding OpId in replica: term: 1 index: 1. Preceding OpId from leader: term: 2 index: 2. (index mismatch)
I20260710 13:22:23.431027 16840 consensus_queue.cc:1048] T e5b0e3d9d8924186b1266cf29c5d8c83 P 629f016bcdc14c7d9e0e1279b7a50906 [LEADER]: Connected to new peer: Peer: permanent_uuid: "3db9cfd392e2428aaa6b27b65f59a06d" member_type: VOTER last_known_addr { host: "127.16.19.3" port: 33467 }, Status: LMP_MISMATCH, Last received: 0.0, Next index: 2, Last known committed idx: 1, Time since last communication: 0.000s
I20260710 13:22:23.431596 16873 consensus_queue.cc:1048] T 426d104269e841be9e8a3880938796bd P 28b98d04cc9e4b60b39e8dd74164cc72 [LEADER]: Connected to new peer: Peer: permanent_uuid: "629f016bcdc14c7d9e0e1279b7a50906" member_type: VOTER last_known_addr { host: "127.16.19.2" port: 36835 }, Status: LMP_MISMATCH, Last received: 0.0, Next index: 2, Last known committed idx: 1, Time since last communication: 0.000s
I20260710 13:22:23.439260 16593 raft_consensus.cc:1275] T e5b0e3d9d8924186b1266cf29c5d8c83 P 28b98d04cc9e4b60b39e8dd74164cc72 [term 2 FOLLOWER]: Refusing update from remote peer 629f016bcdc14c7d9e0e1279b7a50906: Log matching property violated. Preceding OpId in replica: term: 1 index: 1. Preceding OpId from leader: term: 2 index: 2. (index mismatch)
I20260710 13:22:23.441172 16840 consensus_queue.cc:1048] T e5b0e3d9d8924186b1266cf29c5d8c83 P 629f016bcdc14c7d9e0e1279b7a50906 [LEADER]: Connected to new peer: Peer: permanent_uuid: "28b98d04cc9e4b60b39e8dd74164cc72" member_type: VOTER last_known_addr { host: "127.16.19.1" port: 40071 }, Status: LMP_MISMATCH, Last received: 0.0, Next index: 2, Last known committed idx: 1, Time since last communication: 0.000s
I20260710 13:22:23.442090 16743 raft_consensus.cc:1275] T 426d104269e841be9e8a3880938796bd P 3db9cfd392e2428aaa6b27b65f59a06d [term 2 FOLLOWER]: Refusing update from remote peer 28b98d04cc9e4b60b39e8dd74164cc72: Log matching property violated. Preceding OpId in replica: term: 1 index: 1. Preceding OpId from leader: term: 2 index: 2. (index mismatch)
I20260710 13:22:23.449065 16832 consensus_queue.cc:1048] T 426d104269e841be9e8a3880938796bd P 28b98d04cc9e4b60b39e8dd74164cc72 [LEADER]: Connected to new peer: Peer: permanent_uuid: "3db9cfd392e2428aaa6b27b65f59a06d" member_type: VOTER last_known_addr { host: "127.16.19.3" port: 33467 }, Status: LMP_MISMATCH, Last received: 0.0, Next index: 2, Last known committed idx: 1, Time since last communication: 0.000s
I20260710 13:22:23.501101 16668 raft_consensus.cc:1275] T 71ec22cdaec64ad5a2eca2008a1020df P 629f016bcdc14c7d9e0e1279b7a50906 [term 2 FOLLOWER]: Refusing update from remote peer 28b98d04cc9e4b60b39e8dd74164cc72: Log matching property violated. Preceding OpId in replica: term: 1 index: 1. Preceding OpId from leader: term: 2 index: 2. (index mismatch)
I20260710 13:22:23.502173 16832 consensus_queue.cc:1048] T 71ec22cdaec64ad5a2eca2008a1020df P 28b98d04cc9e4b60b39e8dd74164cc72 [LEADER]: Connected to new peer: Peer: permanent_uuid: "629f016bcdc14c7d9e0e1279b7a50906" member_type: VOTER last_known_addr { host: "127.16.19.2" port: 36835 }, Status: LMP_MISMATCH, Last received: 0.0, Next index: 2, Last known committed idx: 1, Time since last communication: 0.000s
I20260710 13:22:23.509708 16744 raft_consensus.cc:1275] T 71ec22cdaec64ad5a2eca2008a1020df P 3db9cfd392e2428aaa6b27b65f59a06d [term 2 FOLLOWER]: Refusing update from remote peer 28b98d04cc9e4b60b39e8dd74164cc72: Log matching property violated. Preceding OpId in replica: term: 1 index: 1. Preceding OpId from leader: term: 2 index: 2. (index mismatch)
I20260710 13:22:23.511818 16873 consensus_queue.cc:1048] T 71ec22cdaec64ad5a2eca2008a1020df P 28b98d04cc9e4b60b39e8dd74164cc72 [LEADER]: Connected to new peer: Peer: permanent_uuid: "3db9cfd392e2428aaa6b27b65f59a06d" member_type: VOTER last_known_addr { host: "127.16.19.3" port: 33467 }, Status: LMP_MISMATCH, Last received: 0.0, Next index: 2, Last known committed idx: 1, Time since last communication: 0.000s
I20260710 13:22:23.586653 16744 raft_consensus.cc:1275] T 647a6ca5c36e4468b66432458bed069b P 3db9cfd392e2428aaa6b27b65f59a06d [term 2 FOLLOWER]: Refusing update from remote peer 28b98d04cc9e4b60b39e8dd74164cc72: Log matching property violated. Preceding OpId in replica: term: 1 index: 1. Preceding OpId from leader: term: 2 index: 2. (index mismatch)
I20260710 13:22:23.587716 16873 consensus_queue.cc:1048] T 647a6ca5c36e4468b66432458bed069b P 28b98d04cc9e4b60b39e8dd74164cc72 [LEADER]: Connected to new peer: Peer: permanent_uuid: "3db9cfd392e2428aaa6b27b65f59a06d" member_type: VOTER last_known_addr { host: "127.16.19.3" port: 33467 }, Status: LMP_MISMATCH, Last received: 0.0, Next index: 2, Last known committed idx: 1, Time since last communication: 0.000s
I20260710 13:22:23.594182 16668 raft_consensus.cc:1275] T 647a6ca5c36e4468b66432458bed069b P 629f016bcdc14c7d9e0e1279b7a50906 [term 2 FOLLOWER]: Refusing update from remote peer 28b98d04cc9e4b60b39e8dd74164cc72: Log matching property violated. Preceding OpId in replica: term: 1 index: 1. Preceding OpId from leader: term: 2 index: 2. (index mismatch)
I20260710 13:22:23.595643 16832 consensus_queue.cc:1048] T 647a6ca5c36e4468b66432458bed069b P 28b98d04cc9e4b60b39e8dd74164cc72 [LEADER]: Connected to new peer: Peer: permanent_uuid: "629f016bcdc14c7d9e0e1279b7a50906" member_type: VOTER last_known_addr { host: "127.16.19.2" port: 36835 }, Status: LMP_MISMATCH, Last received: 0.0, Next index: 2, Last known committed idx: 1, Time since last communication: 0.000s
I20260710 13:22:25.718868 16460 auto_leader_rebalancer-test.cc:316] The leader distribution is 
I20260710 13:22:25.719924 16460 auto_leader_rebalancer.cc:141] leader rebalance for table test-workload
I20260710 13:22:25.735354 16670 tablet_service.cc:2072] Received LeaderStepDown RPC: tablet_id: "e5b0e3d9d8924186b1266cf29c5d8c83"
dest_uuid: "629f016bcdc14c7d9e0e1279b7a50906"
mode: GRACEFUL
new_leader_uuid: "3db9cfd392e2428aaa6b27b65f59a06d"
 from {username='slave'} at 127.0.0.1:53494
I20260710 13:22:25.735826 16670 raft_consensus.cc:606] T e5b0e3d9d8924186b1266cf29c5d8c83 P 629f016bcdc14c7d9e0e1279b7a50906 [term 2 LEADER]: Received request to transfer leadership to TS 3db9cfd392e2428aaa6b27b65f59a06d
I20260710 13:22:25.745697 16595 tablet_service.cc:2072] Received LeaderStepDown RPC: tablet_id: "ea7bd337a0d640098a63c70709c6a916"
dest_uuid: "28b98d04cc9e4b60b39e8dd74164cc72"
mode: GRACEFUL
new_leader_uuid: "3db9cfd392e2428aaa6b27b65f59a06d"
 from {username='slave'} at 127.0.0.1:50596
I20260710 13:22:25.746234 16595 raft_consensus.cc:606] T ea7bd337a0d640098a63c70709c6a916 P 28b98d04cc9e4b60b39e8dd74164cc72 [term 2 LEADER]: Received request to transfer leadership to TS 3db9cfd392e2428aaa6b27b65f59a06d
I20260710 13:22:25.747232 16460 auto_leader_rebalancer.cc:479] table: test-workload, leader rebalance finish, leader transfer count: 2
I20260710 13:22:25.747622 16460 auto_leader_rebalancer.cc:554] All tables' leader rebalancing finished this round
I20260710 13:22:25.928936 16840 raft_consensus.cc:993] T e5b0e3d9d8924186b1266cf29c5d8c83 P 629f016bcdc14c7d9e0e1279b7a50906: : Instructing follower 3db9cfd392e2428aaa6b27b65f59a06d to start an election
I20260710 13:22:25.929396 16840 raft_consensus.cc:1081] T e5b0e3d9d8924186b1266cf29c5d8c83 P 629f016bcdc14c7d9e0e1279b7a50906 [term 2 LEADER]: Signalling peer 3db9cfd392e2428aaa6b27b65f59a06d to start an election
I20260710 13:22:25.930733 16743 tablet_service.cc:2044] Received Run Leader Election RPC: tablet_id: "e5b0e3d9d8924186b1266cf29c5d8c83"
dest_uuid: "3db9cfd392e2428aaa6b27b65f59a06d"
 from {username='slave'} at 127.0.0.1:59208
I20260710 13:22:25.931176 16743 raft_consensus.cc:493] T e5b0e3d9d8924186b1266cf29c5d8c83 P 3db9cfd392e2428aaa6b27b65f59a06d [term 2 FOLLOWER]: Starting forced leader election (received explicit request)
I20260710 13:22:25.931473 16743 raft_consensus.cc:3060] T e5b0e3d9d8924186b1266cf29c5d8c83 P 3db9cfd392e2428aaa6b27b65f59a06d [term 2 FOLLOWER]: Advancing to term 3
I20260710 13:22:25.936262 16743 raft_consensus.cc:515] T e5b0e3d9d8924186b1266cf29c5d8c83 P 3db9cfd392e2428aaa6b27b65f59a06d [term 3 FOLLOWER]: Starting forced leader election with config: opid_index: -1 OBSOLETE_local: false peers { permanent_uuid: "28b98d04cc9e4b60b39e8dd74164cc72" member_type: VOTER last_known_addr { host: "127.16.19.1" port: 40071 } } peers { permanent_uuid: "629f016bcdc14c7d9e0e1279b7a50906" member_type: VOTER last_known_addr { host: "127.16.19.2" port: 36835 } } peers { permanent_uuid: "3db9cfd392e2428aaa6b27b65f59a06d" member_type: VOTER last_known_addr { host: "127.16.19.3" port: 33467 } }
I20260710 13:22:25.937827 16743 leader_election.cc:290] T e5b0e3d9d8924186b1266cf29c5d8c83 P 3db9cfd392e2428aaa6b27b65f59a06d [CANDIDATE]: Term 3 election: Requested vote from peers 28b98d04cc9e4b60b39e8dd74164cc72 (127.16.19.1:40071), 629f016bcdc14c7d9e0e1279b7a50906 (127.16.19.2:36835)
I20260710 13:22:25.938614 16595 tablet_service.cc:1917] Received RequestConsensusVote() RPC: tablet_id: "e5b0e3d9d8924186b1266cf29c5d8c83" candidate_uuid: "3db9cfd392e2428aaa6b27b65f59a06d" candidate_term: 3 candidate_status { last_received { term: 2 index: 2 } } ignore_live_leader: true dest_uuid: "28b98d04cc9e4b60b39e8dd74164cc72"
I20260710 13:22:25.938738 16670 tablet_service.cc:1917] Received RequestConsensusVote() RPC: tablet_id: "e5b0e3d9d8924186b1266cf29c5d8c83" candidate_uuid: "3db9cfd392e2428aaa6b27b65f59a06d" candidate_term: 3 candidate_status { last_received { term: 2 index: 2 } } ignore_live_leader: true dest_uuid: "629f016bcdc14c7d9e0e1279b7a50906"
I20260710 13:22:25.939182 16595 raft_consensus.cc:3060] T e5b0e3d9d8924186b1266cf29c5d8c83 P 28b98d04cc9e4b60b39e8dd74164cc72 [term 2 FOLLOWER]: Advancing to term 3
I20260710 13:22:25.939244 16670 raft_consensus.cc:3055] T e5b0e3d9d8924186b1266cf29c5d8c83 P 629f016bcdc14c7d9e0e1279b7a50906 [term 2 LEADER]: Stepping down as leader of term 2
I20260710 13:22:25.939630 16670 raft_consensus.cc:740] T e5b0e3d9d8924186b1266cf29c5d8c83 P 629f016bcdc14c7d9e0e1279b7a50906 [term 2 LEADER]: Becoming Follower/Learner. State: Replica: 629f016bcdc14c7d9e0e1279b7a50906, State: Running, Role: LEADER
I20260710 13:22:25.940281 16670 consensus_queue.cc:260] T e5b0e3d9d8924186b1266cf29c5d8c83 P 629f016bcdc14c7d9e0e1279b7a50906 [NON_LEADER]: Queue going to NON_LEADER mode. State: All replicated index: 0, Majority replicated index: 2, Committed index: 2, Last appended: 2.2, Last appended by leader: 2, Current term: 2, Majority size: -1, State: 0, Mode: NON_LEADER, active raft config: opid_index: -1 OBSOLETE_local: false peers { permanent_uuid: "28b98d04cc9e4b60b39e8dd74164cc72" member_type: VOTER last_known_addr { host: "127.16.19.1" port: 40071 } } peers { permanent_uuid: "629f016bcdc14c7d9e0e1279b7a50906" member_type: VOTER last_known_addr { host: "127.16.19.2" port: 36835 } } peers { permanent_uuid: "3db9cfd392e2428aaa6b27b65f59a06d" member_type: VOTER last_known_addr { host: "127.16.19.3" port: 33467 } }
I20260710 13:22:25.941118 16670 raft_consensus.cc:3060] T e5b0e3d9d8924186b1266cf29c5d8c83 P 629f016bcdc14c7d9e0e1279b7a50906 [term 2 FOLLOWER]: Advancing to term 3
I20260710 13:22:25.943727 16595 raft_consensus.cc:2468] T e5b0e3d9d8924186b1266cf29c5d8c83 P 28b98d04cc9e4b60b39e8dd74164cc72 [term 3 FOLLOWER]: Leader election vote request: Granting yes vote for candidate 3db9cfd392e2428aaa6b27b65f59a06d in term 3.
I20260710 13:22:25.944725 16709 leader_election.cc:304] T e5b0e3d9d8924186b1266cf29c5d8c83 P 3db9cfd392e2428aaa6b27b65f59a06d [CANDIDATE]: Term 3 election: Election decided. Result: candidate won. Election summary: received 2 responses out of 3 voters: 2 yes votes; 0 no votes. yes voters: 28b98d04cc9e4b60b39e8dd74164cc72, 3db9cfd392e2428aaa6b27b65f59a06d; no voters: 
I20260710 13:22:25.945354 16883 raft_consensus.cc:2804] T e5b0e3d9d8924186b1266cf29c5d8c83 P 3db9cfd392e2428aaa6b27b65f59a06d [term 3 FOLLOWER]: Leader election won for term 3
I20260710 13:22:25.945515 16670 raft_consensus.cc:2468] T e5b0e3d9d8924186b1266cf29c5d8c83 P 629f016bcdc14c7d9e0e1279b7a50906 [term 3 FOLLOWER]: Leader election vote request: Granting yes vote for candidate 3db9cfd392e2428aaa6b27b65f59a06d in term 3.
I20260710 13:22:25.946532 16883 raft_consensus.cc:697] T e5b0e3d9d8924186b1266cf29c5d8c83 P 3db9cfd392e2428aaa6b27b65f59a06d [term 3 LEADER]: Becoming Leader. State: Replica: 3db9cfd392e2428aaa6b27b65f59a06d, State: Running, Role: LEADER
I20260710 13:22:25.947328 16883 consensus_queue.cc:237] T e5b0e3d9d8924186b1266cf29c5d8c83 P 3db9cfd392e2428aaa6b27b65f59a06d [LEADER]: Queue going to LEADER mode. State: All replicated index: 0, Majority replicated index: 2, Committed index: 2, Last appended: 2.2, Last appended by leader: 2, Current term: 3, Majority size: 2, State: 0, Mode: LEADER, active raft config: opid_index: -1 OBSOLETE_local: false peers { permanent_uuid: "28b98d04cc9e4b60b39e8dd74164cc72" member_type: VOTER last_known_addr { host: "127.16.19.1" port: 40071 } } peers { permanent_uuid: "629f016bcdc14c7d9e0e1279b7a50906" member_type: VOTER last_known_addr { host: "127.16.19.2" port: 36835 } } peers { permanent_uuid: "3db9cfd392e2428aaa6b27b65f59a06d" member_type: VOTER last_known_addr { host: "127.16.19.3" port: 33467 } }
I20260710 13:22:25.953631 16489 catalog_manager.cc:5697] T e5b0e3d9d8924186b1266cf29c5d8c83 P 3db9cfd392e2428aaa6b27b65f59a06d reported cstate change: term changed from 2 to 3, leader changed from 629f016bcdc14c7d9e0e1279b7a50906 (127.16.19.2) to 3db9cfd392e2428aaa6b27b65f59a06d (127.16.19.3). New cstate: current_term: 3 leader_uuid: "3db9cfd392e2428aaa6b27b65f59a06d" committed_config { opid_index: -1 OBSOLETE_local: false peers { permanent_uuid: "28b98d04cc9e4b60b39e8dd74164cc72" member_type: VOTER last_known_addr { host: "127.16.19.1" port: 40071 } health_report { overall_health: UNKNOWN } } peers { permanent_uuid: "629f016bcdc14c7d9e0e1279b7a50906" member_type: VOTER last_known_addr { host: "127.16.19.2" port: 36835 } health_report { overall_health: UNKNOWN } } peers { permanent_uuid: "3db9cfd392e2428aaa6b27b65f59a06d" member_type: VOTER last_known_addr { host: "127.16.19.3" port: 33467 } health_report { overall_health: HEALTHY } } }
I20260710 13:22:26.126431 16894 raft_consensus.cc:993] T ea7bd337a0d640098a63c70709c6a916 P 28b98d04cc9e4b60b39e8dd74164cc72: : Instructing follower 3db9cfd392e2428aaa6b27b65f59a06d to start an election
