I20260710 13:22:48.992003 16460 kserver.cc:163] Server-wide thread pool size limit: 3276
I20260710 13:22:48.994393 16460 txn_system_client.cc:432] TxnSystemClient initialization is disabled...
I20260710 13:22:49.001125 16460 ts_tablet_manager.cc:585] Loaded tablet metadata (0 total tablets, 0 live tablets)
I20260710 13:22:49.001428 16460 ts_tablet_manager.cc:531] Time spent load tablet metadata: real 0.000s	user 0.000s	sys 0.000s
I20260710 13:22:49.001751 16460 ts_tablet_manager.cc:616] Registered 0 tablets
I20260710 13:22:49.001981 16460 ts_tablet_manager.cc:595] Time spent register tablets: real 0.000s	user 0.000s	sys 0.000s
I20260710 13:22:49.144511 16460 rpc_server.cc:307] RPC server started. Bound to: 127.16.19.4:46557
I20260710 13:22:49.145088 18048 acceptor_pool.cc:272] collecting diagnostics on the listening RPC socket 127.16.19.4:46557 every 8 connection(s)
I20260710 13:22:49.150205 16460 auto_leader_rebalancer-test.cc:388] add a tserver: 0904f267214c4d8ea5e20c03765e3e48
I20260710 13:22:49.166639 18049 heartbeater.cc:344] Connected to a master server at 127.16.19.62:45955
I20260710 13:22:49.167042 18049 heartbeater.cc:461] Registering TS with master...
I20260710 13:22:49.167755 18049 heartbeater.cc:507] Master 127.16.19.62:45955 requested a full tablet report, sending...
I20260710 13:22:49.169587 17503 ts_manager.cc:194] Registered new tserver with Master: 0904f267214c4d8ea5e20c03765e3e48 (127.16.19.4:46557)
I20260710 13:22:49.170965 17503 master_service.cc:502] Signed X509 certificate for tserver {username='slave'} at 127.0.0.1:35102
I20260710 13:22:49.268613 17680 consensus_queue.cc:237] T cba5eb16622c42418c3719a29f9fdbf9 P 0745dc14d89e4c3c8c70461b8d0873e4 [LEADER]: Queue going to LEADER mode. State: All replicated index: 0, Majority replicated index: 1, Committed index: 1, Last appended: 1.1, Last appended by leader: 0, Current term: 1, Majority size: 2, State: 0, Mode: LEADER, active raft config: opid_index: 2 OBSOLETE_local: false peers { permanent_uuid: "cb87e1b135dd4ccfbb1c83b50ca20818" member_type: VOTER last_known_addr { host: "127.16.19.1" port: 43573 } attrs { replace: true } } peers { permanent_uuid: "0745dc14d89e4c3c8c70461b8d0873e4" member_type: VOTER last_known_addr { host: "127.16.19.2" port: 41457 } } peers { permanent_uuid: "876cfcd81f304bef9561b21ba5d24a5a" member_type: VOTER last_known_addr { host: "127.16.19.3" port: 44919 } } peers { permanent_uuid: "0904f267214c4d8ea5e20c03765e3e48" member_type: NON_VOTER last_known_addr { host: "127.16.19.4" port: 46557 } attrs { promote: true } }
I20260710 13:22:49.280833 17605 raft_consensus.cc:1275] T cba5eb16622c42418c3719a29f9fdbf9 P cb87e1b135dd4ccfbb1c83b50ca20818 [term 1 FOLLOWER]: Refusing update from remote peer 0745dc14d89e4c3c8c70461b8d0873e4: Log matching property violated. Preceding OpId in replica: term: 1 index: 1. Preceding OpId from leader: term: 1 index: 2. (index mismatch)
I20260710 13:22:49.283347 17833 consensus_queue.cc:1048] T cba5eb16622c42418c3719a29f9fdbf9 P 0745dc14d89e4c3c8c70461b8d0873e4 [LEADER]: Connected to new peer: Peer: permanent_uuid: "cb87e1b135dd4ccfbb1c83b50ca20818" member_type: VOTER last_known_addr { host: "127.16.19.1" port: 43573 } attrs { replace: true }, Status: LMP_MISMATCH, Last received: 0.0, Next index: 2, Last known committed idx: 1, Time since last communication: 0.001s
I20260710 13:22:49.287514 17755 raft_consensus.cc:1275] T cba5eb16622c42418c3719a29f9fdbf9 P 876cfcd81f304bef9561b21ba5d24a5a [term 1 FOLLOWER]: Refusing update from remote peer 0745dc14d89e4c3c8c70461b8d0873e4: Log matching property violated. Preceding OpId in replica: term: 1 index: 1. Preceding OpId from leader: term: 1 index: 2. (index mismatch)
I20260710 13:22:49.292762 17833 consensus_queue.cc:1048] T cba5eb16622c42418c3719a29f9fdbf9 P 0745dc14d89e4c3c8c70461b8d0873e4 [LEADER]: Connected to new peer: Peer: permanent_uuid: "876cfcd81f304bef9561b21ba5d24a5a" member_type: VOTER last_known_addr { host: "127.16.19.3" port: 44919 }, Status: LMP_MISMATCH, Last received: 0.0, Next index: 2, Last known committed idx: 1, Time since last communication: 0.000s
I20260710 13:22:49.295614 17833 raft_consensus.cc:2955] T cba5eb16622c42418c3719a29f9fdbf9 P 0745dc14d89e4c3c8c70461b8d0873e4 [term 1 LEADER]: Committing config change with OpId 1.2: config changed from index -1 to 2, NON_VOTER 0904f267214c4d8ea5e20c03765e3e48 (127.16.19.4) added. New config: { opid_index: 2 OBSOLETE_local: false peers { permanent_uuid: "cb87e1b135dd4ccfbb1c83b50ca20818" member_type: VOTER last_known_addr { host: "127.16.19.1" port: 43573 } attrs { replace: true } } peers { permanent_uuid: "0745dc14d89e4c3c8c70461b8d0873e4" member_type: VOTER last_known_addr { host: "127.16.19.2" port: 41457 } } peers { permanent_uuid: "876cfcd81f304bef9561b21ba5d24a5a" member_type: VOTER last_known_addr { host: "127.16.19.3" port: 44919 } } peers { permanent_uuid: "0904f267214c4d8ea5e20c03765e3e48" member_type: NON_VOTER last_known_addr { host: "127.16.19.4" port: 46557 } attrs { promote: true } } }
I20260710 13:22:49.297092 17605 raft_consensus.cc:2955] T cba5eb16622c42418c3719a29f9fdbf9 P cb87e1b135dd4ccfbb1c83b50ca20818 [term 1 FOLLOWER]: Committing config change with OpId 1.2: config changed from index -1 to 2, NON_VOTER 0904f267214c4d8ea5e20c03765e3e48 (127.16.19.4) added. New config: { opid_index: 2 OBSOLETE_local: false peers { permanent_uuid: "cb87e1b135dd4ccfbb1c83b50ca20818" member_type: VOTER last_known_addr { host: "127.16.19.1" port: 43573 } attrs { replace: true } } peers { permanent_uuid: "0745dc14d89e4c3c8c70461b8d0873e4" member_type: VOTER last_known_addr { host: "127.16.19.2" port: 41457 } } peers { permanent_uuid: "876cfcd81f304bef9561b21ba5d24a5a" member_type: VOTER last_known_addr { host: "127.16.19.3" port: 44919 } } peers { permanent_uuid: "0904f267214c4d8ea5e20c03765e3e48" member_type: NON_VOTER last_known_addr { host: "127.16.19.4" port: 46557 } attrs { promote: true } } }
W20260710 13:22:49.301647 17644 consensus_peers.cc:597] T cba5eb16622c42418c3719a29f9fdbf9 P 0745dc14d89e4c3c8c70461b8d0873e4 -> Peer 0904f267214c4d8ea5e20c03765e3e48 (127.16.19.4:46557): Couldn't send request to peer 0904f267214c4d8ea5e20c03765e3e48. Error code: TABLET_NOT_FOUND (6). Status: Not found: Tablet not found: cba5eb16622c42418c3719a29f9fdbf9. This is attempt 1: this message will repeat every 5th retry.
I20260710 13:22:49.305037 17754 raft_consensus.cc:2955] T cba5eb16622c42418c3719a29f9fdbf9 P 876cfcd81f304bef9561b21ba5d24a5a [term 1 FOLLOWER]: Committing config change with OpId 1.2: config changed from index -1 to 2, NON_VOTER 0904f267214c4d8ea5e20c03765e3e48 (127.16.19.4) added. New config: { opid_index: 2 OBSOLETE_local: false peers { permanent_uuid: "cb87e1b135dd4ccfbb1c83b50ca20818" member_type: VOTER last_known_addr { host: "127.16.19.1" port: 43573 } attrs { replace: true } } peers { permanent_uuid: "0745dc14d89e4c3c8c70461b8d0873e4" member_type: VOTER last_known_addr { host: "127.16.19.2" port: 41457 } } peers { permanent_uuid: "876cfcd81f304bef9561b21ba5d24a5a" member_type: VOTER last_known_addr { host: "127.16.19.3" port: 44919 } } peers { permanent_uuid: "0904f267214c4d8ea5e20c03765e3e48" member_type: NON_VOTER last_known_addr { host: "127.16.19.4" port: 46557 } attrs { promote: true } } }
I20260710 13:22:49.314240 17503 catalog_manager.cc:5697] T cba5eb16622c42418c3719a29f9fdbf9 P 0745dc14d89e4c3c8c70461b8d0873e4 reported cstate change: config changed from index -1 to 2, NON_VOTER 0904f267214c4d8ea5e20c03765e3e48 (127.16.19.4) added. New cstate: current_term: 1 leader_uuid: "0745dc14d89e4c3c8c70461b8d0873e4" committed_config { opid_index: 2 OBSOLETE_local: false peers { permanent_uuid: "cb87e1b135dd4ccfbb1c83b50ca20818" member_type: VOTER last_known_addr { host: "127.16.19.1" port: 43573 } attrs { replace: true } health_report { overall_health: HEALTHY } } peers { permanent_uuid: "0745dc14d89e4c3c8c70461b8d0873e4" member_type: VOTER last_known_addr { host: "127.16.19.2" port: 41457 } health_report { overall_health: HEALTHY } } peers { permanent_uuid: "876cfcd81f304bef9561b21ba5d24a5a" member_type: VOTER last_known_addr { host: "127.16.19.3" port: 44919 } health_report { overall_health: HEALTHY } } peers { permanent_uuid: "0904f267214c4d8ea5e20c03765e3e48" member_type: NON_VOTER last_known_addr { host: "127.16.19.4" port: 46557 } attrs { promote: true } health_report { overall_health: UNKNOWN } } }
I20260710 13:22:49.330348 17605 consensus_queue.cc:237] T a5bd5410667a4f9c87d8793fdd6917c9 P cb87e1b135dd4ccfbb1c83b50ca20818 [LEADER]: Queue going to LEADER mode. State: All replicated index: 0, Majority replicated index: 1, Committed index: 1, Last appended: 1.1, Last appended by leader: 0, Current term: 1, Majority size: 2, State: 0, Mode: LEADER, active raft config: opid_index: 2 OBSOLETE_local: false peers { permanent_uuid: "cb87e1b135dd4ccfbb1c83b50ca20818" member_type: VOTER last_known_addr { host: "127.16.19.1" port: 43573 } } peers { permanent_uuid: "0745dc14d89e4c3c8c70461b8d0873e4" member_type: VOTER last_known_addr { host: "127.16.19.2" port: 41457 } } peers { permanent_uuid: "876cfcd81f304bef9561b21ba5d24a5a" member_type: VOTER last_known_addr { host: "127.16.19.3" port: 44919 } attrs { replace: true } } peers { permanent_uuid: "0904f267214c4d8ea5e20c03765e3e48" member_type: NON_VOTER last_known_addr { host: "127.16.19.4" port: 46557 } attrs { promote: true } }
I20260710 13:22:49.345913 17680 raft_consensus.cc:1275] T a5bd5410667a4f9c87d8793fdd6917c9 P 0745dc14d89e4c3c8c70461b8d0873e4 [term 1 FOLLOWER]: Refusing update from remote peer cb87e1b135dd4ccfbb1c83b50ca20818: Log matching property violated. Preceding OpId in replica: term: 1 index: 1. Preceding OpId from leader: term: 1 index: 2. (index mismatch)
I20260710 13:22:49.347088 17754 raft_consensus.cc:1275] T a5bd5410667a4f9c87d8793fdd6917c9 P 876cfcd81f304bef9561b21ba5d24a5a [term 1 FOLLOWER]: Refusing update from remote peer cb87e1b135dd4ccfbb1c83b50ca20818: Log matching property violated. Preceding OpId in replica: term: 1 index: 1. Preceding OpId from leader: term: 1 index: 2. (index mismatch)
I20260710 13:22:49.349260 17844 consensus_queue.cc:1048] T a5bd5410667a4f9c87d8793fdd6917c9 P cb87e1b135dd4ccfbb1c83b50ca20818 [LEADER]: Connected to new peer: Peer: permanent_uuid: "0745dc14d89e4c3c8c70461b8d0873e4" member_type: VOTER last_known_addr { host: "127.16.19.2" port: 41457 }, Status: LMP_MISMATCH, Last received: 0.0, Next index: 2, Last known committed idx: 1, Time since last communication: 0.001s
I20260710 13:22:49.350289 17845 consensus_queue.cc:1048] T a5bd5410667a4f9c87d8793fdd6917c9 P cb87e1b135dd4ccfbb1c83b50ca20818 [LEADER]: Connected to new peer: Peer: permanent_uuid: "876cfcd81f304bef9561b21ba5d24a5a" member_type: VOTER last_known_addr { host: "127.16.19.3" port: 44919 } attrs { replace: true }, Status: LMP_MISMATCH, Last received: 0.0, Next index: 2, Last known committed idx: 1, Time since last communication: 0.000s
W20260710 13:22:49.360946 17569 consensus_peers.cc:597] T a5bd5410667a4f9c87d8793fdd6917c9 P cb87e1b135dd4ccfbb1c83b50ca20818 -> Peer 0904f267214c4d8ea5e20c03765e3e48 (127.16.19.4:46557): Couldn't send request to peer 0904f267214c4d8ea5e20c03765e3e48. Error code: TABLET_NOT_FOUND (6). Status: Not found: Tablet not found: a5bd5410667a4f9c87d8793fdd6917c9. This is attempt 1: this message will repeat every 5th retry.
I20260710 13:22:49.362156 17844 raft_consensus.cc:2955] T a5bd5410667a4f9c87d8793fdd6917c9 P cb87e1b135dd4ccfbb1c83b50ca20818 [term 1 LEADER]: Committing config change with OpId 1.2: config changed from index -1 to 2, NON_VOTER 0904f267214c4d8ea5e20c03765e3e48 (127.16.19.4) added. New config: { opid_index: 2 OBSOLETE_local: false peers { permanent_uuid: "cb87e1b135dd4ccfbb1c83b50ca20818" member_type: VOTER last_known_addr { host: "127.16.19.1" port: 43573 } } peers { permanent_uuid: "0745dc14d89e4c3c8c70461b8d0873e4" member_type: VOTER last_known_addr { host: "127.16.19.2" port: 41457 } } peers { permanent_uuid: "876cfcd81f304bef9561b21ba5d24a5a" member_type: VOTER last_known_addr { host: "127.16.19.3" port: 44919 } attrs { replace: true } } peers { permanent_uuid: "0904f267214c4d8ea5e20c03765e3e48" member_type: NON_VOTER last_known_addr { host: "127.16.19.4" port: 46557 } attrs { promote: true } } }
I20260710 13:22:49.363773 17754 raft_consensus.cc:2955] T a5bd5410667a4f9c87d8793fdd6917c9 P 876cfcd81f304bef9561b21ba5d24a5a [term 1 FOLLOWER]: Committing config change with OpId 1.2: config changed from index -1 to 2, NON_VOTER 0904f267214c4d8ea5e20c03765e3e48 (127.16.19.4) added. New config: { opid_index: 2 OBSOLETE_local: false peers { permanent_uuid: "cb87e1b135dd4ccfbb1c83b50ca20818" member_type: VOTER last_known_addr { host: "127.16.19.1" port: 43573 } } peers { permanent_uuid: "0745dc14d89e4c3c8c70461b8d0873e4" member_type: VOTER last_known_addr { host: "127.16.19.2" port: 41457 } } peers { permanent_uuid: "876cfcd81f304bef9561b21ba5d24a5a" member_type: VOTER last_known_addr { host: "127.16.19.3" port: 44919 } attrs { replace: true } } peers { permanent_uuid: "0904f267214c4d8ea5e20c03765e3e48" member_type: NON_VOTER last_known_addr { host: "127.16.19.4" port: 46557 } attrs { promote: true } } }
I20260710 13:22:49.367116 17680 raft_consensus.cc:2955] T a5bd5410667a4f9c87d8793fdd6917c9 P 0745dc14d89e4c3c8c70461b8d0873e4 [term 1 FOLLOWER]: Committing config change with OpId 1.2: config changed from index -1 to 2, NON_VOTER 0904f267214c4d8ea5e20c03765e3e48 (127.16.19.4) added. New config: { opid_index: 2 OBSOLETE_local: false peers { permanent_uuid: "cb87e1b135dd4ccfbb1c83b50ca20818" member_type: VOTER last_known_addr { host: "127.16.19.1" port: 43573 } } peers { permanent_uuid: "0745dc14d89e4c3c8c70461b8d0873e4" member_type: VOTER last_known_addr { host: "127.16.19.2" port: 41457 } } peers { permanent_uuid: "876cfcd81f304bef9561b21ba5d24a5a" member_type: VOTER last_known_addr { host: "127.16.19.3" port: 44919 } attrs { replace: true } } peers { permanent_uuid: "0904f267214c4d8ea5e20c03765e3e48" member_type: NON_VOTER last_known_addr { host: "127.16.19.4" port: 46557 } attrs { promote: true } } }
I20260710 13:22:49.376916 17605 consensus_queue.cc:237] T 7bb75f2971424d53bb0b1100e90e3745 P cb87e1b135dd4ccfbb1c83b50ca20818 [LEADER]: Queue going to LEADER mode. State: All replicated index: 0, Majority replicated index: 1, Committed index: 1, Last appended: 1.1, Last appended by leader: 0, Current term: 1, Majority size: 2, State: 0, Mode: LEADER, active raft config: opid_index: 2 OBSOLETE_local: false peers { permanent_uuid: "cb87e1b135dd4ccfbb1c83b50ca20818" member_type: VOTER last_known_addr { host: "127.16.19.1" port: 43573 } } peers { permanent_uuid: "0745dc14d89e4c3c8c70461b8d0873e4" member_type: VOTER last_known_addr { host: "127.16.19.2" port: 41457 } attrs { replace: true } } peers { permanent_uuid: "876cfcd81f304bef9561b21ba5d24a5a" member_type: VOTER last_known_addr { host: "127.16.19.3" port: 44919 } } peers { permanent_uuid: "0904f267214c4d8ea5e20c03765e3e48" member_type: NON_VOTER last_known_addr { host: "127.16.19.4" port: 46557 } attrs { promote: true } }
I20260710 13:22:49.377508 17501 catalog_manager.cc:5697] T a5bd5410667a4f9c87d8793fdd6917c9 P cb87e1b135dd4ccfbb1c83b50ca20818 reported cstate change: config changed from index -1 to 2, NON_VOTER 0904f267214c4d8ea5e20c03765e3e48 (127.16.19.4) added. New cstate: current_term: 1 leader_uuid: "cb87e1b135dd4ccfbb1c83b50ca20818" committed_config { opid_index: 2 OBSOLETE_local: false peers { permanent_uuid: "cb87e1b135dd4ccfbb1c83b50ca20818" member_type: VOTER last_known_addr { host: "127.16.19.1" port: 43573 } health_report { overall_health: HEALTHY } } peers { permanent_uuid: "0745dc14d89e4c3c8c70461b8d0873e4" member_type: VOTER last_known_addr { host: "127.16.19.2" port: 41457 } health_report { overall_health: HEALTHY } } peers { permanent_uuid: "876cfcd81f304bef9561b21ba5d24a5a" member_type: VOTER last_known_addr { host: "127.16.19.3" port: 44919 } attrs { replace: true } health_report { overall_health: HEALTHY } } peers { permanent_uuid: "0904f267214c4d8ea5e20c03765e3e48" member_type: NON_VOTER last_known_addr { host: "127.16.19.4" port: 46557 } attrs { promote: true } health_report { overall_health: UNKNOWN } } }
I20260710 13:22:49.383695 17680 raft_consensus.cc:1275] T 7bb75f2971424d53bb0b1100e90e3745 P 0745dc14d89e4c3c8c70461b8d0873e4 [term 1 FOLLOWER]: Refusing update from remote peer cb87e1b135dd4ccfbb1c83b50ca20818: Log matching property violated. Preceding OpId in replica: term: 1 index: 1. Preceding OpId from leader: term: 1 index: 2. (index mismatch)
I20260710 13:22:49.383939 17754 raft_consensus.cc:1275] T 7bb75f2971424d53bb0b1100e90e3745 P 876cfcd81f304bef9561b21ba5d24a5a [term 1 FOLLOWER]: Refusing update from remote peer cb87e1b135dd4ccfbb1c83b50ca20818: Log matching property violated. Preceding OpId in replica: term: 1 index: 1. Preceding OpId from leader: term: 1 index: 2. (index mismatch)
W20260710 13:22:49.384135 17569 consensus_peers.cc:597] T 7bb75f2971424d53bb0b1100e90e3745 P cb87e1b135dd4ccfbb1c83b50ca20818 -> Peer 0904f267214c4d8ea5e20c03765e3e48 (127.16.19.4:46557): Couldn't send request to peer 0904f267214c4d8ea5e20c03765e3e48. Error code: TABLET_NOT_FOUND (6). Status: Not found: Tablet not found: 7bb75f2971424d53bb0b1100e90e3745. This is attempt 1: this message will repeat every 5th retry.
I20260710 13:22:49.385068 17844 consensus_queue.cc:1048] T 7bb75f2971424d53bb0b1100e90e3745 P cb87e1b135dd4ccfbb1c83b50ca20818 [LEADER]: Connected to new peer: Peer: permanent_uuid: "0745dc14d89e4c3c8c70461b8d0873e4" member_type: VOTER last_known_addr { host: "127.16.19.2" port: 41457 } attrs { replace: true }, Status: LMP_MISMATCH, Last received: 0.0, Next index: 2, Last known committed idx: 1, Time since last communication: 0.000s
I20260710 13:22:49.385941 17845 consensus_queue.cc:1048] T 7bb75f2971424d53bb0b1100e90e3745 P cb87e1b135dd4ccfbb1c83b50ca20818 [LEADER]: Connected to new peer: Peer: permanent_uuid: "876cfcd81f304bef9561b21ba5d24a5a" member_type: VOTER last_known_addr { host: "127.16.19.3" port: 44919 }, Status: LMP_MISMATCH, Last received: 0.0, Next index: 2, Last known committed idx: 1, Time since last communication: 0.000s
I20260710 13:22:49.396863 17873 raft_consensus.cc:2955] T 7bb75f2971424d53bb0b1100e90e3745 P cb87e1b135dd4ccfbb1c83b50ca20818 [term 1 LEADER]: Committing config change with OpId 1.2: config changed from index -1 to 2, NON_VOTER 0904f267214c4d8ea5e20c03765e3e48 (127.16.19.4) added. New config: { opid_index: 2 OBSOLETE_local: false peers { permanent_uuid: "cb87e1b135dd4ccfbb1c83b50ca20818" member_type: VOTER last_known_addr { host: "127.16.19.1" port: 43573 } } peers { permanent_uuid: "0745dc14d89e4c3c8c70461b8d0873e4" member_type: VOTER last_known_addr { host: "127.16.19.2" port: 41457 } attrs { replace: true } } peers { permanent_uuid: "876cfcd81f304bef9561b21ba5d24a5a" member_type: VOTER last_known_addr { host: "127.16.19.3" port: 44919 } } peers { permanent_uuid: "0904f267214c4d8ea5e20c03765e3e48" member_type: NON_VOTER last_known_addr { host: "127.16.19.4" port: 46557 } attrs { promote: true } } }
I20260710 13:22:49.400089 17679 raft_consensus.cc:2955] T 7bb75f2971424d53bb0b1100e90e3745 P 0745dc14d89e4c3c8c70461b8d0873e4 [term 1 FOLLOWER]: Committing config change with OpId 1.2: config changed from index -1 to 2, NON_VOTER 0904f267214c4d8ea5e20c03765e3e48 (127.16.19.4) added. New config: { opid_index: 2 OBSOLETE_local: false peers { permanent_uuid: "cb87e1b135dd4ccfbb1c83b50ca20818" member_type: VOTER last_known_addr { host: "127.16.19.1" port: 43573 } } peers { permanent_uuid: "0745dc14d89e4c3c8c70461b8d0873e4" member_type: VOTER last_known_addr { host: "127.16.19.2" port: 41457 } attrs { replace: true } } peers { permanent_uuid: "876cfcd81f304bef9561b21ba5d24a5a" member_type: VOTER last_known_addr { host: "127.16.19.3" port: 44919 } } peers { permanent_uuid: "0904f267214c4d8ea5e20c03765e3e48" member_type: NON_VOTER last_known_addr { host: "127.16.19.4" port: 46557 } attrs { promote: true } } }
I20260710 13:22:49.403956 17754 raft_consensus.cc:2955] T 7bb75f2971424d53bb0b1100e90e3745 P 876cfcd81f304bef9561b21ba5d24a5a [term 1 FOLLOWER]: Committing config change with OpId 1.2: config changed from index -1 to 2, NON_VOTER 0904f267214c4d8ea5e20c03765e3e48 (127.16.19.4) added. New config: { opid_index: 2 OBSOLETE_local: false peers { permanent_uuid: "cb87e1b135dd4ccfbb1c83b50ca20818" member_type: VOTER last_known_addr { host: "127.16.19.1" port: 43573 } } peers { permanent_uuid: "0745dc14d89e4c3c8c70461b8d0873e4" member_type: VOTER last_known_addr { host: "127.16.19.2" port: 41457 } attrs { replace: true } } peers { permanent_uuid: "876cfcd81f304bef9561b21ba5d24a5a" member_type: VOTER last_known_addr { host: "127.16.19.3" port: 44919 } } peers { permanent_uuid: "0904f267214c4d8ea5e20c03765e3e48" member_type: NON_VOTER last_known_addr { host: "127.16.19.4" port: 46557 } attrs { promote: true } } }
I20260710 13:22:49.410797 17605 consensus_queue.cc:237] T d931a94d73b847bdbe91805308af6fbf P cb87e1b135dd4ccfbb1c83b50ca20818 [LEADER]: Queue going to LEADER mode. State: All replicated index: 0, Majority replicated index: 1, Committed index: 1, Last appended: 1.1, Last appended by leader: 0, Current term: 1, Majority size: 2, State: 0, Mode: LEADER, active raft config: opid_index: 2 OBSOLETE_local: false peers { permanent_uuid: "cb87e1b135dd4ccfbb1c83b50ca20818" member_type: VOTER last_known_addr { host: "127.16.19.1" port: 43573 } } peers { permanent_uuid: "0745dc14d89e4c3c8c70461b8d0873e4" member_type: VOTER last_known_addr { host: "127.16.19.2" port: 41457 } attrs { replace: true } } peers { permanent_uuid: "876cfcd81f304bef9561b21ba5d24a5a" member_type: VOTER last_known_addr { host: "127.16.19.3" port: 44919 } } peers { permanent_uuid: "0904f267214c4d8ea5e20c03765e3e48" member_type: NON_VOTER last_known_addr { host: "127.16.19.4" port: 46557 } attrs { promote: true } }
I20260710 13:22:49.411525 17500 catalog_manager.cc:5697] T 7bb75f2971424d53bb0b1100e90e3745 P cb87e1b135dd4ccfbb1c83b50ca20818 reported cstate change: config changed from index -1 to 2, NON_VOTER 0904f267214c4d8ea5e20c03765e3e48 (127.16.19.4) added. New cstate: current_term: 1 leader_uuid: "cb87e1b135dd4ccfbb1c83b50ca20818" committed_config { opid_index: 2 OBSOLETE_local: false peers { permanent_uuid: "cb87e1b135dd4ccfbb1c83b50ca20818" member_type: VOTER last_known_addr { host: "127.16.19.1" port: 43573 } health_report { overall_health: HEALTHY } } peers { permanent_uuid: "0745dc14d89e4c3c8c70461b8d0873e4" member_type: VOTER last_known_addr { host: "127.16.19.2" port: 41457 } attrs { replace: true } health_report { overall_health: HEALTHY } } peers { permanent_uuid: "876cfcd81f304bef9561b21ba5d24a5a" member_type: VOTER last_known_addr { host: "127.16.19.3" port: 44919 } health_report { overall_health: HEALTHY } } peers { permanent_uuid: "0904f267214c4d8ea5e20c03765e3e48" member_type: NON_VOTER last_known_addr { host: "127.16.19.4" port: 46557 } attrs { promote: true } health_report { overall_health: UNKNOWN } } }
W20260710 13:22:49.433358 17569 consensus_peers.cc:597] T d931a94d73b847bdbe91805308af6fbf P cb87e1b135dd4ccfbb1c83b50ca20818 -> Peer 0904f267214c4d8ea5e20c03765e3e48 (127.16.19.4:46557): Couldn't send request to peer 0904f267214c4d8ea5e20c03765e3e48. Error code: TABLET_NOT_FOUND (6). Status: Not found: Tablet not found: d931a94d73b847bdbe91805308af6fbf. This is attempt 1: this message will repeat every 5th retry.
I20260710 13:22:49.433517 17754 raft_consensus.cc:1275] T d931a94d73b847bdbe91805308af6fbf P 876cfcd81f304bef9561b21ba5d24a5a [term 1 FOLLOWER]: Refusing update from remote peer cb87e1b135dd4ccfbb1c83b50ca20818: Log matching property violated. Preceding OpId in replica: term: 1 index: 1. Preceding OpId from leader: term: 1 index: 2. (index mismatch)
I20260710 13:22:49.434935 17844 consensus_queue.cc:1048] T d931a94d73b847bdbe91805308af6fbf P cb87e1b135dd4ccfbb1c83b50ca20818 [LEADER]: Connected to new peer: Peer: permanent_uuid: "876cfcd81f304bef9561b21ba5d24a5a" member_type: VOTER last_known_addr { host: "127.16.19.3" port: 44919 }, Status: LMP_MISMATCH, Last received: 0.0, Next index: 2, Last known committed idx: 1, Time since last communication: 0.000s
I20260710 13:22:49.435706 17679 raft_consensus.cc:1275] T d931a94d73b847bdbe91805308af6fbf P 0745dc14d89e4c3c8c70461b8d0873e4 [term 1 FOLLOWER]: Refusing update from remote peer cb87e1b135dd4ccfbb1c83b50ca20818: Log matching property violated. Preceding OpId in replica: term: 1 index: 1. Preceding OpId from leader: term: 1 index: 2. (index mismatch)
I20260710 13:22:49.437366 17844 consensus_queue.cc:1048] T d931a94d73b847bdbe91805308af6fbf P cb87e1b135dd4ccfbb1c83b50ca20818 [LEADER]: Connected to new peer: Peer: permanent_uuid: "0745dc14d89e4c3c8c70461b8d0873e4" member_type: VOTER last_known_addr { host: "127.16.19.2" port: 41457 } attrs { replace: true }, Status: LMP_MISMATCH, Last received: 0.0, Next index: 2, Last known committed idx: 1, Time since last communication: 0.000s
I20260710 13:22:49.443492 17845 raft_consensus.cc:2955] T d931a94d73b847bdbe91805308af6fbf P cb87e1b135dd4ccfbb1c83b50ca20818 [term 1 LEADER]: Committing config change with OpId 1.2: config changed from index -1 to 2, NON_VOTER 0904f267214c4d8ea5e20c03765e3e48 (127.16.19.4) added. New config: { opid_index: 2 OBSOLETE_local: false peers { permanent_uuid: "cb87e1b135dd4ccfbb1c83b50ca20818" member_type: VOTER last_known_addr { host: "127.16.19.1" port: 43573 } } peers { permanent_uuid: "0745dc14d89e4c3c8c70461b8d0873e4" member_type: VOTER last_known_addr { host: "127.16.19.2" port: 41457 } attrs { replace: true } } peers { permanent_uuid: "876cfcd81f304bef9561b21ba5d24a5a" member_type: VOTER last_known_addr { host: "127.16.19.3" port: 44919 } } peers { permanent_uuid: "0904f267214c4d8ea5e20c03765e3e48" member_type: NON_VOTER last_known_addr { host: "127.16.19.4" port: 46557 } attrs { promote: true } } }
I20260710 13:22:49.445957 17754 raft_consensus.cc:2955] T d931a94d73b847bdbe91805308af6fbf P 876cfcd81f304bef9561b21ba5d24a5a [term 1 FOLLOWER]: Committing config change with OpId 1.2: config changed from index -1 to 2, NON_VOTER 0904f267214c4d8ea5e20c03765e3e48 (127.16.19.4) added. New config: { opid_index: 2 OBSOLETE_local: false peers { permanent_uuid: "cb87e1b135dd4ccfbb1c83b50ca20818" member_type: VOTER last_known_addr { host: "127.16.19.1" port: 43573 } } peers { permanent_uuid: "0745dc14d89e4c3c8c70461b8d0873e4" member_type: VOTER last_known_addr { host: "127.16.19.2" port: 41457 } attrs { replace: true } } peers { permanent_uuid: "876cfcd81f304bef9561b21ba5d24a5a" member_type: VOTER last_known_addr { host: "127.16.19.3" port: 44919 } } peers { permanent_uuid: "0904f267214c4d8ea5e20c03765e3e48" member_type: NON_VOTER last_known_addr { host: "127.16.19.4" port: 46557 } attrs { promote: true } } }
I20260710 13:22:49.446604 17679 raft_consensus.cc:2955] T d931a94d73b847bdbe91805308af6fbf P 0745dc14d89e4c3c8c70461b8d0873e4 [term 1 FOLLOWER]: Committing config change with OpId 1.2: config changed from index -1 to 2, NON_VOTER 0904f267214c4d8ea5e20c03765e3e48 (127.16.19.4) added. New config: { opid_index: 2 OBSOLETE_local: false peers { permanent_uuid: "cb87e1b135dd4ccfbb1c83b50ca20818" member_type: VOTER last_known_addr { host: "127.16.19.1" port: 43573 } } peers { permanent_uuid: "0745dc14d89e4c3c8c70461b8d0873e4" member_type: VOTER last_known_addr { host: "127.16.19.2" port: 41457 } attrs { replace: true } } peers { permanent_uuid: "876cfcd81f304bef9561b21ba5d24a5a" member_type: VOTER last_known_addr { host: "127.16.19.3" port: 44919 } } peers { permanent_uuid: "0904f267214c4d8ea5e20c03765e3e48" member_type: NON_VOTER last_known_addr { host: "127.16.19.4" port: 46557 } attrs { promote: true } } }
I20260710 13:22:49.456094 17500 catalog_manager.cc:5697] T d931a94d73b847bdbe91805308af6fbf P cb87e1b135dd4ccfbb1c83b50ca20818 reported cstate change: config changed from index -1 to 2, NON_VOTER 0904f267214c4d8ea5e20c03765e3e48 (127.16.19.4) added. New cstate: current_term: 1 leader_uuid: "cb87e1b135dd4ccfbb1c83b50ca20818" committed_config { opid_index: 2 OBSOLETE_local: false peers { permanent_uuid: "cb87e1b135dd4ccfbb1c83b50ca20818" member_type: VOTER last_known_addr { host: "127.16.19.1" port: 43573 } health_report { overall_health: HEALTHY } } peers { permanent_uuid: "0745dc14d89e4c3c8c70461b8d0873e4" member_type: VOTER last_known_addr { host: "127.16.19.2" port: 41457 } attrs { replace: true } health_report { overall_health: HEALTHY } } peers { permanent_uuid: "876cfcd81f304bef9561b21ba5d24a5a" member_type: VOTER last_known_addr { host: "127.16.19.3" port: 44919 } health_report { overall_health: HEALTHY } } peers { permanent_uuid: "0904f267214c4d8ea5e20c03765e3e48" member_type: NON_VOTER last_known_addr { host: "127.16.19.4" port: 46557 } attrs { promote: true } health_report { overall_health: UNKNOWN } } }
I20260710 13:22:49.698271 18068 ts_tablet_manager.cc:933] T cba5eb16622c42418c3719a29f9fdbf9 P 0904f267214c4d8ea5e20c03765e3e48: Initiating tablet copy from peer 0745dc14d89e4c3c8c70461b8d0873e4 (127.16.19.2:41457)
I20260710 13:22:49.700677 18068 tablet_copy_client.cc:323] T cba5eb16622c42418c3719a29f9fdbf9 P 0904f267214c4d8ea5e20c03765e3e48: tablet copy: Beginning tablet copy session from remote peer at address 127.16.19.2:41457
I20260710 13:22:49.713886 17691 tablet_copy_service.cc:140] P 0745dc14d89e4c3c8c70461b8d0873e4: Received BeginTabletCopySession request for tablet cba5eb16622c42418c3719a29f9fdbf9 from peer 0904f267214c4d8ea5e20c03765e3e48 ({username='slave'} at 127.0.0.1:59894)
I20260710 13:22:49.714581 17691 tablet_copy_service.cc:161] P 0745dc14d89e4c3c8c70461b8d0873e4: Beginning new tablet copy session on tablet cba5eb16622c42418c3719a29f9fdbf9 from peer 0904f267214c4d8ea5e20c03765e3e48 at {username='slave'} at 127.0.0.1:59894: session id = 0904f267214c4d8ea5e20c03765e3e48-cba5eb16622c42418c3719a29f9fdbf9
I20260710 13:22:49.722478 17691 tablet_copy_source_session.cc:215] T cba5eb16622c42418c3719a29f9fdbf9 P 0745dc14d89e4c3c8c70461b8d0873e4: Tablet Copy: opened 0 blocks and 1 log segments
I20260710 13:22:49.725737 18068 data_dirs.cc:400] Could only allocate 1 dirs of requested 3 for tablet cba5eb16622c42418c3719a29f9fdbf9. 1 dirs total, 0 dirs full, 0 dirs failed
I20260710 13:22:49.736421 18068 tablet_copy_client.cc:806] T cba5eb16622c42418c3719a29f9fdbf9 P 0904f267214c4d8ea5e20c03765e3e48: tablet copy: Starting download of 0 data blocks...
I20260710 13:22:49.737069 18068 tablet_copy_client.cc:670] T cba5eb16622c42418c3719a29f9fdbf9 P 0904f267214c4d8ea5e20c03765e3e48: tablet copy: Starting download of 1 WAL segments...
I20260710 13:22:49.740990 18068 tablet_copy_client.cc:538] T cba5eb16622c42418c3719a29f9fdbf9 P 0904f267214c4d8ea5e20c03765e3e48: tablet copy: Tablet Copy complete. Replacing tablet superblock.
I20260710 13:22:49.747480 18068 tablet_bootstrap.cc:492] T cba5eb16622c42418c3719a29f9fdbf9 P 0904f267214c4d8ea5e20c03765e3e48: Bootstrap starting.
I20260710 13:22:49.764065 18068 tablet_bootstrap.cc:492] T cba5eb16622c42418c3719a29f9fdbf9 P 0904f267214c4d8ea5e20c03765e3e48: Bootstrap replayed 1/1 log segments. Stats: ops{read=2 overwritten=0 applied=2 ignored=0} inserts{seen=0 ignored=0} mutations{seen=0 ignored=0} orphaned_commits=0. Pending: 0 replicates
I20260710 13:22:49.765002 18068 tablet_bootstrap.cc:492] T cba5eb16622c42418c3719a29f9fdbf9 P 0904f267214c4d8ea5e20c03765e3e48: Bootstrap complete.
I20260710 13:22:49.765648 18068 ts_tablet_manager.cc:1403] T cba5eb16622c42418c3719a29f9fdbf9 P 0904f267214c4d8ea5e20c03765e3e48: Time spent bootstrapping tablet: real 0.018s	user 0.008s	sys 0.007s
I20260710 13:22:49.768792 18068 raft_consensus.cc:359] T cba5eb16622c42418c3719a29f9fdbf9 P 0904f267214c4d8ea5e20c03765e3e48 [term 1 LEARNER]: Replica starting. Triggering 0 pending ops. Active config: opid_index: 2 OBSOLETE_local: false peers { permanent_uuid: "cb87e1b135dd4ccfbb1c83b50ca20818" member_type: VOTER last_known_addr { host: "127.16.19.1" port: 43573 } attrs { replace: true } } peers { permanent_uuid: "0745dc14d89e4c3c8c70461b8d0873e4" member_type: VOTER last_known_addr { host: "127.16.19.2" port: 41457 } } peers { permanent_uuid: "876cfcd81f304bef9561b21ba5d24a5a" member_type: VOTER last_known_addr { host: "127.16.19.3" port: 44919 } } peers { permanent_uuid: "0904f267214c4d8ea5e20c03765e3e48" member_type: NON_VOTER last_known_addr { host: "127.16.19.4" port: 46557 } attrs { promote: true } }
I20260710 13:22:49.769619 18068 raft_consensus.cc:740] T cba5eb16622c42418c3719a29f9fdbf9 P 0904f267214c4d8ea5e20c03765e3e48 [term 1 LEARNER]: Becoming Follower/Learner. State: Replica: 0904f267214c4d8ea5e20c03765e3e48, State: Initialized, Role: LEARNER
I20260710 13:22:49.770296 18068 consensus_queue.cc:260] T cba5eb16622c42418c3719a29f9fdbf9 P 0904f267214c4d8ea5e20c03765e3e48 [NON_LEADER]: Queue going to NON_LEADER mode. State: All replicated index: 0, Majority replicated index: 0, Committed index: 2, Last appended: 1.2, Last appended by leader: 2, Current term: 0, Majority size: -1, State: 0, Mode: NON_LEADER, active raft config: opid_index: 2 OBSOLETE_local: false peers { permanent_uuid: "cb87e1b135dd4ccfbb1c83b50ca20818" member_type: VOTER last_known_addr { host: "127.16.19.1" port: 43573 } attrs { replace: true } } peers { permanent_uuid: "0745dc14d89e4c3c8c70461b8d0873e4" member_type: VOTER last_known_addr { host: "127.16.19.2" port: 41457 } } peers { permanent_uuid: "876cfcd81f304bef9561b21ba5d24a5a" member_type: VOTER last_known_addr { host: "127.16.19.3" port: 44919 } } peers { permanent_uuid: "0904f267214c4d8ea5e20c03765e3e48" member_type: NON_VOTER last_known_addr { host: "127.16.19.4" port: 46557 } attrs { promote: true } }
I20260710 13:22:49.774053 18049 heartbeater.cc:499] Master 127.16.19.62:45955 was elected leader, sending a full tablet report...
I20260710 13:22:49.774688 18068 ts_tablet_manager.cc:1434] T cba5eb16622c42418c3719a29f9fdbf9 P 0904f267214c4d8ea5e20c03765e3e48: Time spent starting tablet: real 0.009s	user 0.007s	sys 0.005s
I20260710 13:22:49.776778 17691 tablet_copy_service.cc:342] P 0745dc14d89e4c3c8c70461b8d0873e4: Request end of tablet copy session 0904f267214c4d8ea5e20c03765e3e48-cba5eb16622c42418c3719a29f9fdbf9 received from {username='slave'} at 127.0.0.1:59894
I20260710 13:22:49.777236 17691 tablet_copy_service.cc:434] P 0745dc14d89e4c3c8c70461b8d0873e4: ending tablet copy session 0904f267214c4d8ea5e20c03765e3e48-cba5eb16622c42418c3719a29f9fdbf9 on tablet cba5eb16622c42418c3719a29f9fdbf9 with peer 0904f267214c4d8ea5e20c03765e3e48
I20260710 13:22:49.819482 18068 ts_tablet_manager.cc:933] T a5bd5410667a4f9c87d8793fdd6917c9 P 0904f267214c4d8ea5e20c03765e3e48: Initiating tablet copy from peer cb87e1b135dd4ccfbb1c83b50ca20818 (127.16.19.1:43573)
I20260710 13:22:49.821066 18068 tablet_copy_client.cc:323] T a5bd5410667a4f9c87d8793fdd6917c9 P 0904f267214c4d8ea5e20c03765e3e48: tablet copy: Beginning tablet copy session from remote peer at address 127.16.19.1:43573
I20260710 13:22:49.829844 17616 tablet_copy_service.cc:140] P cb87e1b135dd4ccfbb1c83b50ca20818: Received BeginTabletCopySession request for tablet a5bd5410667a4f9c87d8793fdd6917c9 from peer 0904f267214c4d8ea5e20c03765e3e48 ({username='slave'} at 127.0.0.1:48692)
I20260710 13:22:49.830350 17616 tablet_copy_service.cc:161] P cb87e1b135dd4ccfbb1c83b50ca20818: Beginning new tablet copy session on tablet a5bd5410667a4f9c87d8793fdd6917c9 from peer 0904f267214c4d8ea5e20c03765e3e48 at {username='slave'} at 127.0.0.1:48692: session id = 0904f267214c4d8ea5e20c03765e3e48-a5bd5410667a4f9c87d8793fdd6917c9
I20260710 13:22:49.835748 17616 tablet_copy_source_session.cc:215] T a5bd5410667a4f9c87d8793fdd6917c9 P cb87e1b135dd4ccfbb1c83b50ca20818: Tablet Copy: opened 0 blocks and 1 log segments
I20260710 13:22:49.838127 18068 data_dirs.cc:400] Could only allocate 1 dirs of requested 3 for tablet a5bd5410667a4f9c87d8793fdd6917c9. 1 dirs total, 0 dirs full, 0 dirs failed
I20260710 13:22:49.847956 18068 tablet_copy_client.cc:806] T a5bd5410667a4f9c87d8793fdd6917c9 P 0904f267214c4d8ea5e20c03765e3e48: tablet copy: Starting download of 0 data blocks...
I20260710 13:22:49.848488 18068 tablet_copy_client.cc:670] T a5bd5410667a4f9c87d8793fdd6917c9 P 0904f267214c4d8ea5e20c03765e3e48: tablet copy: Starting download of 1 WAL segments...
I20260710 13:22:49.852061 18068 tablet_copy_client.cc:538] T a5bd5410667a4f9c87d8793fdd6917c9 P 0904f267214c4d8ea5e20c03765e3e48: tablet copy: Tablet Copy complete. Replacing tablet superblock.
I20260710 13:22:49.858107 18068 tablet_bootstrap.cc:492] T a5bd5410667a4f9c87d8793fdd6917c9 P 0904f267214c4d8ea5e20c03765e3e48: Bootstrap starting.
I20260710 13:22:49.876598 18068 tablet_bootstrap.cc:492] T a5bd5410667a4f9c87d8793fdd6917c9 P 0904f267214c4d8ea5e20c03765e3e48: Bootstrap replayed 1/1 log segments. Stats: ops{read=2 overwritten=0 applied=2 ignored=0} inserts{seen=0 ignored=0} mutations{seen=0 ignored=0} orphaned_commits=0. Pending: 0 replicates
I20260710 13:22:49.877418 18068 tablet_bootstrap.cc:492] T a5bd5410667a4f9c87d8793fdd6917c9 P 0904f267214c4d8ea5e20c03765e3e48: Bootstrap complete.
I20260710 13:22:49.877981 18068 ts_tablet_manager.cc:1403] T a5bd5410667a4f9c87d8793fdd6917c9 P 0904f267214c4d8ea5e20c03765e3e48: Time spent bootstrapping tablet: real 0.020s	user 0.010s	sys 0.007s
I20260710 13:22:49.880439 18068 raft_consensus.cc:359] T a5bd5410667a4f9c87d8793fdd6917c9 P 0904f267214c4d8ea5e20c03765e3e48 [term 1 LEARNER]: Replica starting. Triggering 0 pending ops. Active config: opid_index: 2 OBSOLETE_local: false peers { permanent_uuid: "cb87e1b135dd4ccfbb1c83b50ca20818" member_type: VOTER last_known_addr { host: "127.16.19.1" port: 43573 } } peers { permanent_uuid: "0745dc14d89e4c3c8c70461b8d0873e4" member_type: VOTER last_known_addr { host: "127.16.19.2" port: 41457 } } peers { permanent_uuid: "876cfcd81f304bef9561b21ba5d24a5a" member_type: VOTER last_known_addr { host: "127.16.19.3" port: 44919 } attrs { replace: true } } peers { permanent_uuid: "0904f267214c4d8ea5e20c03765e3e48" member_type: NON_VOTER last_known_addr { host: "127.16.19.4" port: 46557 } attrs { promote: true } }
I20260710 13:22:49.881147 18068 raft_consensus.cc:740] T a5bd5410667a4f9c87d8793fdd6917c9 P 0904f267214c4d8ea5e20c03765e3e48 [term 1 LEARNER]: Becoming Follower/Learner. State: Replica: 0904f267214c4d8ea5e20c03765e3e48, State: Initialized, Role: LEARNER
I20260710 13:22:49.881729 18068 consensus_queue.cc:260] T a5bd5410667a4f9c87d8793fdd6917c9 P 0904f267214c4d8ea5e20c03765e3e48 [NON_LEADER]: Queue going to NON_LEADER mode. State: All replicated index: 0, Majority replicated index: 0, Committed index: 2, Last appended: 1.2, Last appended by leader: 2, Current term: 0, Majority size: -1, State: 0, Mode: NON_LEADER, active raft config: opid_index: 2 OBSOLETE_local: false peers { permanent_uuid: "cb87e1b135dd4ccfbb1c83b50ca20818" member_type: VOTER last_known_addr { host: "127.16.19.1" port: 43573 } } peers { permanent_uuid: "0745dc14d89e4c3c8c70461b8d0873e4" member_type: VOTER last_known_addr { host: "127.16.19.2" port: 41457 } } peers { permanent_uuid: "876cfcd81f304bef9561b21ba5d24a5a" member_type: VOTER last_known_addr { host: "127.16.19.3" port: 44919 } attrs { replace: true } } peers { permanent_uuid: "0904f267214c4d8ea5e20c03765e3e48" member_type: NON_VOTER last_known_addr { host: "127.16.19.4" port: 46557 } attrs { promote: true } }
I20260710 13:22:49.884845 18068 ts_tablet_manager.cc:1434] T a5bd5410667a4f9c87d8793fdd6917c9 P 0904f267214c4d8ea5e20c03765e3e48: Time spent starting tablet: real 0.007s	user 0.005s	sys 0.000s
I20260710 13:22:49.887184 17616 tablet_copy_service.cc:342] P cb87e1b135dd4ccfbb1c83b50ca20818: Request end of tablet copy session 0904f267214c4d8ea5e20c03765e3e48-a5bd5410667a4f9c87d8793fdd6917c9 received from {username='slave'} at 127.0.0.1:48692
I20260710 13:22:49.887605 17616 tablet_copy_service.cc:434] P cb87e1b135dd4ccfbb1c83b50ca20818: ending tablet copy session 0904f267214c4d8ea5e20c03765e3e48-a5bd5410667a4f9c87d8793fdd6917c9 on tablet a5bd5410667a4f9c87d8793fdd6917c9 with peer 0904f267214c4d8ea5e20c03765e3e48
I20260710 13:22:49.890198 18068 ts_tablet_manager.cc:933] T 7bb75f2971424d53bb0b1100e90e3745 P 0904f267214c4d8ea5e20c03765e3e48: Initiating tablet copy from peer cb87e1b135dd4ccfbb1c83b50ca20818 (127.16.19.1:43573)
I20260710 13:22:49.900449 18068 tablet_copy_client.cc:323] T 7bb75f2971424d53bb0b1100e90e3745 P 0904f267214c4d8ea5e20c03765e3e48: tablet copy: Beginning tablet copy session from remote peer at address 127.16.19.1:43573
I20260710 13:22:49.902419 17616 tablet_copy_service.cc:140] P cb87e1b135dd4ccfbb1c83b50ca20818: Received BeginTabletCopySession request for tablet 7bb75f2971424d53bb0b1100e90e3745 from peer 0904f267214c4d8ea5e20c03765e3e48 ({username='slave'} at 127.0.0.1:48692)
I20260710 13:22:49.903018 17616 tablet_copy_service.cc:161] P cb87e1b135dd4ccfbb1c83b50ca20818: Beginning new tablet copy session on tablet 7bb75f2971424d53bb0b1100e90e3745 from peer 0904f267214c4d8ea5e20c03765e3e48 at {username='slave'} at 127.0.0.1:48692: session id = 0904f267214c4d8ea5e20c03765e3e48-7bb75f2971424d53bb0b1100e90e3745
I20260710 13:22:49.910081 18075 ts_tablet_manager.cc:933] T d931a94d73b847bdbe91805308af6fbf P 0904f267214c4d8ea5e20c03765e3e48: Initiating tablet copy from peer cb87e1b135dd4ccfbb1c83b50ca20818 (127.16.19.1:43573)
I20260710 13:22:49.912048 17616 tablet_copy_source_session.cc:215] T 7bb75f2971424d53bb0b1100e90e3745 P cb87e1b135dd4ccfbb1c83b50ca20818: Tablet Copy: opened 0 blocks and 1 log segments
I20260710 13:22:49.915643 18068 data_dirs.cc:400] Could only allocate 1 dirs of requested 3 for tablet 7bb75f2971424d53bb0b1100e90e3745. 1 dirs total, 0 dirs full, 0 dirs failed
I20260710 13:22:49.918010 18075 tablet_copy_client.cc:323] T d931a94d73b847bdbe91805308af6fbf P 0904f267214c4d8ea5e20c03765e3e48: tablet copy: Beginning tablet copy session from remote peer at address 127.16.19.1:43573
I20260710 13:22:49.919778 17616 tablet_copy_service.cc:140] P cb87e1b135dd4ccfbb1c83b50ca20818: Received BeginTabletCopySession request for tablet d931a94d73b847bdbe91805308af6fbf from peer 0904f267214c4d8ea5e20c03765e3e48 ({username='slave'} at 127.0.0.1:48692)
I20260710 13:22:49.920306 17616 tablet_copy_service.cc:161] P cb87e1b135dd4ccfbb1c83b50ca20818: Beginning new tablet copy session on tablet d931a94d73b847bdbe91805308af6fbf from peer 0904f267214c4d8ea5e20c03765e3e48 at {username='slave'} at 127.0.0.1:48692: session id = 0904f267214c4d8ea5e20c03765e3e48-d931a94d73b847bdbe91805308af6fbf
I20260710 13:22:49.927320 17616 tablet_copy_source_session.cc:215] T d931a94d73b847bdbe91805308af6fbf P cb87e1b135dd4ccfbb1c83b50ca20818: Tablet Copy: opened 0 blocks and 1 log segments
I20260710 13:22:49.930701 18068 tablet_copy_client.cc:806] T 7bb75f2971424d53bb0b1100e90e3745 P 0904f267214c4d8ea5e20c03765e3e48: tablet copy: Starting download of 0 data blocks...
I20260710 13:22:49.931221 18068 tablet_copy_client.cc:670] T 7bb75f2971424d53bb0b1100e90e3745 P 0904f267214c4d8ea5e20c03765e3e48: tablet copy: Starting download of 1 WAL segments...
I20260710 13:22:49.932837 18075 data_dirs.cc:400] Could only allocate 1 dirs of requested 3 for tablet d931a94d73b847bdbe91805308af6fbf. 1 dirs total, 0 dirs full, 0 dirs failed
I20260710 13:22:49.934405 18068 tablet_copy_client.cc:538] T 7bb75f2971424d53bb0b1100e90e3745 P 0904f267214c4d8ea5e20c03765e3e48: tablet copy: Tablet Copy complete. Replacing tablet superblock.
I20260710 13:22:49.940754 18068 tablet_bootstrap.cc:492] T 7bb75f2971424d53bb0b1100e90e3745 P 0904f267214c4d8ea5e20c03765e3e48: Bootstrap starting.
I20260710 13:22:49.948192 18075 tablet_copy_client.cc:806] T d931a94d73b847bdbe91805308af6fbf P 0904f267214c4d8ea5e20c03765e3e48: tablet copy: Starting download of 0 data blocks...
I20260710 13:22:49.948848 18075 tablet_copy_client.cc:670] T d931a94d73b847bdbe91805308af6fbf P 0904f267214c4d8ea5e20c03765e3e48: tablet copy: Starting download of 1 WAL segments...
I20260710 13:22:49.953787 18075 tablet_copy_client.cc:538] T d931a94d73b847bdbe91805308af6fbf P 0904f267214c4d8ea5e20c03765e3e48: tablet copy: Tablet Copy complete. Replacing tablet superblock.
I20260710 13:22:49.955075 18068 tablet_bootstrap.cc:492] T 7bb75f2971424d53bb0b1100e90e3745 P 0904f267214c4d8ea5e20c03765e3e48: Bootstrap replayed 1/1 log segments. Stats: ops{read=2 overwritten=0 applied=2 ignored=0} inserts{seen=0 ignored=0} mutations{seen=0 ignored=0} orphaned_commits=0. Pending: 0 replicates
I20260710 13:22:49.955879 18068 tablet_bootstrap.cc:492] T 7bb75f2971424d53bb0b1100e90e3745 P 0904f267214c4d8ea5e20c03765e3e48: Bootstrap complete.
I20260710 13:22:49.956378 18068 ts_tablet_manager.cc:1403] T 7bb75f2971424d53bb0b1100e90e3745 P 0904f267214c4d8ea5e20c03765e3e48: Time spent bootstrapping tablet: real 0.016s	user 0.011s	sys 0.004s
I20260710 13:22:49.958619 18068 raft_consensus.cc:359] T 7bb75f2971424d53bb0b1100e90e3745 P 0904f267214c4d8ea5e20c03765e3e48 [term 1 LEARNER]: Replica starting. Triggering 0 pending ops. Active config: opid_index: 2 OBSOLETE_local: false peers { permanent_uuid: "cb87e1b135dd4ccfbb1c83b50ca20818" member_type: VOTER last_known_addr { host: "127.16.19.1" port: 43573 } } peers { permanent_uuid: "0745dc14d89e4c3c8c70461b8d0873e4" member_type: VOTER last_known_addr { host: "127.16.19.2" port: 41457 } attrs { replace: true } } peers { permanent_uuid: "876cfcd81f304bef9561b21ba5d24a5a" member_type: VOTER last_known_addr { host: "127.16.19.3" port: 44919 } } peers { permanent_uuid: "0904f267214c4d8ea5e20c03765e3e48" member_type: NON_VOTER last_known_addr { host: "127.16.19.4" port: 46557 } attrs { promote: true } }
I20260710 13:22:49.959156 18068 raft_consensus.cc:740] T 7bb75f2971424d53bb0b1100e90e3745 P 0904f267214c4d8ea5e20c03765e3e48 [term 1 LEARNER]: Becoming Follower/Learner. State: Replica: 0904f267214c4d8ea5e20c03765e3e48, State: Initialized, Role: LEARNER
I20260710 13:22:49.959599 18068 consensus_queue.cc:260] T 7bb75f2971424d53bb0b1100e90e3745 P 0904f267214c4d8ea5e20c03765e3e48 [NON_LEADER]: Queue going to NON_LEADER mode. State: All replicated index: 0, Majority replicated index: 0, Committed index: 2, Last appended: 1.2, Last appended by leader: 2, Current term: 0, Majority size: -1, State: 0, Mode: NON_LEADER, active raft config: opid_index: 2 OBSOLETE_local: false peers { permanent_uuid: "cb87e1b135dd4ccfbb1c83b50ca20818" member_type: VOTER last_known_addr { host: "127.16.19.1" port: 43573 } } peers { permanent_uuid: "0745dc14d89e4c3c8c70461b8d0873e4" member_type: VOTER last_known_addr { host: "127.16.19.2" port: 41457 } attrs { replace: true } } peers { permanent_uuid: "876cfcd81f304bef9561b21ba5d24a5a" member_type: VOTER last_known_addr { host: "127.16.19.3" port: 44919 } } peers { permanent_uuid: "0904f267214c4d8ea5e20c03765e3e48" member_type: NON_VOTER last_known_addr { host: "127.16.19.4" port: 46557 } attrs { promote: true } }
I20260710 13:22:49.961256 18068 ts_tablet_manager.cc:1434] T 7bb75f2971424d53bb0b1100e90e3745 P 0904f267214c4d8ea5e20c03765e3e48: Time spent starting tablet: real 0.005s	user 0.004s	sys 0.000s
I20260710 13:22:49.962957 17616 tablet_copy_service.cc:342] P cb87e1b135dd4ccfbb1c83b50ca20818: Request end of tablet copy session 0904f267214c4d8ea5e20c03765e3e48-7bb75f2971424d53bb0b1100e90e3745 received from {username='slave'} at 127.0.0.1:48692
I20260710 13:22:49.963057 18075 tablet_bootstrap.cc:492] T d931a94d73b847bdbe91805308af6fbf P 0904f267214c4d8ea5e20c03765e3e48: Bootstrap starting.
I20260710 13:22:49.963393 17616 tablet_copy_service.cc:434] P cb87e1b135dd4ccfbb1c83b50ca20818: ending tablet copy session 0904f267214c4d8ea5e20c03765e3e48-7bb75f2971424d53bb0b1100e90e3745 on tablet 7bb75f2971424d53bb0b1100e90e3745 with peer 0904f267214c4d8ea5e20c03765e3e48
I20260710 13:22:49.981920 18075 tablet_bootstrap.cc:492] T d931a94d73b847bdbe91805308af6fbf P 0904f267214c4d8ea5e20c03765e3e48: Bootstrap replayed 1/1 log segments. Stats: ops{read=2 overwritten=0 applied=2 ignored=0} inserts{seen=0 ignored=0} mutations{seen=0 ignored=0} orphaned_commits=0. Pending: 0 replicates
I20260710 13:22:49.982690 18075 tablet_bootstrap.cc:492] T d931a94d73b847bdbe91805308af6fbf P 0904f267214c4d8ea5e20c03765e3e48: Bootstrap complete.
I20260710 13:22:49.983253 18075 ts_tablet_manager.cc:1403] T d931a94d73b847bdbe91805308af6fbf P 0904f267214c4d8ea5e20c03765e3e48: Time spent bootstrapping tablet: real 0.020s	user 0.016s	sys 0.002s
I20260710 13:22:49.985293 18075 raft_consensus.cc:359] T d931a94d73b847bdbe91805308af6fbf P 0904f267214c4d8ea5e20c03765e3e48 [term 1 LEARNER]: Replica starting. Triggering 0 pending ops. Active config: opid_index: 2 OBSOLETE_local: false peers { permanent_uuid: "cb87e1b135dd4ccfbb1c83b50ca20818" member_type: VOTER last_known_addr { host: "127.16.19.1" port: 43573 } } peers { permanent_uuid: "0745dc14d89e4c3c8c70461b8d0873e4" member_type: VOTER last_known_addr { host: "127.16.19.2" port: 41457 } attrs { replace: true } } peers { permanent_uuid: "876cfcd81f304bef9561b21ba5d24a5a" member_type: VOTER last_known_addr { host: "127.16.19.3" port: 44919 } } peers { permanent_uuid: "0904f267214c4d8ea5e20c03765e3e48" member_type: NON_VOTER last_known_addr { host: "127.16.19.4" port: 46557 } attrs { promote: true } }
I20260710 13:22:49.985881 18075 raft_consensus.cc:740] T d931a94d73b847bdbe91805308af6fbf P 0904f267214c4d8ea5e20c03765e3e48 [term 1 LEARNER]: Becoming Follower/Learner. State: Replica: 0904f267214c4d8ea5e20c03765e3e48, State: Initialized, Role: LEARNER
