I20260710 13:22:45.377218 22848 tablet_service.cc:1917] Received RequestConsensusVote() RPC: tablet_id: "b1ffc7417bb144b98da435443f423ed6" candidate_uuid: "e5b5a74c66b74b9f921b0789d3170b5b" candidate_term: 1 candidate_status { last_received { term: 0 index: 0 } } ignore_live_leader: false dest_uuid: "0ff36c89e67d4444af3b851cbabdef18"
I20260710 13:22:45.377823 22848 raft_consensus.cc:3060] T b1ffc7417bb144b98da435443f423ed6 P 0ff36c89e67d4444af3b851cbabdef18 [term 0 FOLLOWER]: Advancing to term 1
W20260710 13:22:45.381042 22962 leader_election.cc:343] T f326f7a49b2d4c6aa022bcdd92fb7c05 P de562897c6bd48bfb698eaa7d4a27cb3 [CANDIDATE]: Term 1 pre-election: Tablet error from VoteRequest() call to peer 0ff36c89e67d4444af3b851cbabdef18 (127.21.57.193:34655): Illegal state: must be running to vote when last-logged opid is not known
I20260710 13:22:45.381505 22962 leader_election.cc:304] T f326f7a49b2d4c6aa022bcdd92fb7c05 P de562897c6bd48bfb698eaa7d4a27cb3 [CANDIDATE]: Term 1 pre-election: Election decided. Result: candidate lost. Election summary: received 3 responses out of 3 voters: 1 yes votes; 2 no votes. yes voters: de562897c6bd48bfb698eaa7d4a27cb3; no voters: 0ff36c89e67d4444af3b851cbabdef18, e5b5a74c66b74b9f921b0789d3170b5b
W20260710 13:22:45.383011 22962 leader_election.cc:343] T cd30bdddd40840e0bc51196239b67b70 P de562897c6bd48bfb698eaa7d4a27cb3 [CANDIDATE]: Term 1 pre-election: Tablet error from VoteRequest() call to peer 0ff36c89e67d4444af3b851cbabdef18 (127.21.57.193:34655): Illegal state: must be running to vote when last-logged opid is not known
I20260710 13:22:45.382923 23065 consensus_queue.cc:1048] T b8e64dbd118e499ea01122b2fa94fee7 P 0ff36c89e67d4444af3b851cbabdef18 [LEADER]: Connected to new peer: Peer: permanent_uuid: "e5b5a74c66b74b9f921b0789d3170b5b" member_type: VOTER last_known_addr { host: "127.21.57.194" port: 38459 }, Status: LMP_MISMATCH, Last received: 0.0, Next index: 1, Last known committed idx: 0, Time since last communication: 0.000s
I20260710 13:22:45.383462 22962 leader_election.cc:304] T cd30bdddd40840e0bc51196239b67b70 P de562897c6bd48bfb698eaa7d4a27cb3 [CANDIDATE]: Term 1 pre-election: Election decided. Result: candidate lost. Election summary: received 3 responses out of 3 voters: 1 yes votes; 2 no votes. yes voters: de562897c6bd48bfb698eaa7d4a27cb3; no voters: 0ff36c89e67d4444af3b851cbabdef18, e5b5a74c66b74b9f921b0789d3170b5b
I20260710 13:22:45.383708 23039 raft_consensus.cc:359] T 2c05461d27da4b1f93fb416d58a5921c P 0ff36c89e67d4444af3b851cbabdef18 [term 0 FOLLOWER]: Replica starting. Triggering 0 pending ops. Active config: opid_index: -1 OBSOLETE_local: false peers { permanent_uuid: "0ff36c89e67d4444af3b851cbabdef18" member_type: VOTER last_known_addr { host: "127.21.57.193" port: 34655 } } peers { permanent_uuid: "e5b5a74c66b74b9f921b0789d3170b5b" member_type: VOTER last_known_addr { host: "127.21.57.194" port: 38459 } } peers { permanent_uuid: "de562897c6bd48bfb698eaa7d4a27cb3" member_type: VOTER last_known_addr { host: "127.21.57.195" port: 46811 } }
I20260710 13:22:45.384498 23095 raft_consensus.cc:2749] T f326f7a49b2d4c6aa022bcdd92fb7c05 P de562897c6bd48bfb698eaa7d4a27cb3 [term 0 FOLLOWER]: Leader pre-election lost for term 1. Reason: could not achieve majority
I20260710 13:22:45.385103 23095 raft_consensus.cc:2749] T cd30bdddd40840e0bc51196239b67b70 P de562897c6bd48bfb698eaa7d4a27cb3 [term 0 FOLLOWER]: Leader pre-election lost for term 1. Reason: could not achieve majority
I20260710 13:22:45.384465 23039 raft_consensus.cc:385] T 2c05461d27da4b1f93fb416d58a5921c P 0ff36c89e67d4444af3b851cbabdef18 [term 0 FOLLOWER]: Consensus starting up: Expiring failure detector timer to make a prompt election more likely
I20260710 13:22:45.387199 23039 raft_consensus.cc:740] T 2c05461d27da4b1f93fb416d58a5921c P 0ff36c89e67d4444af3b851cbabdef18 [term 0 FOLLOWER]: Becoming Follower/Learner. State: Replica: 0ff36c89e67d4444af3b851cbabdef18, State: Initialized, Role: FOLLOWER
I20260710 13:22:45.388166 23037 tablet_bootstrap.cc:492] T b4fd65b8dd0a4945b2fe13efeef4baf5 P de562897c6bd48bfb698eaa7d4a27cb3: No bootstrap required, opened a new log
I20260710 13:22:45.387844 23039 consensus_queue.cc:260] T 2c05461d27da4b1f93fb416d58a5921c P 0ff36c89e67d4444af3b851cbabdef18 [NON_LEADER]: Queue going to NON_LEADER mode. State: All replicated index: 0, Majority replicated index: 0, Committed index: 0, Last appended: 0.0, Last appended by leader: 0, Current term: 0, Majority size: -1, State: 0, Mode: NON_LEADER, active raft config: opid_index: -1 OBSOLETE_local: false peers { permanent_uuid: "0ff36c89e67d4444af3b851cbabdef18" member_type: VOTER last_known_addr { host: "127.21.57.193" port: 34655 } } peers { permanent_uuid: "e5b5a74c66b74b9f921b0789d3170b5b" member_type: VOTER last_known_addr { host: "127.21.57.194" port: 38459 } } peers { permanent_uuid: "de562897c6bd48bfb698eaa7d4a27cb3" member_type: VOTER last_known_addr { host: "127.21.57.195" port: 46811 } }
I20260710 13:22:45.388777 23037 ts_tablet_manager.cc:1403] T b4fd65b8dd0a4945b2fe13efeef4baf5 P de562897c6bd48bfb698eaa7d4a27cb3: Time spent bootstrapping tablet: real 0.103s	user 0.014s	sys 0.007s
I20260710 13:22:45.391335 23039 ts_tablet_manager.cc:1434] T 2c05461d27da4b1f93fb416d58a5921c P 0ff36c89e67d4444af3b851cbabdef18: Time spent starting tablet: real 0.092s	user 0.030s	sys 0.016s
I20260710 13:22:45.419684 23039 tablet_bootstrap.cc:492] T e701a63ea49444d49e094319cb8d2889 P 0ff36c89e67d4444af3b851cbabdef18: Bootstrap starting.
I20260710 13:22:45.405728 23120 consensus_queue.cc:1048] T 7dd74b7611204df09fd2b78752766c91 P e5b5a74c66b74b9f921b0789d3170b5b [LEADER]: Connected to new peer: Peer: permanent_uuid: "0ff36c89e67d4444af3b851cbabdef18" member_type: VOTER last_known_addr { host: "127.21.57.193" port: 34655 }, Status: LMP_MISMATCH, Last received: 0.0, Next index: 1, Last known committed idx: 0, Time since last communication: 0.016s
I20260710 13:22:45.413818 23095 consensus_queue.cc:1048] T 701744ae29774563a9758425df1ef241 P de562897c6bd48bfb698eaa7d4a27cb3 [LEADER]: Connected to new peer: Peer: permanent_uuid: "e5b5a74c66b74b9f921b0789d3170b5b" member_type: VOTER last_known_addr { host: "127.21.57.194" port: 38459 }, Status: LMP_MISMATCH, Last received: 0.0, Next index: 1, Last known committed idx: 0, Time since last communication: 0.008s
I20260710 13:22:45.423179 23038 tablet_bootstrap.cc:654] T 531a93d2336d4c08865e982b23c85917 P e5b5a74c66b74b9f921b0789d3170b5b: Neither blocks nor log segments found. Creating new log.
I20260710 13:22:45.415455 22848 raft_consensus.cc:2468] T b1ffc7417bb144b98da435443f423ed6 P 0ff36c89e67d4444af3b851cbabdef18 [term 1 FOLLOWER]: Leader election vote request: Granting yes vote for candidate e5b5a74c66b74b9f921b0789d3170b5b in term 1.
I20260710 13:22:45.395905 23088 raft_consensus.cc:493] T 02a510a22dd841a2aafab7d9c6d4df05 P de562897c6bd48bfb698eaa7d4a27cb3 [term 0 FOLLOWER]: Starting pre-election (no leader contacted us within the election timeout)
I20260710 13:22:45.427958 22995 tablet_service.cc:1917] Received RequestConsensusVote() RPC: tablet_id: "b1ffc7417bb144b98da435443f423ed6" candidate_uuid: "e5b5a74c66b74b9f921b0789d3170b5b" candidate_term: 1 candidate_status { last_received { term: 0 index: 0 } } ignore_live_leader: false dest_uuid: "de562897c6bd48bfb698eaa7d4a27cb3"
I20260710 13:22:45.439013 22995 raft_consensus.cc:3060] T b1ffc7417bb144b98da435443f423ed6 P de562897c6bd48bfb698eaa7d4a27cb3 [term 0 FOLLOWER]: Advancing to term 1
I20260710 13:22:45.434834 23088 raft_consensus.cc:515] T 02a510a22dd841a2aafab7d9c6d4df05 P de562897c6bd48bfb698eaa7d4a27cb3 [term 0 FOLLOWER]: Starting pre-election with config: opid_index: -1 OBSOLETE_local: false peers { permanent_uuid: "0ff36c89e67d4444af3b851cbabdef18" member_type: VOTER last_known_addr { host: "127.21.57.193" port: 34655 } } peers { permanent_uuid: "e5b5a74c66b74b9f921b0789d3170b5b" member_type: VOTER last_known_addr { host: "127.21.57.194" port: 38459 } } peers { permanent_uuid: "de562897c6bd48bfb698eaa7d4a27cb3" member_type: VOTER last_known_addr { host: "127.21.57.195" port: 46811 } }
I20260710 13:22:45.441138 23088 leader_election.cc:290] T 02a510a22dd841a2aafab7d9c6d4df05 P de562897c6bd48bfb698eaa7d4a27cb3 [CANDIDATE]: Term 1 pre-election: Requested pre-vote from peers 0ff36c89e67d4444af3b851cbabdef18 (127.21.57.193:34655), e5b5a74c66b74b9f921b0789d3170b5b (127.21.57.194:38459)
I20260710 13:22:45.442327 22848 tablet_service.cc:1917] Received RequestConsensusVote() RPC: tablet_id: "02a510a22dd841a2aafab7d9c6d4df05" candidate_uuid: "de562897c6bd48bfb698eaa7d4a27cb3" candidate_term: 1 candidate_status { last_received { term: 0 index: 0 } } ignore_live_leader: false dest_uuid: "0ff36c89e67d4444af3b851cbabdef18" is_pre_election: true
I20260710 13:22:45.442941 22921 tablet_service.cc:1917] Received RequestConsensusVote() RPC: tablet_id: "02a510a22dd841a2aafab7d9c6d4df05" candidate_uuid: "de562897c6bd48bfb698eaa7d4a27cb3" candidate_term: 1 candidate_status { last_received { term: 0 index: 0 } } ignore_live_leader: false dest_uuid: "e5b5a74c66b74b9f921b0789d3170b5b" is_pre_election: true
W20260710 13:22:45.444466 22962 leader_election.cc:343] T 02a510a22dd841a2aafab7d9c6d4df05 P de562897c6bd48bfb698eaa7d4a27cb3 [CANDIDATE]: Term 1 pre-election: Tablet error from VoteRequest() call to peer 0ff36c89e67d4444af3b851cbabdef18 (127.21.57.193:34655): Illegal state: must be running to vote when last-logged opid is not known
W20260710 13:22:45.445183 22962 leader_election.cc:343] T 02a510a22dd841a2aafab7d9c6d4df05 P de562897c6bd48bfb698eaa7d4a27cb3 [CANDIDATE]: Term 1 pre-election: Tablet error from VoteRequest() call to peer e5b5a74c66b74b9f921b0789d3170b5b (127.21.57.194:38459): Illegal state: must be running to vote when last-logged opid is not known
I20260710 13:22:45.445513 22962 leader_election.cc:304] T 02a510a22dd841a2aafab7d9c6d4df05 P de562897c6bd48bfb698eaa7d4a27cb3 [CANDIDATE]: Term 1 pre-election: Election decided. Result: candidate lost. Election summary: received 3 responses out of 3 voters: 1 yes votes; 2 no votes. yes voters: de562897c6bd48bfb698eaa7d4a27cb3; no voters: 0ff36c89e67d4444af3b851cbabdef18, e5b5a74c66b74b9f921b0789d3170b5b
I20260710 13:22:45.446130 23088 raft_consensus.cc:2749] T 02a510a22dd841a2aafab7d9c6d4df05 P de562897c6bd48bfb698eaa7d4a27cb3 [term 0 FOLLOWER]: Leader pre-election lost for term 1. Reason: could not achieve majority
I20260710 13:22:45.448508 23037 raft_consensus.cc:359] T b4fd65b8dd0a4945b2fe13efeef4baf5 P de562897c6bd48bfb698eaa7d4a27cb3 [term 0 FOLLOWER]: Replica starting. Triggering 0 pending ops. Active config: opid_index: -1 OBSOLETE_local: false peers { permanent_uuid: "0ff36c89e67d4444af3b851cbabdef18" member_type: VOTER last_known_addr { host: "127.21.57.193" port: 34655 } } peers { permanent_uuid: "e5b5a74c66b74b9f921b0789d3170b5b" member_type: VOTER last_known_addr { host: "127.21.57.194" port: 38459 } } peers { permanent_uuid: "de562897c6bd48bfb698eaa7d4a27cb3" member_type: VOTER last_known_addr { host: "127.21.57.195" port: 46811 } }
I20260710 13:22:45.449410 23037 raft_consensus.cc:385] T b4fd65b8dd0a4945b2fe13efeef4baf5 P de562897c6bd48bfb698eaa7d4a27cb3 [term 0 FOLLOWER]: Consensus starting up: Expiring failure detector timer to make a prompt election more likely
I20260710 13:22:45.449847 23037 raft_consensus.cc:740] T b4fd65b8dd0a4945b2fe13efeef4baf5 P de562897c6bd48bfb698eaa7d4a27cb3 [term 0 FOLLOWER]: Becoming Follower/Learner. State: Replica: de562897c6bd48bfb698eaa7d4a27cb3, State: Initialized, Role: FOLLOWER
I20260710 13:22:45.432710 23068 leader_election.cc:290] T b1ffc7417bb144b98da435443f423ed6 P e5b5a74c66b74b9f921b0789d3170b5b [CANDIDATE]: Term 1 election: Requested vote from peers 0ff36c89e67d4444af3b851cbabdef18 (127.21.57.193:34655), de562897c6bd48bfb698eaa7d4a27cb3 (127.21.57.195:46811)
I20260710 13:22:45.450929 22888 leader_election.cc:304] T b1ffc7417bb144b98da435443f423ed6 P e5b5a74c66b74b9f921b0789d3170b5b [CANDIDATE]: Term 1 election: Election decided. Result: candidate won. Election summary: received 2 responses out of 3 voters: 2 yes votes; 0 no votes. yes voters: 0ff36c89e67d4444af3b851cbabdef18, e5b5a74c66b74b9f921b0789d3170b5b; no voters: 
I20260710 13:22:45.447805 22746 catalog_manager.cc:5697] T ab7484d57127440c81f2f43388599f81 P 0ff36c89e67d4444af3b851cbabdef18 reported cstate change: term changed from 0 to 1, leader changed from <none> to 0ff36c89e67d4444af3b851cbabdef18 (127.21.57.193). New cstate: current_term: 1 leader_uuid: "0ff36c89e67d4444af3b851cbabdef18" committed_config { opid_index: -1 OBSOLETE_local: false peers { permanent_uuid: "0ff36c89e67d4444af3b851cbabdef18" member_type: VOTER last_known_addr { host: "127.21.57.193" port: 34655 } health_report { overall_health: HEALTHY } } peers { permanent_uuid: "e5b5a74c66b74b9f921b0789d3170b5b" member_type: VOTER last_known_addr { host: "127.21.57.194" port: 38459 } health_report { overall_health: UNKNOWN } } peers { permanent_uuid: "de562897c6bd48bfb698eaa7d4a27cb3" member_type: VOTER last_known_addr { host: "127.21.57.195" port: 46811 } health_report { overall_health: UNKNOWN } } }
I20260710 13:22:45.453922 23037 consensus_queue.cc:260] T b4fd65b8dd0a4945b2fe13efeef4baf5 P de562897c6bd48bfb698eaa7d4a27cb3 [NON_LEADER]: Queue going to NON_LEADER mode. State: All replicated index: 0, Majority replicated index: 0, Committed index: 0, Last appended: 0.0, Last appended by leader: 0, Current term: 0, Majority size: -1, State: 0, Mode: NON_LEADER, active raft config: opid_index: -1 OBSOLETE_local: false peers { permanent_uuid: "0ff36c89e67d4444af3b851cbabdef18" member_type: VOTER last_known_addr { host: "127.21.57.193" port: 34655 } } peers { permanent_uuid: "e5b5a74c66b74b9f921b0789d3170b5b" member_type: VOTER last_known_addr { host: "127.21.57.194" port: 38459 } } peers { permanent_uuid: "de562897c6bd48bfb698eaa7d4a27cb3" member_type: VOTER last_known_addr { host: "127.21.57.195" port: 46811 } }
I20260710 13:22:45.465301 23037 ts_tablet_manager.cc:1434] T b4fd65b8dd0a4945b2fe13efeef4baf5 P de562897c6bd48bfb698eaa7d4a27cb3: Time spent starting tablet: real 0.076s	user 0.015s	sys 0.001s
I20260710 13:22:45.466606 23037 tablet_bootstrap.cc:492] T 531a93d2336d4c08865e982b23c85917 P de562897c6bd48bfb698eaa7d4a27cb3: Bootstrap starting.
I20260710 13:22:45.455806 23050 consensus_queue.cc:1048] T b8e64dbd118e499ea01122b2fa94fee7 P 0ff36c89e67d4444af3b851cbabdef18 [LEADER]: Connected to new peer: Peer: permanent_uuid: "de562897c6bd48bfb698eaa7d4a27cb3" member_type: VOTER last_known_addr { host: "127.21.57.195" port: 46811 }, Status: LMP_MISMATCH, Last received: 0.0, Next index: 1, Last known committed idx: 0, Time since last communication: 0.021s
I20260710 13:22:45.498518 23120 raft_consensus.cc:2804] T b1ffc7417bb144b98da435443f423ed6 P e5b5a74c66b74b9f921b0789d3170b5b [term 1 FOLLOWER]: Leader election won for term 1
I20260710 13:22:45.500133 23068 raft_consensus.cc:493] T 8288309ea6024934be0e410ee89923bf P e5b5a74c66b74b9f921b0789d3170b5b [term 0 FOLLOWER]: Starting pre-election (no leader contacted us within the election timeout)
I20260710 13:22:45.500737 23120 raft_consensus.cc:697] T b1ffc7417bb144b98da435443f423ed6 P e5b5a74c66b74b9f921b0789d3170b5b [term 1 LEADER]: Becoming Leader. State: Replica: e5b5a74c66b74b9f921b0789d3170b5b, State: Running, Role: LEADER
I20260710 13:22:45.501276 23068 raft_consensus.cc:515] T 8288309ea6024934be0e410ee89923bf P e5b5a74c66b74b9f921b0789d3170b5b [term 0 FOLLOWER]: Starting pre-election with config: opid_index: -1 OBSOLETE_local: false peers { permanent_uuid: "0ff36c89e67d4444af3b851cbabdef18" member_type: VOTER last_known_addr { host: "127.21.57.193" port: 34655 } } peers { permanent_uuid: "e5b5a74c66b74b9f921b0789d3170b5b" member_type: VOTER last_known_addr { host: "127.21.57.194" port: 38459 } } peers { permanent_uuid: "de562897c6bd48bfb698eaa7d4a27cb3" member_type: VOTER last_known_addr { host: "127.21.57.195" port: 46811 } }
I20260710 13:22:45.506806 23120 consensus_queue.cc:237] T b1ffc7417bb144b98da435443f423ed6 P e5b5a74c66b74b9f921b0789d3170b5b [LEADER]: Queue going to LEADER mode. State: All replicated index: 0, Majority replicated index: 0, Committed index: 0, Last appended: 0.0, Last appended by leader: 0, Current term: 1, Majority size: 2, State: 0, Mode: LEADER, active raft config: opid_index: -1 OBSOLETE_local: false peers { permanent_uuid: "0ff36c89e67d4444af3b851cbabdef18" member_type: VOTER last_known_addr { host: "127.21.57.193" port: 34655 } } peers { permanent_uuid: "e5b5a74c66b74b9f921b0789d3170b5b" member_type: VOTER last_known_addr { host: "127.21.57.194" port: 38459 } } peers { permanent_uuid: "de562897c6bd48bfb698eaa7d4a27cb3" member_type: VOTER last_known_addr { host: "127.21.57.195" port: 46811 } }
I20260710 13:22:45.509979 23088 consensus_queue.cc:1048] T 701744ae29774563a9758425df1ef241 P de562897c6bd48bfb698eaa7d4a27cb3 [LEADER]: Connected to new peer: Peer: permanent_uuid: "0ff36c89e67d4444af3b851cbabdef18" member_type: VOTER last_known_addr { host: "127.21.57.193" port: 34655 }, Status: LMP_MISMATCH, Last received: 0.0, Next index: 1, Last known committed idx: 0, Time since last communication: 0.001s
I20260710 13:22:45.510694 23068 leader_election.cc:290] T 8288309ea6024934be0e410ee89923bf P e5b5a74c66b74b9f921b0789d3170b5b [CANDIDATE]: Term 1 pre-election: Requested pre-vote from peers 0ff36c89e67d4444af3b851cbabdef18 (127.21.57.193:34655), de562897c6bd48bfb698eaa7d4a27cb3 (127.21.57.195:46811)
I20260710 13:22:45.519246 22995 raft_consensus.cc:2468] T b1ffc7417bb144b98da435443f423ed6 P de562897c6bd48bfb698eaa7d4a27cb3 [term 1 FOLLOWER]: Leader election vote request: Granting yes vote for candidate e5b5a74c66b74b9f921b0789d3170b5b in term 1.
I20260710 13:22:45.521216 23050 raft_consensus.cc:493] T 531a93d2336d4c08865e982b23c85917 P 0ff36c89e67d4444af3b851cbabdef18 [term 0 FOLLOWER]: Starting pre-election (no leader contacted us within the election timeout)
I20260710 13:22:45.522612 23039 tablet_bootstrap.cc:654] T e701a63ea49444d49e094319cb8d2889 P 0ff36c89e67d4444af3b851cbabdef18: Neither blocks nor log segments found. Creating new log.
I20260710 13:22:45.521912 23050 raft_consensus.cc:515] T 531a93d2336d4c08865e982b23c85917 P 0ff36c89e67d4444af3b851cbabdef18 [term 0 FOLLOWER]: Starting pre-election with config: opid_index: -1 OBSOLETE_local: false peers { permanent_uuid: "0ff36c89e67d4444af3b851cbabdef18" member_type: VOTER last_known_addr { host: "127.21.57.193" port: 34655 } } peers { permanent_uuid: "e5b5a74c66b74b9f921b0789d3170b5b" member_type: VOTER last_known_addr { host: "127.21.57.194" port: 38459 } } peers { permanent_uuid: "de562897c6bd48bfb698eaa7d4a27cb3" member_type: VOTER last_known_addr { host: "127.21.57.195" port: 46811 } }
I20260710 13:22:45.531556 23050 leader_election.cc:290] T 531a93d2336d4c08865e982b23c85917 P 0ff36c89e67d4444af3b851cbabdef18 [CANDIDATE]: Term 1 pre-election: Requested pre-vote from peers e5b5a74c66b74b9f921b0789d3170b5b (127.21.57.194:38459), de562897c6bd48bfb698eaa7d4a27cb3 (127.21.57.195:46811)
I20260710 13:22:45.521885 22746 catalog_manager.cc:5697] T 49f0a5b280b94d55a9a595fc1bb7b4aa P 0ff36c89e67d4444af3b851cbabdef18 reported cstate change: term changed from 0 to 1, leader changed from <none> to 0ff36c89e67d4444af3b851cbabdef18 (127.21.57.193). New cstate: current_term: 1 leader_uuid: "0ff36c89e67d4444af3b851cbabdef18" committed_config { opid_index: -1 OBSOLETE_local: false peers { permanent_uuid: "0ff36c89e67d4444af3b851cbabdef18" member_type: VOTER last_known_addr { host: "127.21.57.193" port: 34655 } health_report { overall_health: HEALTHY } } peers { permanent_uuid: "e5b5a74c66b74b9f921b0789d3170b5b" member_type: VOTER last_known_addr { host: "127.21.57.194" port: 38459 } health_report { overall_health: UNKNOWN } } peers { permanent_uuid: "de562897c6bd48bfb698eaa7d4a27cb3" member_type: VOTER last_known_addr { host: "127.21.57.195" port: 46811 } health_report { overall_health: UNKNOWN } } }
I20260710 13:22:45.527258 23095 consensus_queue.cc:1048] T bbd073429d9b475698d07b1bbb0bd4e8 P de562897c6bd48bfb698eaa7d4a27cb3 [LEADER]: Connected to new peer: Peer: permanent_uuid: "0ff36c89e67d4444af3b851cbabdef18" member_type: VOTER last_known_addr { host: "127.21.57.193" port: 34655 }, Status: LMP_MISMATCH, Last received: 0.0, Next index: 1, Last known committed idx: 0, Time since last communication: 0.000s
I20260710 13:22:45.534093 23088 consensus_queue.cc:1048] T bbd073429d9b475698d07b1bbb0bd4e8 P de562897c6bd48bfb698eaa7d4a27cb3 [LEADER]: Connected to new peer: Peer: permanent_uuid: "e5b5a74c66b74b9f921b0789d3170b5b" member_type: VOTER last_known_addr { host: "127.21.57.194" port: 38459 }, Status: LMP_MISMATCH, Last received: 0.0, Next index: 1, Last known committed idx: 0, Time since last communication: 0.000s
I20260710 13:22:45.534171 22923 tablet_service.cc:1917] Received RequestConsensusVote() RPC: tablet_id: "531a93d2336d4c08865e982b23c85917" candidate_uuid: "0ff36c89e67d4444af3b851cbabdef18" candidate_term: 1 candidate_status { last_received { term: 0 index: 0 } } ignore_live_leader: false dest_uuid: "e5b5a74c66b74b9f921b0789d3170b5b" is_pre_election: true
I20260710 13:22:45.536538 22847 tablet_service.cc:1917] Received RequestConsensusVote() RPC: tablet_id: "8288309ea6024934be0e410ee89923bf" candidate_uuid: "e5b5a74c66b74b9f921b0789d3170b5b" candidate_term: 1 candidate_status { last_received { term: 0 index: 0 } } ignore_live_leader: false dest_uuid: "0ff36c89e67d4444af3b851cbabdef18" is_pre_election: true
W20260710 13:22:45.537534 22813 leader_election.cc:343] T 531a93d2336d4c08865e982b23c85917 P 0ff36c89e67d4444af3b851cbabdef18 [CANDIDATE]: Term 1 pre-election: Tablet error from VoteRequest() call to peer e5b5a74c66b74b9f921b0789d3170b5b (127.21.57.194:38459): Illegal state: must be running to vote when last-logged opid is not known
I20260710 13:22:45.538532 22995 tablet_service.cc:1917] Received RequestConsensusVote() RPC: tablet_id: "531a93d2336d4c08865e982b23c85917" candidate_uuid: "0ff36c89e67d4444af3b851cbabdef18" candidate_term: 1 candidate_status { last_received { term: 0 index: 0 } } ignore_live_leader: false dest_uuid: "de562897c6bd48bfb698eaa7d4a27cb3" is_pre_election: true
I20260710 13:22:45.533413 23037 tablet_bootstrap.cc:654] T 531a93d2336d4c08865e982b23c85917 P de562897c6bd48bfb698eaa7d4a27cb3: Neither blocks nor log segments found. Creating new log.
W20260710 13:22:45.557688 22813 leader_election.cc:343] T 531a93d2336d4c08865e982b23c85917 P 0ff36c89e67d4444af3b851cbabdef18 [CANDIDATE]: Term 1 pre-election: Tablet error from VoteRequest() call to peer de562897c6bd48bfb698eaa7d4a27cb3 (127.21.57.195:46811): Illegal state: must be running to vote when last-logged opid is not known
I20260710 13:22:45.558020 22995 tablet_service.cc:1917] Received RequestConsensusVote() RPC: tablet_id: "8288309ea6024934be0e410ee89923bf" candidate_uuid: "e5b5a74c66b74b9f921b0789d3170b5b" candidate_term: 1 candidate_status { last_received { term: 0 index: 0 } } ignore_live_leader: false dest_uuid: "de562897c6bd48bfb698eaa7d4a27cb3" is_pre_election: true
I20260710 13:22:45.558228 22813 leader_election.cc:304] T 531a93d2336d4c08865e982b23c85917 P 0ff36c89e67d4444af3b851cbabdef18 [CANDIDATE]: Term 1 pre-election: Election decided. Result: candidate lost. Election summary: received 3 responses out of 3 voters: 1 yes votes; 2 no votes. yes voters: 0ff36c89e67d4444af3b851cbabdef18; no voters: de562897c6bd48bfb698eaa7d4a27cb3, e5b5a74c66b74b9f921b0789d3170b5b
I20260710 13:22:45.559075 23112 raft_consensus.cc:2749] T 531a93d2336d4c08865e982b23c85917 P 0ff36c89e67d4444af3b851cbabdef18 [term 0 FOLLOWER]: Leader pre-election lost for term 1. Reason: could not achieve majority
W20260710 13:22:45.564901 22888 leader_election.cc:343] T 8288309ea6024934be0e410ee89923bf P e5b5a74c66b74b9f921b0789d3170b5b [CANDIDATE]: Term 1 pre-election: Tablet error from VoteRequest() call to peer de562897c6bd48bfb698eaa7d4a27cb3 (127.21.57.195:46811): Illegal state: must be running to vote when last-logged opid is not known
W20260710 13:22:45.565647 22888 leader_election.cc:343] T 8288309ea6024934be0e410ee89923bf P e5b5a74c66b74b9f921b0789d3170b5b [CANDIDATE]: Term 1 pre-election: Tablet error from VoteRequest() call to peer 0ff36c89e67d4444af3b851cbabdef18 (127.21.57.193:34655): Illegal state: must be running to vote when last-logged opid is not known
I20260710 13:22:45.566072 22888 leader_election.cc:304] T 8288309ea6024934be0e410ee89923bf P e5b5a74c66b74b9f921b0789d3170b5b [CANDIDATE]: Term 1 pre-election: Election decided. Result: candidate lost. Election summary: received 3 responses out of 3 voters: 1 yes votes; 2 no votes. yes voters: e5b5a74c66b74b9f921b0789d3170b5b; no voters: 0ff36c89e67d4444af3b851cbabdef18, de562897c6bd48bfb698eaa7d4a27cb3
I20260710 13:22:45.566949 23129 raft_consensus.cc:2749] T 8288309ea6024934be0e410ee89923bf P e5b5a74c66b74b9f921b0789d3170b5b [term 0 FOLLOWER]: Leader pre-election lost for term 1. Reason: could not achieve majority
I20260710 13:22:45.617096 23120 consensus_queue.cc:1048] T e701a63ea49444d49e094319cb8d2889 P e5b5a74c66b74b9f921b0789d3170b5b [LEADER]: Connected to new peer: Peer: permanent_uuid: "de562897c6bd48bfb698eaa7d4a27cb3" member_type: VOTER last_known_addr { host: "127.21.57.195" port: 46811 }, Status: LMP_MISMATCH, Last received: 0.0, Next index: 1, Last known committed idx: 0, Time since last communication: 0.000s
I20260710 13:22:45.618878 23038 tablet_bootstrap.cc:492] T 531a93d2336d4c08865e982b23c85917 P e5b5a74c66b74b9f921b0789d3170b5b: No bootstrap required, opened a new log
I20260710 13:22:45.619645 23038 ts_tablet_manager.cc:1403] T 531a93d2336d4c08865e982b23c85917 P e5b5a74c66b74b9f921b0789d3170b5b: Time spent bootstrapping tablet: real 0.315s	user 0.047s	sys 0.029s
I20260710 13:22:45.622977 23038 raft_consensus.cc:359] T 531a93d2336d4c08865e982b23c85917 P e5b5a74c66b74b9f921b0789d3170b5b [term 0 FOLLOWER]: Replica starting. Triggering 0 pending ops. Active config: opid_index: -1 OBSOLETE_local: false peers { permanent_uuid: "0ff36c89e67d4444af3b851cbabdef18" member_type: VOTER last_known_addr { host: "127.21.57.193" port: 34655 } } peers { permanent_uuid: "e5b5a74c66b74b9f921b0789d3170b5b" member_type: VOTER last_known_addr { host: "127.21.57.194" port: 38459 } } peers { permanent_uuid: "de562897c6bd48bfb698eaa7d4a27cb3" member_type: VOTER last_known_addr { host: "127.21.57.195" port: 46811 } }
I20260710 13:22:45.623878 23038 raft_consensus.cc:385] T 531a93d2336d4c08865e982b23c85917 P e5b5a74c66b74b9f921b0789d3170b5b [term 0 FOLLOWER]: Consensus starting up: Expiring failure detector timer to make a prompt election more likely
I20260710 13:22:45.624258 23038 raft_consensus.cc:740] T 531a93d2336d4c08865e982b23c85917 P e5b5a74c66b74b9f921b0789d3170b5b [term 0 FOLLOWER]: Becoming Follower/Learner. State: Replica: e5b5a74c66b74b9f921b0789d3170b5b, State: Initialized, Role: FOLLOWER
I20260710 13:22:45.626521 23038 consensus_queue.cc:260] T 531a93d2336d4c08865e982b23c85917 P e5b5a74c66b74b9f921b0789d3170b5b [NON_LEADER]: Queue going to NON_LEADER mode. State: All replicated index: 0, Majority replicated index: 0, Committed index: 0, Last appended: 0.0, Last appended by leader: 0, Current term: 0, Majority size: -1, State: 0, Mode: NON_LEADER, active raft config: opid_index: -1 OBSOLETE_local: false peers { permanent_uuid: "0ff36c89e67d4444af3b851cbabdef18" member_type: VOTER last_known_addr { host: "127.21.57.193" port: 34655 } } peers { permanent_uuid: "e5b5a74c66b74b9f921b0789d3170b5b" member_type: VOTER last_known_addr { host: "127.21.57.194" port: 38459 } } peers { permanent_uuid: "de562897c6bd48bfb698eaa7d4a27cb3" member_type: VOTER last_known_addr { host: "127.21.57.195" port: 46811 } }
I20260710 13:22:45.629166 23038 ts_tablet_manager.cc:1434] T 531a93d2336d4c08865e982b23c85917 P e5b5a74c66b74b9f921b0789d3170b5b: Time spent starting tablet: real 0.009s	user 0.006s	sys 0.000s
I20260710 13:22:45.630259 23038 tablet_bootstrap.cc:492] T cd30bdddd40840e0bc51196239b67b70 P e5b5a74c66b74b9f921b0789d3170b5b: Bootstrap starting.
I20260710 13:22:45.637423 23038 tablet_bootstrap.cc:654] T cd30bdddd40840e0bc51196239b67b70 P e5b5a74c66b74b9f921b0789d3170b5b: Neither blocks nor log segments found. Creating new log.
I20260710 13:22:45.637737 23037 tablet_bootstrap.cc:492] T 531a93d2336d4c08865e982b23c85917 P de562897c6bd48bfb698eaa7d4a27cb3: No bootstrap required, opened a new log
I20260710 13:22:45.638438 23037 ts_tablet_manager.cc:1403] T 531a93d2336d4c08865e982b23c85917 P de562897c6bd48bfb698eaa7d4a27cb3: Time spent bootstrapping tablet: real 0.172s	user 0.013s	sys 0.001s
I20260710 13:22:45.644698 23037 raft_consensus.cc:359] T 531a93d2336d4c08865e982b23c85917 P de562897c6bd48bfb698eaa7d4a27cb3 [term 0 FOLLOWER]: Replica starting. Triggering 0 pending ops. Active config: opid_index: -1 OBSOLETE_local: false peers { permanent_uuid: "0ff36c89e67d4444af3b851cbabdef18" member_type: VOTER last_known_addr { host: "127.21.57.193" port: 34655 } } peers { permanent_uuid: "e5b5a74c66b74b9f921b0789d3170b5b" member_type: VOTER last_known_addr { host: "127.21.57.194" port: 38459 } } peers { permanent_uuid: "de562897c6bd48bfb698eaa7d4a27cb3" member_type: VOTER last_known_addr { host: "127.21.57.195" port: 46811 } }
I20260710 13:22:45.645666 23037 raft_consensus.cc:385] T 531a93d2336d4c08865e982b23c85917 P de562897c6bd48bfb698eaa7d4a27cb3 [term 0 FOLLOWER]: Consensus starting up: Expiring failure detector timer to make a prompt election more likely
I20260710 13:22:45.646041 23037 raft_consensus.cc:740] T 531a93d2336d4c08865e982b23c85917 P de562897c6bd48bfb698eaa7d4a27cb3 [term 0 FOLLOWER]: Becoming Follower/Learner. State: Replica: de562897c6bd48bfb698eaa7d4a27cb3, State: Initialized, Role: FOLLOWER
I20260710 13:22:45.649567 23038 tablet_bootstrap.cc:492] T cd30bdddd40840e0bc51196239b67b70 P e5b5a74c66b74b9f921b0789d3170b5b: No bootstrap required, opened a new log
I20260710 13:22:45.650197 23038 ts_tablet_manager.cc:1403] T cd30bdddd40840e0bc51196239b67b70 P e5b5a74c66b74b9f921b0789d3170b5b: Time spent bootstrapping tablet: real 0.020s	user 0.018s	sys 0.000s
I20260710 13:22:45.653540 23038 raft_consensus.cc:359] T cd30bdddd40840e0bc51196239b67b70 P e5b5a74c66b74b9f921b0789d3170b5b [term 0 FOLLOWER]: Replica starting. Triggering 0 pending ops. Active config: opid_index: -1 OBSOLETE_local: false peers { permanent_uuid: "0ff36c89e67d4444af3b851cbabdef18" member_type: VOTER last_known_addr { host: "127.21.57.193" port: 34655 } } peers { permanent_uuid: "e5b5a74c66b74b9f921b0789d3170b5b" member_type: VOTER last_known_addr { host: "127.21.57.194" port: 38459 } } peers { permanent_uuid: "de562897c6bd48bfb698eaa7d4a27cb3" member_type: VOTER last_known_addr { host: "127.21.57.195" port: 46811 } }
I20260710 13:22:45.654618 23038 raft_consensus.cc:385] T cd30bdddd40840e0bc51196239b67b70 P e5b5a74c66b74b9f921b0789d3170b5b [term 0 FOLLOWER]: Consensus starting up: Expiring failure detector timer to make a prompt election more likely
I20260710 13:22:45.654991 23038 raft_consensus.cc:740] T cd30bdddd40840e0bc51196239b67b70 P e5b5a74c66b74b9f921b0789d3170b5b [term 0 FOLLOWER]: Becoming Follower/Learner. State: Replica: e5b5a74c66b74b9f921b0789d3170b5b, State: Initialized, Role: FOLLOWER
I20260710 13:22:45.655987 23038 consensus_queue.cc:260] T cd30bdddd40840e0bc51196239b67b70 P e5b5a74c66b74b9f921b0789d3170b5b [NON_LEADER]: Queue going to NON_LEADER mode. State: All replicated index: 0, Majority replicated index: 0, Committed index: 0, Last appended: 0.0, Last appended by leader: 0, Current term: 0, Majority size: -1, State: 0, Mode: NON_LEADER, active raft config: opid_index: -1 OBSOLETE_local: false peers { permanent_uuid: "0ff36c89e67d4444af3b851cbabdef18" member_type: VOTER last_known_addr { host: "127.21.57.193" port: 34655 } } peers { permanent_uuid: "e5b5a74c66b74b9f921b0789d3170b5b" member_type: VOTER last_known_addr { host: "127.21.57.194" port: 38459 } } peers { permanent_uuid: "de562897c6bd48bfb698eaa7d4a27cb3" member_type: VOTER last_known_addr { host: "127.21.57.195" port: 46811 } }
I20260710 13:22:45.658939 23038 ts_tablet_manager.cc:1434] T cd30bdddd40840e0bc51196239b67b70 P e5b5a74c66b74b9f921b0789d3170b5b: Time spent starting tablet: real 0.008s	user 0.006s	sys 0.000s
I20260710 13:22:45.660140 23038 tablet_bootstrap.cc:492] T 02a510a22dd841a2aafab7d9c6d4df05 P e5b5a74c66b74b9f921b0789d3170b5b: Bootstrap starting.
I20260710 13:22:45.667155 23038 tablet_bootstrap.cc:654] T 02a510a22dd841a2aafab7d9c6d4df05 P e5b5a74c66b74b9f921b0789d3170b5b: Neither blocks nor log segments found. Creating new log.
I20260710 13:22:45.667373 23039 tablet_bootstrap.cc:492] T e701a63ea49444d49e094319cb8d2889 P 0ff36c89e67d4444af3b851cbabdef18: No bootstrap required, opened a new log
I20260710 13:22:45.667829 23039 ts_tablet_manager.cc:1403] T e701a63ea49444d49e094319cb8d2889 P 0ff36c89e67d4444af3b851cbabdef18: Time spent bootstrapping tablet: real 0.248s	user 0.022s	sys 0.007s
I20260710 13:22:45.670570 23039 raft_consensus.cc:359] T e701a63ea49444d49e094319cb8d2889 P 0ff36c89e67d4444af3b851cbabdef18 [term 0 FOLLOWER]: Replica starting. Triggering 0 pending ops. Active config: opid_index: -1 OBSOLETE_local: false peers { permanent_uuid: "0ff36c89e67d4444af3b851cbabdef18" member_type: VOTER last_known_addr { host: "127.21.57.193" port: 34655 } } peers { permanent_uuid: "e5b5a74c66b74b9f921b0789d3170b5b" member_type: VOTER last_known_addr { host: "127.21.57.194" port: 38459 } } peers { permanent_uuid: "de562897c6bd48bfb698eaa7d4a27cb3" member_type: VOTER last_known_addr { host: "127.21.57.195" port: 46811 } }
I20260710 13:22:45.669474 23037 consensus_queue.cc:260] T 531a93d2336d4c08865e982b23c85917 P de562897c6bd48bfb698eaa7d4a27cb3 [NON_LEADER]: Queue going to NON_LEADER mode. State: All replicated index: 0, Majority replicated index: 0, Committed index: 0, Last appended: 0.0, Last appended by leader: 0, Current term: 0, Majority size: -1, State: 0, Mode: NON_LEADER, active raft config: opid_index: -1 OBSOLETE_local: false peers { permanent_uuid: "0ff36c89e67d4444af3b851cbabdef18" member_type: VOTER last_known_addr { host: "127.21.57.193" port: 34655 } } peers { permanent_uuid: "e5b5a74c66b74b9f921b0789d3170b5b" member_type: VOTER last_known_addr { host: "127.21.57.194" port: 38459 } } peers { permanent_uuid: "de562897c6bd48bfb698eaa7d4a27cb3" member_type: VOTER last_known_addr { host: "127.21.57.195" port: 46811 } }
I20260710 13:22:45.671948 23039 raft_consensus.cc:385] T e701a63ea49444d49e094319cb8d2889 P 0ff36c89e67d4444af3b851cbabdef18 [term 0 FOLLOWER]: Consensus starting up: Expiring failure detector timer to make a prompt election more likely
I20260710 13:22:45.672710 23039 raft_consensus.cc:740] T e701a63ea49444d49e094319cb8d2889 P 0ff36c89e67d4444af3b851cbabdef18 [term 0 FOLLOWER]: Becoming Follower/Learner. State: Replica: 0ff36c89e67d4444af3b851cbabdef18, State: Initialized, Role: FOLLOWER
I20260710 13:22:45.673494 23039 consensus_queue.cc:260] T e701a63ea49444d49e094319cb8d2889 P 0ff36c89e67d4444af3b851cbabdef18 [NON_LEADER]: Queue going to NON_LEADER mode. State: All replicated index: 0, Majority replicated index: 0, Committed index: 0, Last appended: 0.0, Last appended by leader: 0, Current term: 0, Majority size: -1, State: 0, Mode: NON_LEADER, active raft config: opid_index: -1 OBSOLETE_local: false peers { permanent_uuid: "0ff36c89e67d4444af3b851cbabdef18" member_type: VOTER last_known_addr { host: "127.21.57.193" port: 34655 } } peers { permanent_uuid: "e5b5a74c66b74b9f921b0789d3170b5b" member_type: VOTER last_known_addr { host: "127.21.57.194" port: 38459 } } peers { permanent_uuid: "de562897c6bd48bfb698eaa7d4a27cb3" member_type: VOTER last_known_addr { host: "127.21.57.195" port: 46811 } }
W20260710 13:22:45.680478 22888 consensus_peers.cc:597] T e701a63ea49444d49e094319cb8d2889 P e5b5a74c66b74b9f921b0789d3170b5b -> Peer 0ff36c89e67d4444af3b851cbabdef18 (127.21.57.193:34655): Couldn't send request to peer 0ff36c89e67d4444af3b851cbabdef18. Error code: TABLET_NOT_RUNNING (12). Status: Illegal state: Tablet not RUNNING: BOOTSTRAPPING. This is attempt 1: this message will repeat every 5th retry.
I20260710 13:22:45.681015 23044 raft_consensus.cc:493] T cd30bdddd40840e0bc51196239b67b70 P e5b5a74c66b74b9f921b0789d3170b5b [term 0 FOLLOWER]: Starting pre-election (no leader contacted us within the election timeout)
I20260710 13:22:45.681559 23044 raft_consensus.cc:515] T cd30bdddd40840e0bc51196239b67b70 P e5b5a74c66b74b9f921b0789d3170b5b [term 0 FOLLOWER]: Starting pre-election with config: opid_index: -1 OBSOLETE_local: false peers { permanent_uuid: "0ff36c89e67d4444af3b851cbabdef18" member_type: VOTER last_known_addr { host: "127.21.57.193" port: 34655 } } peers { permanent_uuid: "e5b5a74c66b74b9f921b0789d3170b5b" member_type: VOTER last_known_addr { host: "127.21.57.194" port: 38459 } } peers { permanent_uuid: "de562897c6bd48bfb698eaa7d4a27cb3" member_type: VOTER last_known_addr { host: "127.21.57.195" port: 46811 } }
I20260710 13:22:45.671897 22746 catalog_manager.cc:5697] T b1ffc7417bb144b98da435443f423ed6 P e5b5a74c66b74b9f921b0789d3170b5b reported cstate change: term changed from 0 to 1, leader changed from <none> to e5b5a74c66b74b9f921b0789d3170b5b (127.21.57.194). New cstate: current_term: 1 leader_uuid: "e5b5a74c66b74b9f921b0789d3170b5b" committed_config { opid_index: -1 OBSOLETE_local: false peers { permanent_uuid: "0ff36c89e67d4444af3b851cbabdef18" member_type: VOTER last_known_addr { host: "127.21.57.193" port: 34655 } health_report { overall_health: UNKNOWN } } peers { permanent_uuid: "e5b5a74c66b74b9f921b0789d3170b5b" member_type: VOTER last_known_addr { host: "127.21.57.194" port: 38459 } health_report { overall_health: HEALTHY } } peers { permanent_uuid: "de562897c6bd48bfb698eaa7d4a27cb3" member_type: VOTER last_known_addr { host: "127.21.57.195" port: 46811 } health_report { overall_health: UNKNOWN } } }
I20260710 13:22:45.683764 23044 leader_election.cc:290] T cd30bdddd40840e0bc51196239b67b70 P e5b5a74c66b74b9f921b0789d3170b5b [CANDIDATE]: Term 1 pre-election: Requested pre-vote from peers 0ff36c89e67d4444af3b851cbabdef18 (127.21.57.193:34655), de562897c6bd48bfb698eaa7d4a27cb3 (127.21.57.195:46811)
I20260710 13:22:45.684505 23039 ts_tablet_manager.cc:1434] T e701a63ea49444d49e094319cb8d2889 P 0ff36c89e67d4444af3b851cbabdef18: Time spent starting tablet: real 0.016s	user 0.007s	sys 0.000s
I20260710 13:22:45.687357 23038 tablet_bootstrap.cc:492] T 02a510a22dd841a2aafab7d9c6d4df05 P e5b5a74c66b74b9f921b0789d3170b5b: No bootstrap required, opened a new log
I20260710 13:22:45.687649 23039 tablet_bootstrap.cc:492] T 32b891b266d64d70bc9ab0fae311e5de P 0ff36c89e67d4444af3b851cbabdef18: Bootstrap starting.
I20260710 13:22:45.687788 23038 ts_tablet_manager.cc:1403] T 02a510a22dd841a2aafab7d9c6d4df05 P e5b5a74c66b74b9f921b0789d3170b5b: Time spent bootstrapping tablet: real 0.028s	user 0.014s	sys 0.002s
I20260710 13:22:45.684988 23095 raft_consensus.cc:493] T 531a93d2336d4c08865e982b23c85917 P de562897c6bd48bfb698eaa7d4a27cb3 [term 0 FOLLOWER]: Starting pre-election (no leader contacted us within the election timeout)
I20260710 13:22:45.688419 23095 raft_consensus.cc:515] T 531a93d2336d4c08865e982b23c85917 P de562897c6bd48bfb698eaa7d4a27cb3 [term 0 FOLLOWER]: Starting pre-election with config: opid_index: -1 OBSOLETE_local: false peers { permanent_uuid: "0ff36c89e67d4444af3b851cbabdef18" member_type: VOTER last_known_addr { host: "127.21.57.193" port: 34655 } } peers { permanent_uuid: "e5b5a74c66b74b9f921b0789d3170b5b" member_type: VOTER last_known_addr { host: "127.21.57.194" port: 38459 } } peers { permanent_uuid: "de562897c6bd48bfb698eaa7d4a27cb3" member_type: VOTER last_known_addr { host: "127.21.57.195" port: 46811 } }
I20260710 13:22:45.690632 23038 raft_consensus.cc:359] T 02a510a22dd841a2aafab7d9c6d4df05 P e5b5a74c66b74b9f921b0789d3170b5b [term 0 FOLLOWER]: Replica starting. Triggering 0 pending ops. Active config: opid_index: -1 OBSOLETE_local: false peers { permanent_uuid: "0ff36c89e67d4444af3b851cbabdef18" member_type: VOTER last_known_addr { host: "127.21.57.193" port: 34655 } } peers { permanent_uuid: "e5b5a74c66b74b9f921b0789d3170b5b" member_type: VOTER last_known_addr { host: "127.21.57.194" port: 38459 } } peers { permanent_uuid: "de562897c6bd48bfb698eaa7d4a27cb3" member_type: VOTER last_known_addr { host: "127.21.57.195" port: 46811 } }
I20260710 13:22:45.691360 23038 raft_consensus.cc:385] T 02a510a22dd841a2aafab7d9c6d4df05 P e5b5a74c66b74b9f921b0789d3170b5b [term 0 FOLLOWER]: Consensus starting up: Expiring failure detector timer to make a prompt election more likely
I20260710 13:22:45.691623 23038 raft_consensus.cc:740] T 02a510a22dd841a2aafab7d9c6d4df05 P e5b5a74c66b74b9f921b0789d3170b5b [term 0 FOLLOWER]: Becoming Follower/Learner. State: Replica: e5b5a74c66b74b9f921b0789d3170b5b, State: Initialized, Role: FOLLOWER
I20260710 13:22:45.692348 23038 consensus_queue.cc:260] T 02a510a22dd841a2aafab7d9c6d4df05 P e5b5a74c66b74b9f921b0789d3170b5b [NON_LEADER]: Queue going to NON_LEADER mode. State: All replicated index: 0, Majority replicated index: 0, Committed index: 0, Last appended: 0.0, Last appended by leader: 0, Current term: 0, Majority size: -1, State: 0, Mode: NON_LEADER, active raft config: opid_index: -1 OBSOLETE_local: false peers { permanent_uuid: "0ff36c89e67d4444af3b851cbabdef18" member_type: VOTER last_known_addr { host: "127.21.57.193" port: 34655 } } peers { permanent_uuid: "e5b5a74c66b74b9f921b0789d3170b5b" member_type: VOTER last_known_addr { host: "127.21.57.194" port: 38459 } } peers { permanent_uuid: "de562897c6bd48bfb698eaa7d4a27cb3" member_type: VOTER last_known_addr { host: "127.21.57.195" port: 46811 } }
I20260710 13:22:45.694689 23038 ts_tablet_manager.cc:1434] T 02a510a22dd841a2aafab7d9c6d4df05 P e5b5a74c66b74b9f921b0789d3170b5b: Time spent starting tablet: real 0.007s	user 0.006s	sys 0.000s
I20260710 13:22:45.695609 23038 tablet_bootstrap.cc:492] T 2c05461d27da4b1f93fb416d58a5921c P e5b5a74c66b74b9f921b0789d3170b5b: Bootstrap starting.
I20260710 13:22:45.698968 23095 leader_election.cc:290] T 531a93d2336d4c08865e982b23c85917 P de562897c6bd48bfb698eaa7d4a27cb3 [CANDIDATE]: Term 1 pre-election: Requested pre-vote from peers 0ff36c89e67d4444af3b851cbabdef18 (127.21.57.193:34655), e5b5a74c66b74b9f921b0789d3170b5b (127.21.57.194:38459)
I20260710 13:22:45.686355 22848 tablet_service.cc:1917] Received RequestConsensusVote() RPC: tablet_id: "cd30bdddd40840e0bc51196239b67b70" candidate_uuid: "e5b5a74c66b74b9f921b0789d3170b5b" candidate_term: 1 candidate_status { last_received { term: 0 index: 0 } } ignore_live_leader: false dest_uuid: "0ff36c89e67d4444af3b851cbabdef18" is_pre_election: true
I20260710 13:22:45.699926 22847 tablet_service.cc:1917] Received RequestConsensusVote() RPC: tablet_id: "531a93d2336d4c08865e982b23c85917" candidate_uuid: "de562897c6bd48bfb698eaa7d4a27cb3" candidate_term: 1 candidate_status { last_received { term: 0 index: 0 } } ignore_live_leader: false dest_uuid: "0ff36c89e67d4444af3b851cbabdef18" is_pre_election: true
I20260710 13:22:45.700559 22923 tablet_service.cc:1917] Received RequestConsensusVote() RPC: tablet_id: "531a93d2336d4c08865e982b23c85917" candidate_uuid: "de562897c6bd48bfb698eaa7d4a27cb3" candidate_term: 1 candidate_status { last_received { term: 0 index: 0 } } ignore_live_leader: false dest_uuid: "e5b5a74c66b74b9f921b0789d3170b5b" is_pre_election: true
I20260710 13:22:45.704133 22847 raft_consensus.cc:2468] T 531a93d2336d4c08865e982b23c85917 P 0ff36c89e67d4444af3b851cbabdef18 [term 0 FOLLOWER]: Leader pre-election vote request: Granting yes vote for candidate de562897c6bd48bfb698eaa7d4a27cb3 in term 0.
I20260710 13:22:45.704206 22923 raft_consensus.cc:2468] T 531a93d2336d4c08865e982b23c85917 P e5b5a74c66b74b9f921b0789d3170b5b [term 0 FOLLOWER]: Leader pre-election vote request: Granting yes vote for candidate de562897c6bd48bfb698eaa7d4a27cb3 in term 0.
W20260710 13:22:45.704396 22888 leader_election.cc:343] T cd30bdddd40840e0bc51196239b67b70 P e5b5a74c66b74b9f921b0789d3170b5b [CANDIDATE]: Term 1 pre-election: Tablet error from VoteRequest() call to peer 0ff36c89e67d4444af3b851cbabdef18 (127.21.57.193:34655): Illegal state: must be running to vote when last-logged opid is not known
I20260710 13:22:45.701578 23038 tablet_bootstrap.cc:654] T 2c05461d27da4b1f93fb416d58a5921c P e5b5a74c66b74b9f921b0789d3170b5b: Neither blocks nor log segments found. Creating new log.
I20260710 13:22:45.705566 23044 raft_consensus.cc:493] T 02a510a22dd841a2aafab7d9c6d4df05 P e5b5a74c66b74b9f921b0789d3170b5b [term 0 FOLLOWER]: Starting pre-election (no leader contacted us within the election timeout)
I20260710 13:22:45.706132 23044 raft_consensus.cc:515] T 02a510a22dd841a2aafab7d9c6d4df05 P e5b5a74c66b74b9f921b0789d3170b5b [term 0 FOLLOWER]: Starting pre-election with config: opid_index: -1 OBSOLETE_local: false peers { permanent_uuid: "0ff36c89e67d4444af3b851cbabdef18" member_type: VOTER last_known_addr { host: "127.21.57.193" port: 34655 } } peers { permanent_uuid: "e5b5a74c66b74b9f921b0789d3170b5b" member_type: VOTER last_known_addr { host: "127.21.57.194" port: 38459 } } peers { permanent_uuid: "de562897c6bd48bfb698eaa7d4a27cb3" member_type: VOTER last_known_addr { host: "127.21.57.195" port: 46811 } }
I20260710 13:22:45.708124 23039 tablet_bootstrap.cc:654] T 32b891b266d64d70bc9ab0fae311e5de P 0ff36c89e67d4444af3b851cbabdef18: Neither blocks nor log segments found. Creating new log.
I20260710 13:22:45.705578 22962 leader_election.cc:304] T 531a93d2336d4c08865e982b23c85917 P de562897c6bd48bfb698eaa7d4a27cb3 [CANDIDATE]: Term 1 pre-election: Election decided. Result: candidate won. Election summary: received 2 responses out of 3 voters: 2 yes votes; 0 no votes. yes voters: de562897c6bd48bfb698eaa7d4a27cb3, e5b5a74c66b74b9f921b0789d3170b5b; no voters: 
I20260710 13:22:45.710556 22847 tablet_service.cc:1917] Received RequestConsensusVote() RPC: tablet_id: "02a510a22dd841a2aafab7d9c6d4df05" candidate_uuid: "e5b5a74c66b74b9f921b0789d3170b5b" candidate_term: 1 candidate_status { last_received { term: 0 index: 0 } } ignore_live_leader: false dest_uuid: "0ff36c89e67d4444af3b851cbabdef18" is_pre_election: true
I20260710 13:22:45.685801 22997 tablet_service.cc:1917] Received RequestConsensusVote() RPC: tablet_id: "cd30bdddd40840e0bc51196239b67b70" candidate_uuid: "e5b5a74c66b74b9f921b0789d3170b5b" candidate_term: 1 candidate_status { last_received { term: 0 index: 0 } } ignore_live_leader: false dest_uuid: "de562897c6bd48bfb698eaa7d4a27cb3" is_pre_election: true
I20260710 13:22:45.711292 22997 raft_consensus.cc:2468] T cd30bdddd40840e0bc51196239b67b70 P de562897c6bd48bfb698eaa7d4a27cb3 [term 0 FOLLOWER]: Leader pre-election vote request: Granting yes vote for candidate e5b5a74c66b74b9f921b0789d3170b5b in term 0.
W20260710 13:22:45.712567 22888 leader_election.cc:343] T 02a510a22dd841a2aafab7d9c6d4df05 P e5b5a74c66b74b9f921b0789d3170b5b [CANDIDATE]: Term 1 pre-election: Tablet error from VoteRequest() call to peer 0ff36c89e67d4444af3b851cbabdef18 (127.21.57.193:34655): Illegal state: must be running to vote when last-logged opid is not known
I20260710 13:22:45.702915 23037 ts_tablet_manager.cc:1434] T 531a93d2336d4c08865e982b23c85917 P de562897c6bd48bfb698eaa7d4a27cb3: Time spent starting tablet: real 0.064s	user 0.010s	sys 0.000s
I20260710 13:22:45.713922 23037 tablet_bootstrap.cc:492] T 2c05461d27da4b1f93fb416d58a5921c P de562897c6bd48bfb698eaa7d4a27cb3: Bootstrap starting.
I20260710 13:22:45.718443 22995 tablet_service.cc:1917] Received RequestConsensusVote() RPC: tablet_id: "02a510a22dd841a2aafab7d9c6d4df05" candidate_uuid: "e5b5a74c66b74b9f921b0789d3170b5b" candidate_term: 1 candidate_status { last_received { term: 0 index: 0 } } ignore_live_leader: false dest_uuid: "de562897c6bd48bfb698eaa7d4a27cb3" is_pre_election: true
I20260710 13:22:45.718781 22888 leader_election.cc:304] T cd30bdddd40840e0bc51196239b67b70 P e5b5a74c66b74b9f921b0789d3170b5b [CANDIDATE]: Term 1 pre-election: Election decided. Result: candidate won. Election summary: received 3 responses out of 3 voters: 2 yes votes; 1 no votes. yes voters: de562897c6bd48bfb698eaa7d4a27cb3, e5b5a74c66b74b9f921b0789d3170b5b; no voters: 0ff36c89e67d4444af3b851cbabdef18
I20260710 13:22:45.719177 22995 raft_consensus.cc:2468] T 02a510a22dd841a2aafab7d9c6d4df05 P de562897c6bd48bfb698eaa7d4a27cb3 [term 0 FOLLOWER]: Leader pre-election vote request: Granting yes vote for candidate e5b5a74c66b74b9f921b0789d3170b5b in term 0.
I20260710 13:22:45.719774 23037 tablet_bootstrap.cc:654] T 2c05461d27da4b1f93fb416d58a5921c P de562897c6bd48bfb698eaa7d4a27cb3: Neither blocks nor log segments found. Creating new log.
I20260710 13:22:45.720266 23068 raft_consensus.cc:2804] T cd30bdddd40840e0bc51196239b67b70 P e5b5a74c66b74b9f921b0789d3170b5b [term 0 FOLLOWER]: Leader pre-election won for term 1
I20260710 13:22:45.720431 23042 raft_consensus.cc:2804] T 531a93d2336d4c08865e982b23c85917 P de562897c6bd48bfb698eaa7d4a27cb3 [term 0 FOLLOWER]: Leader pre-election won for term 1
I20260710 13:22:45.720692 23068 raft_consensus.cc:493] T cd30bdddd40840e0bc51196239b67b70 P e5b5a74c66b74b9f921b0789d3170b5b [term 0 FOLLOWER]: Starting leader election (no leader contacted us within the election timeout)
I20260710 13:22:45.721037 23042 raft_consensus.cc:493] T 531a93d2336d4c08865e982b23c85917 P de562897c6bd48bfb698eaa7d4a27cb3 [term 0 FOLLOWER]: Starting leader election (no leader contacted us within the election timeout)
I20260710 13:22:45.721190 23068 raft_consensus.cc:3060] T cd30bdddd40840e0bc51196239b67b70 P e5b5a74c66b74b9f921b0789d3170b5b [term 0 FOLLOWER]: Advancing to term 1
I20260710 13:22:45.721586 23042 raft_consensus.cc:3060] T 531a93d2336d4c08865e982b23c85917 P de562897c6bd48bfb698eaa7d4a27cb3 [term 0 FOLLOWER]: Advancing to term 1
