I20260710 13:22:32.783278 17430 consensus_queue.cc:237] T 39a89770bd8042a29ccd358dd6ebdb21 P 292dd120ff7b4915a3b8f8017a8b68c6 [LEADER]: Queue going to LEADER mode. State: All replicated index: 0, Majority replicated index: 0, Committed index: 0, Last appended: 0.0, Last appended by leader: 0, Current term: 1, Majority size: 2, State: 0, Mode: LEADER, active raft config: opid_index: -1 OBSOLETE_local: false peers { permanent_uuid: "292dd120ff7b4915a3b8f8017a8b68c6" member_type: VOTER last_known_addr { host: "127.16.56.129" port: 33867 } } peers { permanent_uuid: "c1547d96571e4c769f6409a6b1318472" member_type: VOTER last_known_addr { host: "127.16.56.130" port: 44057 } } peers { permanent_uuid: "49deb0a1058c431a8d9744e9273cc501" member_type: VOTER last_known_addr { host: "127.16.56.131" port: 37285 } }
I20260710 13:22:32.788107 17426 tablet_bootstrap.cc:492] T 90a15e9f54c84532abc73a62bc4eb4d6 P 292dd120ff7b4915a3b8f8017a8b68c6: No bootstrap required, opened a new log
I20260710 13:22:32.788671 17426 ts_tablet_manager.cc:1403] T 90a15e9f54c84532abc73a62bc4eb4d6 P 292dd120ff7b4915a3b8f8017a8b68c6: Time spent bootstrapping tablet: real 0.019s	user 0.006s	sys 0.011s
I20260710 13:22:32.791246 17426 raft_consensus.cc:359] T 90a15e9f54c84532abc73a62bc4eb4d6 P 292dd120ff7b4915a3b8f8017a8b68c6 [term 0 FOLLOWER]: Replica starting. Triggering 0 pending ops. Active config: opid_index: -1 OBSOLETE_local: false peers { permanent_uuid: "292dd120ff7b4915a3b8f8017a8b68c6" member_type: VOTER last_known_addr { host: "127.16.56.129" port: 33867 } } peers { permanent_uuid: "c1547d96571e4c769f6409a6b1318472" member_type: VOTER last_known_addr { host: "127.16.56.130" port: 44057 } } peers { permanent_uuid: "49deb0a1058c431a8d9744e9273cc501" member_type: VOTER last_known_addr { host: "127.16.56.131" port: 37285 } }
I20260710 13:22:32.792069 17426 raft_consensus.cc:385] T 90a15e9f54c84532abc73a62bc4eb4d6 P 292dd120ff7b4915a3b8f8017a8b68c6 [term 0 FOLLOWER]: Consensus starting up: Expiring failure detector timer to make a prompt election more likely
I20260710 13:22:32.792368 17311 raft_consensus.cc:2468] T 9b84f31fbcd44157b0c3f6d1e8bb695b P c1547d96571e4c769f6409a6b1318472 [term 1 FOLLOWER]: Leader election vote request: Granting yes vote for candidate 49deb0a1058c431a8d9744e9273cc501 in term 1.
I20260710 13:22:32.794251 17352 leader_election.cc:304] T 9b84f31fbcd44157b0c3f6d1e8bb695b P 49deb0a1058c431a8d9744e9273cc501 [CANDIDATE]: Term 1 election: Election decided. Result: candidate won. Election summary: received 2 responses out of 3 voters: 2 yes votes; 0 no votes. yes voters: 49deb0a1058c431a8d9744e9273cc501, c1547d96571e4c769f6409a6b1318472; no voters: 
I20260710 13:22:32.792394 17426 raft_consensus.cc:740] T 90a15e9f54c84532abc73a62bc4eb4d6 P 292dd120ff7b4915a3b8f8017a8b68c6 [term 0 FOLLOWER]: Becoming Follower/Learner. State: Replica: 292dd120ff7b4915a3b8f8017a8b68c6, State: Initialized, Role: FOLLOWER
I20260710 13:22:32.795701 17426 consensus_queue.cc:260] T 90a15e9f54c84532abc73a62bc4eb4d6 P 292dd120ff7b4915a3b8f8017a8b68c6 [NON_LEADER]: Queue going to NON_LEADER mode. State: All replicated index: 0, Majority replicated index: 0, Committed index: 0, Last appended: 0.0, Last appended by leader: 0, Current term: 0, Majority size: -1, State: 0, Mode: NON_LEADER, active raft config: opid_index: -1 OBSOLETE_local: false peers { permanent_uuid: "292dd120ff7b4915a3b8f8017a8b68c6" member_type: VOTER last_known_addr { host: "127.16.56.129" port: 33867 } } peers { permanent_uuid: "c1547d96571e4c769f6409a6b1318472" member_type: VOTER last_known_addr { host: "127.16.56.130" port: 44057 } } peers { permanent_uuid: "49deb0a1058c431a8d9744e9273cc501" member_type: VOTER last_known_addr { host: "127.16.56.131" port: 37285 } }
I20260710 13:22:32.796679 17462 raft_consensus.cc:2804] T 9b84f31fbcd44157b0c3f6d1e8bb695b P 49deb0a1058c431a8d9744e9273cc501 [term 1 FOLLOWER]: Leader election won for term 1
I20260710 13:22:32.798391 17462 raft_consensus.cc:697] T 9b84f31fbcd44157b0c3f6d1e8bb695b P 49deb0a1058c431a8d9744e9273cc501 [term 1 LEADER]: Becoming Leader. State: Replica: 49deb0a1058c431a8d9744e9273cc501, State: Running, Role: LEADER
I20260710 13:22:32.799806 17462 consensus_queue.cc:237] T 9b84f31fbcd44157b0c3f6d1e8bb695b P 49deb0a1058c431a8d9744e9273cc501 [LEADER]: Queue going to LEADER mode. State: All replicated index: 0, Majority replicated index: 0, Committed index: 0, Last appended: 0.0, Last appended by leader: 0, Current term: 1, Majority size: 2, State: 0, Mode: LEADER, active raft config: opid_index: -1 OBSOLETE_local: false peers { permanent_uuid: "292dd120ff7b4915a3b8f8017a8b68c6" member_type: VOTER last_known_addr { host: "127.16.56.129" port: 33867 } } peers { permanent_uuid: "c1547d96571e4c769f6409a6b1318472" member_type: VOTER last_known_addr { host: "127.16.56.130" port: 44057 } } peers { permanent_uuid: "49deb0a1058c431a8d9744e9273cc501" member_type: VOTER last_known_addr { host: "127.16.56.131" port: 37285 } }
I20260710 13:22:32.801012 17426 ts_tablet_manager.cc:1434] T 90a15e9f54c84532abc73a62bc4eb4d6 P 292dd120ff7b4915a3b8f8017a8b68c6: Time spent starting tablet: real 0.012s	user 0.005s	sys 0.000s
I20260710 13:22:32.801913 17386 raft_consensus.cc:2468] T 39a89770bd8042a29ccd358dd6ebdb21 P 49deb0a1058c431a8d9744e9273cc501 [term 1 FOLLOWER]: Leader election vote request: Granting yes vote for candidate 292dd120ff7b4915a3b8f8017a8b68c6 in term 1.
I20260710 13:22:32.802130 17426 tablet_bootstrap.cc:492] T aeb8997391aa419ba10958243b664253 P 292dd120ff7b4915a3b8f8017a8b68c6: Bootstrap starting.
I20260710 13:22:32.800614 17237 raft_consensus.cc:2468] T 9b84f31fbcd44157b0c3f6d1e8bb695b P 292dd120ff7b4915a3b8f8017a8b68c6 [term 1 FOLLOWER]: Leader election vote request: Granting yes vote for candidate 49deb0a1058c431a8d9744e9273cc501 in term 1.
I20260710 13:22:32.805346 17236 raft_consensus.cc:2468] T 914bc93a6b654741bd9d11fa81127389 P 292dd120ff7b4915a3b8f8017a8b68c6 [term 1 FOLLOWER]: Leader election vote request: Granting yes vote for candidate c1547d96571e4c769f6409a6b1318472 in term 1.
I20260710 13:22:32.806818 17276 leader_election.cc:304] T 914bc93a6b654741bd9d11fa81127389 P c1547d96571e4c769f6409a6b1318472 [CANDIDATE]: Term 1 election: Election decided. Result: candidate won. Election summary: received 3 responses out of 3 voters: 2 yes votes; 1 no votes. yes voters: 292dd120ff7b4915a3b8f8017a8b68c6, c1547d96571e4c769f6409a6b1318472; no voters: 49deb0a1058c431a8d9744e9273cc501
I20260710 13:22:32.807833 17450 raft_consensus.cc:2804] T 914bc93a6b654741bd9d11fa81127389 P c1547d96571e4c769f6409a6b1318472 [term 1 FOLLOWER]: Leader election won for term 1
I20260710 13:22:32.808337 17450 raft_consensus.cc:697] T 914bc93a6b654741bd9d11fa81127389 P c1547d96571e4c769f6409a6b1318472 [term 1 LEADER]: Becoming Leader. State: Replica: c1547d96571e4c769f6409a6b1318472, State: Running, Role: LEADER
I20260710 13:22:32.808777 17427 tablet_bootstrap.cc:492] T 914bc93a6b654741bd9d11fa81127389 P 49deb0a1058c431a8d9744e9273cc501: No bootstrap required, opened a new log
I20260710 13:22:32.809340 17427 ts_tablet_manager.cc:1403] T 914bc93a6b654741bd9d11fa81127389 P 49deb0a1058c431a8d9744e9273cc501: Time spent bootstrapping tablet: real 0.070s	user 0.018s	sys 0.023s
I20260710 13:22:32.809151 17450 consensus_queue.cc:237] T 914bc93a6b654741bd9d11fa81127389 P c1547d96571e4c769f6409a6b1318472 [LEADER]: Queue going to LEADER mode. State: All replicated index: 0, Majority replicated index: 0, Committed index: 0, Last appended: 0.0, Last appended by leader: 0, Current term: 1, Majority size: 2, State: 0, Mode: LEADER, active raft config: opid_index: -1 OBSOLETE_local: false peers { permanent_uuid: "292dd120ff7b4915a3b8f8017a8b68c6" member_type: VOTER last_known_addr { host: "127.16.56.129" port: 33867 } } peers { permanent_uuid: "c1547d96571e4c769f6409a6b1318472" member_type: VOTER last_known_addr { host: "127.16.56.130" port: 44057 } } peers { permanent_uuid: "49deb0a1058c431a8d9744e9273cc501" member_type: VOTER last_known_addr { host: "127.16.56.131" port: 37285 } }
I20260710 13:22:32.811928 17135 catalog_manager.cc:5697] T 39a89770bd8042a29ccd358dd6ebdb21 P 292dd120ff7b4915a3b8f8017a8b68c6 reported cstate change: term changed from 0 to 1, leader changed from <none> to 292dd120ff7b4915a3b8f8017a8b68c6 (127.16.56.129). New cstate: current_term: 1 leader_uuid: "292dd120ff7b4915a3b8f8017a8b68c6" committed_config { opid_index: -1 OBSOLETE_local: false peers { permanent_uuid: "292dd120ff7b4915a3b8f8017a8b68c6" member_type: VOTER last_known_addr { host: "127.16.56.129" port: 33867 } health_report { overall_health: HEALTHY } } peers { permanent_uuid: "c1547d96571e4c769f6409a6b1318472" member_type: VOTER last_known_addr { host: "127.16.56.130" port: 44057 } health_report { overall_health: UNKNOWN } } peers { permanent_uuid: "49deb0a1058c431a8d9744e9273cc501" member_type: VOTER last_known_addr { host: "127.16.56.131" port: 37285 } health_report { overall_health: UNKNOWN } } }
I20260710 13:22:32.812846 17427 raft_consensus.cc:359] T 914bc93a6b654741bd9d11fa81127389 P 49deb0a1058c431a8d9744e9273cc501 [term 0 FOLLOWER]: Replica starting. Triggering 0 pending ops. Active config: opid_index: -1 OBSOLETE_local: false peers { permanent_uuid: "292dd120ff7b4915a3b8f8017a8b68c6" member_type: VOTER last_known_addr { host: "127.16.56.129" port: 33867 } } peers { permanent_uuid: "c1547d96571e4c769f6409a6b1318472" member_type: VOTER last_known_addr { host: "127.16.56.130" port: 44057 } } peers { permanent_uuid: "49deb0a1058c431a8d9744e9273cc501" member_type: VOTER last_known_addr { host: "127.16.56.131" port: 37285 } }
I20260710 13:22:32.813741 17427 raft_consensus.cc:385] T 914bc93a6b654741bd9d11fa81127389 P 49deb0a1058c431a8d9744e9273cc501 [term 0 FOLLOWER]: Consensus starting up: Expiring failure detector timer to make a prompt election more likely
I20260710 13:22:32.814076 17427 raft_consensus.cc:740] T 914bc93a6b654741bd9d11fa81127389 P 49deb0a1058c431a8d9744e9273cc501 [term 0 FOLLOWER]: Becoming Follower/Learner. State: Replica: 49deb0a1058c431a8d9744e9273cc501, State: Initialized, Role: FOLLOWER
I20260710 13:22:32.815737 17426 tablet_bootstrap.cc:654] T aeb8997391aa419ba10958243b664253 P 292dd120ff7b4915a3b8f8017a8b68c6: Neither blocks nor log segments found. Creating new log.
I20260710 13:22:32.817576 17428 tablet_bootstrap.cc:492] T 9db3c7b06ca24202ad9e76a45447065e P c1547d96571e4c769f6409a6b1318472: No bootstrap required, opened a new log
I20260710 13:22:32.818257 17428 ts_tablet_manager.cc:1403] T 9db3c7b06ca24202ad9e76a45447065e P c1547d96571e4c769f6409a6b1318472: Time spent bootstrapping tablet: real 0.071s	user 0.013s	sys 0.004s
I20260710 13:22:32.821568 17428 raft_consensus.cc:359] T 9db3c7b06ca24202ad9e76a45447065e P c1547d96571e4c769f6409a6b1318472 [term 0 FOLLOWER]: Replica starting. Triggering 0 pending ops. Active config: opid_index: -1 OBSOLETE_local: false peers { permanent_uuid: "292dd120ff7b4915a3b8f8017a8b68c6" member_type: VOTER last_known_addr { host: "127.16.56.129" port: 33867 } } peers { permanent_uuid: "c1547d96571e4c769f6409a6b1318472" member_type: VOTER last_known_addr { host: "127.16.56.130" port: 44057 } } peers { permanent_uuid: "49deb0a1058c431a8d9744e9273cc501" member_type: VOTER last_known_addr { host: "127.16.56.131" port: 37285 } }
I20260710 13:22:32.826869 17428 raft_consensus.cc:385] T 9db3c7b06ca24202ad9e76a45447065e P c1547d96571e4c769f6409a6b1318472 [term 0 FOLLOWER]: Consensus starting up: Expiring failure detector timer to make a prompt election more likely
I20260710 13:22:32.815095 17427 consensus_queue.cc:260] T 914bc93a6b654741bd9d11fa81127389 P 49deb0a1058c431a8d9744e9273cc501 [NON_LEADER]: Queue going to NON_LEADER mode. State: All replicated index: 0, Majority replicated index: 0, Committed index: 0, Last appended: 0.0, Last appended by leader: 0, Current term: 0, Majority size: -1, State: 0, Mode: NON_LEADER, active raft config: opid_index: -1 OBSOLETE_local: false peers { permanent_uuid: "292dd120ff7b4915a3b8f8017a8b68c6" member_type: VOTER last_known_addr { host: "127.16.56.129" port: 33867 } } peers { permanent_uuid: "c1547d96571e4c769f6409a6b1318472" member_type: VOTER last_known_addr { host: "127.16.56.130" port: 44057 } } peers { permanent_uuid: "49deb0a1058c431a8d9744e9273cc501" member_type: VOTER last_known_addr { host: "127.16.56.131" port: 37285 } }
I20260710 13:22:32.829160 17427 ts_tablet_manager.cc:1434] T 914bc93a6b654741bd9d11fa81127389 P 49deb0a1058c431a8d9744e9273cc501: Time spent starting tablet: real 0.019s	user 0.008s	sys 0.000s
I20260710 13:22:32.830324 17427 tablet_bootstrap.cc:492] T 207a18bde3ac485295b2fd767bbaa8e2 P 49deb0a1058c431a8d9744e9273cc501: Bootstrap starting.
I20260710 13:22:32.830783 17426 tablet_bootstrap.cc:492] T aeb8997391aa419ba10958243b664253 P 292dd120ff7b4915a3b8f8017a8b68c6: No bootstrap required, opened a new log
I20260710 13:22:32.831250 17426 ts_tablet_manager.cc:1403] T aeb8997391aa419ba10958243b664253 P 292dd120ff7b4915a3b8f8017a8b68c6: Time spent bootstrapping tablet: real 0.029s	user 0.012s	sys 0.001s
I20260710 13:22:32.831923 17134 catalog_manager.cc:5697] T 9b84f31fbcd44157b0c3f6d1e8bb695b P 49deb0a1058c431a8d9744e9273cc501 reported cstate change: term changed from 0 to 1, leader changed from <none> to 49deb0a1058c431a8d9744e9273cc501 (127.16.56.131). New cstate: current_term: 1 leader_uuid: "49deb0a1058c431a8d9744e9273cc501" committed_config { opid_index: -1 OBSOLETE_local: false peers { permanent_uuid: "292dd120ff7b4915a3b8f8017a8b68c6" member_type: VOTER last_known_addr { host: "127.16.56.129" port: 33867 } health_report { overall_health: UNKNOWN } } peers { permanent_uuid: "c1547d96571e4c769f6409a6b1318472" member_type: VOTER last_known_addr { host: "127.16.56.130" port: 44057 } health_report { overall_health: UNKNOWN } } peers { permanent_uuid: "49deb0a1058c431a8d9744e9273cc501" member_type: VOTER last_known_addr { host: "127.16.56.131" port: 37285 } health_report { overall_health: HEALTHY } } }
I20260710 13:22:32.834046 17426 raft_consensus.cc:359] T aeb8997391aa419ba10958243b664253 P 292dd120ff7b4915a3b8f8017a8b68c6 [term 0 FOLLOWER]: Replica starting. Triggering 0 pending ops. Active config: opid_index: -1 OBSOLETE_local: false peers { permanent_uuid: "292dd120ff7b4915a3b8f8017a8b68c6" member_type: VOTER last_known_addr { host: "127.16.56.129" port: 33867 } } peers { permanent_uuid: "c1547d96571e4c769f6409a6b1318472" member_type: VOTER last_known_addr { host: "127.16.56.130" port: 44057 } } peers { permanent_uuid: "49deb0a1058c431a8d9744e9273cc501" member_type: VOTER last_known_addr { host: "127.16.56.131" port: 37285 } }
I20260710 13:22:32.834743 17426 raft_consensus.cc:385] T aeb8997391aa419ba10958243b664253 P 292dd120ff7b4915a3b8f8017a8b68c6 [term 0 FOLLOWER]: Consensus starting up: Expiring failure detector timer to make a prompt election more likely
I20260710 13:22:32.835060 17426 raft_consensus.cc:740] T aeb8997391aa419ba10958243b664253 P 292dd120ff7b4915a3b8f8017a8b68c6 [term 0 FOLLOWER]: Becoming Follower/Learner. State: Replica: 292dd120ff7b4915a3b8f8017a8b68c6, State: Initialized, Role: FOLLOWER
I20260710 13:22:32.835722 17426 consensus_queue.cc:260] T aeb8997391aa419ba10958243b664253 P 292dd120ff7b4915a3b8f8017a8b68c6 [NON_LEADER]: Queue going to NON_LEADER mode. State: All replicated index: 0, Majority replicated index: 0, Committed index: 0, Last appended: 0.0, Last appended by leader: 0, Current term: 0, Majority size: -1, State: 0, Mode: NON_LEADER, active raft config: opid_index: -1 OBSOLETE_local: false peers { permanent_uuid: "292dd120ff7b4915a3b8f8017a8b68c6" member_type: VOTER last_known_addr { host: "127.16.56.129" port: 33867 } } peers { permanent_uuid: "c1547d96571e4c769f6409a6b1318472" member_type: VOTER last_known_addr { host: "127.16.56.130" port: 44057 } } peers { permanent_uuid: "49deb0a1058c431a8d9744e9273cc501" member_type: VOTER last_known_addr { host: "127.16.56.131" port: 37285 } }
I20260710 13:22:32.836660 17427 tablet_bootstrap.cc:654] T 207a18bde3ac485295b2fd767bbaa8e2 P 49deb0a1058c431a8d9744e9273cc501: Neither blocks nor log segments found. Creating new log.
I20260710 13:22:32.838049 17426 ts_tablet_manager.cc:1434] T aeb8997391aa419ba10958243b664253 P 292dd120ff7b4915a3b8f8017a8b68c6: Time spent starting tablet: real 0.006s	user 0.002s	sys 0.003s
I20260710 13:22:32.827369 17428 raft_consensus.cc:740] T 9db3c7b06ca24202ad9e76a45447065e P c1547d96571e4c769f6409a6b1318472 [term 0 FOLLOWER]: Becoming Follower/Learner. State: Replica: c1547d96571e4c769f6409a6b1318472, State: Initialized, Role: FOLLOWER
I20260710 13:22:32.839336 17428 consensus_queue.cc:260] T 9db3c7b06ca24202ad9e76a45447065e P c1547d96571e4c769f6409a6b1318472 [NON_LEADER]: Queue going to NON_LEADER mode. State: All replicated index: 0, Majority replicated index: 0, Committed index: 0, Last appended: 0.0, Last appended by leader: 0, Current term: 0, Majority size: -1, State: 0, Mode: NON_LEADER, active raft config: opid_index: -1 OBSOLETE_local: false peers { permanent_uuid: "292dd120ff7b4915a3b8f8017a8b68c6" member_type: VOTER last_known_addr { host: "127.16.56.129" port: 33867 } } peers { permanent_uuid: "c1547d96571e4c769f6409a6b1318472" member_type: VOTER last_known_addr { host: "127.16.56.130" port: 44057 } } peers { permanent_uuid: "49deb0a1058c431a8d9744e9273cc501" member_type: VOTER last_known_addr { host: "127.16.56.131" port: 37285 } }
I20260710 13:22:32.831195 17133 catalog_manager.cc:5697] T 914bc93a6b654741bd9d11fa81127389 P c1547d96571e4c769f6409a6b1318472 reported cstate change: term changed from 0 to 1, leader changed from <none> to c1547d96571e4c769f6409a6b1318472 (127.16.56.130). New cstate: current_term: 1 leader_uuid: "c1547d96571e4c769f6409a6b1318472" committed_config { opid_index: -1 OBSOLETE_local: false peers { permanent_uuid: "292dd120ff7b4915a3b8f8017a8b68c6" member_type: VOTER last_known_addr { host: "127.16.56.129" port: 33867 } health_report { overall_health: UNKNOWN } } peers { permanent_uuid: "c1547d96571e4c769f6409a6b1318472" member_type: VOTER last_known_addr { host: "127.16.56.130" port: 44057 } health_report { overall_health: HEALTHY } } peers { permanent_uuid: "49deb0a1058c431a8d9744e9273cc501" member_type: VOTER last_known_addr { host: "127.16.56.131" port: 37285 } health_report { overall_health: UNKNOWN } } }
I20260710 13:22:32.842150 17428 ts_tablet_manager.cc:1434] T 9db3c7b06ca24202ad9e76a45447065e P c1547d96571e4c769f6409a6b1318472: Time spent starting tablet: real 0.023s	user 0.006s	sys 0.000s
I20260710 13:22:32.843035 17427 tablet_bootstrap.cc:492] T 207a18bde3ac485295b2fd767bbaa8e2 P 49deb0a1058c431a8d9744e9273cc501: No bootstrap required, opened a new log
I20260710 13:22:32.843149 17428 tablet_bootstrap.cc:492] T 90a15e9f54c84532abc73a62bc4eb4d6 P c1547d96571e4c769f6409a6b1318472: Bootstrap starting.
I20260710 13:22:32.843463 17427 ts_tablet_manager.cc:1403] T 207a18bde3ac485295b2fd767bbaa8e2 P 49deb0a1058c431a8d9744e9273cc501: Time spent bootstrapping tablet: real 0.013s	user 0.004s	sys 0.006s
I20260710 13:22:32.846175 17427 raft_consensus.cc:359] T 207a18bde3ac485295b2fd767bbaa8e2 P 49deb0a1058c431a8d9744e9273cc501 [term 0 FOLLOWER]: Replica starting. Triggering 0 pending ops. Active config: opid_index: -1 OBSOLETE_local: false peers { permanent_uuid: "292dd120ff7b4915a3b8f8017a8b68c6" member_type: VOTER last_known_addr { host: "127.16.56.129" port: 33867 } } peers { permanent_uuid: "c1547d96571e4c769f6409a6b1318472" member_type: VOTER last_known_addr { host: "127.16.56.130" port: 44057 } } peers { permanent_uuid: "49deb0a1058c431a8d9744e9273cc501" member_type: VOTER last_known_addr { host: "127.16.56.131" port: 37285 } }
I20260710 13:22:32.846853 17427 raft_consensus.cc:385] T 207a18bde3ac485295b2fd767bbaa8e2 P 49deb0a1058c431a8d9744e9273cc501 [term 0 FOLLOWER]: Consensus starting up: Expiring failure detector timer to make a prompt election more likely
I20260710 13:22:32.847175 17427 raft_consensus.cc:740] T 207a18bde3ac485295b2fd767bbaa8e2 P 49deb0a1058c431a8d9744e9273cc501 [term 0 FOLLOWER]: Becoming Follower/Learner. State: Replica: 49deb0a1058c431a8d9744e9273cc501, State: Initialized, Role: FOLLOWER
I20260710 13:22:32.847846 17427 consensus_queue.cc:260] T 207a18bde3ac485295b2fd767bbaa8e2 P 49deb0a1058c431a8d9744e9273cc501 [NON_LEADER]: Queue going to NON_LEADER mode. State: All replicated index: 0, Majority replicated index: 0, Committed index: 0, Last appended: 0.0, Last appended by leader: 0, Current term: 0, Majority size: -1, State: 0, Mode: NON_LEADER, active raft config: opid_index: -1 OBSOLETE_local: false peers { permanent_uuid: "292dd120ff7b4915a3b8f8017a8b68c6" member_type: VOTER last_known_addr { host: "127.16.56.129" port: 33867 } } peers { permanent_uuid: "c1547d96571e4c769f6409a6b1318472" member_type: VOTER last_known_addr { host: "127.16.56.130" port: 44057 } } peers { permanent_uuid: "49deb0a1058c431a8d9744e9273cc501" member_type: VOTER last_known_addr { host: "127.16.56.131" port: 37285 } }
I20260710 13:22:32.850358 17427 ts_tablet_manager.cc:1434] T 207a18bde3ac485295b2fd767bbaa8e2 P 49deb0a1058c431a8d9744e9273cc501: Time spent starting tablet: real 0.007s	user 0.002s	sys 0.005s
I20260710 13:22:32.850638 17428 tablet_bootstrap.cc:654] T 90a15e9f54c84532abc73a62bc4eb4d6 P c1547d96571e4c769f6409a6b1318472: Neither blocks nor log segments found. Creating new log.
I20260710 13:22:32.852398 17427 tablet_bootstrap.cc:492] T aeb8997391aa419ba10958243b664253 P 49deb0a1058c431a8d9744e9273cc501: Bootstrap starting.
I20260710 13:22:32.857888 17462 raft_consensus.cc:493] T e84be3165cf4435c99cb8da0598911b8 P 49deb0a1058c431a8d9744e9273cc501 [term 0 FOLLOWER]: Starting pre-election (no leader contacted us within the election timeout)
I20260710 13:22:32.858347 17462 raft_consensus.cc:515] T e84be3165cf4435c99cb8da0598911b8 P 49deb0a1058c431a8d9744e9273cc501 [term 0 FOLLOWER]: Starting pre-election with config: opid_index: -1 OBSOLETE_local: false peers { permanent_uuid: "292dd120ff7b4915a3b8f8017a8b68c6" member_type: VOTER last_known_addr { host: "127.16.56.129" port: 33867 } } peers { permanent_uuid: "c1547d96571e4c769f6409a6b1318472" member_type: VOTER last_known_addr { host: "127.16.56.130" port: 44057 } } peers { permanent_uuid: "49deb0a1058c431a8d9744e9273cc501" member_type: VOTER last_known_addr { host: "127.16.56.131" port: 37285 } }
I20260710 13:22:32.858908 17427 tablet_bootstrap.cc:654] T aeb8997391aa419ba10958243b664253 P 49deb0a1058c431a8d9744e9273cc501: Neither blocks nor log segments found. Creating new log.
I20260710 13:22:32.860514 17462 leader_election.cc:290] T e84be3165cf4435c99cb8da0598911b8 P 49deb0a1058c431a8d9744e9273cc501 [CANDIDATE]: Term 1 pre-election: Requested pre-vote from peers 292dd120ff7b4915a3b8f8017a8b68c6 (127.16.56.129:33867), c1547d96571e4c769f6409a6b1318472 (127.16.56.130:44057)
I20260710 13:22:32.861163 17236 tablet_service.cc:1917] Received RequestConsensusVote() RPC: tablet_id: "e84be3165cf4435c99cb8da0598911b8" candidate_uuid: "49deb0a1058c431a8d9744e9273cc501" candidate_term: 1 candidate_status { last_received { term: 0 index: 0 } } ignore_live_leader: false dest_uuid: "292dd120ff7b4915a3b8f8017a8b68c6" is_pre_election: true
I20260710 13:22:32.861500 17311 tablet_service.cc:1917] Received RequestConsensusVote() RPC: tablet_id: "e84be3165cf4435c99cb8da0598911b8" candidate_uuid: "49deb0a1058c431a8d9744e9273cc501" candidate_term: 1 candidate_status { last_received { term: 0 index: 0 } } ignore_live_leader: false dest_uuid: "c1547d96571e4c769f6409a6b1318472" is_pre_election: true
I20260710 13:22:32.861814 17236 raft_consensus.cc:2468] T e84be3165cf4435c99cb8da0598911b8 P 292dd120ff7b4915a3b8f8017a8b68c6 [term 0 FOLLOWER]: Leader pre-election vote request: Granting yes vote for candidate 49deb0a1058c431a8d9744e9273cc501 in term 0.
W20260710 13:22:32.862802 17352 leader_election.cc:343] T e84be3165cf4435c99cb8da0598911b8 P 49deb0a1058c431a8d9744e9273cc501 [CANDIDATE]: Term 1 pre-election: Tablet error from VoteRequest() call to peer c1547d96571e4c769f6409a6b1318472 (127.16.56.130:44057): Illegal state: must be running to vote when last-logged opid is not known
I20260710 13:22:32.863322 17428 tablet_bootstrap.cc:492] T 90a15e9f54c84532abc73a62bc4eb4d6 P c1547d96571e4c769f6409a6b1318472: No bootstrap required, opened a new log
I20260710 13:22:32.863976 17428 ts_tablet_manager.cc:1403] T 90a15e9f54c84532abc73a62bc4eb4d6 P c1547d96571e4c769f6409a6b1318472: Time spent bootstrapping tablet: real 0.021s	user 0.010s	sys 0.004s
I20260710 13:22:32.867677 17350 leader_election.cc:304] T e84be3165cf4435c99cb8da0598911b8 P 49deb0a1058c431a8d9744e9273cc501 [CANDIDATE]: Term 1 pre-election: Election decided. Result: candidate won. Election summary: received 3 responses out of 3 voters: 2 yes votes; 1 no votes. yes voters: 292dd120ff7b4915a3b8f8017a8b68c6, 49deb0a1058c431a8d9744e9273cc501; no voters: c1547d96571e4c769f6409a6b1318472
I20260710 13:22:32.867543 17428 raft_consensus.cc:359] T 90a15e9f54c84532abc73a62bc4eb4d6 P c1547d96571e4c769f6409a6b1318472 [term 0 FOLLOWER]: Replica starting. Triggering 0 pending ops. Active config: opid_index: -1 OBSOLETE_local: false peers { permanent_uuid: "292dd120ff7b4915a3b8f8017a8b68c6" member_type: VOTER last_known_addr { host: "127.16.56.129" port: 33867 } } peers { permanent_uuid: "c1547d96571e4c769f6409a6b1318472" member_type: VOTER last_known_addr { host: "127.16.56.130" port: 44057 } } peers { permanent_uuid: "49deb0a1058c431a8d9744e9273cc501" member_type: VOTER last_known_addr { host: "127.16.56.131" port: 37285 } }
I20260710 13:22:32.868685 17462 raft_consensus.cc:2804] T e84be3165cf4435c99cb8da0598911b8 P 49deb0a1058c431a8d9744e9273cc501 [term 0 FOLLOWER]: Leader pre-election won for term 1
I20260710 13:22:32.869192 17462 raft_consensus.cc:493] T e84be3165cf4435c99cb8da0598911b8 P 49deb0a1058c431a8d9744e9273cc501 [term 0 FOLLOWER]: Starting leader election (no leader contacted us within the election timeout)
I20260710 13:22:32.869551 17462 raft_consensus.cc:3060] T e84be3165cf4435c99cb8da0598911b8 P 49deb0a1058c431a8d9744e9273cc501 [term 0 FOLLOWER]: Advancing to term 1
I20260710 13:22:32.869866 17428 raft_consensus.cc:385] T 90a15e9f54c84532abc73a62bc4eb4d6 P c1547d96571e4c769f6409a6b1318472 [term 0 FOLLOWER]: Consensus starting up: Expiring failure detector timer to make a prompt election more likely
I20260710 13:22:32.870187 17428 raft_consensus.cc:740] T 90a15e9f54c84532abc73a62bc4eb4d6 P c1547d96571e4c769f6409a6b1318472 [term 0 FOLLOWER]: Becoming Follower/Learner. State: Replica: c1547d96571e4c769f6409a6b1318472, State: Initialized, Role: FOLLOWER
I20260710 13:22:32.871043 17427 tablet_bootstrap.cc:492] T aeb8997391aa419ba10958243b664253 P 49deb0a1058c431a8d9744e9273cc501: No bootstrap required, opened a new log
I20260710 13:22:32.870857 17428 consensus_queue.cc:260] T 90a15e9f54c84532abc73a62bc4eb4d6 P c1547d96571e4c769f6409a6b1318472 [NON_LEADER]: Queue going to NON_LEADER mode. State: All replicated index: 0, Majority replicated index: 0, Committed index: 0, Last appended: 0.0, Last appended by leader: 0, Current term: 0, Majority size: -1, State: 0, Mode: NON_LEADER, active raft config: opid_index: -1 OBSOLETE_local: false peers { permanent_uuid: "292dd120ff7b4915a3b8f8017a8b68c6" member_type: VOTER last_known_addr { host: "127.16.56.129" port: 33867 } } peers { permanent_uuid: "c1547d96571e4c769f6409a6b1318472" member_type: VOTER last_known_addr { host: "127.16.56.130" port: 44057 } } peers { permanent_uuid: "49deb0a1058c431a8d9744e9273cc501" member_type: VOTER last_known_addr { host: "127.16.56.131" port: 37285 } }
I20260710 13:22:32.871426 17427 ts_tablet_manager.cc:1403] T aeb8997391aa419ba10958243b664253 P 49deb0a1058c431a8d9744e9273cc501: Time spent bootstrapping tablet: real 0.019s	user 0.006s	sys 0.011s
I20260710 13:22:32.872922 17428 ts_tablet_manager.cc:1434] T 90a15e9f54c84532abc73a62bc4eb4d6 P c1547d96571e4c769f6409a6b1318472: Time spent starting tablet: real 0.009s	user 0.006s	sys 0.000s
I20260710 13:22:32.873833 17428 tablet_bootstrap.cc:492] T e84be3165cf4435c99cb8da0598911b8 P c1547d96571e4c769f6409a6b1318472: Bootstrap starting.
I20260710 13:22:32.874109 17427 raft_consensus.cc:359] T aeb8997391aa419ba10958243b664253 P 49deb0a1058c431a8d9744e9273cc501 [term 0 FOLLOWER]: Replica starting. Triggering 0 pending ops. Active config: opid_index: -1 OBSOLETE_local: false peers { permanent_uuid: "292dd120ff7b4915a3b8f8017a8b68c6" member_type: VOTER last_known_addr { host: "127.16.56.129" port: 33867 } } peers { permanent_uuid: "c1547d96571e4c769f6409a6b1318472" member_type: VOTER last_known_addr { host: "127.16.56.130" port: 44057 } } peers { permanent_uuid: "49deb0a1058c431a8d9744e9273cc501" member_type: VOTER last_known_addr { host: "127.16.56.131" port: 37285 } }
I20260710 13:22:32.874807 17427 raft_consensus.cc:385] T aeb8997391aa419ba10958243b664253 P 49deb0a1058c431a8d9744e9273cc501 [term 0 FOLLOWER]: Consensus starting up: Expiring failure detector timer to make a prompt election more likely
I20260710 13:22:32.875120 17427 raft_consensus.cc:740] T aeb8997391aa419ba10958243b664253 P 49deb0a1058c431a8d9744e9273cc501 [term 0 FOLLOWER]: Becoming Follower/Learner. State: Replica: 49deb0a1058c431a8d9744e9273cc501, State: Initialized, Role: FOLLOWER
I20260710 13:22:32.875844 17427 consensus_queue.cc:260] T aeb8997391aa419ba10958243b664253 P 49deb0a1058c431a8d9744e9273cc501 [NON_LEADER]: Queue going to NON_LEADER mode. State: All replicated index: 0, Majority replicated index: 0, Committed index: 0, Last appended: 0.0, Last appended by leader: 0, Current term: 0, Majority size: -1, State: 0, Mode: NON_LEADER, active raft config: opid_index: -1 OBSOLETE_local: false peers { permanent_uuid: "292dd120ff7b4915a3b8f8017a8b68c6" member_type: VOTER last_known_addr { host: "127.16.56.129" port: 33867 } } peers { permanent_uuid: "c1547d96571e4c769f6409a6b1318472" member_type: VOTER last_known_addr { host: "127.16.56.130" port: 44057 } } peers { permanent_uuid: "49deb0a1058c431a8d9744e9273cc501" member_type: VOTER last_known_addr { host: "127.16.56.131" port: 37285 } }
I20260710 13:22:32.876219 17462 raft_consensus.cc:515] T e84be3165cf4435c99cb8da0598911b8 P 49deb0a1058c431a8d9744e9273cc501 [term 1 FOLLOWER]: Starting leader election with config: opid_index: -1 OBSOLETE_local: false peers { permanent_uuid: "292dd120ff7b4915a3b8f8017a8b68c6" member_type: VOTER last_known_addr { host: "127.16.56.129" port: 33867 } } peers { permanent_uuid: "c1547d96571e4c769f6409a6b1318472" member_type: VOTER last_known_addr { host: "127.16.56.130" port: 44057 } } peers { permanent_uuid: "49deb0a1058c431a8d9744e9273cc501" member_type: VOTER last_known_addr { host: "127.16.56.131" port: 37285 } }
I20260710 13:22:32.878201 17427 ts_tablet_manager.cc:1434] T aeb8997391aa419ba10958243b664253 P 49deb0a1058c431a8d9744e9273cc501: Time spent starting tablet: real 0.006s	user 0.003s	sys 0.003s
I20260710 13:22:32.879097 17236 tablet_service.cc:1917] Received RequestConsensusVote() RPC: tablet_id: "e84be3165cf4435c99cb8da0598911b8" candidate_uuid: "49deb0a1058c431a8d9744e9273cc501" candidate_term: 1 candidate_status { last_received { term: 0 index: 0 } } ignore_live_leader: false dest_uuid: "292dd120ff7b4915a3b8f8017a8b68c6"
I20260710 13:22:32.879680 17236 raft_consensus.cc:3060] T e84be3165cf4435c99cb8da0598911b8 P 292dd120ff7b4915a3b8f8017a8b68c6 [term 0 FOLLOWER]: Advancing to term 1
I20260710 13:22:32.880266 17428 tablet_bootstrap.cc:654] T e84be3165cf4435c99cb8da0598911b8 P c1547d96571e4c769f6409a6b1318472: Neither blocks nor log segments found. Creating new log.
I20260710 13:22:32.887946 17430 raft_consensus.cc:493] T 67969dbb87f0496e85dbae659f5496ba P 292dd120ff7b4915a3b8f8017a8b68c6 [term 0 FOLLOWER]: Starting pre-election (no leader contacted us within the election timeout)
I20260710 13:22:32.888223 17236 raft_consensus.cc:2468] T e84be3165cf4435c99cb8da0598911b8 P 292dd120ff7b4915a3b8f8017a8b68c6 [term 1 FOLLOWER]: Leader election vote request: Granting yes vote for candidate 49deb0a1058c431a8d9744e9273cc501 in term 1.
I20260710 13:22:32.888505 17430 raft_consensus.cc:515] T 67969dbb87f0496e85dbae659f5496ba P 292dd120ff7b4915a3b8f8017a8b68c6 [term 0 FOLLOWER]: Starting pre-election with config: opid_index: -1 OBSOLETE_local: false peers { permanent_uuid: "292dd120ff7b4915a3b8f8017a8b68c6" member_type: VOTER last_known_addr { host: "127.16.56.129" port: 33867 } } peers { permanent_uuid: "c1547d96571e4c769f6409a6b1318472" member_type: VOTER last_known_addr { host: "127.16.56.130" port: 44057 } } peers { permanent_uuid: "49deb0a1058c431a8d9744e9273cc501" member_type: VOTER last_known_addr { host: "127.16.56.131" port: 37285 } }
I20260710 13:22:32.889763 17350 leader_election.cc:304] T e84be3165cf4435c99cb8da0598911b8 P 49deb0a1058c431a8d9744e9273cc501 [CANDIDATE]: Term 1 election: Election decided. Result: candidate won. Election summary: received 2 responses out of 3 voters: 2 yes votes; 0 no votes. yes voters: 292dd120ff7b4915a3b8f8017a8b68c6, 49deb0a1058c431a8d9744e9273cc501; no voters: 
I20260710 13:22:32.890528 17436 raft_consensus.cc:2804] T e84be3165cf4435c99cb8da0598911b8 P 49deb0a1058c431a8d9744e9273cc501 [term 1 FOLLOWER]: Leader election won for term 1
I20260710 13:22:32.891325 17311 tablet_service.cc:1917] Received RequestConsensusVote() RPC: tablet_id: "e84be3165cf4435c99cb8da0598911b8" candidate_uuid: "49deb0a1058c431a8d9744e9273cc501" candidate_term: 1 candidate_status { last_received { term: 0 index: 0 } } ignore_live_leader: false dest_uuid: "c1547d96571e4c769f6409a6b1318472"
I20260710 13:22:32.892625 17312 tablet_service.cc:1917] Received RequestConsensusVote() RPC: tablet_id: "67969dbb87f0496e85dbae659f5496ba" candidate_uuid: "292dd120ff7b4915a3b8f8017a8b68c6" candidate_term: 1 candidate_status { last_received { term: 0 index: 0 } } ignore_live_leader: false dest_uuid: "c1547d96571e4c769f6409a6b1318472" is_pre_election: true
W20260710 13:22:32.893239 17352 leader_election.cc:343] T e84be3165cf4435c99cb8da0598911b8 P 49deb0a1058c431a8d9744e9273cc501 [CANDIDATE]: Term 1 election: Tablet error from VoteRequest() call to peer c1547d96571e4c769f6409a6b1318472 (127.16.56.130:44057): Illegal state: must be running to vote when last-logged opid is not known
I20260710 13:22:32.893452 17386 tablet_service.cc:1917] Received RequestConsensusVote() RPC: tablet_id: "67969dbb87f0496e85dbae659f5496ba" candidate_uuid: "292dd120ff7b4915a3b8f8017a8b68c6" candidate_term: 1 candidate_status { last_received { term: 0 index: 0 } } ignore_live_leader: false dest_uuid: "49deb0a1058c431a8d9744e9273cc501" is_pre_election: true
I20260710 13:22:32.893800 17462 leader_election.cc:290] T e84be3165cf4435c99cb8da0598911b8 P 49deb0a1058c431a8d9744e9273cc501 [CANDIDATE]: Term 1 election: Requested vote from peers 292dd120ff7b4915a3b8f8017a8b68c6 (127.16.56.129:33867), c1547d96571e4c769f6409a6b1318472 (127.16.56.130:44057)
I20260710 13:22:32.894213 17386 raft_consensus.cc:2393] T 67969dbb87f0496e85dbae659f5496ba P 49deb0a1058c431a8d9744e9273cc501 [term 1 FOLLOWER]: Leader pre-election vote request: Denying vote to candidate 292dd120ff7b4915a3b8f8017a8b68c6 in current term 1: Already voted for candidate c1547d96571e4c769f6409a6b1318472 in this term.
I20260710 13:22:32.890538 17430 leader_election.cc:290] T 67969dbb87f0496e85dbae659f5496ba P 292dd120ff7b4915a3b8f8017a8b68c6 [CANDIDATE]: Term 1 pre-election: Requested pre-vote from peers c1547d96571e4c769f6409a6b1318472 (127.16.56.130:44057), 49deb0a1058c431a8d9744e9273cc501 (127.16.56.131:37285)
I20260710 13:22:32.895450 17201 leader_election.cc:304] T 67969dbb87f0496e85dbae659f5496ba P 292dd120ff7b4915a3b8f8017a8b68c6 [CANDIDATE]: Term 1 pre-election: Election decided. Result: candidate lost. Election summary: received 3 responses out of 3 voters: 1 yes votes; 2 no votes. yes voters: 292dd120ff7b4915a3b8f8017a8b68c6; no voters: 49deb0a1058c431a8d9744e9273cc501, c1547d96571e4c769f6409a6b1318472
I20260710 13:22:32.896782 17436 raft_consensus.cc:697] T e84be3165cf4435c99cb8da0598911b8 P 49deb0a1058c431a8d9744e9273cc501 [term 1 LEADER]: Becoming Leader. State: Replica: 49deb0a1058c431a8d9744e9273cc501, State: Running, Role: LEADER
I20260710 13:22:32.897143 17430 raft_consensus.cc:3060] T 67969dbb87f0496e85dbae659f5496ba P 292dd120ff7b4915a3b8f8017a8b68c6 [term 0 FOLLOWER]: Advancing to term 1
I20260710 13:22:32.897457 17428 tablet_bootstrap.cc:492] T e84be3165cf4435c99cb8da0598911b8 P c1547d96571e4c769f6409a6b1318472: No bootstrap required, opened a new log
I20260710 13:22:32.897980 17428 ts_tablet_manager.cc:1403] T e84be3165cf4435c99cb8da0598911b8 P c1547d96571e4c769f6409a6b1318472: Time spent bootstrapping tablet: real 0.024s	user 0.014s	sys 0.008s
I20260710 13:22:32.897553 17436 consensus_queue.cc:237] T e84be3165cf4435c99cb8da0598911b8 P 49deb0a1058c431a8d9744e9273cc501 [LEADER]: Queue going to LEADER mode. State: All replicated index: 0, Majority replicated index: 0, Committed index: 0, Last appended: 0.0, Last appended by leader: 0, Current term: 1, Majority size: 2, State: 0, Mode: LEADER, active raft config: opid_index: -1 OBSOLETE_local: false peers { permanent_uuid: "292dd120ff7b4915a3b8f8017a8b68c6" member_type: VOTER last_known_addr { host: "127.16.56.129" port: 33867 } } peers { permanent_uuid: "c1547d96571e4c769f6409a6b1318472" member_type: VOTER last_known_addr { host: "127.16.56.130" port: 44057 } } peers { permanent_uuid: "49deb0a1058c431a8d9744e9273cc501" member_type: VOTER last_known_addr { host: "127.16.56.131" port: 37285 } }
I20260710 13:22:32.900660 17428 raft_consensus.cc:359] T e84be3165cf4435c99cb8da0598911b8 P c1547d96571e4c769f6409a6b1318472 [term 0 FOLLOWER]: Replica starting. Triggering 0 pending ops. Active config: opid_index: -1 OBSOLETE_local: false peers { permanent_uuid: "292dd120ff7b4915a3b8f8017a8b68c6" member_type: VOTER last_known_addr { host: "127.16.56.129" port: 33867 } } peers { permanent_uuid: "c1547d96571e4c769f6409a6b1318472" member_type: VOTER last_known_addr { host: "127.16.56.130" port: 44057 } } peers { permanent_uuid: "49deb0a1058c431a8d9744e9273cc501" member_type: VOTER last_known_addr { host: "127.16.56.131" port: 37285 } }
I20260710 13:22:32.901376 17428 raft_consensus.cc:385] T e84be3165cf4435c99cb8da0598911b8 P c1547d96571e4c769f6409a6b1318472 [term 0 FOLLOWER]: Consensus starting up: Expiring failure detector timer to make a prompt election more likely
I20260710 13:22:32.901662 17428 raft_consensus.cc:740] T e84be3165cf4435c99cb8da0598911b8 P c1547d96571e4c769f6409a6b1318472 [term 0 FOLLOWER]: Becoming Follower/Learner. State: Replica: c1547d96571e4c769f6409a6b1318472, State: Initialized, Role: FOLLOWER
I20260710 13:22:32.902393 17428 consensus_queue.cc:260] T e84be3165cf4435c99cb8da0598911b8 P c1547d96571e4c769f6409a6b1318472 [NON_LEADER]: Queue going to NON_LEADER mode. State: All replicated index: 0, Majority replicated index: 0, Committed index: 0, Last appended: 0.0, Last appended by leader: 0, Current term: 0, Majority size: -1, State: 0, Mode: NON_LEADER, active raft config: opid_index: -1 OBSOLETE_local: false peers { permanent_uuid: "292dd120ff7b4915a3b8f8017a8b68c6" member_type: VOTER last_known_addr { host: "127.16.56.129" port: 33867 } } peers { permanent_uuid: "c1547d96571e4c769f6409a6b1318472" member_type: VOTER last_known_addr { host: "127.16.56.130" port: 44057 } } peers { permanent_uuid: "49deb0a1058c431a8d9744e9273cc501" member_type: VOTER last_known_addr { host: "127.16.56.131" port: 37285 } }
I20260710 13:22:32.904239 17430 raft_consensus.cc:2749] T 67969dbb87f0496e85dbae659f5496ba P 292dd120ff7b4915a3b8f8017a8b68c6 [term 1 FOLLOWER]: Leader pre-election lost for term 1. Reason: could not achieve majority
I20260710 13:22:32.904387 17428 ts_tablet_manager.cc:1434] T e84be3165cf4435c99cb8da0598911b8 P c1547d96571e4c769f6409a6b1318472: Time spent starting tablet: real 0.006s	user 0.004s	sys 0.003s
I20260710 13:22:32.905390 17428 tablet_bootstrap.cc:492] T aeb8997391aa419ba10958243b664253 P c1547d96571e4c769f6409a6b1318472: Bootstrap starting.
I20260710 13:22:32.909798 17428 tablet_bootstrap.cc:654] T aeb8997391aa419ba10958243b664253 P c1547d96571e4c769f6409a6b1318472: Neither blocks nor log segments found. Creating new log.
I20260710 13:22:32.911761 17134 catalog_manager.cc:5697] T e84be3165cf4435c99cb8da0598911b8 P 49deb0a1058c431a8d9744e9273cc501 reported cstate change: term changed from 0 to 1, leader changed from <none> to 49deb0a1058c431a8d9744e9273cc501 (127.16.56.131). New cstate: current_term: 1 leader_uuid: "49deb0a1058c431a8d9744e9273cc501" committed_config { opid_index: -1 OBSOLETE_local: false peers { permanent_uuid: "292dd120ff7b4915a3b8f8017a8b68c6" member_type: VOTER last_known_addr { host: "127.16.56.129" port: 33867 } health_report { overall_health: UNKNOWN } } peers { permanent_uuid: "c1547d96571e4c769f6409a6b1318472" member_type: VOTER last_known_addr { host: "127.16.56.130" port: 44057 } health_report { overall_health: UNKNOWN } } peers { permanent_uuid: "49deb0a1058c431a8d9744e9273cc501" member_type: VOTER last_known_addr { host: "127.16.56.131" port: 37285 } health_report { overall_health: HEALTHY } } }
I20260710 13:22:32.915602 17428 tablet_bootstrap.cc:492] T aeb8997391aa419ba10958243b664253 P c1547d96571e4c769f6409a6b1318472: No bootstrap required, opened a new log
I20260710 13:22:32.916057 17428 ts_tablet_manager.cc:1403] T aeb8997391aa419ba10958243b664253 P c1547d96571e4c769f6409a6b1318472: Time spent bootstrapping tablet: real 0.011s	user 0.006s	sys 0.004s
I20260710 13:22:32.918119 17428 raft_consensus.cc:359] T aeb8997391aa419ba10958243b664253 P c1547d96571e4c769f6409a6b1318472 [term 0 FOLLOWER]: Replica starting. Triggering 0 pending ops. Active config: opid_index: -1 OBSOLETE_local: false peers { permanent_uuid: "292dd120ff7b4915a3b8f8017a8b68c6" member_type: VOTER last_known_addr { host: "127.16.56.129" port: 33867 } } peers { permanent_uuid: "c1547d96571e4c769f6409a6b1318472" member_type: VOTER last_known_addr { host: "127.16.56.130" port: 44057 } } peers { permanent_uuid: "49deb0a1058c431a8d9744e9273cc501" member_type: VOTER last_known_addr { host: "127.16.56.131" port: 37285 } }
I20260710 13:22:32.918742 17428 raft_consensus.cc:385] T aeb8997391aa419ba10958243b664253 P c1547d96571e4c769f6409a6b1318472 [term 0 FOLLOWER]: Consensus starting up: Expiring failure detector timer to make a prompt election more likely
I20260710 13:22:32.919006 17428 raft_consensus.cc:740] T aeb8997391aa419ba10958243b664253 P c1547d96571e4c769f6409a6b1318472 [term 0 FOLLOWER]: Becoming Follower/Learner. State: Replica: c1547d96571e4c769f6409a6b1318472, State: Initialized, Role: FOLLOWER
I20260710 13:22:32.919651 17428 consensus_queue.cc:260] T aeb8997391aa419ba10958243b664253 P c1547d96571e4c769f6409a6b1318472 [NON_LEADER]: Queue going to NON_LEADER mode. State: All replicated index: 0, Majority replicated index: 0, Committed index: 0, Last appended: 0.0, Last appended by leader: 0, Current term: 0, Majority size: -1, State: 0, Mode: NON_LEADER, active raft config: opid_index: -1 OBSOLETE_local: false peers { permanent_uuid: "292dd120ff7b4915a3b8f8017a8b68c6" member_type: VOTER last_known_addr { host: "127.16.56.129" port: 33867 } } peers { permanent_uuid: "c1547d96571e4c769f6409a6b1318472" member_type: VOTER last_known_addr { host: "127.16.56.130" port: 44057 } } peers { permanent_uuid: "49deb0a1058c431a8d9744e9273cc501" member_type: VOTER last_known_addr { host: "127.16.56.131" port: 37285 } }
I20260710 13:22:32.921664 17428 ts_tablet_manager.cc:1434] T aeb8997391aa419ba10958243b664253 P c1547d96571e4c769f6409a6b1318472: Time spent starting tablet: real 0.005s	user 0.005s	sys 0.000s
I20260710 13:22:32.953648 17450 raft_consensus.cc:493] T 207a18bde3ac485295b2fd767bbaa8e2 P c1547d96571e4c769f6409a6b1318472 [term 0 FOLLOWER]: Starting pre-election (no leader contacted us within the election timeout)
I20260710 13:22:32.954149 17450 raft_consensus.cc:515] T 207a18bde3ac485295b2fd767bbaa8e2 P c1547d96571e4c769f6409a6b1318472 [term 0 FOLLOWER]: Starting pre-election with config: opid_index: -1 OBSOLETE_local: false peers { permanent_uuid: "292dd120ff7b4915a3b8f8017a8b68c6" member_type: VOTER last_known_addr { host: "127.16.56.129" port: 33867 } } peers { permanent_uuid: "c1547d96571e4c769f6409a6b1318472" member_type: VOTER last_known_addr { host: "127.16.56.130" port: 44057 } } peers { permanent_uuid: "49deb0a1058c431a8d9744e9273cc501" member_type: VOTER last_known_addr { host: "127.16.56.131" port: 37285 } }
I20260710 13:22:32.955758 17450 leader_election.cc:290] T 207a18bde3ac485295b2fd767bbaa8e2 P c1547d96571e4c769f6409a6b1318472 [CANDIDATE]: Term 1 pre-election: Requested pre-vote from peers 292dd120ff7b4915a3b8f8017a8b68c6 (127.16.56.129:33867), 49deb0a1058c431a8d9744e9273cc501 (127.16.56.131:37285)
I20260710 13:22:32.956627 17236 tablet_service.cc:1917] Received RequestConsensusVote() RPC: tablet_id: "207a18bde3ac485295b2fd767bbaa8e2" candidate_uuid: "c1547d96571e4c769f6409a6b1318472" candidate_term: 1 candidate_status { last_received { term: 0 index: 0 } } ignore_live_leader: false dest_uuid: "292dd120ff7b4915a3b8f8017a8b68c6" is_pre_election: true
I20260710 13:22:32.956964 17386 tablet_service.cc:1917] Received RequestConsensusVote() RPC: tablet_id: "207a18bde3ac485295b2fd767bbaa8e2" candidate_uuid: "c1547d96571e4c769f6409a6b1318472" candidate_term: 1 candidate_status { last_received { term: 0 index: 0 } } ignore_live_leader: false dest_uuid: "49deb0a1058c431a8d9744e9273cc501" is_pre_election: true
I20260710 13:22:32.957296 17236 raft_consensus.cc:2468] T 207a18bde3ac485295b2fd767bbaa8e2 P 292dd120ff7b4915a3b8f8017a8b68c6 [term 0 FOLLOWER]: Leader pre-election vote request: Granting yes vote for candidate c1547d96571e4c769f6409a6b1318472 in term 0.
I20260710 13:22:32.957536 17386 raft_consensus.cc:2468] T 207a18bde3ac485295b2fd767bbaa8e2 P 49deb0a1058c431a8d9744e9273cc501 [term 0 FOLLOWER]: Leader pre-election vote request: Granting yes vote for candidate c1547d96571e4c769f6409a6b1318472 in term 0.
I20260710 13:22:32.958384 17276 leader_election.cc:304] T 207a18bde3ac485295b2fd767bbaa8e2 P c1547d96571e4c769f6409a6b1318472 [CANDIDATE]: Term 1 pre-election: Election decided. Result: candidate won. Election summary: received 2 responses out of 3 voters: 2 yes votes; 0 no votes. yes voters: 292dd120ff7b4915a3b8f8017a8b68c6, c1547d96571e4c769f6409a6b1318472; no voters: 
I20260710 13:22:32.959048 17450 raft_consensus.cc:2804] T 207a18bde3ac485295b2fd767bbaa8e2 P c1547d96571e4c769f6409a6b1318472 [term 0 FOLLOWER]: Leader pre-election won for term 1
I20260710 13:22:32.959328 17450 raft_consensus.cc:493] T 207a18bde3ac485295b2fd767bbaa8e2 P c1547d96571e4c769f6409a6b1318472 [term 0 FOLLOWER]: Starting leader election (no leader contacted us within the election timeout)
I20260710 13:22:32.959606 17450 raft_consensus.cc:3060] T 207a18bde3ac485295b2fd767bbaa8e2 P c1547d96571e4c769f6409a6b1318472 [term 0 FOLLOWER]: Advancing to term 1
I20260710 13:22:32.964994 17450 raft_consensus.cc:515] T 207a18bde3ac485295b2fd767bbaa8e2 P c1547d96571e4c769f6409a6b1318472 [term 1 FOLLOWER]: Starting leader election with config: opid_index: -1 OBSOLETE_local: false peers { permanent_uuid: "292dd120ff7b4915a3b8f8017a8b68c6" member_type: VOTER last_known_addr { host: "127.16.56.129" port: 33867 } } peers { permanent_uuid: "c1547d96571e4c769f6409a6b1318472" member_type: VOTER last_known_addr { host: "127.16.56.130" port: 44057 } } peers { permanent_uuid: "49deb0a1058c431a8d9744e9273cc501" member_type: VOTER last_known_addr { host: "127.16.56.131" port: 37285 } }
I20260710 13:22:32.966609 17450 leader_election.cc:290] T 207a18bde3ac485295b2fd767bbaa8e2 P c1547d96571e4c769f6409a6b1318472 [CANDIDATE]: Term 1 election: Requested vote from peers 292dd120ff7b4915a3b8f8017a8b68c6 (127.16.56.129:33867), 49deb0a1058c431a8d9744e9273cc501 (127.16.56.131:37285)
I20260710 13:22:32.967439 17236 tablet_service.cc:1917] Received RequestConsensusVote() RPC: tablet_id: "207a18bde3ac485295b2fd767bbaa8e2" candidate_uuid: "c1547d96571e4c769f6409a6b1318472" candidate_term: 1 candidate_status { last_received { term: 0 index: 0 } } ignore_live_leader: false dest_uuid: "292dd120ff7b4915a3b8f8017a8b68c6"
I20260710 13:22:32.968003 17236 raft_consensus.cc:3060] T 207a18bde3ac485295b2fd767bbaa8e2 P 292dd120ff7b4915a3b8f8017a8b68c6 [term 0 FOLLOWER]: Advancing to term 1
I20260710 13:22:32.968117 17386 tablet_service.cc:1917] Received RequestConsensusVote() RPC: tablet_id: "207a18bde3ac485295b2fd767bbaa8e2" candidate_uuid: "c1547d96571e4c769f6409a6b1318472" candidate_term: 1 candidate_status { last_received { term: 0 index: 0 } } ignore_live_leader: false dest_uuid: "49deb0a1058c431a8d9744e9273cc501"
I20260710 13:22:32.968762 17386 raft_consensus.cc:3060] T 207a18bde3ac485295b2fd767bbaa8e2 P 49deb0a1058c431a8d9744e9273cc501 [term 0 FOLLOWER]: Advancing to term 1
I20260710 13:22:32.972390 17236 raft_consensus.cc:2468] T 207a18bde3ac485295b2fd767bbaa8e2 P 292dd120ff7b4915a3b8f8017a8b68c6 [term 1 FOLLOWER]: Leader election vote request: Granting yes vote for candidate c1547d96571e4c769f6409a6b1318472 in term 1.
I20260710 13:22:32.973359 17276 leader_election.cc:304] T 207a18bde3ac485295b2fd767bbaa8e2 P c1547d96571e4c769f6409a6b1318472 [CANDIDATE]: Term 1 election: Election decided. Result: candidate won. Election summary: received 2 responses out of 3 voters: 2 yes votes; 0 no votes. yes voters: 292dd120ff7b4915a3b8f8017a8b68c6, c1547d96571e4c769f6409a6b1318472; no voters: 
I20260710 13:22:32.973541 17386 raft_consensus.cc:2468] T 207a18bde3ac485295b2fd767bbaa8e2 P 49deb0a1058c431a8d9744e9273cc501 [term 1 FOLLOWER]: Leader election vote request: Granting yes vote for candidate c1547d96571e4c769f6409a6b1318472 in term 1.
I20260710 13:22:32.974090 17450 raft_consensus.cc:2804] T 207a18bde3ac485295b2fd767bbaa8e2 P c1547d96571e4c769f6409a6b1318472 [term 1 FOLLOWER]: Leader election won for term 1
