I20260710 13:22:12.181190 21985 raft_consensus.cc:3060] T 74e8c03882b841e1b8fb47f390cb0f29 P f9f61f8cf19445aa90c9f489cd286e5f [term 0 FOLLOWER]: Advancing to term 1
I20260710 13:22:12.181459 22031 ts_tablet_manager.cc:1434] T 74e8c03882b841e1b8fb47f390cb0f29 P f9f61f8cf19445aa90c9f489cd286e5f: Time spent starting tablet: real 0.006s	user 0.004s	sys 0.000s
I20260710 13:22:12.182446 22031 tablet_bootstrap.cc:492] T 50e1f1975d0a45af92e5e98796ffc9dd P f9f61f8cf19445aa90c9f489cd286e5f: Bootstrap starting.
I20260710 13:22:12.185115 21985 raft_consensus.cc:2468] T 74e8c03882b841e1b8fb47f390cb0f29 P f9f61f8cf19445aa90c9f489cd286e5f [term 1 FOLLOWER]: Leader election vote request: Granting yes vote for candidate eea51fbfcd374fcba179231fa6ed8b76 in term 1.
I20260710 13:22:12.185513 22067 raft_consensus.cc:2804] T 74e8c03882b841e1b8fb47f390cb0f29 P eea51fbfcd374fcba179231fa6ed8b76 [term 1 FOLLOWER]: Leader election won for term 1
I20260710 13:22:12.194386 22031 tablet_bootstrap.cc:654] T 50e1f1975d0a45af92e5e98796ffc9dd P f9f61f8cf19445aa90c9f489cd286e5f: Neither blocks nor log segments found. Creating new log.
I20260710 13:22:12.195046 22034 raft_consensus.cc:515] T 45447b1a5caa43c9998ce0ea69a7011e P eea51fbfcd374fcba179231fa6ed8b76 [term 1 FOLLOWER]: Starting leader election with config: opid_index: -1 OBSOLETE_local: false peers { permanent_uuid: "eea51fbfcd374fcba179231fa6ed8b76" member_type: VOTER last_known_addr { host: "127.21.49.65" port: 46205 } } peers { permanent_uuid: "0322ebc5697e495bb20bba02cf0e9f62" member_type: VOTER last_known_addr { host: "127.21.49.66" port: 35535 } } peers { permanent_uuid: "f9f61f8cf19445aa90c9f489cd286e5f" member_type: VOTER last_known_addr { host: "127.21.49.67" port: 39315 } }
I20260710 13:22:12.196408 22035 raft_consensus.cc:493] T 50e1f1975d0a45af92e5e98796ffc9dd P 0322ebc5697e495bb20bba02cf0e9f62 [term 0 FOLLOWER]: Starting pre-election (no leader contacted us within the election timeout)
I20260710 13:22:12.206600 22035 raft_consensus.cc:515] T 50e1f1975d0a45af92e5e98796ffc9dd P 0322ebc5697e495bb20bba02cf0e9f62 [term 0 FOLLOWER]: Starting pre-election with config: opid_index: -1 OBSOLETE_local: false peers { permanent_uuid: "eea51fbfcd374fcba179231fa6ed8b76" member_type: VOTER last_known_addr { host: "127.21.49.65" port: 46205 } } peers { permanent_uuid: "0322ebc5697e495bb20bba02cf0e9f62" member_type: VOTER last_known_addr { host: "127.21.49.66" port: 35535 } } peers { permanent_uuid: "f9f61f8cf19445aa90c9f489cd286e5f" member_type: VOTER last_known_addr { host: "127.21.49.67" port: 39315 } }
I20260710 13:22:12.207963 22034 leader_election.cc:290] T 45447b1a5caa43c9998ce0ea69a7011e P eea51fbfcd374fcba179231fa6ed8b76 [CANDIDATE]: Term 1 election: Requested vote from peers 0322ebc5697e495bb20bba02cf0e9f62 (127.21.49.66:35535), f9f61f8cf19445aa90c9f489cd286e5f (127.21.49.67:39315)
I20260710 13:22:12.174204 22069 leader_election.cc:290] T 74e8c03882b841e1b8fb47f390cb0f29 P eea51fbfcd374fcba179231fa6ed8b76 [CANDIDATE]: Term 1 election: Requested vote from peers 0322ebc5697e495bb20bba02cf0e9f62 (127.21.49.66:35535), f9f61f8cf19445aa90c9f489cd286e5f (127.21.49.67:39315)
I20260710 13:22:12.208971 22035 leader_election.cc:290] T 50e1f1975d0a45af92e5e98796ffc9dd P 0322ebc5697e495bb20bba02cf0e9f62 [CANDIDATE]: Term 1 pre-election: Requested pre-vote from peers eea51fbfcd374fcba179231fa6ed8b76 (127.21.49.65:46205), f9f61f8cf19445aa90c9f489cd286e5f (127.21.49.67:39315)
I20260710 13:22:12.209471 21985 tablet_service.cc:1917] Received RequestConsensusVote() RPC: tablet_id: "45447b1a5caa43c9998ce0ea69a7011e" candidate_uuid: "eea51fbfcd374fcba179231fa6ed8b76" candidate_term: 1 candidate_status { last_received { term: 0 index: 0 } } ignore_live_leader: false dest_uuid: "f9f61f8cf19445aa90c9f489cd286e5f"
I20260710 13:22:12.206184 22031 tablet_bootstrap.cc:492] T 50e1f1975d0a45af92e5e98796ffc9dd P f9f61f8cf19445aa90c9f489cd286e5f: No bootstrap required, opened a new log
I20260710 13:22:12.213272 21985 raft_consensus.cc:3060] T 45447b1a5caa43c9998ce0ea69a7011e P f9f61f8cf19445aa90c9f489cd286e5f [term 0 FOLLOWER]: Advancing to term 1
I20260710 13:22:12.213459 22031 ts_tablet_manager.cc:1403] T 50e1f1975d0a45af92e5e98796ffc9dd P f9f61f8cf19445aa90c9f489cd286e5f: Time spent bootstrapping tablet: real 0.031s	user 0.004s	sys 0.014s
I20260710 13:22:12.215132 22029 tablet_bootstrap.cc:492] T 4334fe8669f4438cb9df2e9683f58bff P 0322ebc5697e495bb20bba02cf0e9f62: No bootstrap required, opened a new log
I20260710 13:22:12.206228 22036 raft_consensus.cc:515] T 7beebf05859a4050a702a254629336b3 P f9f61f8cf19445aa90c9f489cd286e5f [term 1 FOLLOWER]: Starting leader election with config: opid_index: -1 OBSOLETE_local: false peers { permanent_uuid: "eea51fbfcd374fcba179231fa6ed8b76" member_type: VOTER last_known_addr { host: "127.21.49.65" port: 46205 } } peers { permanent_uuid: "0322ebc5697e495bb20bba02cf0e9f62" member_type: VOTER last_known_addr { host: "127.21.49.66" port: 35535 } } peers { permanent_uuid: "f9f61f8cf19445aa90c9f489cd286e5f" member_type: VOTER last_known_addr { host: "127.21.49.67" port: 39315 } }
I20260710 13:22:12.215673 22029 ts_tablet_manager.cc:1403] T 4334fe8669f4438cb9df2e9683f58bff P 0322ebc5697e495bb20bba02cf0e9f62: Time spent bootstrapping tablet: real 0.081s	user 0.030s	sys 0.020s
I20260710 13:22:12.217088 22036 leader_election.cc:290] T 7beebf05859a4050a702a254629336b3 P f9f61f8cf19445aa90c9f489cd286e5f [CANDIDATE]: Term 1 election: Requested vote from peers eea51fbfcd374fcba179231fa6ed8b76 (127.21.49.65:46205), 0322ebc5697e495bb20bba02cf0e9f62 (127.21.49.66:35535)
I20260710 13:22:12.210583 21836 tablet_service.cc:1917] Received RequestConsensusVote() RPC: tablet_id: "50e1f1975d0a45af92e5e98796ffc9dd" candidate_uuid: "0322ebc5697e495bb20bba02cf0e9f62" candidate_term: 1 candidate_status { last_received { term: 0 index: 0 } } ignore_live_leader: false dest_uuid: "eea51fbfcd374fcba179231fa6ed8b76" is_pre_election: true
I20260710 13:22:12.217749 21836 raft_consensus.cc:2468] T 50e1f1975d0a45af92e5e98796ffc9dd P eea51fbfcd374fcba179231fa6ed8b76 [term 0 FOLLOWER]: Leader pre-election vote request: Granting yes vote for candidate 0322ebc5697e495bb20bba02cf0e9f62 in term 0.
I20260710 13:22:12.218259 21835 tablet_service.cc:1917] Received RequestConsensusVote() RPC: tablet_id: "7beebf05859a4050a702a254629336b3" candidate_uuid: "f9f61f8cf19445aa90c9f489cd286e5f" candidate_term: 1 candidate_status { last_received { term: 0 index: 0 } } ignore_live_leader: false dest_uuid: "eea51fbfcd374fcba179231fa6ed8b76"
I20260710 13:22:12.218345 22031 raft_consensus.cc:359] T 50e1f1975d0a45af92e5e98796ffc9dd P f9f61f8cf19445aa90c9f489cd286e5f [term 0 FOLLOWER]: Replica starting. Triggering 0 pending ops. Active config: opid_index: -1 OBSOLETE_local: false peers { permanent_uuid: "eea51fbfcd374fcba179231fa6ed8b76" member_type: VOTER last_known_addr { host: "127.21.49.65" port: 46205 } } peers { permanent_uuid: "0322ebc5697e495bb20bba02cf0e9f62" member_type: VOTER last_known_addr { host: "127.21.49.66" port: 35535 } } peers { permanent_uuid: "f9f61f8cf19445aa90c9f489cd286e5f" member_type: VOTER last_known_addr { host: "127.21.49.67" port: 39315 } }
I20260710 13:22:12.218928 21876 leader_election.cc:304] T 50e1f1975d0a45af92e5e98796ffc9dd P 0322ebc5697e495bb20bba02cf0e9f62 [CANDIDATE]: Term 1 pre-election: Election decided. Result: candidate won. Election summary: received 2 responses out of 3 voters: 2 yes votes; 0 no votes. yes voters: 0322ebc5697e495bb20bba02cf0e9f62, eea51fbfcd374fcba179231fa6ed8b76; no voters: 
I20260710 13:22:12.219224 22075 raft_consensus.cc:493] T 163f9dca6f474c7396ea995a606be434 P eea51fbfcd374fcba179231fa6ed8b76 [term 0 FOLLOWER]: Starting pre-election (no leader contacted us within the election timeout)
I20260710 13:22:12.218930 21835 raft_consensus.cc:3060] T 7beebf05859a4050a702a254629336b3 P eea51fbfcd374fcba179231fa6ed8b76 [term 0 FOLLOWER]: Advancing to term 1
I20260710 13:22:12.219369 21910 tablet_service.cc:1917] Received RequestConsensusVote() RPC: tablet_id: "7beebf05859a4050a702a254629336b3" candidate_uuid: "f9f61f8cf19445aa90c9f489cd286e5f" candidate_term: 1 candidate_status { last_received { term: 0 index: 0 } } ignore_live_leader: false dest_uuid: "0322ebc5697e495bb20bba02cf0e9f62"
I20260710 13:22:12.220077 21910 raft_consensus.cc:3060] T 7beebf05859a4050a702a254629336b3 P 0322ebc5697e495bb20bba02cf0e9f62 [term 0 FOLLOWER]: Advancing to term 1
I20260710 13:22:12.219722 22075 raft_consensus.cc:515] T 163f9dca6f474c7396ea995a606be434 P eea51fbfcd374fcba179231fa6ed8b76 [term 0 FOLLOWER]: Starting pre-election with config: opid_index: -1 OBSOLETE_local: false peers { permanent_uuid: "eea51fbfcd374fcba179231fa6ed8b76" member_type: VOTER last_known_addr { host: "127.21.49.65" port: 46205 } } peers { permanent_uuid: "0322ebc5697e495bb20bba02cf0e9f62" member_type: VOTER last_known_addr { host: "127.21.49.66" port: 35535 } } peers { permanent_uuid: "f9f61f8cf19445aa90c9f489cd286e5f" member_type: VOTER last_known_addr { host: "127.21.49.67" port: 39315 } }
I20260710 13:22:12.221858 22075 leader_election.cc:290] T 163f9dca6f474c7396ea995a606be434 P eea51fbfcd374fcba179231fa6ed8b76 [CANDIDATE]: Term 1 pre-election: Requested pre-vote from peers 0322ebc5697e495bb20bba02cf0e9f62 (127.21.49.66:35535), f9f61f8cf19445aa90c9f489cd286e5f (127.21.49.67:39315)
I20260710 13:22:12.218962 22031 raft_consensus.cc:385] T 50e1f1975d0a45af92e5e98796ffc9dd P f9f61f8cf19445aa90c9f489cd286e5f [term 0 FOLLOWER]: Consensus starting up: Expiring failure detector timer to make a prompt election more likely
I20260710 13:22:12.222535 22031 raft_consensus.cc:740] T 50e1f1975d0a45af92e5e98796ffc9dd P f9f61f8cf19445aa90c9f489cd286e5f [term 0 FOLLOWER]: Becoming Follower/Learner. State: Replica: f9f61f8cf19445aa90c9f489cd286e5f, State: Initialized, Role: FOLLOWER
I20260710 13:22:12.223198 22031 consensus_queue.cc:260] T 50e1f1975d0a45af92e5e98796ffc9dd P f9f61f8cf19445aa90c9f489cd286e5f [NON_LEADER]: Queue going to NON_LEADER mode. State: All replicated index: 0, Majority replicated index: 0, Committed index: 0, Last appended: 0.0, Last appended by leader: 0, Current term: 0, Majority size: -1, State: 0, Mode: NON_LEADER, active raft config: opid_index: -1 OBSOLETE_local: false peers { permanent_uuid: "eea51fbfcd374fcba179231fa6ed8b76" member_type: VOTER last_known_addr { host: "127.21.49.65" port: 46205 } } peers { permanent_uuid: "0322ebc5697e495bb20bba02cf0e9f62" member_type: VOTER last_known_addr { host: "127.21.49.66" port: 35535 } } peers { permanent_uuid: "f9f61f8cf19445aa90c9f489cd286e5f" member_type: VOTER last_known_addr { host: "127.21.49.67" port: 39315 } }
I20260710 13:22:12.224792 21909 tablet_service.cc:1917] Received RequestConsensusVote() RPC: tablet_id: "163f9dca6f474c7396ea995a606be434" candidate_uuid: "eea51fbfcd374fcba179231fa6ed8b76" candidate_term: 1 candidate_status { last_received { term: 0 index: 0 } } ignore_live_leader: false dest_uuid: "0322ebc5697e495bb20bba02cf0e9f62" is_pre_election: true
I20260710 13:22:12.225135 22031 ts_tablet_manager.cc:1434] T 50e1f1975d0a45af92e5e98796ffc9dd P f9f61f8cf19445aa90c9f489cd286e5f: Time spent starting tablet: real 0.011s	user 0.004s	sys 0.000s
I20260710 13:22:12.225742 22035 raft_consensus.cc:2804] T 50e1f1975d0a45af92e5e98796ffc9dd P 0322ebc5697e495bb20bba02cf0e9f62 [term 0 FOLLOWER]: Leader pre-election won for term 1
I20260710 13:22:12.226092 22035 raft_consensus.cc:493] T 50e1f1975d0a45af92e5e98796ffc9dd P 0322ebc5697e495bb20bba02cf0e9f62 [term 0 FOLLOWER]: Starting leader election (no leader contacted us within the election timeout)
I20260710 13:22:12.226433 22035 raft_consensus.cc:3060] T 50e1f1975d0a45af92e5e98796ffc9dd P 0322ebc5697e495bb20bba02cf0e9f62 [term 0 FOLLOWER]: Advancing to term 1
I20260710 13:22:12.227864 21910 raft_consensus.cc:2468] T 7beebf05859a4050a702a254629336b3 P 0322ebc5697e495bb20bba02cf0e9f62 [term 1 FOLLOWER]: Leader election vote request: Granting yes vote for candidate f9f61f8cf19445aa90c9f489cd286e5f in term 1.
I20260710 13:22:12.228869 21949 leader_election.cc:304] T 7beebf05859a4050a702a254629336b3 P f9f61f8cf19445aa90c9f489cd286e5f [CANDIDATE]: Term 1 election: Election decided. Result: candidate won. Election summary: received 2 responses out of 3 voters: 2 yes votes; 0 no votes. yes voters: 0322ebc5697e495bb20bba02cf0e9f62, f9f61f8cf19445aa90c9f489cd286e5f; no voters: 
I20260710 13:22:12.229738 22036 raft_consensus.cc:2804] T 7beebf05859a4050a702a254629336b3 P f9f61f8cf19445aa90c9f489cd286e5f [term 1 FOLLOWER]: Leader election won for term 1
I20260710 13:22:12.229827 22029 raft_consensus.cc:359] T 4334fe8669f4438cb9df2e9683f58bff P 0322ebc5697e495bb20bba02cf0e9f62 [term 0 FOLLOWER]: Replica starting. Triggering 0 pending ops. Active config: opid_index: -1 OBSOLETE_local: false peers { permanent_uuid: "eea51fbfcd374fcba179231fa6ed8b76" member_type: VOTER last_known_addr { host: "127.21.49.65" port: 46205 } } peers { permanent_uuid: "0322ebc5697e495bb20bba02cf0e9f62" member_type: VOTER last_known_addr { host: "127.21.49.66" port: 35535 } } peers { permanent_uuid: "f9f61f8cf19445aa90c9f489cd286e5f" member_type: VOTER last_known_addr { host: "127.21.49.67" port: 39315 } }
I20260710 13:22:12.230281 22036 raft_consensus.cc:697] T 7beebf05859a4050a702a254629336b3 P f9f61f8cf19445aa90c9f489cd286e5f [term 1 LEADER]: Becoming Leader. State: Replica: f9f61f8cf19445aa90c9f489cd286e5f, State: Running, Role: LEADER
I20260710 13:22:12.230636 22029 raft_consensus.cc:385] T 4334fe8669f4438cb9df2e9683f58bff P 0322ebc5697e495bb20bba02cf0e9f62 [term 0 FOLLOWER]: Consensus starting up: Expiring failure detector timer to make a prompt election more likely
I20260710 13:22:12.230907 22029 raft_consensus.cc:740] T 4334fe8669f4438cb9df2e9683f58bff P 0322ebc5697e495bb20bba02cf0e9f62 [term 0 FOLLOWER]: Becoming Follower/Learner. State: Replica: 0322ebc5697e495bb20bba02cf0e9f62, State: Initialized, Role: FOLLOWER
I20260710 13:22:12.231317 22036 consensus_queue.cc:237] T 7beebf05859a4050a702a254629336b3 P f9f61f8cf19445aa90c9f489cd286e5f [LEADER]: Queue going to LEADER mode. State: All replicated index: 0, Majority replicated index: 0, Committed index: 0, Last appended: 0.0, Last appended by leader: 0, Current term: 1, Majority size: 2, State: 0, Mode: LEADER, active raft config: opid_index: -1 OBSOLETE_local: false peers { permanent_uuid: "eea51fbfcd374fcba179231fa6ed8b76" member_type: VOTER last_known_addr { host: "127.21.49.65" port: 46205 } } peers { permanent_uuid: "0322ebc5697e495bb20bba02cf0e9f62" member_type: VOTER last_known_addr { host: "127.21.49.66" port: 35535 } } peers { permanent_uuid: "f9f61f8cf19445aa90c9f489cd286e5f" member_type: VOTER last_known_addr { host: "127.21.49.67" port: 39315 } }
I20260710 13:22:12.211905 21984 tablet_service.cc:1917] Received RequestConsensusVote() RPC: tablet_id: "50e1f1975d0a45af92e5e98796ffc9dd" candidate_uuid: "0322ebc5697e495bb20bba02cf0e9f62" candidate_term: 1 candidate_status { last_received { term: 0 index: 0 } } ignore_live_leader: false dest_uuid: "f9f61f8cf19445aa90c9f489cd286e5f" is_pre_election: true
I20260710 13:22:12.212522 22067 raft_consensus.cc:697] T 74e8c03882b841e1b8fb47f390cb0f29 P eea51fbfcd374fcba179231fa6ed8b76 [term 1 LEADER]: Becoming Leader. State: Replica: eea51fbfcd374fcba179231fa6ed8b76, State: Running, Role: LEADER
I20260710 13:22:12.232335 21984 raft_consensus.cc:2468] T 50e1f1975d0a45af92e5e98796ffc9dd P f9f61f8cf19445aa90c9f489cd286e5f [term 0 FOLLOWER]: Leader pre-election vote request: Granting yes vote for candidate 0322ebc5697e495bb20bba02cf0e9f62 in term 0.
I20260710 13:22:12.231496 22029 consensus_queue.cc:260] T 4334fe8669f4438cb9df2e9683f58bff P 0322ebc5697e495bb20bba02cf0e9f62 [NON_LEADER]: Queue going to NON_LEADER mode. State: All replicated index: 0, Majority replicated index: 0, Committed index: 0, Last appended: 0.0, Last appended by leader: 0, Current term: 0, Majority size: -1, State: 0, Mode: NON_LEADER, active raft config: opid_index: -1 OBSOLETE_local: false peers { permanent_uuid: "eea51fbfcd374fcba179231fa6ed8b76" member_type: VOTER last_known_addr { host: "127.21.49.65" port: 46205 } } peers { permanent_uuid: "0322ebc5697e495bb20bba02cf0e9f62" member_type: VOTER last_known_addr { host: "127.21.49.66" port: 35535 } } peers { permanent_uuid: "f9f61f8cf19445aa90c9f489cd286e5f" member_type: VOTER last_known_addr { host: "127.21.49.67" port: 39315 } }
I20260710 13:22:12.232717 22067 consensus_queue.cc:237] T 74e8c03882b841e1b8fb47f390cb0f29 P eea51fbfcd374fcba179231fa6ed8b76 [LEADER]: Queue going to LEADER mode. State: All replicated index: 0, Majority replicated index: 0, Committed index: 0, Last appended: 0.0, Last appended by leader: 0, Current term: 1, Majority size: 2, State: 0, Mode: LEADER, active raft config: opid_index: -1 OBSOLETE_local: false peers { permanent_uuid: "eea51fbfcd374fcba179231fa6ed8b76" member_type: VOTER last_known_addr { host: "127.21.49.65" port: 46205 } } peers { permanent_uuid: "0322ebc5697e495bb20bba02cf0e9f62" member_type: VOTER last_known_addr { host: "127.21.49.66" port: 35535 } } peers { permanent_uuid: "f9f61f8cf19445aa90c9f489cd286e5f" member_type: VOTER last_known_addr { host: "127.21.49.67" port: 39315 } }
I20260710 13:22:12.234903 22029 ts_tablet_manager.cc:1434] T 4334fe8669f4438cb9df2e9683f58bff P 0322ebc5697e495bb20bba02cf0e9f62: Time spent starting tablet: real 0.019s	user 0.005s	sys 0.000s
I20260710 13:22:12.235803 22029 tablet_bootstrap.cc:492] T b317a3d9cfb04ca4a2a8d28180cf1ce7 P 0322ebc5697e495bb20bba02cf0e9f62: Bootstrap starting.
I20260710 13:22:12.238708 21984 tablet_service.cc:1917] Received RequestConsensusVote() RPC: tablet_id: "163f9dca6f474c7396ea995a606be434" candidate_uuid: "eea51fbfcd374fcba179231fa6ed8b76" candidate_term: 1 candidate_status { last_received { term: 0 index: 0 } } ignore_live_leader: false dest_uuid: "f9f61f8cf19445aa90c9f489cd286e5f" is_pre_election: true
I20260710 13:22:12.240262 21984 raft_consensus.cc:2468] T 163f9dca6f474c7396ea995a606be434 P f9f61f8cf19445aa90c9f489cd286e5f [term 0 FOLLOWER]: Leader pre-election vote request: Granting yes vote for candidate eea51fbfcd374fcba179231fa6ed8b76 in term 0.
I20260710 13:22:12.241319 22029 tablet_bootstrap.cc:654] T b317a3d9cfb04ca4a2a8d28180cf1ce7 P 0322ebc5697e495bb20bba02cf0e9f62: Neither blocks nor log segments found. Creating new log.
I20260710 13:22:12.241321 21800 leader_election.cc:304] T 163f9dca6f474c7396ea995a606be434 P eea51fbfcd374fcba179231fa6ed8b76 [CANDIDATE]: Term 1 pre-election: Election decided. Result: candidate won. Election summary: received 2 responses out of 3 voters: 2 yes votes; 0 no votes. yes voters: eea51fbfcd374fcba179231fa6ed8b76, f9f61f8cf19445aa90c9f489cd286e5f; no voters: 
I20260710 13:22:12.242304 22075 raft_consensus.cc:2804] T 163f9dca6f474c7396ea995a606be434 P eea51fbfcd374fcba179231fa6ed8b76 [term 0 FOLLOWER]: Leader pre-election won for term 1
I20260710 13:22:12.242651 22075 raft_consensus.cc:493] T 163f9dca6f474c7396ea995a606be434 P eea51fbfcd374fcba179231fa6ed8b76 [term 0 FOLLOWER]: Starting leader election (no leader contacted us within the election timeout)
I20260710 13:22:12.242974 22075 raft_consensus.cc:3060] T 163f9dca6f474c7396ea995a606be434 P eea51fbfcd374fcba179231fa6ed8b76 [term 0 FOLLOWER]: Advancing to term 1
I20260710 13:22:12.242908 21909 raft_consensus.cc:2468] T 163f9dca6f474c7396ea995a606be434 P 0322ebc5697e495bb20bba02cf0e9f62 [term 0 FOLLOWER]: Leader pre-election vote request: Granting yes vote for candidate eea51fbfcd374fcba179231fa6ed8b76 in term 0.
I20260710 13:22:12.249897 21985 raft_consensus.cc:2468] T 45447b1a5caa43c9998ce0ea69a7011e P f9f61f8cf19445aa90c9f489cd286e5f [term 1 FOLLOWER]: Leader election vote request: Granting yes vote for candidate eea51fbfcd374fcba179231fa6ed8b76 in term 1.
I20260710 13:22:12.251168 21800 leader_election.cc:304] T 45447b1a5caa43c9998ce0ea69a7011e P eea51fbfcd374fcba179231fa6ed8b76 [CANDIDATE]: Term 1 election: Election decided. Result: candidate won. Election summary: received 2 responses out of 3 voters: 2 yes votes; 0 no votes. yes voters: eea51fbfcd374fcba179231fa6ed8b76, f9f61f8cf19445aa90c9f489cd286e5f; no voters: 
I20260710 13:22:12.211695 21911 tablet_service.cc:1917] Received RequestConsensusVote() RPC: tablet_id: "45447b1a5caa43c9998ce0ea69a7011e" candidate_uuid: "eea51fbfcd374fcba179231fa6ed8b76" candidate_term: 1 candidate_status { last_received { term: 0 index: 0 } } ignore_live_leader: false dest_uuid: "0322ebc5697e495bb20bba02cf0e9f62"
I20260710 13:22:12.251941 22034 raft_consensus.cc:2804] T 45447b1a5caa43c9998ce0ea69a7011e P eea51fbfcd374fcba179231fa6ed8b76 [term 1 FOLLOWER]: Leader election won for term 1
I20260710 13:22:12.252141 21911 raft_consensus.cc:3060] T 45447b1a5caa43c9998ce0ea69a7011e P 0322ebc5697e495bb20bba02cf0e9f62 [term 0 FOLLOWER]: Advancing to term 1
I20260710 13:22:12.254578 22034 raft_consensus.cc:697] T 45447b1a5caa43c9998ce0ea69a7011e P eea51fbfcd374fcba179231fa6ed8b76 [term 1 LEADER]: Becoming Leader. State: Replica: eea51fbfcd374fcba179231fa6ed8b76, State: Running, Role: LEADER
I20260710 13:22:12.255424 22034 consensus_queue.cc:237] T 45447b1a5caa43c9998ce0ea69a7011e P eea51fbfcd374fcba179231fa6ed8b76 [LEADER]: Queue going to LEADER mode. State: All replicated index: 0, Majority replicated index: 0, Committed index: 0, Last appended: 0.0, Last appended by leader: 0, Current term: 1, Majority size: 2, State: 0, Mode: LEADER, active raft config: opid_index: -1 OBSOLETE_local: false peers { permanent_uuid: "eea51fbfcd374fcba179231fa6ed8b76" member_type: VOTER last_known_addr { host: "127.21.49.65" port: 46205 } } peers { permanent_uuid: "0322ebc5697e495bb20bba02cf0e9f62" member_type: VOTER last_known_addr { host: "127.21.49.66" port: 35535 } } peers { permanent_uuid: "f9f61f8cf19445aa90c9f489cd286e5f" member_type: VOTER last_known_addr { host: "127.21.49.67" port: 39315 } }
I20260710 13:22:12.260200 22029 tablet_bootstrap.cc:492] T b317a3d9cfb04ca4a2a8d28180cf1ce7 P 0322ebc5697e495bb20bba02cf0e9f62: No bootstrap required, opened a new log
I20260710 13:22:12.260665 22029 ts_tablet_manager.cc:1403] T b317a3d9cfb04ca4a2a8d28180cf1ce7 P 0322ebc5697e495bb20bba02cf0e9f62: Time spent bootstrapping tablet: real 0.025s	user 0.018s	sys 0.004s
I20260710 13:22:12.259171 21835 raft_consensus.cc:2468] T 7beebf05859a4050a702a254629336b3 P eea51fbfcd374fcba179231fa6ed8b76 [term 1 FOLLOWER]: Leader election vote request: Granting yes vote for candidate f9f61f8cf19445aa90c9f489cd286e5f in term 1.
I20260710 13:22:12.249918 22075 raft_consensus.cc:515] T 163f9dca6f474c7396ea995a606be434 P eea51fbfcd374fcba179231fa6ed8b76 [term 1 FOLLOWER]: Starting leader election with config: opid_index: -1 OBSOLETE_local: false peers { permanent_uuid: "eea51fbfcd374fcba179231fa6ed8b76" member_type: VOTER last_known_addr { host: "127.21.49.65" port: 46205 } } peers { permanent_uuid: "0322ebc5697e495bb20bba02cf0e9f62" member_type: VOTER last_known_addr { host: "127.21.49.66" port: 35535 } } peers { permanent_uuid: "f9f61f8cf19445aa90c9f489cd286e5f" member_type: VOTER last_known_addr { host: "127.21.49.67" port: 39315 } }
I20260710 13:22:12.260972 22035 raft_consensus.cc:515] T 50e1f1975d0a45af92e5e98796ffc9dd P 0322ebc5697e495bb20bba02cf0e9f62 [term 1 FOLLOWER]: Starting leader election with config: opid_index: -1 OBSOLETE_local: false peers { permanent_uuid: "eea51fbfcd374fcba179231fa6ed8b76" member_type: VOTER last_known_addr { host: "127.21.49.65" port: 46205 } } peers { permanent_uuid: "0322ebc5697e495bb20bba02cf0e9f62" member_type: VOTER last_known_addr { host: "127.21.49.66" port: 35535 } } peers { permanent_uuid: "f9f61f8cf19445aa90c9f489cd286e5f" member_type: VOTER last_known_addr { host: "127.21.49.67" port: 39315 } }
I20260710 13:22:12.263222 22029 raft_consensus.cc:359] T b317a3d9cfb04ca4a2a8d28180cf1ce7 P 0322ebc5697e495bb20bba02cf0e9f62 [term 0 FOLLOWER]: Replica starting. Triggering 0 pending ops. Active config: opid_index: -1 OBSOLETE_local: false peers { permanent_uuid: "eea51fbfcd374fcba179231fa6ed8b76" member_type: VOTER last_known_addr { host: "127.21.49.65" port: 46205 } } peers { permanent_uuid: "0322ebc5697e495bb20bba02cf0e9f62" member_type: VOTER last_known_addr { host: "127.21.49.66" port: 35535 } } peers { permanent_uuid: "f9f61f8cf19445aa90c9f489cd286e5f" member_type: VOTER last_known_addr { host: "127.21.49.67" port: 39315 } }
I20260710 13:22:12.266183 22029 raft_consensus.cc:385] T b317a3d9cfb04ca4a2a8d28180cf1ce7 P 0322ebc5697e495bb20bba02cf0e9f62 [term 0 FOLLOWER]: Consensus starting up: Expiring failure detector timer to make a prompt election more likely
I20260710 13:22:12.266469 22029 raft_consensus.cc:740] T b317a3d9cfb04ca4a2a8d28180cf1ce7 P 0322ebc5697e495bb20bba02cf0e9f62 [term 0 FOLLOWER]: Becoming Follower/Learner. State: Replica: 0322ebc5697e495bb20bba02cf0e9f62, State: Initialized, Role: FOLLOWER
I20260710 13:22:12.267129 22029 consensus_queue.cc:260] T b317a3d9cfb04ca4a2a8d28180cf1ce7 P 0322ebc5697e495bb20bba02cf0e9f62 [NON_LEADER]: Queue going to NON_LEADER mode. State: All replicated index: 0, Majority replicated index: 0, Committed index: 0, Last appended: 0.0, Last appended by leader: 0, Current term: 0, Majority size: -1, State: 0, Mode: NON_LEADER, active raft config: opid_index: -1 OBSOLETE_local: false peers { permanent_uuid: "eea51fbfcd374fcba179231fa6ed8b76" member_type: VOTER last_known_addr { host: "127.21.49.65" port: 46205 } } peers { permanent_uuid: "0322ebc5697e495bb20bba02cf0e9f62" member_type: VOTER last_known_addr { host: "127.21.49.66" port: 35535 } } peers { permanent_uuid: "f9f61f8cf19445aa90c9f489cd286e5f" member_type: VOTER last_known_addr { host: "127.21.49.67" port: 39315 } }
I20260710 13:22:12.268766 21909 tablet_service.cc:1917] Received RequestConsensusVote() RPC: tablet_id: "163f9dca6f474c7396ea995a606be434" candidate_uuid: "eea51fbfcd374fcba179231fa6ed8b76" candidate_term: 1 candidate_status { last_received { term: 0 index: 0 } } ignore_live_leader: false dest_uuid: "0322ebc5697e495bb20bba02cf0e9f62"
I20260710 13:22:12.269282 21909 raft_consensus.cc:3060] T 163f9dca6f474c7396ea995a606be434 P 0322ebc5697e495bb20bba02cf0e9f62 [term 0 FOLLOWER]: Advancing to term 1
I20260710 13:22:12.269766 22035 leader_election.cc:290] T 50e1f1975d0a45af92e5e98796ffc9dd P 0322ebc5697e495bb20bba02cf0e9f62 [CANDIDATE]: Term 1 election: Requested vote from peers eea51fbfcd374fcba179231fa6ed8b76 (127.21.49.65:46205), f9f61f8cf19445aa90c9f489cd286e5f (127.21.49.67:39315)
I20260710 13:22:12.272655 22029 ts_tablet_manager.cc:1434] T b317a3d9cfb04ca4a2a8d28180cf1ce7 P 0322ebc5697e495bb20bba02cf0e9f62: Time spent starting tablet: real 0.012s	user 0.000s	sys 0.006s
I20260710 13:22:12.277012 21909 raft_consensus.cc:2468] T 163f9dca6f474c7396ea995a606be434 P 0322ebc5697e495bb20bba02cf0e9f62 [term 1 FOLLOWER]: Leader election vote request: Granting yes vote for candidate eea51fbfcd374fcba179231fa6ed8b76 in term 1.
I20260710 13:22:12.278267 21800 leader_election.cc:304] T 163f9dca6f474c7396ea995a606be434 P eea51fbfcd374fcba179231fa6ed8b76 [CANDIDATE]: Term 1 election: Election decided. Result: candidate won. Election summary: received 2 responses out of 3 voters: 2 yes votes; 0 no votes. yes voters: 0322ebc5697e495bb20bba02cf0e9f62, eea51fbfcd374fcba179231fa6ed8b76; no voters: 
I20260710 13:22:12.279284 21985 tablet_service.cc:1917] Received RequestConsensusVote() RPC: tablet_id: "50e1f1975d0a45af92e5e98796ffc9dd" candidate_uuid: "0322ebc5697e495bb20bba02cf0e9f62" candidate_term: 1 candidate_status { last_received { term: 0 index: 0 } } ignore_live_leader: false dest_uuid: "f9f61f8cf19445aa90c9f489cd286e5f"
I20260710 13:22:12.279888 21985 raft_consensus.cc:3060] T 50e1f1975d0a45af92e5e98796ffc9dd P f9f61f8cf19445aa90c9f489cd286e5f [term 0 FOLLOWER]: Advancing to term 1
I20260710 13:22:12.280335 22034 raft_consensus.cc:2804] T 163f9dca6f474c7396ea995a606be434 P eea51fbfcd374fcba179231fa6ed8b76 [term 1 FOLLOWER]: Leader election won for term 1
I20260710 13:22:12.280769 22034 raft_consensus.cc:697] T 163f9dca6f474c7396ea995a606be434 P eea51fbfcd374fcba179231fa6ed8b76 [term 1 LEADER]: Becoming Leader. State: Replica: eea51fbfcd374fcba179231fa6ed8b76, State: Running, Role: LEADER
I20260710 13:22:12.281543 22034 consensus_queue.cc:237] T 163f9dca6f474c7396ea995a606be434 P eea51fbfcd374fcba179231fa6ed8b76 [LEADER]: Queue going to LEADER mode. State: All replicated index: 0, Majority replicated index: 0, Committed index: 0, Last appended: 0.0, Last appended by leader: 0, Current term: 1, Majority size: 2, State: 0, Mode: LEADER, active raft config: opid_index: -1 OBSOLETE_local: false peers { permanent_uuid: "eea51fbfcd374fcba179231fa6ed8b76" member_type: VOTER last_known_addr { host: "127.21.49.65" port: 46205 } } peers { permanent_uuid: "0322ebc5697e495bb20bba02cf0e9f62" member_type: VOTER last_known_addr { host: "127.21.49.66" port: 35535 } } peers { permanent_uuid: "f9f61f8cf19445aa90c9f489cd286e5f" member_type: VOTER last_known_addr { host: "127.21.49.67" port: 39315 } }
I20260710 13:22:12.266578 21835 tablet_service.cc:1917] Received RequestConsensusVote() RPC: tablet_id: "50e1f1975d0a45af92e5e98796ffc9dd" candidate_uuid: "0322ebc5697e495bb20bba02cf0e9f62" candidate_term: 1 candidate_status { last_received { term: 0 index: 0 } } ignore_live_leader: false dest_uuid: "eea51fbfcd374fcba179231fa6ed8b76"
I20260710 13:22:12.284315 21835 raft_consensus.cc:3060] T 50e1f1975d0a45af92e5e98796ffc9dd P eea51fbfcd374fcba179231fa6ed8b76 [term 0 FOLLOWER]: Advancing to term 1
I20260710 13:22:12.284724 22080 raft_consensus.cc:493] T 4334fe8669f4438cb9df2e9683f58bff P eea51fbfcd374fcba179231fa6ed8b76 [term 0 FOLLOWER]: Starting pre-election (no leader contacted us within the election timeout)
I20260710 13:22:12.285162 22080 raft_consensus.cc:515] T 4334fe8669f4438cb9df2e9683f58bff P eea51fbfcd374fcba179231fa6ed8b76 [term 0 FOLLOWER]: Starting pre-election with config: opid_index: -1 OBSOLETE_local: false peers { permanent_uuid: "eea51fbfcd374fcba179231fa6ed8b76" member_type: VOTER last_known_addr { host: "127.21.49.65" port: 46205 } } peers { permanent_uuid: "0322ebc5697e495bb20bba02cf0e9f62" member_type: VOTER last_known_addr { host: "127.21.49.66" port: 35535 } } peers { permanent_uuid: "f9f61f8cf19445aa90c9f489cd286e5f" member_type: VOTER last_known_addr { host: "127.21.49.67" port: 39315 } }
I20260710 13:22:12.287196 22080 leader_election.cc:290] T 4334fe8669f4438cb9df2e9683f58bff P eea51fbfcd374fcba179231fa6ed8b76 [CANDIDATE]: Term 1 pre-election: Requested pre-vote from peers 0322ebc5697e495bb20bba02cf0e9f62 (127.21.49.66:35535), f9f61f8cf19445aa90c9f489cd286e5f (127.21.49.67:39315)
I20260710 13:22:12.288102 21910 tablet_service.cc:1917] Received RequestConsensusVote() RPC: tablet_id: "4334fe8669f4438cb9df2e9683f58bff" candidate_uuid: "eea51fbfcd374fcba179231fa6ed8b76" candidate_term: 1 candidate_status { last_received { term: 0 index: 0 } } ignore_live_leader: false dest_uuid: "0322ebc5697e495bb20bba02cf0e9f62" is_pre_election: true
I20260710 13:22:12.288767 21910 raft_consensus.cc:2468] T 4334fe8669f4438cb9df2e9683f58bff P 0322ebc5697e495bb20bba02cf0e9f62 [term 0 FOLLOWER]: Leader pre-election vote request: Granting yes vote for candidate eea51fbfcd374fcba179231fa6ed8b76 in term 0.
I20260710 13:22:12.290777 21984 tablet_service.cc:1917] Received RequestConsensusVote() RPC: tablet_id: "4334fe8669f4438cb9df2e9683f58bff" candidate_uuid: "eea51fbfcd374fcba179231fa6ed8b76" candidate_term: 1 candidate_status { last_received { term: 0 index: 0 } } ignore_live_leader: false dest_uuid: "f9f61f8cf19445aa90c9f489cd286e5f" is_pre_election: true
I20260710 13:22:12.290831 21800 leader_election.cc:304] T 4334fe8669f4438cb9df2e9683f58bff P eea51fbfcd374fcba179231fa6ed8b76 [CANDIDATE]: Term 1 pre-election: Election decided. Result: candidate won. Election summary: received 2 responses out of 3 voters: 2 yes votes; 0 no votes. yes voters: 0322ebc5697e495bb20bba02cf0e9f62, eea51fbfcd374fcba179231fa6ed8b76; no voters: 
I20260710 13:22:12.291441 21984 raft_consensus.cc:2468] T 4334fe8669f4438cb9df2e9683f58bff P f9f61f8cf19445aa90c9f489cd286e5f [term 0 FOLLOWER]: Leader pre-election vote request: Granting yes vote for candidate eea51fbfcd374fcba179231fa6ed8b76 in term 0.
I20260710 13:22:12.292294 22069 raft_consensus.cc:2804] T 4334fe8669f4438cb9df2e9683f58bff P eea51fbfcd374fcba179231fa6ed8b76 [term 0 FOLLOWER]: Leader pre-election won for term 1
I20260710 13:22:12.292709 22069 raft_consensus.cc:493] T 4334fe8669f4438cb9df2e9683f58bff P eea51fbfcd374fcba179231fa6ed8b76 [term 0 FOLLOWER]: Starting leader election (no leader contacted us within the election timeout)
I20260710 13:22:12.293077 22069 raft_consensus.cc:3060] T 4334fe8669f4438cb9df2e9683f58bff P eea51fbfcd374fcba179231fa6ed8b76 [term 0 FOLLOWER]: Advancing to term 1
I20260710 13:22:12.290395 21911 raft_consensus.cc:2468] T 45447b1a5caa43c9998ce0ea69a7011e P 0322ebc5697e495bb20bba02cf0e9f62 [term 1 FOLLOWER]: Leader election vote request: Granting yes vote for candidate eea51fbfcd374fcba179231fa6ed8b76 in term 1.
I20260710 13:22:12.299966 22069 raft_consensus.cc:515] T 4334fe8669f4438cb9df2e9683f58bff P eea51fbfcd374fcba179231fa6ed8b76 [term 1 FOLLOWER]: Starting leader election with config: opid_index: -1 OBSOLETE_local: false peers { permanent_uuid: "eea51fbfcd374fcba179231fa6ed8b76" member_type: VOTER last_known_addr { host: "127.21.49.65" port: 46205 } } peers { permanent_uuid: "0322ebc5697e495bb20bba02cf0e9f62" member_type: VOTER last_known_addr { host: "127.21.49.66" port: 35535 } } peers { permanent_uuid: "f9f61f8cf19445aa90c9f489cd286e5f" member_type: VOTER last_known_addr { host: "127.21.49.67" port: 39315 } }
I20260710 13:22:12.301829 22069 leader_election.cc:290] T 4334fe8669f4438cb9df2e9683f58bff P eea51fbfcd374fcba179231fa6ed8b76 [CANDIDATE]: Term 1 election: Requested vote from peers 0322ebc5697e495bb20bba02cf0e9f62 (127.21.49.66:35535), f9f61f8cf19445aa90c9f489cd286e5f (127.21.49.67:39315)
I20260710 13:22:12.302502 21985 raft_consensus.cc:2468] T 50e1f1975d0a45af92e5e98796ffc9dd P f9f61f8cf19445aa90c9f489cd286e5f [term 1 FOLLOWER]: Leader election vote request: Granting yes vote for candidate 0322ebc5697e495bb20bba02cf0e9f62 in term 1.
I20260710 13:22:12.303781 21875 leader_election.cc:304] T 50e1f1975d0a45af92e5e98796ffc9dd P 0322ebc5697e495bb20bba02cf0e9f62 [CANDIDATE]: Term 1 election: Election decided. Result: candidate won. Election summary: received 2 responses out of 3 voters: 2 yes votes; 0 no votes. yes voters: 0322ebc5697e495bb20bba02cf0e9f62, f9f61f8cf19445aa90c9f489cd286e5f; no voters: 
I20260710 13:22:12.305572 22035 raft_consensus.cc:2804] T 50e1f1975d0a45af92e5e98796ffc9dd P 0322ebc5697e495bb20bba02cf0e9f62 [term 1 FOLLOWER]: Leader election won for term 1
I20260710 13:22:12.306089 21984 tablet_service.cc:1917] Received RequestConsensusVote() RPC: tablet_id: "4334fe8669f4438cb9df2e9683f58bff" candidate_uuid: "eea51fbfcd374fcba179231fa6ed8b76" candidate_term: 1 candidate_status { last_received { term: 0 index: 0 } } ignore_live_leader: false dest_uuid: "f9f61f8cf19445aa90c9f489cd286e5f"
I20260710 13:22:12.306267 22035 raft_consensus.cc:697] T 50e1f1975d0a45af92e5e98796ffc9dd P 0322ebc5697e495bb20bba02cf0e9f62 [term 1 LEADER]: Becoming Leader. State: Replica: 0322ebc5697e495bb20bba02cf0e9f62, State: Running, Role: LEADER
I20260710 13:22:12.306629 21984 raft_consensus.cc:3060] T 4334fe8669f4438cb9df2e9683f58bff P f9f61f8cf19445aa90c9f489cd286e5f [term 0 FOLLOWER]: Advancing to term 1
I20260710 13:22:12.307125 22035 consensus_queue.cc:237] T 50e1f1975d0a45af92e5e98796ffc9dd P 0322ebc5697e495bb20bba02cf0e9f62 [LEADER]: Queue going to LEADER mode. State: All replicated index: 0, Majority replicated index: 0, Committed index: 0, Last appended: 0.0, Last appended by leader: 0, Current term: 1, Majority size: 2, State: 0, Mode: LEADER, active raft config: opid_index: -1 OBSOLETE_local: false peers { permanent_uuid: "eea51fbfcd374fcba179231fa6ed8b76" member_type: VOTER last_known_addr { host: "127.21.49.65" port: 46205 } } peers { permanent_uuid: "0322ebc5697e495bb20bba02cf0e9f62" member_type: VOTER last_known_addr { host: "127.21.49.66" port: 35535 } } peers { permanent_uuid: "f9f61f8cf19445aa90c9f489cd286e5f" member_type: VOTER last_known_addr { host: "127.21.49.67" port: 39315 } }
I20260710 13:22:12.313004 21984 raft_consensus.cc:2468] T 4334fe8669f4438cb9df2e9683f58bff P f9f61f8cf19445aa90c9f489cd286e5f [term 1 FOLLOWER]: Leader election vote request: Granting yes vote for candidate eea51fbfcd374fcba179231fa6ed8b76 in term 1.
I20260710 13:22:12.314067 21800 leader_election.cc:304] T 4334fe8669f4438cb9df2e9683f58bff P eea51fbfcd374fcba179231fa6ed8b76 [CANDIDATE]: Term 1 election: Election decided. Result: candidate won. Election summary: received 2 responses out of 3 voters: 2 yes votes; 0 no votes. yes voters: eea51fbfcd374fcba179231fa6ed8b76, f9f61f8cf19445aa90c9f489cd286e5f; no voters: 
I20260710 13:22:12.314924 22067 raft_consensus.cc:2804] T 4334fe8669f4438cb9df2e9683f58bff P eea51fbfcd374fcba179231fa6ed8b76 [term 1 FOLLOWER]: Leader election won for term 1
I20260710 13:22:12.315390 22067 raft_consensus.cc:697] T 4334fe8669f4438cb9df2e9683f58bff P eea51fbfcd374fcba179231fa6ed8b76 [term 1 LEADER]: Becoming Leader. State: Replica: eea51fbfcd374fcba179231fa6ed8b76, State: Running, Role: LEADER
I20260710 13:22:12.316201 22067 consensus_queue.cc:237] T 4334fe8669f4438cb9df2e9683f58bff P eea51fbfcd374fcba179231fa6ed8b76 [LEADER]: Queue going to LEADER mode. State: All replicated index: 0, Majority replicated index: 0, Committed index: 0, Last appended: 0.0, Last appended by leader: 0, Current term: 1, Majority size: 2, State: 0, Mode: LEADER, active raft config: opid_index: -1 OBSOLETE_local: false peers { permanent_uuid: "eea51fbfcd374fcba179231fa6ed8b76" member_type: VOTER last_known_addr { host: "127.21.49.65" port: 46205 } } peers { permanent_uuid: "0322ebc5697e495bb20bba02cf0e9f62" member_type: VOTER last_known_addr { host: "127.21.49.66" port: 35535 } } peers { permanent_uuid: "f9f61f8cf19445aa90c9f489cd286e5f" member_type: VOTER last_known_addr { host: "127.21.49.67" port: 39315 } }
I20260710 13:22:12.317359 22075 leader_election.cc:290] T 163f9dca6f474c7396ea995a606be434 P eea51fbfcd374fcba179231fa6ed8b76 [CANDIDATE]: Term 1 election: Requested vote from peers 0322ebc5697e495bb20bba02cf0e9f62 (127.21.49.66:35535), f9f61f8cf19445aa90c9f489cd286e5f (127.21.49.67:39315)
I20260710 13:22:12.318435 21732 catalog_manager.cc:5697] T 74e8c03882b841e1b8fb47f390cb0f29 P eea51fbfcd374fcba179231fa6ed8b76 reported cstate change: term changed from 0 to 1, leader changed from <none> to eea51fbfcd374fcba179231fa6ed8b76 (127.21.49.65). New cstate: current_term: 1 leader_uuid: "eea51fbfcd374fcba179231fa6ed8b76" committed_config { opid_index: -1 OBSOLETE_local: false peers { permanent_uuid: "eea51fbfcd374fcba179231fa6ed8b76" member_type: VOTER last_known_addr { host: "127.21.49.65" port: 46205 } health_report { overall_health: HEALTHY } } peers { permanent_uuid: "0322ebc5697e495bb20bba02cf0e9f62" member_type: VOTER last_known_addr { host: "127.21.49.66" port: 35535 } health_report { overall_health: UNKNOWN } } peers { permanent_uuid: "f9f61f8cf19445aa90c9f489cd286e5f" member_type: VOTER last_known_addr { host: "127.21.49.67" port: 39315 } health_report { overall_health: UNKNOWN } } }
I20260710 13:22:12.320286 21835 raft_consensus.cc:2468] T 50e1f1975d0a45af92e5e98796ffc9dd P eea51fbfcd374fcba179231fa6ed8b76 [term 1 FOLLOWER]: Leader election vote request: Granting yes vote for candidate 0322ebc5697e495bb20bba02cf0e9f62 in term 1.
I20260710 13:22:12.325326 22035 consensus_queue.cc:1048] T 41d4027ae5c44b2fa33750c7cf21766f P 0322ebc5697e495bb20bba02cf0e9f62 [LEADER]: Connected to new peer: Peer: permanent_uuid: "eea51fbfcd374fcba179231fa6ed8b76" member_type: VOTER last_known_addr { host: "127.21.49.65" port: 46205 }, Status: LMP_MISMATCH, Last received: 0.0, Next index: 1, Last known committed idx: 0, Time since last communication: 0.000s
I20260710 13:22:12.329653 21733 catalog_manager.cc:5697] T 50e1f1975d0a45af92e5e98796ffc9dd P 0322ebc5697e495bb20bba02cf0e9f62 reported cstate change: term changed from 0 to 1, leader changed from <none> to 0322ebc5697e495bb20bba02cf0e9f62 (127.21.49.66). New cstate: current_term: 1 leader_uuid: "0322ebc5697e495bb20bba02cf0e9f62" committed_config { opid_index: -1 OBSOLETE_local: false peers { permanent_uuid: "eea51fbfcd374fcba179231fa6ed8b76" member_type: VOTER last_known_addr { host: "127.21.49.65" port: 46205 } health_report { overall_health: UNKNOWN } } peers { permanent_uuid: "0322ebc5697e495bb20bba02cf0e9f62" member_type: VOTER last_known_addr { host: "127.21.49.66" port: 35535 } health_report { overall_health: HEALTHY } } peers { permanent_uuid: "f9f61f8cf19445aa90c9f489cd286e5f" member_type: VOTER last_known_addr { host: "127.21.49.67" port: 39315 } health_report { overall_health: UNKNOWN } } }
I20260710 13:22:12.341391 21731 catalog_manager.cc:5697] T 7beebf05859a4050a702a254629336b3 P f9f61f8cf19445aa90c9f489cd286e5f reported cstate change: term changed from 0 to 1, leader changed from <none> to f9f61f8cf19445aa90c9f489cd286e5f (127.21.49.67). New cstate: current_term: 1 leader_uuid: "f9f61f8cf19445aa90c9f489cd286e5f" committed_config { opid_index: -1 OBSOLETE_local: false peers { permanent_uuid: "eea51fbfcd374fcba179231fa6ed8b76" member_type: VOTER last_known_addr { host: "127.21.49.65" port: 46205 } health_report { overall_health: UNKNOWN } } peers { permanent_uuid: "0322ebc5697e495bb20bba02cf0e9f62" member_type: VOTER last_known_addr { host: "127.21.49.66" port: 35535 } health_report { overall_health: UNKNOWN } } peers { permanent_uuid: "f9f61f8cf19445aa90c9f489cd286e5f" member_type: VOTER last_known_addr { host: "127.21.49.67" port: 39315 } health_report { overall_health: HEALTHY } } }
I20260710 13:22:12.315236 21911 tablet_service.cc:1917] Received RequestConsensusVote() RPC: tablet_id: "4334fe8669f4438cb9df2e9683f58bff" candidate_uuid: "eea51fbfcd374fcba179231fa6ed8b76" candidate_term: 1 candidate_status { last_received { term: 0 index: 0 } } ignore_live_leader: false dest_uuid: "0322ebc5697e495bb20bba02cf0e9f62"
I20260710 13:22:12.349414 21911 raft_consensus.cc:3060] T 4334fe8669f4438cb9df2e9683f58bff P 0322ebc5697e495bb20bba02cf0e9f62 [term 0 FOLLOWER]: Advancing to term 1
I20260710 13:22:12.352231 22053 consensus_queue.cc:1048] T 41d4027ae5c44b2fa33750c7cf21766f P 0322ebc5697e495bb20bba02cf0e9f62 [LEADER]: Connected to new peer: Peer: permanent_uuid: "f9f61f8cf19445aa90c9f489cd286e5f" member_type: VOTER last_known_addr { host: "127.21.49.67" port: 39315 }, Status: LMP_MISMATCH, Last received: 0.0, Next index: 1, Last known committed idx: 0, Time since last communication: 0.001s
I20260710 13:22:12.353919 22036 raft_consensus.cc:493] T b317a3d9cfb04ca4a2a8d28180cf1ce7 P f9f61f8cf19445aa90c9f489cd286e5f [term 0 FOLLOWER]: Starting pre-election (no leader contacted us within the election timeout)
I20260710 13:22:12.354242 22036 raft_consensus.cc:515] T b317a3d9cfb04ca4a2a8d28180cf1ce7 P f9f61f8cf19445aa90c9f489cd286e5f [term 0 FOLLOWER]: Starting pre-election with config: opid_index: -1 OBSOLETE_local: false peers { permanent_uuid: "eea51fbfcd374fcba179231fa6ed8b76" member_type: VOTER last_known_addr { host: "127.21.49.65" port: 46205 } } peers { permanent_uuid: "0322ebc5697e495bb20bba02cf0e9f62" member_type: VOTER last_known_addr { host: "127.21.49.66" port: 35535 } } peers { permanent_uuid: "f9f61f8cf19445aa90c9f489cd286e5f" member_type: VOTER last_known_addr { host: "127.21.49.67" port: 39315 } }
I20260710 13:22:12.355798 22036 leader_election.cc:290] T b317a3d9cfb04ca4a2a8d28180cf1ce7 P f9f61f8cf19445aa90c9f489cd286e5f [CANDIDATE]: Term 1 pre-election: Requested pre-vote from peers eea51fbfcd374fcba179231fa6ed8b76 (127.21.49.65:46205), 0322ebc5697e495bb20bba02cf0e9f62 (127.21.49.66:35535)
I20260710 13:22:12.357419 21910 tablet_service.cc:1917] Received RequestConsensusVote() RPC: tablet_id: "b317a3d9cfb04ca4a2a8d28180cf1ce7" candidate_uuid: "f9f61f8cf19445aa90c9f489cd286e5f" candidate_term: 1 candidate_status { last_received { term: 0 index: 0 } } ignore_live_leader: false dest_uuid: "0322ebc5697e495bb20bba02cf0e9f62" is_pre_election: true
I20260710 13:22:12.357982 21910 raft_consensus.cc:2468] T b317a3d9cfb04ca4a2a8d28180cf1ce7 P 0322ebc5697e495bb20bba02cf0e9f62 [term 0 FOLLOWER]: Leader pre-election vote request: Granting yes vote for candidate f9f61f8cf19445aa90c9f489cd286e5f in term 0.
I20260710 13:22:12.359015 21911 raft_consensus.cc:2468] T 4334fe8669f4438cb9df2e9683f58bff P 0322ebc5697e495bb20bba02cf0e9f62 [term 1 FOLLOWER]: Leader election vote request: Granting yes vote for candidate eea51fbfcd374fcba179231fa6ed8b76 in term 1.
I20260710 13:22:12.359177 21949 leader_election.cc:304] T b317a3d9cfb04ca4a2a8d28180cf1ce7 P f9f61f8cf19445aa90c9f489cd286e5f [CANDIDATE]: Term 1 pre-election: Election decided. Result: candidate won. Election summary: received 2 responses out of 3 voters: 2 yes votes; 0 no votes. yes voters: 0322ebc5697e495bb20bba02cf0e9f62, f9f61f8cf19445aa90c9f489cd286e5f; no voters: 
I20260710 13:22:12.357914 21985 tablet_service.cc:1917] Received RequestConsensusVote() RPC: tablet_id: "163f9dca6f474c7396ea995a606be434" candidate_uuid: "eea51fbfcd374fcba179231fa6ed8b76" candidate_term: 1 candidate_status { last_received { term: 0 index: 0 } } ignore_live_leader: false dest_uuid: "f9f61f8cf19445aa90c9f489cd286e5f"
I20260710 13:22:12.359998 22036 raft_consensus.cc:2804] T b317a3d9cfb04ca4a2a8d28180cf1ce7 P f9f61f8cf19445aa90c9f489cd286e5f [term 0 FOLLOWER]: Leader pre-election won for term 1
I20260710 13:22:12.360105 21985 raft_consensus.cc:3060] T 163f9dca6f474c7396ea995a606be434 P f9f61f8cf19445aa90c9f489cd286e5f [term 0 FOLLOWER]: Advancing to term 1
I20260710 13:22:12.360451 22036 raft_consensus.cc:493] T b317a3d9cfb04ca4a2a8d28180cf1ce7 P f9f61f8cf19445aa90c9f489cd286e5f [term 0 FOLLOWER]: Starting leader election (no leader contacted us within the election timeout)
I20260710 13:22:12.360780 22036 raft_consensus.cc:3060] T b317a3d9cfb04ca4a2a8d28180cf1ce7 P f9f61f8cf19445aa90c9f489cd286e5f [term 0 FOLLOWER]: Advancing to term 1
I20260710 13:22:12.366432 21985 raft_consensus.cc:2468] T 163f9dca6f474c7396ea995a606be434 P f9f61f8cf19445aa90c9f489cd286e5f [term 1 FOLLOWER]: Leader election vote request: Granting yes vote for candidate eea51fbfcd374fcba179231fa6ed8b76 in term 1.
I20260710 13:22:12.366564 21732 catalog_manager.cc:5697] T 45447b1a5caa43c9998ce0ea69a7011e P eea51fbfcd374fcba179231fa6ed8b76 reported cstate change: term changed from 0 to 1, leader changed from <none> to eea51fbfcd374fcba179231fa6ed8b76 (127.21.49.65). New cstate: current_term: 1 leader_uuid: "eea51fbfcd374fcba179231fa6ed8b76" committed_config { opid_index: -1 OBSOLETE_local: false peers { permanent_uuid: "eea51fbfcd374fcba179231fa6ed8b76" member_type: VOTER last_known_addr { host: "127.21.49.65" port: 46205 } health_report { overall_health: HEALTHY } } peers { permanent_uuid: "0322ebc5697e495bb20bba02cf0e9f62" member_type: VOTER last_known_addr { host: "127.21.49.66" port: 35535 } health_report { overall_health: UNKNOWN } } peers { permanent_uuid: "f9f61f8cf19445aa90c9f489cd286e5f" member_type: VOTER last_known_addr { host: "127.21.49.67" port: 39315 } health_report { overall_health: UNKNOWN } } }
I20260710 13:22:12.368201 22036 raft_consensus.cc:515] T b317a3d9cfb04ca4a2a8d28180cf1ce7 P f9f61f8cf19445aa90c9f489cd286e5f [term 1 FOLLOWER]: Starting leader election with config: opid_index: -1 OBSOLETE_local: false peers { permanent_uuid: "eea51fbfcd374fcba179231fa6ed8b76" member_type: VOTER last_known_addr { host: "127.21.49.65" port: 46205 } } peers { permanent_uuid: "0322ebc5697e495bb20bba02cf0e9f62" member_type: VOTER last_known_addr { host: "127.21.49.66" port: 35535 } } peers { permanent_uuid: "f9f61f8cf19445aa90c9f489cd286e5f" member_type: VOTER last_known_addr { host: "127.21.49.67" port: 39315 } }
I20260710 13:22:12.368242 21732 catalog_manager.cc:5697] T 163f9dca6f474c7396ea995a606be434 P eea51fbfcd374fcba179231fa6ed8b76 reported cstate change: term changed from 0 to 1, leader changed from <none> to eea51fbfcd374fcba179231fa6ed8b76 (127.21.49.65). New cstate: current_term: 1 leader_uuid: "eea51fbfcd374fcba179231fa6ed8b76" committed_config { opid_index: -1 OBSOLETE_local: false peers { permanent_uuid: "eea51fbfcd374fcba179231fa6ed8b76" member_type: VOTER last_known_addr { host: "127.21.49.65" port: 46205 } health_report { overall_health: HEALTHY } } peers { permanent_uuid: "0322ebc5697e495bb20bba02cf0e9f62" member_type: VOTER last_known_addr { host: "127.21.49.66" port: 35535 } health_report { overall_health: UNKNOWN } } peers { permanent_uuid: "f9f61f8cf19445aa90c9f489cd286e5f" member_type: VOTER last_known_addr { host: "127.21.49.67" port: 39315 } health_report { overall_health: UNKNOWN } } }
I20260710 13:22:12.369887 21732 catalog_manager.cc:5697] T 4334fe8669f4438cb9df2e9683f58bff P eea51fbfcd374fcba179231fa6ed8b76 reported cstate change: term changed from 0 to 1, leader changed from <none> to eea51fbfcd374fcba179231fa6ed8b76 (127.21.49.65). New cstate: current_term: 1 leader_uuid: "eea51fbfcd374fcba179231fa6ed8b76" committed_config { opid_index: -1 OBSOLETE_local: false peers { permanent_uuid: "eea51fbfcd374fcba179231fa6ed8b76" member_type: VOTER last_known_addr { host: "127.21.49.65" port: 46205 } health_report { overall_health: HEALTHY } } peers { permanent_uuid: "0322ebc5697e495bb20bba02cf0e9f62" member_type: VOTER last_known_addr { host: "127.21.49.66" port: 35535 } health_report { overall_health: UNKNOWN } } peers { permanent_uuid: "f9f61f8cf19445aa90c9f489cd286e5f" member_type: VOTER last_known_addr { host: "127.21.49.67" port: 39315 } health_report { overall_health: UNKNOWN } } }
