[==========] Running 8 tests from 2 test suites.
[----------] Global test environment set-up.
[----------] 6 tests from LeaderRebalancerTest
[ RUN      ] LeaderRebalancerTest.FunctionalTestForDivided
WARNING: Logging before InitGoogleLogging() is written to STDERR
I20260710 13:22:06.748374 16428 internal_mini_cluster.cc:156] Creating distributed mini masters. Addrs: 127.16.11.62:43839
I20260710 13:22:06.749866 16428 env_posix.cc:2285] Not raising this process' open files per process limit of 1048576; it is already as high as it can go
I20260710 13:22:06.750900 16428 file_cache.cc:504] Constructed file cache file cache with capacity 419430
W20260710 13:22:06.767230 16435 instance_detector.cc:116] could not retrieve Azure instance metadata: Network error: curl error: HTTP response code said error: The requested URL returned error: 404
W20260710 13:22:06.767885 16434 instance_detector.cc:116] could not retrieve AWS instance metadata: Network error: curl error: HTTP response code said error: The requested URL returned error: 404
W20260710 13:22:06.767346 16437 instance_detector.cc:116] could not retrieve OpenStack instance metadata: Network error: curl error: HTTP response code said error: The requested URL returned error: 404
W20260710 13:22:07.965646 16436 instance_detector.cc:116] could not retrieve GCE instance metadata: Timed out: curl timeout: Timeout was reached: Connection time-out
I20260710 13:22:07.965834 16428 server_base.cc:1056] Not found: could not retrieve instance metadata: unable to detect cloud type of this node, probably running in non-cloud environment
I20260710 13:22:07.971345 16428 hybrid_clock.cc:584] initializing the hybrid clock with 'system_unsync' time source
W20260710 13:22:07.971561 16428 system_unsync_time.cc:38] NTP support is disabled. Clock error bounds will not be accurate. This configuration is not suitable for distributed clusters.
I20260710 13:22:07.971824 16428 hybrid_clock.cc:648] HybridClock initialized: now 1783689727971797 us; error 0 us; skew 500 ppm
I20260710 13:22:07.972654 16428 server_base.cc:861] Flag tcmalloc_max_total_thread_cache_bytes is not working since tcmalloc is not enabled.
I20260710 13:22:07.978927 16428 webserver.cc:533] Webserver started at http://127.16.11.62:41685/ using document root <none> and password file <none>
I20260710 13:22:07.979761 16428 fs_manager.cc:362] Metadata directory not provided
I20260710 13:22:07.979972 16428 fs_manager.cc:368] Using write-ahead log directory (fs_wal_dir) as metadata directory
I20260710 13:22:07.980439 16428 server_base.cc:909] This appears to be a new deployment of Kudu; creating new FS layout
I20260710 13:22:07.986081 16428 fs_manager.cc:1068] Generated new instance metadata in path /tmp/dist-test-taskJd_QaX/test-tmp/auto_leader_rebalancer-test.0.LeaderRebalancerTest.FunctionalTestForDivided.1783689726584778-16428-0/minicluster-data/master-0-root/instance:
uuid: "9812b6b105a6435d93a6699e3ed1c603"
format_stamp: "Formatted at 2026-07-10 13:22:07 on dist-test-slave-0hw8"
I20260710 13:22:07.994051 16428 fs_manager.cc:696] Time spent creating directory manager: real 0.007s	user 0.005s	sys 0.001s
I20260710 13:22:07.998996 16443 log_block_manager.cc:4127] Time spent loading block containers with low live blocks: real 0.000s	user 0.000s	sys 0.000s
I20260710 13:22:08.000021 16428 fs_manager.cc:730] Time spent opening block manager: real 0.003s	user 0.004s	sys 0.000s
I20260710 13:22:08.000366 16428 fs_manager.cc:647] Opened local filesystem: /tmp/dist-test-taskJd_QaX/test-tmp/auto_leader_rebalancer-test.0.LeaderRebalancerTest.FunctionalTestForDivided.1783689726584778-16428-0/minicluster-data/master-0-root
uuid: "9812b6b105a6435d93a6699e3ed1c603"
format_stamp: "Formatted at 2026-07-10 13:22:07 on dist-test-slave-0hw8"
I20260710 13:22:08.000730 16428 fs_report.cc:389] FS layout report
--------------------
wal directory: /tmp/dist-test-taskJd_QaX/test-tmp/auto_leader_rebalancer-test.0.LeaderRebalancerTest.FunctionalTestForDivided.1783689726584778-16428-0/minicluster-data/master-0-root
metadata directory: /tmp/dist-test-taskJd_QaX/test-tmp/auto_leader_rebalancer-test.0.LeaderRebalancerTest.FunctionalTestForDivided.1783689726584778-16428-0/minicluster-data/master-0-root
1 data directories: /tmp/dist-test-taskJd_QaX/test-tmp/auto_leader_rebalancer-test.0.LeaderRebalancerTest.FunctionalTestForDivided.1783689726584778-16428-0/minicluster-data/master-0-root/data
Total live blocks: 0
Total live bytes: 0
Total live bytes (after alignment): 0
Total number of LBM containers: 0 (0 full)
Did not check for missing blocks
Did not check for orphaned blocks
Total full LBM containers with extra space: 0 (0 repaired)
Total full LBM container extra space in bytes: 0 (0 repaired)
Total incomplete LBM containers: 0 (0 repaired)
Total LBM partial records: 0 (0 repaired)
Total corrupted LBM metadata records in RocksDB: 0 (0 repaired)
I20260710 13:22:08.055822 16428 rpc_server.cc:225] running with OpenSSL 1.1.1  11 Sep 2018
I20260710 13:22:08.057277 16428 env_posix.cc:2285] Not raising this process' running threads per effective uid limit of 18446744073709551615; it is already as high as it can go
I20260710 13:22:08.057723 16428 kserver.cc:163] Server-wide thread pool size limit: 3276
I20260710 13:22:08.129312 16428 rpc_server.cc:307] RPC server started. Bound to: 127.16.11.62:43839
I20260710 13:22:08.129390 16494 acceptor_pool.cc:272] collecting diagnostics on the listening RPC socket 127.16.11.62:43839 every 8 connection(s)
I20260710 13:22:08.136931 16495 data_dirs.cc:400] Could only allocate 1 dirs of requested 3 for tablet 00000000000000000000000000000000. 1 dirs total, 0 dirs full, 0 dirs failed
I20260710 13:22:08.157553 16495 tablet_bootstrap.cc:492] T 00000000000000000000000000000000 P 9812b6b105a6435d93a6699e3ed1c603: Bootstrap starting.
I20260710 13:22:08.163138 16495 tablet_bootstrap.cc:654] T 00000000000000000000000000000000 P 9812b6b105a6435d93a6699e3ed1c603: Neither blocks nor log segments found. Creating new log.
I20260710 13:22:08.164893 16495 log.cc:826] T 00000000000000000000000000000000 P 9812b6b105a6435d93a6699e3ed1c603: Log is configured to *not* fsync() on all Append() calls
I20260710 13:22:08.169346 16495 tablet_bootstrap.cc:492] T 00000000000000000000000000000000 P 9812b6b105a6435d93a6699e3ed1c603: No bootstrap required, opened a new log
I20260710 13:22:08.189327 16495 raft_consensus.cc:359] T 00000000000000000000000000000000 P 9812b6b105a6435d93a6699e3ed1c603 [term 0 FOLLOWER]: Replica starting. Triggering 0 pending ops. Active config: opid_index: -1 OBSOLETE_local: true peers { permanent_uuid: "9812b6b105a6435d93a6699e3ed1c603" member_type: VOTER }
I20260710 13:22:08.189884 16495 raft_consensus.cc:385] T 00000000000000000000000000000000 P 9812b6b105a6435d93a6699e3ed1c603 [term 0 FOLLOWER]: Consensus starting up: Expiring failure detector timer to make a prompt election more likely
I20260710 13:22:08.190196 16495 raft_consensus.cc:740] T 00000000000000000000000000000000 P 9812b6b105a6435d93a6699e3ed1c603 [term 0 FOLLOWER]: Becoming Follower/Learner. State: Replica: 9812b6b105a6435d93a6699e3ed1c603, State: Initialized, Role: FOLLOWER
I20260710 13:22:08.191079 16495 consensus_queue.cc:260] T 00000000000000000000000000000000 P 9812b6b105a6435d93a6699e3ed1c603 [NON_LEADER]: Queue going to NON_LEADER mode. State: All replicated index: 0, Majority replicated index: 0, Committed index: 0, Last appended: 0.0, Last appended by leader: 0, Current term: 0, Majority size: -1, State: 0, Mode: NON_LEADER, active raft config: opid_index: -1 OBSOLETE_local: true peers { permanent_uuid: "9812b6b105a6435d93a6699e3ed1c603" member_type: VOTER }
I20260710 13:22:08.191568 16495 raft_consensus.cc:399] T 00000000000000000000000000000000 P 9812b6b105a6435d93a6699e3ed1c603 [term 0 FOLLOWER]: Only one voter in the Raft config. Triggering election immediately
I20260710 13:22:08.191847 16495 raft_consensus.cc:493] T 00000000000000000000000000000000 P 9812b6b105a6435d93a6699e3ed1c603 [term 0 FOLLOWER]: Starting leader election (initial election of a single-replica configuration)
I20260710 13:22:08.192205 16495 raft_consensus.cc:3060] T 00000000000000000000000000000000 P 9812b6b105a6435d93a6699e3ed1c603 [term 0 FOLLOWER]: Advancing to term 1
I20260710 13:22:08.196228 16495 raft_consensus.cc:515] T 00000000000000000000000000000000 P 9812b6b105a6435d93a6699e3ed1c603 [term 1 FOLLOWER]: Starting leader election with config: opid_index: -1 OBSOLETE_local: true peers { permanent_uuid: "9812b6b105a6435d93a6699e3ed1c603" member_type: VOTER }
I20260710 13:22:08.197005 16495 leader_election.cc:304] T 00000000000000000000000000000000 P 9812b6b105a6435d93a6699e3ed1c603 [CANDIDATE]: Term 1 election: Election decided. Result: candidate won. Election summary: received 1 responses out of 1 voters: 1 yes votes; 0 no votes. yes voters: 9812b6b105a6435d93a6699e3ed1c603; no voters: 
I20260710 13:22:08.198685 16495 leader_election.cc:290] T 00000000000000000000000000000000 P 9812b6b105a6435d93a6699e3ed1c603 [CANDIDATE]: Term 1 election: Requested vote from peers 
I20260710 13:22:08.199079 16498 raft_consensus.cc:2804] T 00000000000000000000000000000000 P 9812b6b105a6435d93a6699e3ed1c603 [term 1 FOLLOWER]: Leader election won for term 1
I20260710 13:22:08.201691 16498 raft_consensus.cc:697] T 00000000000000000000000000000000 P 9812b6b105a6435d93a6699e3ed1c603 [term 1 LEADER]: Becoming Leader. State: Replica: 9812b6b105a6435d93a6699e3ed1c603, State: Running, Role: LEADER
I20260710 13:22:08.202548 16498 consensus_queue.cc:237] T 00000000000000000000000000000000 P 9812b6b105a6435d93a6699e3ed1c603 [LEADER]: Queue going to LEADER mode. State: All replicated index: 0, Majority replicated index: 0, Committed index: 0, Last appended: 0.0, Last appended by leader: 0, Current term: 1, Majority size: 1, State: 0, Mode: LEADER, active raft config: opid_index: -1 OBSOLETE_local: true peers { permanent_uuid: "9812b6b105a6435d93a6699e3ed1c603" member_type: VOTER }
I20260710 13:22:08.203569 16495 sys_catalog.cc:565] T 00000000000000000000000000000000 P 9812b6b105a6435d93a6699e3ed1c603 [sys.catalog]: configured and running, proceeding with master startup.
I20260710 13:22:08.213168 16500 sys_catalog.cc:455] T 00000000000000000000000000000000 P 9812b6b105a6435d93a6699e3ed1c603 [sys.catalog]: SysCatalogTable state changed. Reason: New leader 9812b6b105a6435d93a6699e3ed1c603. Latest consensus state: current_term: 1 leader_uuid: "9812b6b105a6435d93a6699e3ed1c603" committed_config { opid_index: -1 OBSOLETE_local: true peers { permanent_uuid: "9812b6b105a6435d93a6699e3ed1c603" member_type: VOTER } }
I20260710 13:22:08.213023 16499 sys_catalog.cc:455] T 00000000000000000000000000000000 P 9812b6b105a6435d93a6699e3ed1c603 [sys.catalog]: SysCatalogTable state changed. Reason: RaftConsensus started. Latest consensus state: current_term: 1 leader_uuid: "9812b6b105a6435d93a6699e3ed1c603" committed_config { opid_index: -1 OBSOLETE_local: true peers { permanent_uuid: "9812b6b105a6435d93a6699e3ed1c603" member_type: VOTER } }
I20260710 13:22:08.213683 16499 sys_catalog.cc:458] T 00000000000000000000000000000000 P 9812b6b105a6435d93a6699e3ed1c603 [sys.catalog]: This master's current role is: LEADER
I20260710 13:22:08.213683 16500 sys_catalog.cc:458] T 00000000000000000000000000000000 P 9812b6b105a6435d93a6699e3ed1c603 [sys.catalog]: This master's current role is: LEADER
I20260710 13:22:08.217154 16507 catalog_manager.cc:1511] Loading table and tablet metadata into memory...
I20260710 13:22:08.230674 16507 catalog_manager.cc:1520] Initializing Kudu cluster ID...
I20260710 13:22:08.235100 16428 internal_mini_cluster.cc:184] Waiting to initialize catalog manager on master 0
I20260710 13:22:08.247633 16507 catalog_manager.cc:1383] Generated new cluster ID: 089585e535114561bffcefefa86d2084
I20260710 13:22:08.247890 16507 catalog_manager.cc:1531] Initializing Kudu internal certificate authority...
I20260710 13:22:08.278851 16507 catalog_manager.cc:1406] Generated new certificate authority record
I20260710 13:22:08.280862 16507 catalog_manager.cc:1540] Loading token signing keys...
I20260710 13:22:08.300873 16507 catalog_manager.cc:6070] T 00000000000000000000000000000000 P 9812b6b105a6435d93a6699e3ed1c603: Generated new TSK 0
I20260710 13:22:08.301836 16507 catalog_manager.cc:1550] Initializing in-progress tserver states...
I20260710 13:22:08.370838 16428 file_cache.cc:504] Constructed file cache file cache with capacity 419430
W20260710 13:22:08.379997 16517 instance_detector.cc:116] could not retrieve AWS instance metadata: Network error: curl error: HTTP response code said error: The requested URL returned error: 404
W20260710 13:22:08.381553 16518 instance_detector.cc:116] could not retrieve Azure instance metadata: Network error: curl error: HTTP response code said error: The requested URL returned error: 404
I20260710 13:22:08.385178 16428 server_base.cc:1061] running on GCE node
W20260710 13:22:08.385385 16520 instance_detector.cc:116] could not retrieve OpenStack instance metadata: Network error: curl error: HTTP response code said error: The requested URL returned error: 404
I20260710 13:22:08.386299 16428 hybrid_clock.cc:584] initializing the hybrid clock with 'system_unsync' time source
W20260710 13:22:08.386479 16428 system_unsync_time.cc:38] NTP support is disabled. Clock error bounds will not be accurate. This configuration is not suitable for distributed clusters.
I20260710 13:22:08.386673 16428 hybrid_clock.cc:648] HybridClock initialized: now 1783689728386659 us; error 0 us; skew 500 ppm
I20260710 13:22:08.387329 16428 server_base.cc:861] Flag tcmalloc_max_total_thread_cache_bytes is not working since tcmalloc is not enabled.
I20260710 13:22:08.391557 16428 webserver.cc:533] Webserver started at http://127.16.11.1:45477/ using document root <none> and password file <none>
I20260710 13:22:08.392071 16428 fs_manager.cc:362] Metadata directory not provided
I20260710 13:22:08.392282 16428 fs_manager.cc:368] Using write-ahead log directory (fs_wal_dir) as metadata directory
I20260710 13:22:08.392575 16428 server_base.cc:909] This appears to be a new deployment of Kudu; creating new FS layout
I20260710 13:22:08.393654 16428 fs_manager.cc:1068] Generated new instance metadata in path /tmp/dist-test-taskJd_QaX/test-tmp/auto_leader_rebalancer-test.0.LeaderRebalancerTest.FunctionalTestForDivided.1783689726584778-16428-0/minicluster-data/ts-0-root/instance:
uuid: "02b91275861e48dc91c4b5d8a08be0f0"
format_stamp: "Formatted at 2026-07-10 13:22:08 on dist-test-slave-0hw8"
I20260710 13:22:08.399261 16428 fs_manager.cc:696] Time spent creating directory manager: real 0.005s	user 0.000s	sys 0.007s
I20260710 13:22:08.403630 16525 log_block_manager.cc:4127] Time spent loading block containers with low live blocks: real 0.000s	user 0.000s	sys 0.000s
I20260710 13:22:08.404418 16428 fs_manager.cc:730] Time spent opening block manager: real 0.003s	user 0.003s	sys 0.002s
I20260710 13:22:08.404707 16428 fs_manager.cc:647] Opened local filesystem: /tmp/dist-test-taskJd_QaX/test-tmp/auto_leader_rebalancer-test.0.LeaderRebalancerTest.FunctionalTestForDivided.1783689726584778-16428-0/minicluster-data/ts-0-root
uuid: "02b91275861e48dc91c4b5d8a08be0f0"
format_stamp: "Formatted at 2026-07-10 13:22:08 on dist-test-slave-0hw8"
I20260710 13:22:08.404996 16428 fs_report.cc:389] FS layout report
--------------------
wal directory: /tmp/dist-test-taskJd_QaX/test-tmp/auto_leader_rebalancer-test.0.LeaderRebalancerTest.FunctionalTestForDivided.1783689726584778-16428-0/minicluster-data/ts-0-root
metadata directory: /tmp/dist-test-taskJd_QaX/test-tmp/auto_leader_rebalancer-test.0.LeaderRebalancerTest.FunctionalTestForDivided.1783689726584778-16428-0/minicluster-data/ts-0-root
1 data directories: /tmp/dist-test-taskJd_QaX/test-tmp/auto_leader_rebalancer-test.0.LeaderRebalancerTest.FunctionalTestForDivided.1783689726584778-16428-0/minicluster-data/ts-0-root/data
Total live blocks: 0
Total live bytes: 0
Total live bytes (after alignment): 0
Total number of LBM containers: 0 (0 full)
Did not check for missing blocks
Did not check for orphaned blocks
Total full LBM containers with extra space: 0 (0 repaired)
Total full LBM container extra space in bytes: 0 (0 repaired)
Total incomplete LBM containers: 0 (0 repaired)
Total LBM partial records: 0 (0 repaired)
Total corrupted LBM metadata records in RocksDB: 0 (0 repaired)
I20260710 13:22:08.433892 16428 rpc_server.cc:225] running with OpenSSL 1.1.1  11 Sep 2018
I20260710 13:22:08.435241 16428 kserver.cc:163] Server-wide thread pool size limit: 3276
I20260710 13:22:08.438045 16428 txn_system_client.cc:432] TxnSystemClient initialization is disabled...
I20260710 13:22:08.442539 16428 ts_tablet_manager.cc:585] Loaded tablet metadata (0 total tablets, 0 live tablets)
I20260710 13:22:08.442792 16428 ts_tablet_manager.cc:531] Time spent load tablet metadata: real 0.000s	user 0.001s	sys 0.000s
I20260710 13:22:08.443110 16428 ts_tablet_manager.cc:616] Registered 0 tablets
I20260710 13:22:08.443264 16428 ts_tablet_manager.cc:595] Time spent register tablets: real 0.000s	user 0.000s	sys 0.000s
I20260710 13:22:08.549345 16428 rpc_server.cc:307] RPC server started. Bound to: 127.16.11.1:35301
I20260710 13:22:08.549422 16587 acceptor_pool.cc:272] collecting diagnostics on the listening RPC socket 127.16.11.1:35301 every 8 connection(s)
I20260710 13:22:08.556385 16428 file_cache.cc:504] Constructed file cache file cache with capacity 419430
W20260710 13:22:08.567093 16592 instance_detector.cc:116] could not retrieve AWS instance metadata: Network error: curl error: HTTP response code said error: The requested URL returned error: 404
W20260710 13:22:08.567435 16593 instance_detector.cc:116] could not retrieve Azure instance metadata: Network error: curl error: HTTP response code said error: The requested URL returned error: 404
I20260710 13:22:08.577154 16428 server_base.cc:1061] running on GCE node
W20260710 13:22:08.577304 16595 instance_detector.cc:116] could not retrieve OpenStack instance metadata: Network error: curl error: HTTP response code said error: The requested URL returned error: 404
I20260710 13:22:08.578249 16428 hybrid_clock.cc:584] initializing the hybrid clock with 'system_unsync' time source
W20260710 13:22:08.578477 16428 system_unsync_time.cc:38] NTP support is disabled. Clock error bounds will not be accurate. This configuration is not suitable for distributed clusters.
I20260710 13:22:08.578797 16428 hybrid_clock.cc:648] HybridClock initialized: now 1783689728578776 us; error 0 us; skew 500 ppm
I20260710 13:22:08.579527 16428 server_base.cc:861] Flag tcmalloc_max_total_thread_cache_bytes is not working since tcmalloc is not enabled.
I20260710 13:22:08.584060 16428 webserver.cc:533] Webserver started at http://127.16.11.2:41049/ using document root <none> and password file <none>
I20260710 13:22:08.584661 16428 fs_manager.cc:362] Metadata directory not provided
I20260710 13:22:08.584836 16428 fs_manager.cc:368] Using write-ahead log directory (fs_wal_dir) as metadata directory
I20260710 13:22:08.585047 16428 server_base.cc:909] This appears to be a new deployment of Kudu; creating new FS layout
I20260710 13:22:08.585988 16588 heartbeater.cc:344] Connected to a master server at 127.16.11.62:43839
I20260710 13:22:08.586261 16428 fs_manager.cc:1068] Generated new instance metadata in path /tmp/dist-test-taskJd_QaX/test-tmp/auto_leader_rebalancer-test.0.LeaderRebalancerTest.FunctionalTestForDivided.1783689726584778-16428-0/minicluster-data/ts-1-root/instance:
uuid: "3ae9f8630f1b40799f0b106ab358e1e3"
format_stamp: "Formatted at 2026-07-10 13:22:08 on dist-test-slave-0hw8"
I20260710 13:22:08.586468 16588 heartbeater.cc:461] Registering TS with master...
I20260710 13:22:08.587625 16588 heartbeater.cc:507] Master 127.16.11.62:43839 requested a full tablet report, sending...
I20260710 13:22:08.590915 16460 ts_manager.cc:194] Registered new tserver with Master: 02b91275861e48dc91c4b5d8a08be0f0 (127.16.11.1:35301)
I20260710 13:22:08.592648 16428 fs_manager.cc:696] Time spent creating directory manager: real 0.006s	user 0.002s	sys 0.003s
I20260710 13:22:08.593907 16460 master_service.cc:502] Signed X509 certificate for tserver {username='slave'} at 127.0.0.1:33052
I20260710 13:22:08.598429 16600 log_block_manager.cc:4127] Time spent loading block containers with low live blocks: real 0.000s	user 0.000s	sys 0.000s
I20260710 13:22:08.599653 16428 fs_manager.cc:730] Time spent opening block manager: real 0.005s	user 0.003s	sys 0.002s
I20260710 13:22:08.599918 16428 fs_manager.cc:647] Opened local filesystem: /tmp/dist-test-taskJd_QaX/test-tmp/auto_leader_rebalancer-test.0.LeaderRebalancerTest.FunctionalTestForDivided.1783689726584778-16428-0/minicluster-data/ts-1-root
uuid: "3ae9f8630f1b40799f0b106ab358e1e3"
format_stamp: "Formatted at 2026-07-10 13:22:08 on dist-test-slave-0hw8"
I20260710 13:22:08.600176 16428 fs_report.cc:389] FS layout report
--------------------
wal directory: /tmp/dist-test-taskJd_QaX/test-tmp/auto_leader_rebalancer-test.0.LeaderRebalancerTest.FunctionalTestForDivided.1783689726584778-16428-0/minicluster-data/ts-1-root
metadata directory: /tmp/dist-test-taskJd_QaX/test-tmp/auto_leader_rebalancer-test.0.LeaderRebalancerTest.FunctionalTestForDivided.1783689726584778-16428-0/minicluster-data/ts-1-root
1 data directories: /tmp/dist-test-taskJd_QaX/test-tmp/auto_leader_rebalancer-test.0.LeaderRebalancerTest.FunctionalTestForDivided.1783689726584778-16428-0/minicluster-data/ts-1-root/data
Total live blocks: 0
Total live bytes: 0
Total live bytes (after alignment): 0
Total number of LBM containers: 0 (0 full)
Did not check for missing blocks
Did not check for orphaned blocks
Total full LBM containers with extra space: 0 (0 repaired)
Total full LBM container extra space in bytes: 0 (0 repaired)
Total incomplete LBM containers: 0 (0 repaired)
Total LBM partial records: 0 (0 repaired)
Total corrupted LBM metadata records in RocksDB: 0 (0 repaired)
I20260710 13:22:08.617455 16428 rpc_server.cc:225] running with OpenSSL 1.1.1  11 Sep 2018
I20260710 13:22:08.618790 16428 kserver.cc:163] Server-wide thread pool size limit: 3276
I20260710 13:22:08.620784 16428 txn_system_client.cc:432] TxnSystemClient initialization is disabled...
I20260710 13:22:08.624075 16428 ts_tablet_manager.cc:585] Loaded tablet metadata (0 total tablets, 0 live tablets)
I20260710 13:22:08.624243 16428 ts_tablet_manager.cc:531] Time spent load tablet metadata: real 0.000s	user 0.000s	sys 0.000s
I20260710 13:22:08.624503 16428 ts_tablet_manager.cc:616] Registered 0 tablets
I20260710 13:22:08.624639 16428 ts_tablet_manager.cc:595] Time spent register tablets: real 0.000s	user 0.000s	sys 0.000s
I20260710 13:22:08.716053 16428 rpc_server.cc:307] RPC server started. Bound to: 127.16.11.2:46619
I20260710 13:22:08.716147 16662 acceptor_pool.cc:272] collecting diagnostics on the listening RPC socket 127.16.11.2:46619 every 8 connection(s)
I20260710 13:22:08.728328 16428 file_cache.cc:504] Constructed file cache file cache with capacity 419430
W20260710 13:22:08.735670 16666 instance_detector.cc:116] could not retrieve AWS instance metadata: Network error: curl error: HTTP response code said error: The requested URL returned error: 404
W20260710 13:22:08.739715 16667 instance_detector.cc:116] could not retrieve Azure instance metadata: Network error: curl error: HTTP response code said error: The requested URL returned error: 404
W20260710 13:22:08.742121 16669 instance_detector.cc:116] could not retrieve OpenStack instance metadata: Network error: curl error: HTTP response code said error: The requested URL returned error: 404
I20260710 13:22:08.742504 16663 heartbeater.cc:344] Connected to a master server at 127.16.11.62:43839
I20260710 13:22:08.742574 16428 server_base.cc:1061] running on GCE node
I20260710 13:22:08.743026 16663 heartbeater.cc:461] Registering TS with master...
I20260710 13:22:08.744005 16428 hybrid_clock.cc:584] initializing the hybrid clock with 'system_unsync' time source
I20260710 13:22:08.743970 16663 heartbeater.cc:507] Master 127.16.11.62:43839 requested a full tablet report, sending...
W20260710 13:22:08.744349 16428 system_unsync_time.cc:38] NTP support is disabled. Clock error bounds will not be accurate. This configuration is not suitable for distributed clusters.
I20260710 13:22:08.744560 16428 hybrid_clock.cc:648] HybridClock initialized: now 1783689728744541 us; error 0 us; skew 500 ppm
I20260710 13:22:08.745432 16428 server_base.cc:861] Flag tcmalloc_max_total_thread_cache_bytes is not working since tcmalloc is not enabled.
I20260710 13:22:08.746382 16460 ts_manager.cc:194] Registered new tserver with Master: 3ae9f8630f1b40799f0b106ab358e1e3 (127.16.11.2:46619)
I20260710 13:22:08.748150 16460 master_service.cc:502] Signed X509 certificate for tserver {username='slave'} at 127.0.0.1:33058
I20260710 13:22:08.748186 16428 webserver.cc:533] Webserver started at http://127.16.11.3:35171/ using document root <none> and password file <none>
I20260710 13:22:08.748940 16428 fs_manager.cc:362] Metadata directory not provided
I20260710 13:22:08.749192 16428 fs_manager.cc:368] Using write-ahead log directory (fs_wal_dir) as metadata directory
I20260710 13:22:08.749526 16428 server_base.cc:909] This appears to be a new deployment of Kudu; creating new FS layout
I20260710 13:22:08.750882 16428 fs_manager.cc:1068] Generated new instance metadata in path /tmp/dist-test-taskJd_QaX/test-tmp/auto_leader_rebalancer-test.0.LeaderRebalancerTest.FunctionalTestForDivided.1783689726584778-16428-0/minicluster-data/ts-2-root/instance:
uuid: "ca577181c7c7409ead4330a8367d2108"
format_stamp: "Formatted at 2026-07-10 13:22:08 on dist-test-slave-0hw8"
I20260710 13:22:08.755250 16428 fs_manager.cc:696] Time spent creating directory manager: real 0.004s	user 0.004s	sys 0.000s
I20260710 13:22:08.758497 16674 log_block_manager.cc:4127] Time spent loading block containers with low live blocks: real 0.000s	user 0.000s	sys 0.000s
I20260710 13:22:08.759256 16428 fs_manager.cc:730] Time spent opening block manager: real 0.002s	user 0.002s	sys 0.001s
I20260710 13:22:08.759544 16428 fs_manager.cc:647] Opened local filesystem: /tmp/dist-test-taskJd_QaX/test-tmp/auto_leader_rebalancer-test.0.LeaderRebalancerTest.FunctionalTestForDivided.1783689726584778-16428-0/minicluster-data/ts-2-root
uuid: "ca577181c7c7409ead4330a8367d2108"
format_stamp: "Formatted at 2026-07-10 13:22:08 on dist-test-slave-0hw8"
I20260710 13:22:08.759826 16428 fs_report.cc:389] FS layout report
--------------------
wal directory: /tmp/dist-test-taskJd_QaX/test-tmp/auto_leader_rebalancer-test.0.LeaderRebalancerTest.FunctionalTestForDivided.1783689726584778-16428-0/minicluster-data/ts-2-root
metadata directory: /tmp/dist-test-taskJd_QaX/test-tmp/auto_leader_rebalancer-test.0.LeaderRebalancerTest.FunctionalTestForDivided.1783689726584778-16428-0/minicluster-data/ts-2-root
1 data directories: /tmp/dist-test-taskJd_QaX/test-tmp/auto_leader_rebalancer-test.0.LeaderRebalancerTest.FunctionalTestForDivided.1783689726584778-16428-0/minicluster-data/ts-2-root/data
Total live blocks: 0
Total live bytes: 0
Total live bytes (after alignment): 0
Total number of LBM containers: 0 (0 full)
Did not check for missing blocks
Did not check for orphaned blocks
Total full LBM containers with extra space: 0 (0 repaired)
Total full LBM container extra space in bytes: 0 (0 repaired)
Total incomplete LBM containers: 0 (0 repaired)
Total LBM partial records: 0 (0 repaired)
Total corrupted LBM metadata records in RocksDB: 0 (0 repaired)
I20260710 13:22:08.787371 16428 rpc_server.cc:225] running with OpenSSL 1.1.1  11 Sep 2018
I20260710 13:22:08.788581 16428 kserver.cc:163] Server-wide thread pool size limit: 3276
I20260710 13:22:08.790573 16428 txn_system_client.cc:432] TxnSystemClient initialization is disabled...
I20260710 13:22:08.793301 16428 ts_tablet_manager.cc:585] Loaded tablet metadata (0 total tablets, 0 live tablets)
I20260710 13:22:08.793529 16428 ts_tablet_manager.cc:531] Time spent load tablet metadata: real 0.000s	user 0.000s	sys 0.000s
I20260710 13:22:08.793751 16428 ts_tablet_manager.cc:616] Registered 0 tablets
I20260710 13:22:08.793919 16428 ts_tablet_manager.cc:595] Time spent register tablets: real 0.000s	user 0.000s	sys 0.000s
I20260710 13:22:08.886291 16428 rpc_server.cc:307] RPC server started. Bound to: 127.16.11.3:44921
I20260710 13:22:08.886427 16736 acceptor_pool.cc:272] collecting diagnostics on the listening RPC socket 127.16.11.3:44921 every 8 connection(s)
I20260710 13:22:08.903138 16737 heartbeater.cc:344] Connected to a master server at 127.16.11.62:43839
I20260710 13:22:08.903560 16737 heartbeater.cc:461] Registering TS with master...
I20260710 13:22:08.904247 16737 heartbeater.cc:507] Master 127.16.11.62:43839 requested a full tablet report, sending...
I20260710 13:22:08.906385 16460 ts_manager.cc:194] Registered new tserver with Master: ca577181c7c7409ead4330a8367d2108 (127.16.11.3:44921)
I20260710 13:22:08.906896 16428 internal_mini_cluster.cc:371] 3 TS(s) registered with all masters after 0.015765988s
I20260710 13:22:08.908202 16460 master_service.cc:502] Signed X509 certificate for tserver {username='slave'} at 127.0.0.1:33060
I20260710 13:22:08.959000 16460 catalog_manager.cc:2283] Servicing CreateTable request from {username='slave'} at 127.0.0.1:33064:
name: "test-workload"
schema {
  columns {
    name: "key"
    type: INT32
    is_key: true
    is_nullable: false
    encoding: AUTO_ENCODING
    compression: DEFAULT_COMPRESSION
    cfile_block_size: 0
    immutable: false
  }
  columns {
    name: "int_val"
    type: INT32
    is_key: false
    is_nullable: false
    encoding: AUTO_ENCODING
    compression: DEFAULT_COMPRESSION
    cfile_block_size: 0
    immutable: false
  }
  columns {
    name: "string_val"
    type: STRING
    is_key: false
    is_nullable: true
    encoding: AUTO_ENCODING
    compression: DEFAULT_COMPRESSION
    cfile_block_size: 0
    immutable: false
  }
}
num_replicas: 3
split_rows_range_bounds {
  rows: "\004\001\000\216\3438\016\004\001\000\034\307q\034\004\001\000\252\252\252*\004\001\0008\216\3438\004\001\000\306q\034G\004\001\000TUUU\004\001\000\3428\216c\004\001\000p\034\307q""\004\001\000\216\3438\016\004\001\000\034\307q\034\004\001\000\252\252\252*\004\001\0008\216\3438\004\001\000\306q\034G\004\001\000TUUU\004\001\000\3428\216c\004\001\000p\034\307q"
  indirect_data: """"
}
partition_schema {
  range_schema {
    columns {
      name: "key"
    }
  }
}
W20260710 13:22:08.962404 16460 catalog_manager.cc:7077] The number of live tablet servers is not enough to re-replicate a tablet replica of the newly created table test-workload in case of a server failure: 4 tablet servers would be needed, 3 are available. Consider bringing up more tablet servers.
I20260710 13:22:09.075320 16628 tablet_service.cc:1511] Processing CreateTablet for tablet 2951a12e70814ef3819ca77997114d8c (DEFAULT_TABLE table=test-workload [id=87531fbdb9864068bb9147dfe5b883c5]), partition=RANGE (key) PARTITION VALUES < 238609294
I20260710 13:22:09.080816 16627 tablet_service.cc:1511] Processing CreateTablet for tablet 5663f44245964a0eab2f7f032c8bb4c3 (DEFAULT_TABLE table=test-workload [id=87531fbdb9864068bb9147dfe5b883c5]), partition=RANGE (key) PARTITION 238609294 <= VALUES < 477218588
I20260710 13:22:09.081938 16624 tablet_service.cc:1511] Processing CreateTablet for tablet 56ce547cf24a482e805e7753165b100d (DEFAULT_TABLE table=test-workload [id=87531fbdb9864068bb9147dfe5b883c5]), partition=RANGE (key) PARTITION 954437176 <= VALUES < 1193046470
I20260710 13:22:09.085276 16628 data_dirs.cc:400] Could only allocate 1 dirs of requested 3 for tablet 2951a12e70814ef3819ca77997114d8c. 1 dirs total, 0 dirs full, 0 dirs failed
I20260710 13:22:09.086201 16624 data_dirs.cc:400] Could only allocate 1 dirs of requested 3 for tablet 56ce547cf24a482e805e7753165b100d. 1 dirs total, 0 dirs full, 0 dirs failed
I20260710 13:22:09.086135 16626 tablet_service.cc:1511] Processing CreateTablet for tablet 8d5b12b4b45e4415bf2945a8a6a53b86 (DEFAULT_TABLE table=test-workload [id=87531fbdb9864068bb9147dfe5b883c5]), partition=RANGE (key) PARTITION 477218588 <= VALUES < 715827882
I20260710 13:22:09.092998 16627 data_dirs.cc:400] Could only allocate 1 dirs of requested 3 for tablet 5663f44245964a0eab2f7f032c8bb4c3. 1 dirs total, 0 dirs full, 0 dirs failed
I20260710 13:22:09.082767 16625 tablet_service.cc:1511] Processing CreateTablet for tablet 2c755e9061a54eb68dc7ae07df6fb2df (DEFAULT_TABLE table=test-workload [id=87531fbdb9864068bb9147dfe5b883c5]), partition=RANGE (key) PARTITION 715827882 <= VALUES < 954437176
I20260710 13:22:09.096724 16626 data_dirs.cc:400] Could only allocate 1 dirs of requested 3 for tablet 8d5b12b4b45e4415bf2945a8a6a53b86. 1 dirs total, 0 dirs full, 0 dirs failed
I20260710 13:22:09.096001 16552 tablet_service.cc:1511] Processing CreateTablet for tablet 5663f44245964a0eab2f7f032c8bb4c3 (DEFAULT_TABLE table=test-workload [id=87531fbdb9864068bb9147dfe5b883c5]), partition=RANGE (key) PARTITION 238609294 <= VALUES < 477218588
I20260710 13:22:09.092800 16551 tablet_service.cc:1511] Processing CreateTablet for tablet 8d5b12b4b45e4415bf2945a8a6a53b86 (DEFAULT_TABLE table=test-workload [id=87531fbdb9864068bb9147dfe5b883c5]), partition=RANGE (key) PARTITION 477218588 <= VALUES < 715827882
I20260710 13:22:09.098855 16552 data_dirs.cc:400] Could only allocate 1 dirs of requested 3 for tablet 5663f44245964a0eab2f7f032c8bb4c3. 1 dirs total, 0 dirs full, 0 dirs failed
I20260710 13:22:09.103379 16623 tablet_service.cc:1511] Processing CreateTablet for tablet 9b9f335223294a49b38f151bf5843fdb (DEFAULT_TABLE table=test-workload [id=87531fbdb9864068bb9147dfe5b883c5]), partition=RANGE (key) PARTITION 1193046470 <= VALUES < 1431655764
I20260710 13:22:09.106133 16551 data_dirs.cc:400] Could only allocate 1 dirs of requested 3 for tablet 8d5b12b4b45e4415bf2945a8a6a53b86. 1 dirs total, 0 dirs full, 0 dirs failed
I20260710 13:22:09.106160 16625 data_dirs.cc:400] Could only allocate 1 dirs of requested 3 for tablet 2c755e9061a54eb68dc7ae07df6fb2df. 1 dirs total, 0 dirs full, 0 dirs failed
I20260710 13:22:09.107863 16550 tablet_service.cc:1511] Processing CreateTablet for tablet 2c755e9061a54eb68dc7ae07df6fb2df (DEFAULT_TABLE table=test-workload [id=87531fbdb9864068bb9147dfe5b883c5]), partition=RANGE (key) PARTITION 715827882 <= VALUES < 954437176
I20260710 13:22:09.107955 16553 tablet_service.cc:1511] Processing CreateTablet for tablet 2951a12e70814ef3819ca77997114d8c (DEFAULT_TABLE table=test-workload [id=87531fbdb9864068bb9147dfe5b883c5]), partition=RANGE (key) PARTITION VALUES < 238609294
I20260710 13:22:09.114414 16623 data_dirs.cc:400] Could only allocate 1 dirs of requested 3 for tablet 9b9f335223294a49b38f151bf5843fdb. 1 dirs total, 0 dirs full, 0 dirs failed
I20260710 13:22:09.118140 16549 tablet_service.cc:1511] Processing CreateTablet for tablet 56ce547cf24a482e805e7753165b100d (DEFAULT_TABLE table=test-workload [id=87531fbdb9864068bb9147dfe5b883c5]), partition=RANGE (key) PARTITION 954437176 <= VALUES < 1193046470
I20260710 13:22:09.121376 16702 tablet_service.cc:1511] Processing CreateTablet for tablet 2951a12e70814ef3819ca77997114d8c (DEFAULT_TABLE table=test-workload [id=87531fbdb9864068bb9147dfe5b883c5]), partition=RANGE (key) PARTITION VALUES < 238609294
I20260710 13:22:09.127556 16550 data_dirs.cc:400] Could only allocate 1 dirs of requested 3 for tablet 2c755e9061a54eb68dc7ae07df6fb2df. 1 dirs total, 0 dirs full, 0 dirs failed
I20260710 13:22:09.112274 16622 tablet_service.cc:1511] Processing CreateTablet for tablet 394314499f15450d9ec5df101b78a306 (DEFAULT_TABLE table=test-workload [id=87531fbdb9864068bb9147dfe5b883c5]), partition=RANGE (key) PARTITION 1431655764 <= VALUES < 1670265058
I20260710 13:22:09.118480 16701 tablet_service.cc:1511] Processing CreateTablet for tablet 5663f44245964a0eab2f7f032c8bb4c3 (DEFAULT_TABLE table=test-workload [id=87531fbdb9864068bb9147dfe5b883c5]), partition=RANGE (key) PARTITION 238609294 <= VALUES < 477218588
I20260710 13:22:09.141448 16700 tablet_service.cc:1511] Processing CreateTablet for tablet 8d5b12b4b45e4415bf2945a8a6a53b86 (DEFAULT_TABLE table=test-workload [id=87531fbdb9864068bb9147dfe5b883c5]), partition=RANGE (key) PARTITION 477218588 <= VALUES < 715827882
I20260710 13:22:09.144176 16702 data_dirs.cc:400] Could only allocate 1 dirs of requested 3 for tablet 2951a12e70814ef3819ca77997114d8c. 1 dirs total, 0 dirs full, 0 dirs failed
I20260710 13:22:09.133169 16548 tablet_service.cc:1511] Processing CreateTablet for tablet 9b9f335223294a49b38f151bf5843fdb (DEFAULT_TABLE table=test-workload [id=87531fbdb9864068bb9147dfe5b883c5]), partition=RANGE (key) PARTITION 1193046470 <= VALUES < 1431655764
I20260710 13:22:09.138084 16547 tablet_service.cc:1511] Processing CreateTablet for tablet 394314499f15450d9ec5df101b78a306 (DEFAULT_TABLE table=test-workload [id=87531fbdb9864068bb9147dfe5b883c5]), partition=RANGE (key) PARTITION 1431655764 <= VALUES < 1670265058
I20260710 13:22:09.147600 16622 data_dirs.cc:400] Could only allocate 1 dirs of requested 3 for tablet 394314499f15450d9ec5df101b78a306. 1 dirs total, 0 dirs full, 0 dirs failed
I20260710 13:22:09.151026 16553 data_dirs.cc:400] Could only allocate 1 dirs of requested 3 for tablet 2951a12e70814ef3819ca77997114d8c. 1 dirs total, 0 dirs full, 0 dirs failed
I20260710 13:22:09.158418 16700 data_dirs.cc:400] Could only allocate 1 dirs of requested 3 for tablet 8d5b12b4b45e4415bf2945a8a6a53b86. 1 dirs total, 0 dirs full, 0 dirs failed
I20260710 13:22:09.161388 16546 tablet_service.cc:1511] Processing CreateTablet for tablet 85ab5a14d0fd4755bd5d2afab0eaea2f (DEFAULT_TABLE table=test-workload [id=87531fbdb9864068bb9147dfe5b883c5]), partition=RANGE (key) PARTITION 1670265058 <= VALUES < 1908874352
I20260710 13:22:09.157770 16699 tablet_service.cc:1511] Processing CreateTablet for tablet 2c755e9061a54eb68dc7ae07df6fb2df (DEFAULT_TABLE table=test-workload [id=87531fbdb9864068bb9147dfe5b883c5]), partition=RANGE (key) PARTITION 715827882 <= VALUES < 954437176
I20260710 13:22:09.161815 16549 data_dirs.cc:400] Could only allocate 1 dirs of requested 3 for tablet 56ce547cf24a482e805e7753165b100d. 1 dirs total, 0 dirs full, 0 dirs failed
I20260710 13:22:09.164188 16698 tablet_service.cc:1511] Processing CreateTablet for tablet 56ce547cf24a482e805e7753165b100d (DEFAULT_TABLE table=test-workload [id=87531fbdb9864068bb9147dfe5b883c5]), partition=RANGE (key) PARTITION 954437176 <= VALUES < 1193046470
I20260710 13:22:09.169643 16548 data_dirs.cc:400] Could only allocate 1 dirs of requested 3 for tablet 9b9f335223294a49b38f151bf5843fdb. 1 dirs total, 0 dirs full, 0 dirs failed
I20260710 13:22:09.175087 16701 data_dirs.cc:400] Could only allocate 1 dirs of requested 3 for tablet 5663f44245964a0eab2f7f032c8bb4c3. 1 dirs total, 0 dirs full, 0 dirs failed
I20260710 13:22:09.185505 16697 tablet_service.cc:1511] Processing CreateTablet for tablet 9b9f335223294a49b38f151bf5843fdb (DEFAULT_TABLE table=test-workload [id=87531fbdb9864068bb9147dfe5b883c5]), partition=RANGE (key) PARTITION 1193046470 <= VALUES < 1431655764
I20260710 13:22:09.179723 16621 tablet_service.cc:1511] Processing CreateTablet for tablet 85ab5a14d0fd4755bd5d2afab0eaea2f (DEFAULT_TABLE table=test-workload [id=87531fbdb9864068bb9147dfe5b883c5]), partition=RANGE (key) PARTITION 1670265058 <= VALUES < 1908874352
I20260710 13:22:09.188714 16621 data_dirs.cc:400] Could only allocate 1 dirs of requested 3 for tablet 85ab5a14d0fd4755bd5d2afab0eaea2f. 1 dirs total, 0 dirs full, 0 dirs failed
I20260710 13:22:09.190340 16697 data_dirs.cc:400] Could only allocate 1 dirs of requested 3 for tablet 9b9f335223294a49b38f151bf5843fdb. 1 dirs total, 0 dirs full, 0 dirs failed
I20260710 13:22:09.176487 16696 tablet_service.cc:1511] Processing CreateTablet for tablet 394314499f15450d9ec5df101b78a306 (DEFAULT_TABLE table=test-workload [id=87531fbdb9864068bb9147dfe5b883c5]), partition=RANGE (key) PARTITION 1431655764 <= VALUES < 1670265058
I20260710 13:22:09.193270 16699 data_dirs.cc:400] Could only allocate 1 dirs of requested 3 for tablet 2c755e9061a54eb68dc7ae07df6fb2df. 1 dirs total, 0 dirs full, 0 dirs failed
I20260710 13:22:09.195279 16696 data_dirs.cc:400] Could only allocate 1 dirs of requested 3 for tablet 394314499f15450d9ec5df101b78a306. 1 dirs total, 0 dirs full, 0 dirs failed
I20260710 13:22:09.196969 16546 data_dirs.cc:400] Could only allocate 1 dirs of requested 3 for tablet 85ab5a14d0fd4755bd5d2afab0eaea2f. 1 dirs total, 0 dirs full, 0 dirs failed
I20260710 13:22:09.200381 16698 data_dirs.cc:400] Could only allocate 1 dirs of requested 3 for tablet 56ce547cf24a482e805e7753165b100d. 1 dirs total, 0 dirs full, 0 dirs failed
I20260710 13:22:09.204010 16547 data_dirs.cc:400] Could only allocate 1 dirs of requested 3 for tablet 394314499f15450d9ec5df101b78a306. 1 dirs total, 0 dirs full, 0 dirs failed
W20260710 13:22:09.233842 16509 auto_rebalancer.cc:288] Could not retrieve cluster info: Service unavailable: Tablet not running
I20260710 13:22:09.288921 16620 tablet_service.cc:1511] Processing CreateTablet for tablet d71a1a6f88734b668bea6abb9928aee8 (DEFAULT_TABLE table=test-workload [id=87531fbdb9864068bb9147dfe5b883c5]), partition=RANGE (key) PARTITION 1908874352 <= VALUES
I20260710 13:22:09.292894 16620 data_dirs.cc:400] Could only allocate 1 dirs of requested 3 for tablet d71a1a6f88734b668bea6abb9928aee8. 1 dirs total, 0 dirs full, 0 dirs failed
I20260710 13:22:09.248514 16545 tablet_service.cc:1511] Processing CreateTablet for tablet d71a1a6f88734b668bea6abb9928aee8 (DEFAULT_TABLE table=test-workload [id=87531fbdb9864068bb9147dfe5b883c5]), partition=RANGE (key) PARTITION 1908874352 <= VALUES
I20260710 13:22:09.295740 16545 data_dirs.cc:400] Could only allocate 1 dirs of requested 3 for tablet d71a1a6f88734b668bea6abb9928aee8. 1 dirs total, 0 dirs full, 0 dirs failed
I20260710 13:22:09.248628 16695 tablet_service.cc:1511] Processing CreateTablet for tablet 85ab5a14d0fd4755bd5d2afab0eaea2f (DEFAULT_TABLE table=test-workload [id=87531fbdb9864068bb9147dfe5b883c5]), partition=RANGE (key) PARTITION 1670265058 <= VALUES < 1908874352
I20260710 13:22:09.309346 16695 data_dirs.cc:400] Could only allocate 1 dirs of requested 3 for tablet 85ab5a14d0fd4755bd5d2afab0eaea2f. 1 dirs total, 0 dirs full, 0 dirs failed
I20260710 13:22:09.339908 16694 tablet_service.cc:1511] Processing CreateTablet for tablet d71a1a6f88734b668bea6abb9928aee8 (DEFAULT_TABLE table=test-workload [id=87531fbdb9864068bb9147dfe5b883c5]), partition=RANGE (key) PARTITION 1908874352 <= VALUES
I20260710 13:22:09.343863 16694 data_dirs.cc:400] Could only allocate 1 dirs of requested 3 for tablet d71a1a6f88734b668bea6abb9928aee8. 1 dirs total, 0 dirs full, 0 dirs failed
I20260710 13:22:09.444509 16755 tablet_bootstrap.cc:492] T 8d5b12b4b45e4415bf2945a8a6a53b86 P ca577181c7c7409ead4330a8367d2108: Bootstrap starting.
I20260710 13:22:09.456423 16757 tablet_bootstrap.cc:492] T d71a1a6f88734b668bea6abb9928aee8 P 02b91275861e48dc91c4b5d8a08be0f0: Bootstrap starting.
I20260710 13:22:09.458417 16756 tablet_bootstrap.cc:492] T 5663f44245964a0eab2f7f032c8bb4c3 P 3ae9f8630f1b40799f0b106ab358e1e3: Bootstrap starting.
I20260710 13:22:09.472591 16756 tablet_bootstrap.cc:654] T 5663f44245964a0eab2f7f032c8bb4c3 P 3ae9f8630f1b40799f0b106ab358e1e3: Neither blocks nor log segments found. Creating new log.
I20260710 13:22:09.488772 16757 tablet_bootstrap.cc:654] T d71a1a6f88734b668bea6abb9928aee8 P 02b91275861e48dc91c4b5d8a08be0f0: Neither blocks nor log segments found. Creating new log.
I20260710 13:22:09.509027 16755 tablet_bootstrap.cc:654] T 8d5b12b4b45e4415bf2945a8a6a53b86 P ca577181c7c7409ead4330a8367d2108: Neither blocks nor log segments found. Creating new log.
I20260710 13:22:09.511475 16757 tablet_bootstrap.cc:492] T d71a1a6f88734b668bea6abb9928aee8 P 02b91275861e48dc91c4b5d8a08be0f0: No bootstrap required, opened a new log
I20260710 13:22:09.511965 16757 ts_tablet_manager.cc:1403] T d71a1a6f88734b668bea6abb9928aee8 P 02b91275861e48dc91c4b5d8a08be0f0: Time spent bootstrapping tablet: real 0.057s	user 0.012s	sys 0.006s
I20260710 13:22:09.513891 16756 tablet_bootstrap.cc:492] T 5663f44245964a0eab2f7f032c8bb4c3 P 3ae9f8630f1b40799f0b106ab358e1e3: No bootstrap required, opened a new log
I20260710 13:22:09.514544 16756 ts_tablet_manager.cc:1403] T 5663f44245964a0eab2f7f032c8bb4c3 P 3ae9f8630f1b40799f0b106ab358e1e3: Time spent bootstrapping tablet: real 0.059s	user 0.014s	sys 0.007s
I20260710 13:22:09.527092 16757 raft_consensus.cc:359] T d71a1a6f88734b668bea6abb9928aee8 P 02b91275861e48dc91c4b5d8a08be0f0 [term 0 FOLLOWER]: Replica starting. Triggering 0 pending ops. Active config: opid_index: -1 OBSOLETE_local: false peers { permanent_uuid: "02b91275861e48dc91c4b5d8a08be0f0" member_type: VOTER last_known_addr { host: "127.16.11.1" port: 35301 } } peers { permanent_uuid: "3ae9f8630f1b40799f0b106ab358e1e3" member_type: VOTER last_known_addr { host: "127.16.11.2" port: 46619 } } peers { permanent_uuid: "ca577181c7c7409ead4330a8367d2108" member_type: VOTER last_known_addr { host: "127.16.11.3" port: 44921 } }
I20260710 13:22:09.527685 16755 tablet_bootstrap.cc:492] T 8d5b12b4b45e4415bf2945a8a6a53b86 P ca577181c7c7409ead4330a8367d2108: No bootstrap required, opened a new log
I20260710 13:22:09.527845 16757 raft_consensus.cc:385] T d71a1a6f88734b668bea6abb9928aee8 P 02b91275861e48dc91c4b5d8a08be0f0 [term 0 FOLLOWER]: Consensus starting up: Expiring failure detector timer to make a prompt election more likely
I20260710 13:22:09.528144 16755 ts_tablet_manager.cc:1403] T 8d5b12b4b45e4415bf2945a8a6a53b86 P ca577181c7c7409ead4330a8367d2108: Time spent bootstrapping tablet: real 0.085s	user 0.018s	sys 0.004s
I20260710 13:22:09.528170 16757 raft_consensus.cc:740] T d71a1a6f88734b668bea6abb9928aee8 P 02b91275861e48dc91c4b5d8a08be0f0 [term 0 FOLLOWER]: Becoming Follower/Learner. State: Replica: 02b91275861e48dc91c4b5d8a08be0f0, State: Initialized, Role: FOLLOWER
I20260710 13:22:09.529002 16757 consensus_queue.cc:260] T d71a1a6f88734b668bea6abb9928aee8 P 02b91275861e48dc91c4b5d8a08be0f0 [NON_LEADER]: Queue going to NON_LEADER mode. State: All replicated index: 0, Majority replicated index: 0, Committed index: 0, Last appended: 0.0, Last appended by leader: 0, Current term: 0, Majority size: -1, State: 0, Mode: NON_LEADER, active raft config: opid_index: -1 OBSOLETE_local: false peers { permanent_uuid: "02b91275861e48dc91c4b5d8a08be0f0" member_type: VOTER last_known_addr { host: "127.16.11.1" port: 35301 } } peers { permanent_uuid: "3ae9f8630f1b40799f0b106ab358e1e3" member_type: VOTER last_known_addr { host: "127.16.11.2" port: 46619 } } peers { permanent_uuid: "ca577181c7c7409ead4330a8367d2108" member_type: VOTER last_known_addr { host: "127.16.11.3" port: 44921 } }
I20260710 13:22:09.527350 16756 raft_consensus.cc:359] T 5663f44245964a0eab2f7f032c8bb4c3 P 3ae9f8630f1b40799f0b106ab358e1e3 [term 0 FOLLOWER]: Replica starting. Triggering 0 pending ops. Active config: opid_index: -1 OBSOLETE_local: false peers { permanent_uuid: "02b91275861e48dc91c4b5d8a08be0f0" member_type: VOTER last_known_addr { host: "127.16.11.1" port: 35301 } } peers { permanent_uuid: "3ae9f8630f1b40799f0b106ab358e1e3" member_type: VOTER last_known_addr { host: "127.16.11.2" port: 46619 } } peers { permanent_uuid: "ca577181c7c7409ead4330a8367d2108" member_type: VOTER last_known_addr { host: "127.16.11.3" port: 44921 } }
I20260710 13:22:09.530153 16756 raft_consensus.cc:385] T 5663f44245964a0eab2f7f032c8bb4c3 P 3ae9f8630f1b40799f0b106ab358e1e3 [term 0 FOLLOWER]: Consensus starting up: Expiring failure detector timer to make a prompt election more likely
I20260710 13:22:09.530437 16756 raft_consensus.cc:740] T 5663f44245964a0eab2f7f032c8bb4c3 P 3ae9f8630f1b40799f0b106ab358e1e3 [term 0 FOLLOWER]: Becoming Follower/Learner. State: Replica: 3ae9f8630f1b40799f0b106ab358e1e3, State: Initialized, Role: FOLLOWER
I20260710 13:22:09.530694 16755 raft_consensus.cc:359] T 8d5b12b4b45e4415bf2945a8a6a53b86 P ca577181c7c7409ead4330a8367d2108 [term 0 FOLLOWER]: Replica starting. Triggering 0 pending ops. Active config: opid_index: -1 OBSOLETE_local: false peers { permanent_uuid: "02b91275861e48dc91c4b5d8a08be0f0" member_type: VOTER last_known_addr { host: "127.16.11.1" port: 35301 } } peers { permanent_uuid: "3ae9f8630f1b40799f0b106ab358e1e3" member_type: VOTER last_known_addr { host: "127.16.11.2" port: 46619 } } peers { permanent_uuid: "ca577181c7c7409ead4330a8367d2108" member_type: VOTER last_known_addr { host: "127.16.11.3" port: 44921 } }
I20260710 13:22:09.531334 16588 heartbeater.cc:499] Master 127.16.11.62:43839 was elected leader, sending a full tablet report...
I20260710 13:22:09.531399 16755 raft_consensus.cc:385] T 8d5b12b4b45e4415bf2945a8a6a53b86 P ca577181c7c7409ead4330a8367d2108 [term 0 FOLLOWER]: Consensus starting up: Expiring failure detector timer to make a prompt election more likely
I20260710 13:22:09.531183 16756 consensus_queue.cc:260] T 5663f44245964a0eab2f7f032c8bb4c3 P 3ae9f8630f1b40799f0b106ab358e1e3 [NON_LEADER]: Queue going to NON_LEADER mode. State: All replicated index: 0, Majority replicated index: 0, Committed index: 0, Last appended: 0.0, Last appended by leader: 0, Current term: 0, Majority size: -1, State: 0, Mode: NON_LEADER, active raft config: opid_index: -1 OBSOLETE_local: false peers { permanent_uuid: "02b91275861e48dc91c4b5d8a08be0f0" member_type: VOTER last_known_addr { host: "127.16.11.1" port: 35301 } } peers { permanent_uuid: "3ae9f8630f1b40799f0b106ab358e1e3" member_type: VOTER last_known_addr { host: "127.16.11.2" port: 46619 } } peers { permanent_uuid: "ca577181c7c7409ead4330a8367d2108" member_type: VOTER last_known_addr { host: "127.16.11.3" port: 44921 } }
