I20260710 13:22:38.671772 17976 raft_consensus.cc:515] T 2fefa97e69c74820825cbb6316782a76 P 4e99806fdb254f41bfa0ed08d4389198 [term 0 FOLLOWER]: Starting pre-election with config: opid_index: -1 OBSOLETE_local: false peers { permanent_uuid: "6ee569ce19a34c119574a374ddb01e25" member_type: VOTER last_known_addr { host: "127.16.27.65" port: 40099 } } peers { permanent_uuid: "4e99806fdb254f41bfa0ed08d4389198" member_type: VOTER last_known_addr { host: "127.16.27.66" port: 39315 } } peers { permanent_uuid: "dad3d418c35f44e3a0f96d0e19799d09" member_type: VOTER last_known_addr { host: "127.16.27.67" port: 40115 } }
I20260710 13:22:38.678063 17878 consensus_queue.cc:1048] T 8e8398fd482542eba4026396cf17c5cc P 4e99806fdb254f41bfa0ed08d4389198 [LEADER]: Connected to new peer: Peer: permanent_uuid: "dad3d418c35f44e3a0f96d0e19799d09" member_type: VOTER last_known_addr { host: "127.16.27.67" port: 40115 }, Status: LMP_MISMATCH, Last received: 0.0, Next index: 1, Last known committed idx: 0, Time since last communication: 0.000s
I20260710 13:22:38.694304 17844 raft_consensus.cc:359] T 926687d842714d47b25065ffe2e4f8ed P 4e99806fdb254f41bfa0ed08d4389198 [term 0 FOLLOWER]: Replica starting. Triggering 0 pending ops. Active config: opid_index: -1 OBSOLETE_local: false peers { permanent_uuid: "6ee569ce19a34c119574a374ddb01e25" member_type: VOTER last_known_addr { host: "127.16.27.65" port: 40099 } } peers { permanent_uuid: "4e99806fdb254f41bfa0ed08d4389198" member_type: VOTER last_known_addr { host: "127.16.27.66" port: 39315 } } peers { permanent_uuid: "dad3d418c35f44e3a0f96d0e19799d09" member_type: VOTER last_known_addr { host: "127.16.27.67" port: 40115 } }
I20260710 13:22:38.695211 17844 raft_consensus.cc:385] T 926687d842714d47b25065ffe2e4f8ed P 4e99806fdb254f41bfa0ed08d4389198 [term 0 FOLLOWER]: Consensus starting up: Expiring failure detector timer to make a prompt election more likely
I20260710 13:22:38.695541 17844 raft_consensus.cc:740] T 926687d842714d47b25065ffe2e4f8ed P 4e99806fdb254f41bfa0ed08d4389198 [term 0 FOLLOWER]: Becoming Follower/Learner. State: Replica: 4e99806fdb254f41bfa0ed08d4389198, State: Initialized, Role: FOLLOWER
I20260710 13:22:38.697157 17844 consensus_queue.cc:260] T 926687d842714d47b25065ffe2e4f8ed P 4e99806fdb254f41bfa0ed08d4389198 [NON_LEADER]: Queue going to NON_LEADER mode. State: All replicated index: 0, Majority replicated index: 0, Committed index: 0, Last appended: 0.0, Last appended by leader: 0, Current term: 0, Majority size: -1, State: 0, Mode: NON_LEADER, active raft config: opid_index: -1 OBSOLETE_local: false peers { permanent_uuid: "6ee569ce19a34c119574a374ddb01e25" member_type: VOTER last_known_addr { host: "127.16.27.65" port: 40099 } } peers { permanent_uuid: "4e99806fdb254f41bfa0ed08d4389198" member_type: VOTER last_known_addr { host: "127.16.27.66" port: 39315 } } peers { permanent_uuid: "dad3d418c35f44e3a0f96d0e19799d09" member_type: VOTER last_known_addr { host: "127.16.27.67" port: 40115 } }
W20260710 13:22:38.706739 17600 auto_rebalancer.cc:288] Could not retrieve cluster info: Service unavailable: Tablet not running
I20260710 13:22:38.707196 17954 raft_consensus.cc:493] T b1dd2326b42c45b19f9be1986c82c8bb P 6ee569ce19a34c119574a374ddb01e25 [term 0 FOLLOWER]: Starting pre-election (no leader contacted us within the election timeout)
I20260710 13:22:38.710952 17976 leader_election.cc:290] T 2fefa97e69c74820825cbb6316782a76 P 4e99806fdb254f41bfa0ed08d4389198 [CANDIDATE]: Term 1 pre-election: Requested pre-vote from peers 6ee569ce19a34c119574a374ddb01e25 (127.16.27.65:40099), dad3d418c35f44e3a0f96d0e19799d09 (127.16.27.67:40115)
I20260710 13:22:38.716032 17844 ts_tablet_manager.cc:1434] T 926687d842714d47b25065ffe2e4f8ed P 4e99806fdb254f41bfa0ed08d4389198: Time spent starting tablet: real 0.092s	user 0.008s	sys 0.000s
I20260710 13:22:38.717082 17844 tablet_bootstrap.cc:492] T 00df817120ac4638b8c9c523db782910 P 4e99806fdb254f41bfa0ed08d4389198: Bootstrap starting.
I20260710 13:22:38.718044 17843 tablet_bootstrap.cc:492] T 851233b98348490d818462156e608448 P dad3d418c35f44e3a0f96d0e19799d09: No bootstrap required, opened a new log
I20260710 13:22:38.718564 17843 ts_tablet_manager.cc:1403] T 851233b98348490d818462156e608448 P dad3d418c35f44e3a0f96d0e19799d09: Time spent bootstrapping tablet: real 0.150s	user 0.015s	sys 0.013s
I20260710 13:22:38.690412 17885 raft_consensus.cc:515] T 851233b98348490d818462156e608448 P 4e99806fdb254f41bfa0ed08d4389198 [term 0 FOLLOWER]: Starting pre-election with config: opid_index: -1 OBSOLETE_local: false peers { permanent_uuid: "6ee569ce19a34c119574a374ddb01e25" member_type: VOTER last_known_addr { host: "127.16.27.65" port: 40099 } } peers { permanent_uuid: "4e99806fdb254f41bfa0ed08d4389198" member_type: VOTER last_known_addr { host: "127.16.27.66" port: 39315 } } peers { permanent_uuid: "dad3d418c35f44e3a0f96d0e19799d09" member_type: VOTER last_known_addr { host: "127.16.27.67" port: 40115 } }
I20260710 13:22:38.707628 17954 raft_consensus.cc:515] T b1dd2326b42c45b19f9be1986c82c8bb P 6ee569ce19a34c119574a374ddb01e25 [term 0 FOLLOWER]: Starting pre-election with config: opid_index: -1 OBSOLETE_local: false peers { permanent_uuid: "6ee569ce19a34c119574a374ddb01e25" member_type: VOTER last_known_addr { host: "127.16.27.65" port: 40099 } } peers { permanent_uuid: "4e99806fdb254f41bfa0ed08d4389198" member_type: VOTER last_known_addr { host: "127.16.27.66" port: 39315 } } peers { permanent_uuid: "dad3d418c35f44e3a0f96d0e19799d09" member_type: VOTER last_known_addr { host: "127.16.27.67" port: 40115 } }
I20260710 13:22:38.731279 17695 leader_election.cc:304] T 1e75d3aaa03c4a36844e43ddb306b89f P 4e99806fdb254f41bfa0ed08d4389198 [CANDIDATE]: Term 1 election: Election decided. Result: candidate lost. Election summary: received 3 responses out of 3 voters: 1 yes votes; 2 no votes. yes voters: 4e99806fdb254f41bfa0ed08d4389198; no voters: 6ee569ce19a34c119574a374ddb01e25, dad3d418c35f44e3a0f96d0e19799d09
I20260710 13:22:38.732115 17878 raft_consensus.cc:2749] T 1e75d3aaa03c4a36844e43ddb306b89f P 4e99806fdb254f41bfa0ed08d4389198 [term 1 FOLLOWER]: Leader election lost for term 1. Reason: could not achieve majority
I20260710 13:22:38.734192 17551 catalog_manager.cc:5697] T cb53a4660fd64f00b6d4434e70febc7b P 4e99806fdb254f41bfa0ed08d4389198 reported cstate change: term changed from 0 to 1, leader changed from <none> to 4e99806fdb254f41bfa0ed08d4389198 (127.16.27.66). New cstate: current_term: 1 leader_uuid: "4e99806fdb254f41bfa0ed08d4389198" committed_config { opid_index: -1 OBSOLETE_local: false peers { permanent_uuid: "6ee569ce19a34c119574a374ddb01e25" member_type: VOTER last_known_addr { host: "127.16.27.65" port: 40099 } health_report { overall_health: UNKNOWN } } peers { permanent_uuid: "4e99806fdb254f41bfa0ed08d4389198" member_type: VOTER last_known_addr { host: "127.16.27.66" port: 39315 } health_report { overall_health: HEALTHY } } peers { permanent_uuid: "dad3d418c35f44e3a0f96d0e19799d09" member_type: VOTER last_known_addr { host: "127.16.27.67" port: 40115 } health_report { overall_health: UNKNOWN } } }
I20260710 13:22:38.738283 17800 tablet_service.cc:1917] Received RequestConsensusVote() RPC: tablet_id: "2fefa97e69c74820825cbb6316782a76" candidate_uuid: "4e99806fdb254f41bfa0ed08d4389198" candidate_term: 1 candidate_status { last_received { term: 0 index: 0 } } ignore_live_leader: false dest_uuid: "dad3d418c35f44e3a0f96d0e19799d09" is_pre_election: true
I20260710 13:22:38.739092 17800 raft_consensus.cc:2468] T 2fefa97e69c74820825cbb6316782a76 P dad3d418c35f44e3a0f96d0e19799d09 [term 0 FOLLOWER]: Leader pre-election vote request: Granting yes vote for candidate 4e99806fdb254f41bfa0ed08d4389198 in term 0.
I20260710 13:22:38.735400 17654 tablet_service.cc:1917] Received RequestConsensusVote() RPC: tablet_id: "2fefa97e69c74820825cbb6316782a76" candidate_uuid: "4e99806fdb254f41bfa0ed08d4389198" candidate_term: 1 candidate_status { last_received { term: 0 index: 0 } } ignore_live_leader: false dest_uuid: "6ee569ce19a34c119574a374ddb01e25" is_pre_election: true
I20260710 13:22:38.742899 17954 leader_election.cc:290] T b1dd2326b42c45b19f9be1986c82c8bb P 6ee569ce19a34c119574a374ddb01e25 [CANDIDATE]: Term 1 pre-election: Requested pre-vote from peers 4e99806fdb254f41bfa0ed08d4389198 (127.16.27.66:39315), dad3d418c35f44e3a0f96d0e19799d09 (127.16.27.67:40115)
W20260710 13:22:38.743170 17693 leader_election.cc:343] T 2fefa97e69c74820825cbb6316782a76 P 4e99806fdb254f41bfa0ed08d4389198 [CANDIDATE]: Term 1 pre-election: Tablet error from VoteRequest() call to peer 6ee569ce19a34c119574a374ddb01e25 (127.16.27.65:40099): Illegal state: must be running to vote when last-logged opid is not known
I20260710 13:22:38.749392 17551 catalog_manager.cc:5697] T b1dd2326b42c45b19f9be1986c82c8bb P 4e99806fdb254f41bfa0ed08d4389198 reported cstate change: term changed from 0 to 1, leader changed from <none> to 4e99806fdb254f41bfa0ed08d4389198 (127.16.27.66). New cstate: current_term: 1 leader_uuid: "4e99806fdb254f41bfa0ed08d4389198" committed_config { opid_index: -1 OBSOLETE_local: false peers { permanent_uuid: "6ee569ce19a34c119574a374ddb01e25" member_type: VOTER last_known_addr { host: "127.16.27.65" port: 40099 } health_report { overall_health: UNKNOWN } } peers { permanent_uuid: "4e99806fdb254f41bfa0ed08d4389198" member_type: VOTER last_known_addr { host: "127.16.27.66" port: 39315 } health_report { overall_health: HEALTHY } } peers { permanent_uuid: "dad3d418c35f44e3a0f96d0e19799d09" member_type: VOTER last_known_addr { host: "127.16.27.67" port: 40115 } health_report { overall_health: UNKNOWN } } }
I20260710 13:22:38.756770 17800 tablet_service.cc:1917] Received RequestConsensusVote() RPC: tablet_id: "b1dd2326b42c45b19f9be1986c82c8bb" candidate_uuid: "6ee569ce19a34c119574a374ddb01e25" candidate_term: 1 candidate_status { last_received { term: 0 index: 0 } } ignore_live_leader: false dest_uuid: "dad3d418c35f44e3a0f96d0e19799d09" is_pre_election: true
I20260710 13:22:38.757619 17800 raft_consensus.cc:2393] T b1dd2326b42c45b19f9be1986c82c8bb P dad3d418c35f44e3a0f96d0e19799d09 [term 1 FOLLOWER]: Leader pre-election vote request: Denying vote to candidate 6ee569ce19a34c119574a374ddb01e25 in current term 1: Already voted for candidate 4e99806fdb254f41bfa0ed08d4389198 in this term.
I20260710 13:22:38.764372 17726 tablet_service.cc:1917] Received RequestConsensusVote() RPC: tablet_id: "b1dd2326b42c45b19f9be1986c82c8bb" candidate_uuid: "6ee569ce19a34c119574a374ddb01e25" candidate_term: 1 candidate_status { last_received { term: 0 index: 0 } } ignore_live_leader: false dest_uuid: "4e99806fdb254f41bfa0ed08d4389198" is_pre_election: true
I20260710 13:22:38.766332 17885 leader_election.cc:290] T 851233b98348490d818462156e608448 P 4e99806fdb254f41bfa0ed08d4389198 [CANDIDATE]: Term 1 pre-election: Requested pre-vote from peers 6ee569ce19a34c119574a374ddb01e25 (127.16.27.65:40099), dad3d418c35f44e3a0f96d0e19799d09 (127.16.27.67:40115)
I20260710 13:22:38.768016 17695 leader_election.cc:304] T 2fefa97e69c74820825cbb6316782a76 P 4e99806fdb254f41bfa0ed08d4389198 [CANDIDATE]: Term 1 pre-election: Election decided. Result: candidate won. Election summary: received 3 responses out of 3 voters: 2 yes votes; 1 no votes. yes voters: 4e99806fdb254f41bfa0ed08d4389198, dad3d418c35f44e3a0f96d0e19799d09; no voters: 6ee569ce19a34c119574a374ddb01e25
I20260710 13:22:38.770862 17617 leader_election.cc:304] T b1dd2326b42c45b19f9be1986c82c8bb P 6ee569ce19a34c119574a374ddb01e25 [CANDIDATE]: Term 1 pre-election: Election decided. Result: candidate lost. Election summary: received 3 responses out of 3 voters: 1 yes votes; 2 no votes. yes voters: 6ee569ce19a34c119574a374ddb01e25; no voters: 4e99806fdb254f41bfa0ed08d4389198, dad3d418c35f44e3a0f96d0e19799d09
I20260710 13:22:38.778256 17891 raft_consensus.cc:3060] T b1dd2326b42c45b19f9be1986c82c8bb P 6ee569ce19a34c119574a374ddb01e25 [term 0 FOLLOWER]: Advancing to term 1
I20260710 13:22:38.778448 17885 raft_consensus.cc:2804] T 2fefa97e69c74820825cbb6316782a76 P 4e99806fdb254f41bfa0ed08d4389198 [term 0 FOLLOWER]: Leader pre-election won for term 1
I20260710 13:22:38.797492 17843 raft_consensus.cc:359] T 851233b98348490d818462156e608448 P dad3d418c35f44e3a0f96d0e19799d09 [term 0 FOLLOWER]: Replica starting. Triggering 0 pending ops. Active config: opid_index: -1 OBSOLETE_local: false peers { permanent_uuid: "6ee569ce19a34c119574a374ddb01e25" member_type: VOTER last_known_addr { host: "127.16.27.65" port: 40099 } } peers { permanent_uuid: "4e99806fdb254f41bfa0ed08d4389198" member_type: VOTER last_known_addr { host: "127.16.27.66" port: 39315 } } peers { permanent_uuid: "dad3d418c35f44e3a0f96d0e19799d09" member_type: VOTER last_known_addr { host: "127.16.27.67" port: 40115 } }
I20260710 13:22:38.798256 17843 raft_consensus.cc:385] T 851233b98348490d818462156e608448 P dad3d418c35f44e3a0f96d0e19799d09 [term 0 FOLLOWER]: Consensus starting up: Expiring failure detector timer to make a prompt election more likely
I20260710 13:22:38.797827 17802 tablet_service.cc:1917] Received RequestConsensusVote() RPC: tablet_id: "851233b98348490d818462156e608448" candidate_uuid: "4e99806fdb254f41bfa0ed08d4389198" candidate_term: 1 candidate_status { last_received { term: 0 index: 0 } } ignore_live_leader: false dest_uuid: "dad3d418c35f44e3a0f96d0e19799d09" is_pre_election: true
I20260710 13:22:38.800256 17654 tablet_service.cc:1917] Received RequestConsensusVote() RPC: tablet_id: "851233b98348490d818462156e608448" candidate_uuid: "4e99806fdb254f41bfa0ed08d4389198" candidate_term: 1 candidate_status { last_received { term: 0 index: 0 } } ignore_live_leader: false dest_uuid: "6ee569ce19a34c119574a374ddb01e25" is_pre_election: true
W20260710 13:22:38.802896 17693 leader_election.cc:343] T 851233b98348490d818462156e608448 P 4e99806fdb254f41bfa0ed08d4389198 [CANDIDATE]: Term 1 pre-election: Tablet error from VoteRequest() call to peer 6ee569ce19a34c119574a374ddb01e25 (127.16.27.65:40099): Illegal state: must be running to vote when last-logged opid is not known
I20260710 13:22:38.798542 17843 raft_consensus.cc:740] T 851233b98348490d818462156e608448 P dad3d418c35f44e3a0f96d0e19799d09 [term 0 FOLLOWER]: Becoming Follower/Learner. State: Replica: dad3d418c35f44e3a0f96d0e19799d09, State: Initialized, Role: FOLLOWER
I20260710 13:22:38.805447 17974 raft_consensus.cc:493] T 00f95220c0784db8bbbeb10760884194 P 4e99806fdb254f41bfa0ed08d4389198 [term 0 FOLLOWER]: Starting pre-election (no leader contacted us within the election timeout)
I20260710 13:22:38.805903 17974 raft_consensus.cc:515] T 00f95220c0784db8bbbeb10760884194 P 4e99806fdb254f41bfa0ed08d4389198 [term 0 FOLLOWER]: Starting pre-election with config: opid_index: -1 OBSOLETE_local: false peers { permanent_uuid: "6ee569ce19a34c119574a374ddb01e25" member_type: VOTER last_known_addr { host: "127.16.27.65" port: 40099 } } peers { permanent_uuid: "4e99806fdb254f41bfa0ed08d4389198" member_type: VOTER last_known_addr { host: "127.16.27.66" port: 39315 } } peers { permanent_uuid: "dad3d418c35f44e3a0f96d0e19799d09" member_type: VOTER last_known_addr { host: "127.16.27.67" port: 40115 } }
I20260710 13:22:38.809718 17848 tablet_bootstrap.cc:492] T 5d415a75415a49cbaad807e40ef2ed6f P 6ee569ce19a34c119574a374ddb01e25: No bootstrap required, opened a new log
I20260710 13:22:38.805135 17843 consensus_queue.cc:260] T 851233b98348490d818462156e608448 P dad3d418c35f44e3a0f96d0e19799d09 [NON_LEADER]: Queue going to NON_LEADER mode. State: All replicated index: 0, Majority replicated index: 0, Committed index: 0, Last appended: 0.0, Last appended by leader: 0, Current term: 0, Majority size: -1, State: 0, Mode: NON_LEADER, active raft config: opid_index: -1 OBSOLETE_local: false peers { permanent_uuid: "6ee569ce19a34c119574a374ddb01e25" member_type: VOTER last_known_addr { host: "127.16.27.65" port: 40099 } } peers { permanent_uuid: "4e99806fdb254f41bfa0ed08d4389198" member_type: VOTER last_known_addr { host: "127.16.27.66" port: 39315 } } peers { permanent_uuid: "dad3d418c35f44e3a0f96d0e19799d09" member_type: VOTER last_known_addr { host: "127.16.27.67" port: 40115 } }
I20260710 13:22:38.810279 17848 ts_tablet_manager.cc:1403] T 5d415a75415a49cbaad807e40ef2ed6f P 6ee569ce19a34c119574a374ddb01e25: Time spent bootstrapping tablet: real 0.350s	user 0.021s	sys 0.029s
I20260710 13:22:38.810514 17802 raft_consensus.cc:2468] T 851233b98348490d818462156e608448 P dad3d418c35f44e3a0f96d0e19799d09 [term 0 FOLLOWER]: Leader pre-election vote request: Granting yes vote for candidate 4e99806fdb254f41bfa0ed08d4389198 in term 0.
I20260710 13:22:38.811743 17843 ts_tablet_manager.cc:1434] T 851233b98348490d818462156e608448 P dad3d418c35f44e3a0f96d0e19799d09: Time spent starting tablet: real 0.093s	user 0.003s	sys 0.004s
I20260710 13:22:38.789873 17885 raft_consensus.cc:493] T 2fefa97e69c74820825cbb6316782a76 P 4e99806fdb254f41bfa0ed08d4389198 [term 0 FOLLOWER]: Starting leader election (no leader contacted us within the election timeout)
I20260710 13:22:38.814262 17848 raft_consensus.cc:359] T 5d415a75415a49cbaad807e40ef2ed6f P 6ee569ce19a34c119574a374ddb01e25 [term 0 FOLLOWER]: Replica starting. Triggering 0 pending ops. Active config: opid_index: -1 OBSOLETE_local: false peers { permanent_uuid: "6ee569ce19a34c119574a374ddb01e25" member_type: VOTER last_known_addr { host: "127.16.27.65" port: 40099 } } peers { permanent_uuid: "4e99806fdb254f41bfa0ed08d4389198" member_type: VOTER last_known_addr { host: "127.16.27.66" port: 39315 } } peers { permanent_uuid: "dad3d418c35f44e3a0f96d0e19799d09" member_type: VOTER last_known_addr { host: "127.16.27.67" port: 40115 } }
I20260710 13:22:38.815124 17848 raft_consensus.cc:385] T 5d415a75415a49cbaad807e40ef2ed6f P 6ee569ce19a34c119574a374ddb01e25 [term 0 FOLLOWER]: Consensus starting up: Expiring failure detector timer to make a prompt election more likely
I20260710 13:22:38.815464 17848 raft_consensus.cc:740] T 5d415a75415a49cbaad807e40ef2ed6f P 6ee569ce19a34c119574a374ddb01e25 [term 0 FOLLOWER]: Becoming Follower/Learner. State: Replica: 6ee569ce19a34c119574a374ddb01e25, State: Initialized, Role: FOLLOWER
I20260710 13:22:38.814096 17885 raft_consensus.cc:3060] T 2fefa97e69c74820825cbb6316782a76 P 4e99806fdb254f41bfa0ed08d4389198 [term 0 FOLLOWER]: Advancing to term 1
I20260710 13:22:38.819717 17848 consensus_queue.cc:260] T 5d415a75415a49cbaad807e40ef2ed6f P 6ee569ce19a34c119574a374ddb01e25 [NON_LEADER]: Queue going to NON_LEADER mode. State: All replicated index: 0, Majority replicated index: 0, Committed index: 0, Last appended: 0.0, Last appended by leader: 0, Current term: 0, Majority size: -1, State: 0, Mode: NON_LEADER, active raft config: opid_index: -1 OBSOLETE_local: false peers { permanent_uuid: "6ee569ce19a34c119574a374ddb01e25" member_type: VOTER last_known_addr { host: "127.16.27.65" port: 40099 } } peers { permanent_uuid: "4e99806fdb254f41bfa0ed08d4389198" member_type: VOTER last_known_addr { host: "127.16.27.66" port: 39315 } } peers { permanent_uuid: "dad3d418c35f44e3a0f96d0e19799d09" member_type: VOTER last_known_addr { host: "127.16.27.67" port: 40115 } }
I20260710 13:22:38.820302 17843 tablet_bootstrap.cc:492] T 00f95220c0784db8bbbeb10760884194 P dad3d418c35f44e3a0f96d0e19799d09: Bootstrap starting.
I20260710 13:22:38.821777 17848 ts_tablet_manager.cc:1434] T 5d415a75415a49cbaad807e40ef2ed6f P 6ee569ce19a34c119574a374ddb01e25: Time spent starting tablet: real 0.011s	user 0.007s	sys 0.000s
I20260710 13:22:38.822582 17848 tablet_bootstrap.cc:492] T 2fefa97e69c74820825cbb6316782a76 P 6ee569ce19a34c119574a374ddb01e25: Bootstrap starting.
I20260710 13:22:38.820235 17654 tablet_service.cc:1917] Received RequestConsensusVote() RPC: tablet_id: "00f95220c0784db8bbbeb10760884194" candidate_uuid: "4e99806fdb254f41bfa0ed08d4389198" candidate_term: 1 candidate_status { last_received { term: 0 index: 0 } } ignore_live_leader: false dest_uuid: "6ee569ce19a34c119574a374ddb01e25" is_pre_election: true
W20260710 13:22:38.828154 17693 leader_election.cc:343] T 00f95220c0784db8bbbeb10760884194 P 4e99806fdb254f41bfa0ed08d4389198 [CANDIDATE]: Term 1 pre-election: Tablet error from VoteRequest() call to peer 6ee569ce19a34c119574a374ddb01e25 (127.16.27.65:40099): Illegal state: must be running to vote when last-logged opid is not known
I20260710 13:22:38.828606 17695 leader_election.cc:304] T 851233b98348490d818462156e608448 P 4e99806fdb254f41bfa0ed08d4389198 [CANDIDATE]: Term 1 pre-election: Election decided. Result: candidate won. Election summary: received 3 responses out of 3 voters: 2 yes votes; 1 no votes. yes voters: 4e99806fdb254f41bfa0ed08d4389198, dad3d418c35f44e3a0f96d0e19799d09; no voters: 6ee569ce19a34c119574a374ddb01e25
I20260710 13:22:38.829416 17878 raft_consensus.cc:2804] T 851233b98348490d818462156e608448 P 4e99806fdb254f41bfa0ed08d4389198 [term 0 FOLLOWER]: Leader pre-election won for term 1
I20260710 13:22:38.829663 17802 tablet_service.cc:1917] Received RequestConsensusVote() RPC: tablet_id: "00f95220c0784db8bbbeb10760884194" candidate_uuid: "4e99806fdb254f41bfa0ed08d4389198" candidate_term: 1 candidate_status { last_received { term: 0 index: 0 } } ignore_live_leader: false dest_uuid: "dad3d418c35f44e3a0f96d0e19799d09" is_pre_election: true
I20260710 13:22:38.829802 17878 raft_consensus.cc:493] T 851233b98348490d818462156e608448 P 4e99806fdb254f41bfa0ed08d4389198 [term 0 FOLLOWER]: Starting leader election (no leader contacted us within the election timeout)
I20260710 13:22:38.830257 17878 raft_consensus.cc:3060] T 851233b98348490d818462156e608448 P 4e99806fdb254f41bfa0ed08d4389198 [term 0 FOLLOWER]: Advancing to term 1
W20260710 13:22:38.833029 17695 leader_election.cc:343] T 00f95220c0784db8bbbeb10760884194 P 4e99806fdb254f41bfa0ed08d4389198 [CANDIDATE]: Term 1 pre-election: Tablet error from VoteRequest() call to peer dad3d418c35f44e3a0f96d0e19799d09 (127.16.27.67:40115): Illegal state: must be running to vote when last-logged opid is not known
I20260710 13:22:38.840605 17911 consensus_queue.cc:1048] T b804d02ccbfa4da09e366ce175d6054f P dad3d418c35f44e3a0f96d0e19799d09 [LEADER]: Connected to new peer: Peer: permanent_uuid: "6ee569ce19a34c119574a374ddb01e25" member_type: VOTER last_known_addr { host: "127.16.27.65" port: 40099 }, Status: LMP_MISMATCH, Last received: 0.0, Next index: 1, Last known committed idx: 0, Time since last communication: 0.000s
I20260710 13:22:38.835244 17974 leader_election.cc:290] T 00f95220c0784db8bbbeb10760884194 P 4e99806fdb254f41bfa0ed08d4389198 [CANDIDATE]: Term 1 pre-election: Requested pre-vote from peers 6ee569ce19a34c119574a374ddb01e25 (127.16.27.65:40099), dad3d418c35f44e3a0f96d0e19799d09 (127.16.27.67:40115)
I20260710 13:22:38.841598 17878 raft_consensus.cc:515] T 851233b98348490d818462156e608448 P 4e99806fdb254f41bfa0ed08d4389198 [term 1 FOLLOWER]: Starting leader election with config: opid_index: -1 OBSOLETE_local: false peers { permanent_uuid: "6ee569ce19a34c119574a374ddb01e25" member_type: VOTER last_known_addr { host: "127.16.27.65" port: 40099 } } peers { permanent_uuid: "4e99806fdb254f41bfa0ed08d4389198" member_type: VOTER last_known_addr { host: "127.16.27.66" port: 39315 } } peers { permanent_uuid: "dad3d418c35f44e3a0f96d0e19799d09" member_type: VOTER last_known_addr { host: "127.16.27.67" port: 40115 } }
I20260710 13:22:38.843916 17885 raft_consensus.cc:515] T 2fefa97e69c74820825cbb6316782a76 P 4e99806fdb254f41bfa0ed08d4389198 [term 1 FOLLOWER]: Starting leader election with config: opid_index: -1 OBSOLETE_local: false peers { permanent_uuid: "6ee569ce19a34c119574a374ddb01e25" member_type: VOTER last_known_addr { host: "127.16.27.65" port: 40099 } } peers { permanent_uuid: "4e99806fdb254f41bfa0ed08d4389198" member_type: VOTER last_known_addr { host: "127.16.27.66" port: 39315 } } peers { permanent_uuid: "dad3d418c35f44e3a0f96d0e19799d09" member_type: VOTER last_known_addr { host: "127.16.27.67" port: 40115 } }
I20260710 13:22:38.834474 17695 leader_election.cc:304] T 00f95220c0784db8bbbeb10760884194 P 4e99806fdb254f41bfa0ed08d4389198 [CANDIDATE]: Term 1 pre-election: Election decided. Result: candidate lost. Election summary: received 3 responses out of 3 voters: 1 yes votes; 2 no votes. yes voters: 4e99806fdb254f41bfa0ed08d4389198; no voters: 6ee569ce19a34c119574a374ddb01e25, dad3d418c35f44e3a0f96d0e19799d09
I20260710 13:22:38.846926 17878 leader_election.cc:290] T 851233b98348490d818462156e608448 P 4e99806fdb254f41bfa0ed08d4389198 [CANDIDATE]: Term 1 election: Requested vote from peers 6ee569ce19a34c119574a374ddb01e25 (127.16.27.65:40099), dad3d418c35f44e3a0f96d0e19799d09 (127.16.27.67:40115)
I20260710 13:22:38.852638 17651 tablet_service.cc:1917] Received RequestConsensusVote() RPC: tablet_id: "2fefa97e69c74820825cbb6316782a76" candidate_uuid: "4e99806fdb254f41bfa0ed08d4389198" candidate_term: 1 candidate_status { last_received { term: 0 index: 0 } } ignore_live_leader: false dest_uuid: "6ee569ce19a34c119574a374ddb01e25"
I20260710 13:22:38.853942 17653 tablet_service.cc:1917] Received RequestConsensusVote() RPC: tablet_id: "851233b98348490d818462156e608448" candidate_uuid: "4e99806fdb254f41bfa0ed08d4389198" candidate_term: 1 candidate_status { last_received { term: 0 index: 0 } } ignore_live_leader: false dest_uuid: "6ee569ce19a34c119574a374ddb01e25"
I20260710 13:22:38.857260 17843 tablet_bootstrap.cc:654] T 00f95220c0784db8bbbeb10760884194 P dad3d418c35f44e3a0f96d0e19799d09: Neither blocks nor log segments found. Creating new log.
W20260710 13:22:38.860297 17693 leader_election.cc:343] T 851233b98348490d818462156e608448 P 4e99806fdb254f41bfa0ed08d4389198 [CANDIDATE]: Term 1 election: Tablet error from VoteRequest() call to peer 6ee569ce19a34c119574a374ddb01e25 (127.16.27.65:40099): Illegal state: must be running to vote when last-logged opid is not known
W20260710 13:22:38.861047 17693 leader_election.cc:343] T 2fefa97e69c74820825cbb6316782a76 P 4e99806fdb254f41bfa0ed08d4389198 [CANDIDATE]: Term 1 election: Tablet error from VoteRequest() call to peer 6ee569ce19a34c119574a374ddb01e25 (127.16.27.65:40099): Illegal state: must be running to vote when last-logged opid is not known
I20260710 13:22:38.848637 17848 tablet_bootstrap.cc:654] T 2fefa97e69c74820825cbb6316782a76 P 6ee569ce19a34c119574a374ddb01e25: Neither blocks nor log segments found. Creating new log.
I20260710 13:22:38.849200 17799 tablet_service.cc:1917] Received RequestConsensusVote() RPC: tablet_id: "851233b98348490d818462156e608448" candidate_uuid: "4e99806fdb254f41bfa0ed08d4389198" candidate_term: 1 candidate_status { last_received { term: 0 index: 0 } } ignore_live_leader: false dest_uuid: "dad3d418c35f44e3a0f96d0e19799d09"
I20260710 13:22:38.851651 17844 tablet_bootstrap.cc:654] T 00df817120ac4638b8c9c523db782910 P 4e99806fdb254f41bfa0ed08d4389198: Neither blocks nor log segments found. Creating new log.
I20260710 13:22:38.852470 17891 raft_consensus.cc:2749] T b1dd2326b42c45b19f9be1986c82c8bb P 6ee569ce19a34c119574a374ddb01e25 [term 1 FOLLOWER]: Leader pre-election lost for term 1. Reason: could not achieve majority
I20260710 13:22:38.847906 17974 raft_consensus.cc:2749] T 00f95220c0784db8bbbeb10760884194 P 4e99806fdb254f41bfa0ed08d4389198 [term 0 FOLLOWER]: Leader pre-election lost for term 1. Reason: could not achieve majority
I20260710 13:22:38.880276 17799 raft_consensus.cc:3060] T 851233b98348490d818462156e608448 P dad3d418c35f44e3a0f96d0e19799d09 [term 0 FOLLOWER]: Advancing to term 1
I20260710 13:22:38.883121 17885 leader_election.cc:290] T 2fefa97e69c74820825cbb6316782a76 P 4e99806fdb254f41bfa0ed08d4389198 [CANDIDATE]: Term 1 election: Requested vote from peers 6ee569ce19a34c119574a374ddb01e25 (127.16.27.65:40099), dad3d418c35f44e3a0f96d0e19799d09 (127.16.27.67:40115)
I20260710 13:22:38.883337 17843 tablet_bootstrap.cc:492] T 00f95220c0784db8bbbeb10760884194 P dad3d418c35f44e3a0f96d0e19799d09: No bootstrap required, opened a new log
I20260710 13:22:38.883869 17843 ts_tablet_manager.cc:1403] T 00f95220c0784db8bbbeb10760884194 P dad3d418c35f44e3a0f96d0e19799d09: Time spent bootstrapping tablet: real 0.067s	user 0.018s	sys 0.009s
I20260710 13:22:38.884509 17801 tablet_service.cc:1917] Received RequestConsensusVote() RPC: tablet_id: "2fefa97e69c74820825cbb6316782a76" candidate_uuid: "4e99806fdb254f41bfa0ed08d4389198" candidate_term: 1 candidate_status { last_received { term: 0 index: 0 } } ignore_live_leader: false dest_uuid: "dad3d418c35f44e3a0f96d0e19799d09"
I20260710 13:22:38.885174 17801 raft_consensus.cc:3060] T 2fefa97e69c74820825cbb6316782a76 P dad3d418c35f44e3a0f96d0e19799d09 [term 0 FOLLOWER]: Advancing to term 1
I20260710 13:22:38.886318 17843 raft_consensus.cc:359] T 00f95220c0784db8bbbeb10760884194 P dad3d418c35f44e3a0f96d0e19799d09 [term 0 FOLLOWER]: Replica starting. Triggering 0 pending ops. Active config: opid_index: -1 OBSOLETE_local: false peers { permanent_uuid: "6ee569ce19a34c119574a374ddb01e25" member_type: VOTER last_known_addr { host: "127.16.27.65" port: 40099 } } peers { permanent_uuid: "4e99806fdb254f41bfa0ed08d4389198" member_type: VOTER last_known_addr { host: "127.16.27.66" port: 39315 } } peers { permanent_uuid: "dad3d418c35f44e3a0f96d0e19799d09" member_type: VOTER last_known_addr { host: "127.16.27.67" port: 40115 } }
I20260710 13:22:38.887006 17843 raft_consensus.cc:385] T 00f95220c0784db8bbbeb10760884194 P dad3d418c35f44e3a0f96d0e19799d09 [term 0 FOLLOWER]: Consensus starting up: Expiring failure detector timer to make a prompt election more likely
I20260710 13:22:38.887269 17843 raft_consensus.cc:740] T 00f95220c0784db8bbbeb10760884194 P dad3d418c35f44e3a0f96d0e19799d09 [term 0 FOLLOWER]: Becoming Follower/Learner. State: Replica: dad3d418c35f44e3a0f96d0e19799d09, State: Initialized, Role: FOLLOWER
I20260710 13:22:38.887964 17843 consensus_queue.cc:260] T 00f95220c0784db8bbbeb10760884194 P dad3d418c35f44e3a0f96d0e19799d09 [NON_LEADER]: Queue going to NON_LEADER mode. State: All replicated index: 0, Majority replicated index: 0, Committed index: 0, Last appended: 0.0, Last appended by leader: 0, Current term: 0, Majority size: -1, State: 0, Mode: NON_LEADER, active raft config: opid_index: -1 OBSOLETE_local: false peers { permanent_uuid: "6ee569ce19a34c119574a374ddb01e25" member_type: VOTER last_known_addr { host: "127.16.27.65" port: 40099 } } peers { permanent_uuid: "4e99806fdb254f41bfa0ed08d4389198" member_type: VOTER last_known_addr { host: "127.16.27.66" port: 39315 } } peers { permanent_uuid: "dad3d418c35f44e3a0f96d0e19799d09" member_type: VOTER last_known_addr { host: "127.16.27.67" port: 40115 } }
I20260710 13:22:38.889933 17843 ts_tablet_manager.cc:1434] T 00f95220c0784db8bbbeb10760884194 P dad3d418c35f44e3a0f96d0e19799d09: Time spent starting tablet: real 0.006s	user 0.006s	sys 0.000s
I20260710 13:22:38.890766 17843 tablet_bootstrap.cc:492] T a6e938ad569d476a9180648648d8fab9 P dad3d418c35f44e3a0f96d0e19799d09: Bootstrap starting.
I20260710 13:22:38.893765 17801 raft_consensus.cc:2468] T 2fefa97e69c74820825cbb6316782a76 P dad3d418c35f44e3a0f96d0e19799d09 [term 1 FOLLOWER]: Leader election vote request: Granting yes vote for candidate 4e99806fdb254f41bfa0ed08d4389198 in term 1.
I20260710 13:22:38.896652 17695 leader_election.cc:304] T 2fefa97e69c74820825cbb6316782a76 P 4e99806fdb254f41bfa0ed08d4389198 [CANDIDATE]: Term 1 election: Election decided. Result: candidate won. Election summary: received 3 responses out of 3 voters: 2 yes votes; 1 no votes. yes voters: 4e99806fdb254f41bfa0ed08d4389198, dad3d418c35f44e3a0f96d0e19799d09; no voters: 6ee569ce19a34c119574a374ddb01e25
I20260710 13:22:38.897368 17799 raft_consensus.cc:2468] T 851233b98348490d818462156e608448 P dad3d418c35f44e3a0f96d0e19799d09 [term 1 FOLLOWER]: Leader election vote request: Granting yes vote for candidate 4e99806fdb254f41bfa0ed08d4389198 in term 1.
I20260710 13:22:38.898033 17885 raft_consensus.cc:2804] T 2fefa97e69c74820825cbb6316782a76 P 4e99806fdb254f41bfa0ed08d4389198 [term 1 FOLLOWER]: Leader election won for term 1
I20260710 13:22:38.899042 17695 leader_election.cc:304] T 851233b98348490d818462156e608448 P 4e99806fdb254f41bfa0ed08d4389198 [CANDIDATE]: Term 1 election: Election decided. Result: candidate won. Election summary: received 3 responses out of 3 voters: 2 yes votes; 1 no votes. yes voters: 4e99806fdb254f41bfa0ed08d4389198, dad3d418c35f44e3a0f96d0e19799d09; no voters: 6ee569ce19a34c119574a374ddb01e25
I20260710 13:22:38.899539 17885 raft_consensus.cc:697] T 2fefa97e69c74820825cbb6316782a76 P 4e99806fdb254f41bfa0ed08d4389198 [term 1 LEADER]: Becoming Leader. State: Replica: 4e99806fdb254f41bfa0ed08d4389198, State: Running, Role: LEADER
I20260710 13:22:38.904414 17843 tablet_bootstrap.cc:654] T a6e938ad569d476a9180648648d8fab9 P dad3d418c35f44e3a0f96d0e19799d09: Neither blocks nor log segments found. Creating new log.
I20260710 13:22:38.901181 17974 raft_consensus.cc:2804] T 851233b98348490d818462156e608448 P 4e99806fdb254f41bfa0ed08d4389198 [term 1 FOLLOWER]: Leader election won for term 1
I20260710 13:22:38.906698 17974 raft_consensus.cc:697] T 851233b98348490d818462156e608448 P 4e99806fdb254f41bfa0ed08d4389198 [term 1 LEADER]: Becoming Leader. State: Replica: 4e99806fdb254f41bfa0ed08d4389198, State: Running, Role: LEADER
I20260710 13:22:38.907526 17974 consensus_queue.cc:237] T 851233b98348490d818462156e608448 P 4e99806fdb254f41bfa0ed08d4389198 [LEADER]: Queue going to LEADER mode. State: All replicated index: 0, Majority replicated index: 0, Committed index: 0, Last appended: 0.0, Last appended by leader: 0, Current term: 1, Majority size: 2, State: 0, Mode: LEADER, active raft config: opid_index: -1 OBSOLETE_local: false peers { permanent_uuid: "6ee569ce19a34c119574a374ddb01e25" member_type: VOTER last_known_addr { host: "127.16.27.65" port: 40099 } } peers { permanent_uuid: "4e99806fdb254f41bfa0ed08d4389198" member_type: VOTER last_known_addr { host: "127.16.27.66" port: 39315 } } peers { permanent_uuid: "dad3d418c35f44e3a0f96d0e19799d09" member_type: VOTER last_known_addr { host: "127.16.27.67" port: 40115 } }
I20260710 13:22:38.909458 17844 tablet_bootstrap.cc:492] T 00df817120ac4638b8c9c523db782910 P 4e99806fdb254f41bfa0ed08d4389198: No bootstrap required, opened a new log
I20260710 13:22:38.909920 17844 ts_tablet_manager.cc:1403] T 00df817120ac4638b8c9c523db782910 P 4e99806fdb254f41bfa0ed08d4389198: Time spent bootstrapping tablet: real 0.193s	user 0.018s	sys 0.000s
I20260710 13:22:38.910441 17885 consensus_queue.cc:237] T 2fefa97e69c74820825cbb6316782a76 P 4e99806fdb254f41bfa0ed08d4389198 [LEADER]: Queue going to LEADER mode. State: All replicated index: 0, Majority replicated index: 0, Committed index: 0, Last appended: 0.0, Last appended by leader: 0, Current term: 1, Majority size: 2, State: 0, Mode: LEADER, active raft config: opid_index: -1 OBSOLETE_local: false peers { permanent_uuid: "6ee569ce19a34c119574a374ddb01e25" member_type: VOTER last_known_addr { host: "127.16.27.65" port: 40099 } } peers { permanent_uuid: "4e99806fdb254f41bfa0ed08d4389198" member_type: VOTER last_known_addr { host: "127.16.27.66" port: 39315 } } peers { permanent_uuid: "dad3d418c35f44e3a0f96d0e19799d09" member_type: VOTER last_known_addr { host: "127.16.27.67" port: 40115 } }
I20260710 13:22:38.912312 17844 raft_consensus.cc:359] T 00df817120ac4638b8c9c523db782910 P 4e99806fdb254f41bfa0ed08d4389198 [term 0 FOLLOWER]: Replica starting. Triggering 0 pending ops. Active config: opid_index: -1 OBSOLETE_local: false peers { permanent_uuid: "6ee569ce19a34c119574a374ddb01e25" member_type: VOTER last_known_addr { host: "127.16.27.65" port: 40099 } } peers { permanent_uuid: "4e99806fdb254f41bfa0ed08d4389198" member_type: VOTER last_known_addr { host: "127.16.27.66" port: 39315 } } peers { permanent_uuid: "dad3d418c35f44e3a0f96d0e19799d09" member_type: VOTER last_known_addr { host: "127.16.27.67" port: 40115 } }
I20260710 13:22:38.912925 17844 raft_consensus.cc:385] T 00df817120ac4638b8c9c523db782910 P 4e99806fdb254f41bfa0ed08d4389198 [term 0 FOLLOWER]: Consensus starting up: Expiring failure detector timer to make a prompt election more likely
I20260710 13:22:38.913175 17844 raft_consensus.cc:740] T 00df817120ac4638b8c9c523db782910 P 4e99806fdb254f41bfa0ed08d4389198 [term 0 FOLLOWER]: Becoming Follower/Learner. State: Replica: 4e99806fdb254f41bfa0ed08d4389198, State: Initialized, Role: FOLLOWER
I20260710 13:22:38.917487 17844 consensus_queue.cc:260] T 00df817120ac4638b8c9c523db782910 P 4e99806fdb254f41bfa0ed08d4389198 [NON_LEADER]: Queue going to NON_LEADER mode. State: All replicated index: 0, Majority replicated index: 0, Committed index: 0, Last appended: 0.0, Last appended by leader: 0, Current term: 0, Majority size: -1, State: 0, Mode: NON_LEADER, active raft config: opid_index: -1 OBSOLETE_local: false peers { permanent_uuid: "6ee569ce19a34c119574a374ddb01e25" member_type: VOTER last_known_addr { host: "127.16.27.65" port: 40099 } } peers { permanent_uuid: "4e99806fdb254f41bfa0ed08d4389198" member_type: VOTER last_known_addr { host: "127.16.27.66" port: 39315 } } peers { permanent_uuid: "dad3d418c35f44e3a0f96d0e19799d09" member_type: VOTER last_known_addr { host: "127.16.27.67" port: 40115 } }
W20260710 13:22:38.924078 17680 tablet.cc:2406] T 5d415a75415a49cbaad807e40ef2ed6f P 6ee569ce19a34c119574a374ddb01e25: Can't schedule compaction. Clean time has not been advanced past its initial value.
I20260710 13:22:38.927129 17844 ts_tablet_manager.cc:1434] T 00df817120ac4638b8c9c523db782910 P 4e99806fdb254f41bfa0ed08d4389198: Time spent starting tablet: real 0.017s	user 0.004s	sys 0.002s
I20260710 13:22:38.927203 17901 raft_consensus.cc:493] T 00f95220c0784db8bbbeb10760884194 P dad3d418c35f44e3a0f96d0e19799d09 [term 0 FOLLOWER]: Starting pre-election (no leader contacted us within the election timeout)
I20260710 13:22:38.928047 17844 tablet_bootstrap.cc:492] T a6e938ad569d476a9180648648d8fab9 P 4e99806fdb254f41bfa0ed08d4389198: Bootstrap starting.
I20260710 13:22:38.927671 17901 raft_consensus.cc:515] T 00f95220c0784db8bbbeb10760884194 P dad3d418c35f44e3a0f96d0e19799d09 [term 0 FOLLOWER]: Starting pre-election with config: opid_index: -1 OBSOLETE_local: false peers { permanent_uuid: "6ee569ce19a34c119574a374ddb01e25" member_type: VOTER last_known_addr { host: "127.16.27.65" port: 40099 } } peers { permanent_uuid: "4e99806fdb254f41bfa0ed08d4389198" member_type: VOTER last_known_addr { host: "127.16.27.66" port: 39315 } } peers { permanent_uuid: "dad3d418c35f44e3a0f96d0e19799d09" member_type: VOTER last_known_addr { host: "127.16.27.67" port: 40115 } }
I20260710 13:22:38.931659 17654 tablet_service.cc:1917] Received RequestConsensusVote() RPC: tablet_id: "00f95220c0784db8bbbeb10760884194" candidate_uuid: "dad3d418c35f44e3a0f96d0e19799d09" candidate_term: 1 candidate_status { last_received { term: 0 index: 0 } } ignore_live_leader: false dest_uuid: "6ee569ce19a34c119574a374ddb01e25" is_pre_election: true
W20260710 13:22:38.933075 17767 leader_election.cc:343] T 00f95220c0784db8bbbeb10760884194 P dad3d418c35f44e3a0f96d0e19799d09 [CANDIDATE]: Term 1 pre-election: Tablet error from VoteRequest() call to peer 6ee569ce19a34c119574a374ddb01e25 (127.16.27.65:40099): Illegal state: must be running to vote when last-logged opid is not known
I20260710 13:22:38.933786 17848 tablet_bootstrap.cc:492] T 2fefa97e69c74820825cbb6316782a76 P 6ee569ce19a34c119574a374ddb01e25: No bootstrap required, opened a new log
I20260710 13:22:38.934196 17848 ts_tablet_manager.cc:1403] T 2fefa97e69c74820825cbb6316782a76 P 6ee569ce19a34c119574a374ddb01e25: Time spent bootstrapping tablet: real 0.112s	user 0.010s	sys 0.015s
I20260710 13:22:38.938275 17725 tablet_service.cc:1917] Received RequestConsensusVote() RPC: tablet_id: "00f95220c0784db8bbbeb10760884194" candidate_uuid: "dad3d418c35f44e3a0f96d0e19799d09" candidate_term: 1 candidate_status { last_received { term: 0 index: 0 } } ignore_live_leader: false dest_uuid: "4e99806fdb254f41bfa0ed08d4389198" is_pre_election: true
I20260710 13:22:38.939116 17725 raft_consensus.cc:2468] T 00f95220c0784db8bbbeb10760884194 P 4e99806fdb254f41bfa0ed08d4389198 [term 0 FOLLOWER]: Leader pre-election vote request: Granting yes vote for candidate dad3d418c35f44e3a0f96d0e19799d09 in term 0.
I20260710 13:22:38.929771 17901 leader_election.cc:290] T 00f95220c0784db8bbbeb10760884194 P dad3d418c35f44e3a0f96d0e19799d09 [CANDIDATE]: Term 1 pre-election: Requested pre-vote from peers 6ee569ce19a34c119574a374ddb01e25 (127.16.27.65:40099), 4e99806fdb254f41bfa0ed08d4389198 (127.16.27.66:39315)
I20260710 13:22:38.941128 17766 leader_election.cc:304] T 00f95220c0784db8bbbeb10760884194 P dad3d418c35f44e3a0f96d0e19799d09 [CANDIDATE]: Term 1 pre-election: Election decided. Result: candidate won. Election summary: received 3 responses out of 3 voters: 2 yes votes; 1 no votes. yes voters: 4e99806fdb254f41bfa0ed08d4389198, dad3d418c35f44e3a0f96d0e19799d09; no voters: 6ee569ce19a34c119574a374ddb01e25
I20260710 13:22:38.942881 17911 raft_consensus.cc:2804] T 00f95220c0784db8bbbeb10760884194 P dad3d418c35f44e3a0f96d0e19799d09 [term 0 FOLLOWER]: Leader pre-election won for term 1
I20260710 13:22:38.950217 17911 raft_consensus.cc:493] T 00f95220c0784db8bbbeb10760884194 P dad3d418c35f44e3a0f96d0e19799d09 [term 0 FOLLOWER]: Starting leader election (no leader contacted us within the election timeout)
I20260710 13:22:38.950558 17911 raft_consensus.cc:3060] T 00f95220c0784db8bbbeb10760884194 P dad3d418c35f44e3a0f96d0e19799d09 [term 0 FOLLOWER]: Advancing to term 1
I20260710 13:22:38.955549 17848 raft_consensus.cc:359] T 2fefa97e69c74820825cbb6316782a76 P 6ee569ce19a34c119574a374ddb01e25 [term 0 FOLLOWER]: Replica starting. Triggering 0 pending ops. Active config: opid_index: -1 OBSOLETE_local: false peers { permanent_uuid: "6ee569ce19a34c119574a374ddb01e25" member_type: VOTER last_known_addr { host: "127.16.27.65" port: 40099 } } peers { permanent_uuid: "4e99806fdb254f41bfa0ed08d4389198" member_type: VOTER last_known_addr { host: "127.16.27.66" port: 39315 } } peers { permanent_uuid: "dad3d418c35f44e3a0f96d0e19799d09" member_type: VOTER last_known_addr { host: "127.16.27.67" port: 40115 } }
I20260710 13:22:38.957031 17848 raft_consensus.cc:385] T 2fefa97e69c74820825cbb6316782a76 P 6ee569ce19a34c119574a374ddb01e25 [term 0 FOLLOWER]: Consensus starting up: Expiring failure detector timer to make a prompt election more likely
I20260710 13:22:38.957363 17848 raft_consensus.cc:740] T 2fefa97e69c74820825cbb6316782a76 P 6ee569ce19a34c119574a374ddb01e25 [term 0 FOLLOWER]: Becoming Follower/Learner. State: Replica: 6ee569ce19a34c119574a374ddb01e25, State: Initialized, Role: FOLLOWER
I20260710 13:22:38.958164 17848 consensus_queue.cc:260] T 2fefa97e69c74820825cbb6316782a76 P 6ee569ce19a34c119574a374ddb01e25 [NON_LEADER]: Queue going to NON_LEADER mode. State: All replicated index: 0, Majority replicated index: 0, Committed index: 0, Last appended: 0.0, Last appended by leader: 0, Current term: 0, Majority size: -1, State: 0, Mode: NON_LEADER, active raft config: opid_index: -1 OBSOLETE_local: false peers { permanent_uuid: "6ee569ce19a34c119574a374ddb01e25" member_type: VOTER last_known_addr { host: "127.16.27.65" port: 40099 } } peers { permanent_uuid: "4e99806fdb254f41bfa0ed08d4389198" member_type: VOTER last_known_addr { host: "127.16.27.66" port: 39315 } } peers { permanent_uuid: "dad3d418c35f44e3a0f96d0e19799d09" member_type: VOTER last_known_addr { host: "127.16.27.67" port: 40115 } }
I20260710 13:22:38.961886 17848 ts_tablet_manager.cc:1434] T 2fefa97e69c74820825cbb6316782a76 P 6ee569ce19a34c119574a374ddb01e25: Time spent starting tablet: real 0.027s	user 0.007s	sys 0.000s
I20260710 13:22:38.962740 17848 tablet_bootstrap.cc:492] T 00f95220c0784db8bbbeb10760884194 P 6ee569ce19a34c119574a374ddb01e25: Bootstrap starting.
I20260710 13:22:38.960464 17547 catalog_manager.cc:5697] T 2fefa97e69c74820825cbb6316782a76 P 4e99806fdb254f41bfa0ed08d4389198 reported cstate change: term changed from 0 to 1, leader changed from <none> to 4e99806fdb254f41bfa0ed08d4389198 (127.16.27.66). New cstate: current_term: 1 leader_uuid: "4e99806fdb254f41bfa0ed08d4389198" committed_config { opid_index: -1 OBSOLETE_local: false peers { permanent_uuid: "6ee569ce19a34c119574a374ddb01e25" member_type: VOTER last_known_addr { host: "127.16.27.65" port: 40099 } health_report { overall_health: UNKNOWN } } peers { permanent_uuid: "4e99806fdb254f41bfa0ed08d4389198" member_type: VOTER last_known_addr { host: "127.16.27.66" port: 39315 } health_report { overall_health: HEALTHY } } peers { permanent_uuid: "dad3d418c35f44e3a0f96d0e19799d09" member_type: VOTER last_known_addr { host: "127.16.27.67" port: 40115 } health_report { overall_health: UNKNOWN } } }
I20260710 13:22:38.965688 17547 catalog_manager.cc:5697] T 851233b98348490d818462156e608448 P 4e99806fdb254f41bfa0ed08d4389198 reported cstate change: term changed from 0 to 1, leader changed from <none> to 4e99806fdb254f41bfa0ed08d4389198 (127.16.27.66). New cstate: current_term: 1 leader_uuid: "4e99806fdb254f41bfa0ed08d4389198" committed_config { opid_index: -1 OBSOLETE_local: false peers { permanent_uuid: "6ee569ce19a34c119574a374ddb01e25" member_type: VOTER last_known_addr { host: "127.16.27.65" port: 40099 } health_report { overall_health: UNKNOWN } } peers { permanent_uuid: "4e99806fdb254f41bfa0ed08d4389198" member_type: VOTER last_known_addr { host: "127.16.27.66" port: 39315 } health_report { overall_health: HEALTHY } } peers { permanent_uuid: "dad3d418c35f44e3a0f96d0e19799d09" member_type: VOTER last_known_addr { host: "127.16.27.67" port: 40115 } health_report { overall_health: UNKNOWN } } }
I20260710 13:22:38.971118 17911 raft_consensus.cc:515] T 00f95220c0784db8bbbeb10760884194 P dad3d418c35f44e3a0f96d0e19799d09 [term 1 FOLLOWER]: Starting leader election with config: opid_index: -1 OBSOLETE_local: false peers { permanent_uuid: "6ee569ce19a34c119574a374ddb01e25" member_type: VOTER last_known_addr { host: "127.16.27.65" port: 40099 } } peers { permanent_uuid: "4e99806fdb254f41bfa0ed08d4389198" member_type: VOTER last_known_addr { host: "127.16.27.66" port: 39315 } } peers { permanent_uuid: "dad3d418c35f44e3a0f96d0e19799d09" member_type: VOTER last_known_addr { host: "127.16.27.67" port: 40115 } }
I20260710 13:22:38.974018 17844 tablet_bootstrap.cc:654] T a6e938ad569d476a9180648648d8fab9 P 4e99806fdb254f41bfa0ed08d4389198: Neither blocks nor log segments found. Creating new log.
I20260710 13:22:38.974424 17911 leader_election.cc:290] T 00f95220c0784db8bbbeb10760884194 P dad3d418c35f44e3a0f96d0e19799d09 [CANDIDATE]: Term 1 election: Requested vote from peers 6ee569ce19a34c119574a374ddb01e25 (127.16.27.65:40099), 4e99806fdb254f41bfa0ed08d4389198 (127.16.27.66:39315)
I20260710 13:22:38.974794 17654 tablet_service.cc:1917] Received RequestConsensusVote() RPC: tablet_id: "00f95220c0784db8bbbeb10760884194" candidate_uuid: "dad3d418c35f44e3a0f96d0e19799d09" candidate_term: 1 candidate_status { last_received { term: 0 index: 0 } } ignore_live_leader: false dest_uuid: "6ee569ce19a34c119574a374ddb01e25"
I20260710 13:22:38.975541 17725 tablet_service.cc:1917] Received RequestConsensusVote() RPC: tablet_id: "00f95220c0784db8bbbeb10760884194" candidate_uuid: "dad3d418c35f44e3a0f96d0e19799d09" candidate_term: 1 candidate_status { last_received { term: 0 index: 0 } } ignore_live_leader: false dest_uuid: "4e99806fdb254f41bfa0ed08d4389198"
I20260710 13:22:38.976066 17725 raft_consensus.cc:3060] T 00f95220c0784db8bbbeb10760884194 P 4e99806fdb254f41bfa0ed08d4389198 [term 0 FOLLOWER]: Advancing to term 1
I20260710 13:22:38.977329 17843 tablet_bootstrap.cc:492] T a6e938ad569d476a9180648648d8fab9 P dad3d418c35f44e3a0f96d0e19799d09: No bootstrap required, opened a new log
I20260710 13:22:38.977818 17843 ts_tablet_manager.cc:1403] T a6e938ad569d476a9180648648d8fab9 P dad3d418c35f44e3a0f96d0e19799d09: Time spent bootstrapping tablet: real 0.087s	user 0.015s	sys 0.008s
I20260710 13:22:38.979092 17974 raft_consensus.cc:493] T 926687d842714d47b25065ffe2e4f8ed P 4e99806fdb254f41bfa0ed08d4389198 [term 0 FOLLOWER]: Starting pre-election (no leader contacted us within the election timeout)
I20260710 13:22:38.979553 17974 raft_consensus.cc:515] T 926687d842714d47b25065ffe2e4f8ed P 4e99806fdb254f41bfa0ed08d4389198 [term 0 FOLLOWER]: Starting pre-election with config: opid_index: -1 OBSOLETE_local: false peers { permanent_uuid: "6ee569ce19a34c119574a374ddb01e25" member_type: VOTER last_known_addr { host: "127.16.27.65" port: 40099 } } peers { permanent_uuid: "4e99806fdb254f41bfa0ed08d4389198" member_type: VOTER last_known_addr { host: "127.16.27.66" port: 39315 } } peers { permanent_uuid: "dad3d418c35f44e3a0f96d0e19799d09" member_type: VOTER last_known_addr { host: "127.16.27.67" port: 40115 } }
W20260710 13:22:38.980549 17767 leader_election.cc:343] T 00f95220c0784db8bbbeb10760884194 P dad3d418c35f44e3a0f96d0e19799d09 [CANDIDATE]: Term 1 election: Tablet error from VoteRequest() call to peer 6ee569ce19a34c119574a374ddb01e25 (127.16.27.65:40099): Illegal state: must be running to vote when last-logged opid is not known
I20260710 13:22:38.980962 17848 tablet_bootstrap.cc:654] T 00f95220c0784db8bbbeb10760884194 P 6ee569ce19a34c119574a374ddb01e25: Neither blocks nor log segments found. Creating new log.
I20260710 13:22:38.981837 17974 leader_election.cc:290] T 926687d842714d47b25065ffe2e4f8ed P 4e99806fdb254f41bfa0ed08d4389198 [CANDIDATE]: Term 1 pre-election: Requested pre-vote from peers 6ee569ce19a34c119574a374ddb01e25 (127.16.27.65:40099), dad3d418c35f44e3a0f96d0e19799d09 (127.16.27.67:40115)
I20260710 13:22:38.985498 17725 raft_consensus.cc:2468] T 00f95220c0784db8bbbeb10760884194 P 4e99806fdb254f41bfa0ed08d4389198 [term 1 FOLLOWER]: Leader election vote request: Granting yes vote for candidate dad3d418c35f44e3a0f96d0e19799d09 in term 1.
