I20260710 13:22:42.343994 17451 raft_consensus.cc:2955] T 8a4b657a5879493ba51dfef0a99437ee P 0ad52b083bff44b6b30a090cffa31728 [term 1 FOLLOWER]: Committing config change with OpId 1.3: config changed from index 2 to 3, 2144c3c482f64ea689f419bf8df5fc3c (127.15.249.4) changed from NON_VOTER to VOTER. New config: { opid_index: 3 OBSOLETE_local: false peers { permanent_uuid: "0ad52b083bff44b6b30a090cffa31728" member_type: VOTER last_known_addr { host: "127.15.249.1" port: 40243 } attrs { replace: true } } peers { permanent_uuid: "28161d88fdbc4bfbb12fd8936698b47d" member_type: VOTER last_known_addr { host: "127.15.249.2" port: 32789 } } peers { permanent_uuid: "a41cbe049cd947a4a4ae9474a1675a48" member_type: VOTER last_known_addr { host: "127.15.249.3" port: 39603 } } peers { permanent_uuid: "2144c3c482f64ea689f419bf8df5fc3c" member_type: VOTER last_known_addr { host: "127.15.249.4" port: 40319 } attrs { promote: false } } }
I20260710 13:22:42.345043 17878 raft_consensus.cc:2955] T 000e508f9f9f4d3ca0ea6b50323a9ced P 2144c3c482f64ea689f419bf8df5fc3c [term 1 FOLLOWER]: Committing config change with OpId 1.3: config changed from index 2 to 3, 2144c3c482f64ea689f419bf8df5fc3c (127.15.249.4) changed from NON_VOTER to VOTER. New config: { opid_index: 3 OBSOLETE_local: false peers { permanent_uuid: "0ad52b083bff44b6b30a090cffa31728" member_type: VOTER last_known_addr { host: "127.15.249.1" port: 40243 } } peers { permanent_uuid: "28161d88fdbc4bfbb12fd8936698b47d" member_type: VOTER last_known_addr { host: "127.15.249.2" port: 32789 } attrs { replace: true } } peers { permanent_uuid: "a41cbe049cd947a4a4ae9474a1675a48" member_type: VOTER last_known_addr { host: "127.15.249.3" port: 39603 } } peers { permanent_uuid: "2144c3c482f64ea689f419bf8df5fc3c" member_type: VOTER last_known_addr { host: "127.15.249.4" port: 40319 } attrs { promote: false } } }
I20260710 13:22:42.362294 18178 raft_consensus.cc:2955] T c1d0cdab17504c2991a17915e5a6b7ad P 0ad52b083bff44b6b30a090cffa31728 [term 1 LEADER]: Committing config change with OpId 1.3: config changed from index 2 to 3, 2144c3c482f64ea689f419bf8df5fc3c (127.15.249.4) changed from NON_VOTER to VOTER. New config: { opid_index: 3 OBSOLETE_local: false peers { permanent_uuid: "0ad52b083bff44b6b30a090cffa31728" member_type: VOTER last_known_addr { host: "127.15.249.1" port: 40243 } } peers { permanent_uuid: "28161d88fdbc4bfbb12fd8936698b47d" member_type: VOTER last_known_addr { host: "127.15.249.2" port: 32789 } } peers { permanent_uuid: "a41cbe049cd947a4a4ae9474a1675a48" member_type: VOTER last_known_addr { host: "127.15.249.3" port: 39603 } attrs { replace: true } } peers { permanent_uuid: "2144c3c482f64ea689f419bf8df5fc3c" member_type: VOTER last_known_addr { host: "127.15.249.4" port: 40319 } attrs { promote: false } } }
I20260710 13:22:42.368068 18169 consensus_queue.cc:1048] T c1d0cdab17504c2991a17915e5a6b7ad P 0ad52b083bff44b6b30a090cffa31728 [LEADER]: Connected to new peer: Peer: permanent_uuid: "a41cbe049cd947a4a4ae9474a1675a48" member_type: VOTER last_known_addr { host: "127.15.249.3" port: 39603 } attrs { replace: true }, Status: LMP_MISMATCH, Last received: 0.0, Next index: 3, Last known committed idx: 2, Time since last communication: 0.000s
I20260710 13:22:42.374055 17524 raft_consensus.cc:2955] T c1d0cdab17504c2991a17915e5a6b7ad P 28161d88fdbc4bfbb12fd8936698b47d [term 1 FOLLOWER]: Committing config change with OpId 1.3: config changed from index 2 to 3, 2144c3c482f64ea689f419bf8df5fc3c (127.15.249.4) changed from NON_VOTER to VOTER. New config: { opid_index: 3 OBSOLETE_local: false peers { permanent_uuid: "0ad52b083bff44b6b30a090cffa31728" member_type: VOTER last_known_addr { host: "127.15.249.1" port: 40243 } } peers { permanent_uuid: "28161d88fdbc4bfbb12fd8936698b47d" member_type: VOTER last_known_addr { host: "127.15.249.2" port: 32789 } } peers { permanent_uuid: "a41cbe049cd947a4a4ae9474a1675a48" member_type: VOTER last_known_addr { host: "127.15.249.3" port: 39603 } attrs { replace: true } } peers { permanent_uuid: "2144c3c482f64ea689f419bf8df5fc3c" member_type: VOTER last_known_addr { host: "127.15.249.4" port: 40319 } attrs { promote: false } } }
I20260710 13:22:42.386478 17524 consensus_queue.cc:237] T 8a4b657a5879493ba51dfef0a99437ee P 28161d88fdbc4bfbb12fd8936698b47d [LEADER]: Queue going to LEADER mode. State: All replicated index: 0, Majority replicated index: 3, Committed index: 3, Last appended: 1.3, Last appended by leader: 0, Current term: 1, Majority size: 2, State: 0, Mode: LEADER, active raft config: opid_index: 4 OBSOLETE_local: false peers { permanent_uuid: "28161d88fdbc4bfbb12fd8936698b47d" member_type: VOTER last_known_addr { host: "127.15.249.2" port: 32789 } } peers { permanent_uuid: "a41cbe049cd947a4a4ae9474a1675a48" member_type: VOTER last_known_addr { host: "127.15.249.3" port: 39603 } } peers { permanent_uuid: "2144c3c482f64ea689f419bf8df5fc3c" member_type: VOTER last_known_addr { host: "127.15.249.4" port: 40319 } attrs { promote: false } }
I20260710 13:22:42.389686 17350 catalog_manager.cc:5697] T c1d0cdab17504c2991a17915e5a6b7ad P 28161d88fdbc4bfbb12fd8936698b47d reported cstate change: config changed from index 2 to 3, 2144c3c482f64ea689f419bf8df5fc3c (127.15.249.4) changed from NON_VOTER to VOTER. New cstate: current_term: 1 leader_uuid: "0ad52b083bff44b6b30a090cffa31728" committed_config { opid_index: 3 OBSOLETE_local: false peers { permanent_uuid: "0ad52b083bff44b6b30a090cffa31728" member_type: VOTER last_known_addr { host: "127.15.249.1" port: 40243 } } peers { permanent_uuid: "28161d88fdbc4bfbb12fd8936698b47d" member_type: VOTER last_known_addr { host: "127.15.249.2" port: 32789 } } peers { permanent_uuid: "a41cbe049cd947a4a4ae9474a1675a48" member_type: VOTER last_known_addr { host: "127.15.249.3" port: 39603 } attrs { replace: true } } peers { permanent_uuid: "2144c3c482f64ea689f419bf8df5fc3c" member_type: VOTER last_known_addr { host: "127.15.249.4" port: 40319 } attrs { promote: false } } }
I20260710 13:22:42.391288 17878 raft_consensus.cc:1275] T 8a4b657a5879493ba51dfef0a99437ee P 2144c3c482f64ea689f419bf8df5fc3c [term 1 FOLLOWER]: Refusing update from remote peer 28161d88fdbc4bfbb12fd8936698b47d: Log matching property violated. Preceding OpId in replica: term: 1 index: 3. Preceding OpId from leader: term: 1 index: 4. (index mismatch)
I20260710 13:22:42.392748 18164 consensus_queue.cc:1048] T 8a4b657a5879493ba51dfef0a99437ee P 28161d88fdbc4bfbb12fd8936698b47d [LEADER]: Connected to new peer: Peer: permanent_uuid: "2144c3c482f64ea689f419bf8df5fc3c" member_type: VOTER last_known_addr { host: "127.15.249.4" port: 40319 } attrs { promote: false }, Status: LMP_MISMATCH, Last received: 0.0, Next index: 4, Last known committed idx: 3, Time since last communication: 0.001s
I20260710 13:22:42.396440 17601 raft_consensus.cc:1275] T 8a4b657a5879493ba51dfef0a99437ee P a41cbe049cd947a4a4ae9474a1675a48 [term 1 FOLLOWER]: Refusing update from remote peer 28161d88fdbc4bfbb12fd8936698b47d: Log matching property violated. Preceding OpId in replica: term: 1 index: 3. Preceding OpId from leader: term: 1 index: 4. (index mismatch)
I20260710 13:22:42.399302 18161 raft_consensus.cc:2955] T 8a4b657a5879493ba51dfef0a99437ee P 28161d88fdbc4bfbb12fd8936698b47d [term 1 LEADER]: Committing config change with OpId 1.4: config changed from index 3 to 4, VOTER 0ad52b083bff44b6b30a090cffa31728 (127.15.249.1) evicted. New config: { opid_index: 4 OBSOLETE_local: false peers { permanent_uuid: "28161d88fdbc4bfbb12fd8936698b47d" member_type: VOTER last_known_addr { host: "127.15.249.2" port: 32789 } } peers { permanent_uuid: "a41cbe049cd947a4a4ae9474a1675a48" member_type: VOTER last_known_addr { host: "127.15.249.3" port: 39603 } } peers { permanent_uuid: "2144c3c482f64ea689f419bf8df5fc3c" member_type: VOTER last_known_addr { host: "127.15.249.4" port: 40319 } attrs { promote: false } } }
I20260710 13:22:42.400074 18165 consensus_queue.cc:1048] T 8a4b657a5879493ba51dfef0a99437ee P 28161d88fdbc4bfbb12fd8936698b47d [LEADER]: Connected to new peer: Peer: permanent_uuid: "a41cbe049cd947a4a4ae9474a1675a48" member_type: VOTER last_known_addr { host: "127.15.249.3" port: 39603 }, Status: LMP_MISMATCH, Last received: 0.0, Next index: 4, Last known committed idx: 3, Time since last communication: 0.000s
I20260710 13:22:42.404759 17601 raft_consensus.cc:2955] T 8a4b657a5879493ba51dfef0a99437ee P a41cbe049cd947a4a4ae9474a1675a48 [term 1 FOLLOWER]: Committing config change with OpId 1.4: config changed from index 3 to 4, VOTER 0ad52b083bff44b6b30a090cffa31728 (127.15.249.1) evicted. New config: { opid_index: 4 OBSOLETE_local: false peers { permanent_uuid: "28161d88fdbc4bfbb12fd8936698b47d" member_type: VOTER last_known_addr { host: "127.15.249.2" port: 32789 } } peers { permanent_uuid: "a41cbe049cd947a4a4ae9474a1675a48" member_type: VOTER last_known_addr { host: "127.15.249.3" port: 39603 } } peers { permanent_uuid: "2144c3c482f64ea689f419bf8df5fc3c" member_type: VOTER last_known_addr { host: "127.15.249.4" port: 40319 } attrs { promote: false } } }
I20260710 13:22:42.412817 17338 catalog_manager.cc:5210] ChangeConfig:REMOVE_PEER RPC for tablet 8a4b657a5879493ba51dfef0a99437ee with cas_config_opid_index 3: ChangeConfig:REMOVE_PEER succeeded (attempt 1)
I20260710 13:22:42.413038 17878 raft_consensus.cc:2955] T 8a4b657a5879493ba51dfef0a99437ee P 2144c3c482f64ea689f419bf8df5fc3c [term 1 FOLLOWER]: Committing config change with OpId 1.4: config changed from index 3 to 4, VOTER 0ad52b083bff44b6b30a090cffa31728 (127.15.249.1) evicted. New config: { opid_index: 4 OBSOLETE_local: false peers { permanent_uuid: "28161d88fdbc4bfbb12fd8936698b47d" member_type: VOTER last_known_addr { host: "127.15.249.2" port: 32789 } } peers { permanent_uuid: "a41cbe049cd947a4a4ae9474a1675a48" member_type: VOTER last_known_addr { host: "127.15.249.3" port: 39603 } } peers { permanent_uuid: "2144c3c482f64ea689f419bf8df5fc3c" member_type: VOTER last_known_addr { host: "127.15.249.4" port: 40319 } attrs { promote: false } } }
I20260710 13:22:42.426668 17877 raft_consensus.cc:2955] T c1d0cdab17504c2991a17915e5a6b7ad P 2144c3c482f64ea689f419bf8df5fc3c [term 1 FOLLOWER]: Committing config change with OpId 1.3: config changed from index 2 to 3, 2144c3c482f64ea689f419bf8df5fc3c (127.15.249.4) changed from NON_VOTER to VOTER. New config: { opid_index: 3 OBSOLETE_local: false peers { permanent_uuid: "0ad52b083bff44b6b30a090cffa31728" member_type: VOTER last_known_addr { host: "127.15.249.1" port: 40243 } } peers { permanent_uuid: "28161d88fdbc4bfbb12fd8936698b47d" member_type: VOTER last_known_addr { host: "127.15.249.2" port: 32789 } } peers { permanent_uuid: "a41cbe049cd947a4a4ae9474a1675a48" member_type: VOTER last_known_addr { host: "127.15.249.3" port: 39603 } attrs { replace: true } } peers { permanent_uuid: "2144c3c482f64ea689f419bf8df5fc3c" member_type: VOTER last_known_addr { host: "127.15.249.4" port: 40319 } attrs { promote: false } } }
I20260710 13:22:42.435592 17600 raft_consensus.cc:2955] T 000e508f9f9f4d3ca0ea6b50323a9ced P a41cbe049cd947a4a4ae9474a1675a48 [term 1 FOLLOWER]: Committing config change with OpId 1.3: config changed from index 2 to 3, 2144c3c482f64ea689f419bf8df5fc3c (127.15.249.4) changed from NON_VOTER to VOTER. New config: { opid_index: 3 OBSOLETE_local: false peers { permanent_uuid: "0ad52b083bff44b6b30a090cffa31728" member_type: VOTER last_known_addr { host: "127.15.249.1" port: 40243 } } peers { permanent_uuid: "28161d88fdbc4bfbb12fd8936698b47d" member_type: VOTER last_known_addr { host: "127.15.249.2" port: 32789 } attrs { replace: true } } peers { permanent_uuid: "a41cbe049cd947a4a4ae9474a1675a48" member_type: VOTER last_known_addr { host: "127.15.249.3" port: 39603 } } peers { permanent_uuid: "2144c3c482f64ea689f419bf8df5fc3c" member_type: VOTER last_known_addr { host: "127.15.249.4" port: 40319 } attrs { promote: false } } }
I20260710 13:22:42.440774 17350 catalog_manager.cc:5697] T 8a4b657a5879493ba51dfef0a99437ee P 28161d88fdbc4bfbb12fd8936698b47d reported cstate change: config changed from index 3 to 4, VOTER 0ad52b083bff44b6b30a090cffa31728 (127.15.249.1) evicted. New cstate: current_term: 1 leader_uuid: "28161d88fdbc4bfbb12fd8936698b47d" committed_config { opid_index: 4 OBSOLETE_local: false peers { permanent_uuid: "28161d88fdbc4bfbb12fd8936698b47d" member_type: VOTER last_known_addr { host: "127.15.249.2" port: 32789 } health_report { overall_health: HEALTHY } } peers { permanent_uuid: "a41cbe049cd947a4a4ae9474a1675a48" member_type: VOTER last_known_addr { host: "127.15.249.3" port: 39603 } health_report { overall_health: UNKNOWN } } peers { permanent_uuid: "2144c3c482f64ea689f419bf8df5fc3c" member_type: VOTER last_known_addr { host: "127.15.249.4" port: 40319 } attrs { promote: false } health_report { overall_health: HEALTHY } } }
I20260710 13:22:42.450137 17601 raft_consensus.cc:2955] T c1d0cdab17504c2991a17915e5a6b7ad P a41cbe049cd947a4a4ae9474a1675a48 [term 1 FOLLOWER]: Committing config change with OpId 1.3: config changed from index 2 to 3, 2144c3c482f64ea689f419bf8df5fc3c (127.15.249.4) changed from NON_VOTER to VOTER. New config: { opid_index: 3 OBSOLETE_local: false peers { permanent_uuid: "0ad52b083bff44b6b30a090cffa31728" member_type: VOTER last_known_addr { host: "127.15.249.1" port: 40243 } } peers { permanent_uuid: "28161d88fdbc4bfbb12fd8936698b47d" member_type: VOTER last_known_addr { host: "127.15.249.2" port: 32789 } } peers { permanent_uuid: "a41cbe049cd947a4a4ae9474a1675a48" member_type: VOTER last_known_addr { host: "127.15.249.3" port: 39603 } attrs { replace: true } } peers { permanent_uuid: "2144c3c482f64ea689f419bf8df5fc3c" member_type: VOTER last_known_addr { host: "127.15.249.4" port: 40319 } attrs { promote: false } } }
I20260710 13:22:42.463663 17442 tablet_service.cc:1558] Processing DeleteTablet for tablet 8a4b657a5879493ba51dfef0a99437ee with delete_type TABLET_DATA_TOMBSTONED (TS 0ad52b083bff44b6b30a090cffa31728 not found in new config with opid_index 4) from {username='slave'} at 127.0.0.1:58630
I20260710 13:22:42.483171 17451 consensus_queue.cc:237] T c1d0cdab17504c2991a17915e5a6b7ad P 0ad52b083bff44b6b30a090cffa31728 [LEADER]: Queue going to LEADER mode. State: All replicated index: 0, Majority replicated index: 3, Committed index: 3, Last appended: 1.3, Last appended by leader: 0, Current term: 1, Majority size: 2, State: 0, Mode: LEADER, active raft config: opid_index: 4 OBSOLETE_local: false peers { permanent_uuid: "0ad52b083bff44b6b30a090cffa31728" member_type: VOTER last_known_addr { host: "127.15.249.1" port: 40243 } } peers { permanent_uuid: "28161d88fdbc4bfbb12fd8936698b47d" member_type: VOTER last_known_addr { host: "127.15.249.2" port: 32789 } } peers { permanent_uuid: "2144c3c482f64ea689f419bf8df5fc3c" member_type: VOTER last_known_addr { host: "127.15.249.4" port: 40319 } attrs { promote: false } }
I20260710 13:22:42.483763 18186 tablet_replica.cc:333] T 8a4b657a5879493ba51dfef0a99437ee P 0ad52b083bff44b6b30a090cffa31728: stopping tablet replica
I20260710 13:22:42.485240 18186 raft_consensus.cc:2243] T 8a4b657a5879493ba51dfef0a99437ee P 0ad52b083bff44b6b30a090cffa31728 [term 1 FOLLOWER]: Raft consensus shutting down.
I20260710 13:22:42.486208 18186 raft_consensus.cc:2272] T 8a4b657a5879493ba51dfef0a99437ee P 0ad52b083bff44b6b30a090cffa31728 [term 1 FOLLOWER]: Raft consensus is shut down!
I20260710 13:22:42.490455 17524 raft_consensus.cc:1275] T c1d0cdab17504c2991a17915e5a6b7ad P 28161d88fdbc4bfbb12fd8936698b47d [term 1 FOLLOWER]: Refusing update from remote peer 0ad52b083bff44b6b30a090cffa31728: Log matching property violated. Preceding OpId in replica: term: 1 index: 3. Preceding OpId from leader: term: 1 index: 4. (index mismatch)
I20260710 13:22:42.491873 18186 ts_tablet_manager.cc:1916] T 8a4b657a5879493ba51dfef0a99437ee P 0ad52b083bff44b6b30a090cffa31728: Deleting tablet data with delete state TABLET_DATA_TOMBSTONED
I20260710 13:22:42.495940 17877 raft_consensus.cc:1275] T c1d0cdab17504c2991a17915e5a6b7ad P 2144c3c482f64ea689f419bf8df5fc3c [term 1 FOLLOWER]: Refusing update from remote peer 0ad52b083bff44b6b30a090cffa31728: Log matching property violated. Preceding OpId in replica: term: 1 index: 3. Preceding OpId from leader: term: 1 index: 4. (index mismatch)
I20260710 13:22:42.497745 18178 consensus_queue.cc:1048] T c1d0cdab17504c2991a17915e5a6b7ad P 0ad52b083bff44b6b30a090cffa31728 [LEADER]: Connected to new peer: Peer: permanent_uuid: "28161d88fdbc4bfbb12fd8936698b47d" member_type: VOTER last_known_addr { host: "127.15.249.2" port: 32789 }, Status: LMP_MISMATCH, Last received: 0.0, Next index: 4, Last known committed idx: 3, Time since last communication: 0.000s
I20260710 13:22:42.499485 18178 consensus_queue.cc:1048] T c1d0cdab17504c2991a17915e5a6b7ad P 0ad52b083bff44b6b30a090cffa31728 [LEADER]: Connected to new peer: Peer: permanent_uuid: "2144c3c482f64ea689f419bf8df5fc3c" member_type: VOTER last_known_addr { host: "127.15.249.4" port: 40319 } attrs { promote: false }, Status: LMP_MISMATCH, Last received: 0.0, Next index: 4, Last known committed idx: 3, Time since last communication: 0.000s
I20260710 13:22:42.515781 18097 raft_consensus.cc:2955] T c1d0cdab17504c2991a17915e5a6b7ad P 0ad52b083bff44b6b30a090cffa31728 [term 1 LEADER]: Committing config change with OpId 1.4: config changed from index 3 to 4, VOTER a41cbe049cd947a4a4ae9474a1675a48 (127.15.249.3) evicted. New config: { opid_index: 4 OBSOLETE_local: false peers { permanent_uuid: "0ad52b083bff44b6b30a090cffa31728" member_type: VOTER last_known_addr { host: "127.15.249.1" port: 40243 } } peers { permanent_uuid: "28161d88fdbc4bfbb12fd8936698b47d" member_type: VOTER last_known_addr { host: "127.15.249.2" port: 32789 } } peers { permanent_uuid: "2144c3c482f64ea689f419bf8df5fc3c" member_type: VOTER last_known_addr { host: "127.15.249.4" port: 40319 } attrs { promote: false } } }
I20260710 13:22:42.522361 17524 raft_consensus.cc:2955] T c1d0cdab17504c2991a17915e5a6b7ad P 28161d88fdbc4bfbb12fd8936698b47d [term 1 FOLLOWER]: Committing config change with OpId 1.4: config changed from index 3 to 4, VOTER a41cbe049cd947a4a4ae9474a1675a48 (127.15.249.3) evicted. New config: { opid_index: 4 OBSOLETE_local: false peers { permanent_uuid: "0ad52b083bff44b6b30a090cffa31728" member_type: VOTER last_known_addr { host: "127.15.249.1" port: 40243 } } peers { permanent_uuid: "28161d88fdbc4bfbb12fd8936698b47d" member_type: VOTER last_known_addr { host: "127.15.249.2" port: 32789 } } peers { permanent_uuid: "2144c3c482f64ea689f419bf8df5fc3c" member_type: VOTER last_known_addr { host: "127.15.249.4" port: 40319 } attrs { promote: false } } }
I20260710 13:22:42.531221 18186 ts_tablet_manager.cc:1929] T 8a4b657a5879493ba51dfef0a99437ee P 0ad52b083bff44b6b30a090cffa31728: tablet deleted with delete type TABLET_DATA_TOMBSTONED: last-logged OpId 1.3
I20260710 13:22:42.531723 18186 log.cc:1199] T 8a4b657a5879493ba51dfef0a99437ee P 0ad52b083bff44b6b30a090cffa31728: Deleting WAL directory at /tmp/dist-test-taskxpbzzN/test-tmp/auto_leader_rebalancer-test.0.LeaderRebalancerTest.AddTserver.1783689722338638-16356-0/minicluster-data/ts-0-root/wals/8a4b657a5879493ba51dfef0a99437ee
I20260710 13:22:42.533288 17336 catalog_manager.cc:5028] TS 0ad52b083bff44b6b30a090cffa31728 (127.15.249.1:40243): tablet 8a4b657a5879493ba51dfef0a99437ee (table test-workload [id=1f25eae6c8874558bfef2a0b945965e8]) successfully deleted
I20260710 13:22:42.535471 17880 raft_consensus.cc:2955] T c1d0cdab17504c2991a17915e5a6b7ad P 2144c3c482f64ea689f419bf8df5fc3c [term 1 FOLLOWER]: Committing config change with OpId 1.4: config changed from index 3 to 4, VOTER a41cbe049cd947a4a4ae9474a1675a48 (127.15.249.3) evicted. New config: { opid_index: 4 OBSOLETE_local: false peers { permanent_uuid: "0ad52b083bff44b6b30a090cffa31728" member_type: VOTER last_known_addr { host: "127.15.249.1" port: 40243 } } peers { permanent_uuid: "28161d88fdbc4bfbb12fd8936698b47d" member_type: VOTER last_known_addr { host: "127.15.249.2" port: 32789 } } peers { permanent_uuid: "2144c3c482f64ea689f419bf8df5fc3c" member_type: VOTER last_known_addr { host: "127.15.249.4" port: 40319 } attrs { promote: false } } }
I20260710 13:22:42.544732 17336 catalog_manager.cc:5210] ChangeConfig:REMOVE_PEER RPC for tablet c1d0cdab17504c2991a17915e5a6b7ad with cas_config_opid_index 3: ChangeConfig:REMOVE_PEER succeeded (attempt 1)
I20260710 13:22:42.547168 17348 catalog_manager.cc:5697] T c1d0cdab17504c2991a17915e5a6b7ad P 28161d88fdbc4bfbb12fd8936698b47d reported cstate change: config changed from index 3 to 4, VOTER a41cbe049cd947a4a4ae9474a1675a48 (127.15.249.3) evicted. New cstate: current_term: 1 leader_uuid: "0ad52b083bff44b6b30a090cffa31728" committed_config { opid_index: 4 OBSOLETE_local: false peers { permanent_uuid: "0ad52b083bff44b6b30a090cffa31728" member_type: VOTER last_known_addr { host: "127.15.249.1" port: 40243 } } peers { permanent_uuid: "28161d88fdbc4bfbb12fd8936698b47d" member_type: VOTER last_known_addr { host: "127.15.249.2" port: 32789 } } peers { permanent_uuid: "2144c3c482f64ea689f419bf8df5fc3c" member_type: VOTER last_known_addr { host: "127.15.249.4" port: 40319 } attrs { promote: false } } }
I20260710 13:22:42.560653 17590 tablet_service.cc:1558] Processing DeleteTablet for tablet c1d0cdab17504c2991a17915e5a6b7ad with delete_type TABLET_DATA_TOMBSTONED (TS a41cbe049cd947a4a4ae9474a1675a48 not found in new config with opid_index 4) from {username='slave'} at 127.0.0.1:41430
I20260710 13:22:42.562376 18187 tablet_replica.cc:333] T c1d0cdab17504c2991a17915e5a6b7ad P a41cbe049cd947a4a4ae9474a1675a48: stopping tablet replica
I20260710 13:22:42.564195 18187 raft_consensus.cc:2243] T c1d0cdab17504c2991a17915e5a6b7ad P a41cbe049cd947a4a4ae9474a1675a48 [term 1 FOLLOWER]: Raft consensus shutting down.
I20260710 13:22:42.564872 18187 raft_consensus.cc:2272] T c1d0cdab17504c2991a17915e5a6b7ad P a41cbe049cd947a4a4ae9474a1675a48 [term 1 FOLLOWER]: Raft consensus is shut down!
I20260710 13:22:42.568823 18187 ts_tablet_manager.cc:1916] T c1d0cdab17504c2991a17915e5a6b7ad P a41cbe049cd947a4a4ae9474a1675a48: Deleting tablet data with delete state TABLET_DATA_TOMBSTONED
I20260710 13:22:42.580541 18187 ts_tablet_manager.cc:1929] T c1d0cdab17504c2991a17915e5a6b7ad P a41cbe049cd947a4a4ae9474a1675a48: tablet deleted with delete type TABLET_DATA_TOMBSTONED: last-logged OpId 1.3
I20260710 13:22:42.581030 18187 log.cc:1199] T c1d0cdab17504c2991a17915e5a6b7ad P a41cbe049cd947a4a4ae9474a1675a48: Deleting WAL directory at /tmp/dist-test-taskxpbzzN/test-tmp/auto_leader_rebalancer-test.0.LeaderRebalancerTest.AddTserver.1783689722338638-16356-0/minicluster-data/ts-2-root/wals/c1d0cdab17504c2991a17915e5a6b7ad
I20260710 13:22:42.583171 17336 catalog_manager.cc:5028] TS a41cbe049cd947a4a4ae9474a1675a48 (127.15.249.3:39603): tablet c1d0cdab17504c2991a17915e5a6b7ad (table test-workload [id=1f25eae6c8874558bfef2a0b945965e8]) successfully deleted
I20260710 13:22:42.885452 17451 consensus_queue.cc:237] T 000e508f9f9f4d3ca0ea6b50323a9ced P 0ad52b083bff44b6b30a090cffa31728 [LEADER]: Queue going to LEADER mode. State: All replicated index: 0, Majority replicated index: 3, Committed index: 3, Last appended: 1.3, Last appended by leader: 0, Current term: 1, Majority size: 2, State: 0, Mode: LEADER, active raft config: opid_index: 4 OBSOLETE_local: false peers { permanent_uuid: "0ad52b083bff44b6b30a090cffa31728" member_type: VOTER last_known_addr { host: "127.15.249.1" port: 40243 } } peers { permanent_uuid: "a41cbe049cd947a4a4ae9474a1675a48" member_type: VOTER last_known_addr { host: "127.15.249.3" port: 39603 } } peers { permanent_uuid: "2144c3c482f64ea689f419bf8df5fc3c" member_type: VOTER last_known_addr { host: "127.15.249.4" port: 40319 } attrs { promote: false } }
I20260710 13:22:42.897183 17601 raft_consensus.cc:1275] T 000e508f9f9f4d3ca0ea6b50323a9ced P a41cbe049cd947a4a4ae9474a1675a48 [term 1 FOLLOWER]: Refusing update from remote peer 0ad52b083bff44b6b30a090cffa31728: Log matching property violated. Preceding OpId in replica: term: 1 index: 3. Preceding OpId from leader: term: 1 index: 4. (index mismatch)
I20260710 13:22:42.898203 17880 raft_consensus.cc:1275] T 000e508f9f9f4d3ca0ea6b50323a9ced P 2144c3c482f64ea689f419bf8df5fc3c [term 1 FOLLOWER]: Refusing update from remote peer 0ad52b083bff44b6b30a090cffa31728: Log matching property violated. Preceding OpId in replica: term: 1 index: 3. Preceding OpId from leader: term: 1 index: 4. (index mismatch)
I20260710 13:22:42.910576 18097 consensus_queue.cc:1048] T 000e508f9f9f4d3ca0ea6b50323a9ced P 0ad52b083bff44b6b30a090cffa31728 [LEADER]: Connected to new peer: Peer: permanent_uuid: "a41cbe049cd947a4a4ae9474a1675a48" member_type: VOTER last_known_addr { host: "127.15.249.3" port: 39603 }, Status: LMP_MISMATCH, Last received: 0.0, Next index: 4, Last known committed idx: 3, Time since last communication: 0.001s
I20260710 13:22:42.923717 18181 consensus_queue.cc:1048] T 000e508f9f9f4d3ca0ea6b50323a9ced P 0ad52b083bff44b6b30a090cffa31728 [LEADER]: Connected to new peer: Peer: permanent_uuid: "2144c3c482f64ea689f419bf8df5fc3c" member_type: VOTER last_known_addr { host: "127.15.249.4" port: 40319 } attrs { promote: false }, Status: LMP_MISMATCH, Last received: 0.0, Next index: 4, Last known committed idx: 3, Time since last communication: 0.003s
I20260710 13:22:42.942512 18181 raft_consensus.cc:2955] T 000e508f9f9f4d3ca0ea6b50323a9ced P 0ad52b083bff44b6b30a090cffa31728 [term 1 LEADER]: Committing config change with OpId 1.4: config changed from index 3 to 4, VOTER 28161d88fdbc4bfbb12fd8936698b47d (127.15.249.2) evicted. New config: { opid_index: 4 OBSOLETE_local: false peers { permanent_uuid: "0ad52b083bff44b6b30a090cffa31728" member_type: VOTER last_known_addr { host: "127.15.249.1" port: 40243 } } peers { permanent_uuid: "a41cbe049cd947a4a4ae9474a1675a48" member_type: VOTER last_known_addr { host: "127.15.249.3" port: 39603 } } peers { permanent_uuid: "2144c3c482f64ea689f419bf8df5fc3c" member_type: VOTER last_known_addr { host: "127.15.249.4" port: 40319 } attrs { promote: false } } }
I20260710 13:22:42.962276 17336 catalog_manager.cc:5210] ChangeConfig:REMOVE_PEER RPC for tablet 000e508f9f9f4d3ca0ea6b50323a9ced with cas_config_opid_index 3: ChangeConfig:REMOVE_PEER succeeded (attempt 1)
I20260710 13:22:42.965374 17880 raft_consensus.cc:2955] T 000e508f9f9f4d3ca0ea6b50323a9ced P 2144c3c482f64ea689f419bf8df5fc3c [term 1 FOLLOWER]: Committing config change with OpId 1.4: config changed from index 3 to 4, VOTER 28161d88fdbc4bfbb12fd8936698b47d (127.15.249.2) evicted. New config: { opid_index: 4 OBSOLETE_local: false peers { permanent_uuid: "0ad52b083bff44b6b30a090cffa31728" member_type: VOTER last_known_addr { host: "127.15.249.1" port: 40243 } } peers { permanent_uuid: "a41cbe049cd947a4a4ae9474a1675a48" member_type: VOTER last_known_addr { host: "127.15.249.3" port: 39603 } } peers { permanent_uuid: "2144c3c482f64ea689f419bf8df5fc3c" member_type: VOTER last_known_addr { host: "127.15.249.4" port: 40319 } attrs { promote: false } } }
I20260710 13:22:42.967193 17350 catalog_manager.cc:5697] T 000e508f9f9f4d3ca0ea6b50323a9ced P 0ad52b083bff44b6b30a090cffa31728 reported cstate change: config changed from index 3 to 4, VOTER 28161d88fdbc4bfbb12fd8936698b47d (127.15.249.2) evicted. New cstate: current_term: 1 leader_uuid: "0ad52b083bff44b6b30a090cffa31728" committed_config { opid_index: 4 OBSOLETE_local: false peers { permanent_uuid: "0ad52b083bff44b6b30a090cffa31728" member_type: VOTER last_known_addr { host: "127.15.249.1" port: 40243 } health_report { overall_health: HEALTHY } } peers { permanent_uuid: "a41cbe049cd947a4a4ae9474a1675a48" member_type: VOTER last_known_addr { host: "127.15.249.3" port: 39603 } health_report { overall_health: HEALTHY } } peers { permanent_uuid: "2144c3c482f64ea689f419bf8df5fc3c" member_type: VOTER last_known_addr { host: "127.15.249.4" port: 40319 } attrs { promote: false } health_report { overall_health: HEALTHY } } }
I20260710 13:22:42.967993 17601 raft_consensus.cc:2955] T 000e508f9f9f4d3ca0ea6b50323a9ced P a41cbe049cd947a4a4ae9474a1675a48 [term 1 FOLLOWER]: Committing config change with OpId 1.4: config changed from index 3 to 4, VOTER 28161d88fdbc4bfbb12fd8936698b47d (127.15.249.2) evicted. New config: { opid_index: 4 OBSOLETE_local: false peers { permanent_uuid: "0ad52b083bff44b6b30a090cffa31728" member_type: VOTER last_known_addr { host: "127.15.249.1" port: 40243 } } peers { permanent_uuid: "a41cbe049cd947a4a4ae9474a1675a48" member_type: VOTER last_known_addr { host: "127.15.249.3" port: 39603 } } peers { permanent_uuid: "2144c3c482f64ea689f419bf8df5fc3c" member_type: VOTER last_known_addr { host: "127.15.249.4" port: 40319 } attrs { promote: false } } }
I20260710 13:22:42.989795 17516 tablet_service.cc:1558] Processing DeleteTablet for tablet 000e508f9f9f4d3ca0ea6b50323a9ced with delete_type TABLET_DATA_TOMBSTONED (TS 28161d88fdbc4bfbb12fd8936698b47d not found in new config with opid_index 4) from {username='slave'} at 127.0.0.1:44514
I20260710 13:22:42.999601 18189 tablet_replica.cc:333] T 000e508f9f9f4d3ca0ea6b50323a9ced P 28161d88fdbc4bfbb12fd8936698b47d: stopping tablet replica
I20260710 13:22:43.003767 18189 raft_consensus.cc:2243] T 000e508f9f9f4d3ca0ea6b50323a9ced P 28161d88fdbc4bfbb12fd8936698b47d [term 1 FOLLOWER]: Raft consensus shutting down.
I20260710 13:22:43.004719 18189 raft_consensus.cc:2272] T 000e508f9f9f4d3ca0ea6b50323a9ced P 28161d88fdbc4bfbb12fd8936698b47d [term 1 FOLLOWER]: Raft consensus is shut down!
I20260710 13:22:43.008704 18189 ts_tablet_manager.cc:1916] T 000e508f9f9f4d3ca0ea6b50323a9ced P 28161d88fdbc4bfbb12fd8936698b47d: Deleting tablet data with delete state TABLET_DATA_TOMBSTONED
I20260710 13:22:43.033113 18189 ts_tablet_manager.cc:1929] T 000e508f9f9f4d3ca0ea6b50323a9ced P 28161d88fdbc4bfbb12fd8936698b47d: tablet deleted with delete type TABLET_DATA_TOMBSTONED: last-logged OpId 1.3
I20260710 13:22:43.033629 18189 log.cc:1199] T 000e508f9f9f4d3ca0ea6b50323a9ced P 28161d88fdbc4bfbb12fd8936698b47d: Deleting WAL directory at /tmp/dist-test-taskxpbzzN/test-tmp/auto_leader_rebalancer-test.0.LeaderRebalancerTest.AddTserver.1783689722338638-16356-0/minicluster-data/ts-1-root/wals/000e508f9f9f4d3ca0ea6b50323a9ced
I20260710 13:22:43.035748 17338 catalog_manager.cc:5028] TS 28161d88fdbc4bfbb12fd8936698b47d (127.15.249.2:32789): tablet 000e508f9f9f4d3ca0ea6b50323a9ced (table test-workload [id=1f25eae6c8874558bfef2a0b945965e8]) successfully deleted
W20260710 13:22:43.175465 17903 debug-util.cc:398] Leaking SignalData structure 0x7b0800251060 after lost signal to thread 16359
W20260710 13:22:43.176723 17903 debug-util.cc:398] Leaking SignalData structure 0x7b0800251740 after lost signal to thread 17385
W20260710 13:22:43.178061 17903 debug-util.cc:398] Leaking SignalData structure 0x7b080027da40 after lost signal to thread 17477
W20260710 13:22:43.179509 17903 debug-util.cc:398] Leaking SignalData structure 0x7b080018fbc0 after lost signal to thread 17552
W20260710 13:22:43.180917 17903 debug-util.cc:398] Leaking SignalData structure 0x7b080015caa0 after lost signal to thread 17626
W20260710 13:22:43.183145 17903 debug-util.cc:398] Leaking SignalData structure 0x7b080023a180 after lost signal to thread 17906
I20260710 13:22:44.078504 17600 consensus_queue.cc:237] T be5806f39a9647eb9b9ad0cbc73cbba3 P a41cbe049cd947a4a4ae9474a1675a48 [LEADER]: Queue going to LEADER mode. State: All replicated index: 0, Majority replicated index: 1, Committed index: 1, Last appended: 1.1, Last appended by leader: 0, Current term: 1, Majority size: 2, State: 0, Mode: LEADER, active raft config: opid_index: 2 OBSOLETE_local: false peers { permanent_uuid: "0ad52b083bff44b6b30a090cffa31728" member_type: VOTER last_known_addr { host: "127.15.249.1" port: 40243 } attrs { replace: true } } peers { permanent_uuid: "28161d88fdbc4bfbb12fd8936698b47d" member_type: VOTER last_known_addr { host: "127.15.249.2" port: 32789 } } peers { permanent_uuid: "a41cbe049cd947a4a4ae9474a1675a48" member_type: VOTER last_known_addr { host: "127.15.249.3" port: 39603 } } peers { permanent_uuid: "2144c3c482f64ea689f419bf8df5fc3c" member_type: NON_VOTER last_known_addr { host: "127.15.249.4" port: 40319 } attrs { promote: true } }
I20260710 13:22:44.089978 17451 raft_consensus.cc:1275] T be5806f39a9647eb9b9ad0cbc73cbba3 P 0ad52b083bff44b6b30a090cffa31728 [term 1 FOLLOWER]: Refusing update from remote peer a41cbe049cd947a4a4ae9474a1675a48: Log matching property violated. Preceding OpId in replica: term: 1 index: 1. Preceding OpId from leader: term: 1 index: 2. (index mismatch)
I20260710 13:22:44.091440 17524 raft_consensus.cc:1275] T be5806f39a9647eb9b9ad0cbc73cbba3 P 28161d88fdbc4bfbb12fd8936698b47d [term 1 FOLLOWER]: Refusing update from remote peer a41cbe049cd947a4a4ae9474a1675a48: Log matching property violated. Preceding OpId in replica: term: 1 index: 1. Preceding OpId from leader: term: 1 index: 2. (index mismatch)
I20260710 13:22:44.095355 18180 consensus_queue.cc:1048] T be5806f39a9647eb9b9ad0cbc73cbba3 P a41cbe049cd947a4a4ae9474a1675a48 [LEADER]: Connected to new peer: Peer: permanent_uuid: "28161d88fdbc4bfbb12fd8936698b47d" member_type: VOTER last_known_addr { host: "127.15.249.2" port: 32789 }, Status: LMP_MISMATCH, Last received: 0.0, Next index: 2, Last known committed idx: 1, Time since last communication: 0.000s
W20260710 13:22:44.098418 17566 consensus_peers.cc:597] T be5806f39a9647eb9b9ad0cbc73cbba3 P a41cbe049cd947a4a4ae9474a1675a48 -> Peer 2144c3c482f64ea689f419bf8df5fc3c (127.15.249.4:40319): Couldn't send request to peer 2144c3c482f64ea689f419bf8df5fc3c. Error code: TABLET_NOT_FOUND (6). Status: Not found: Tablet not found: be5806f39a9647eb9b9ad0cbc73cbba3. This is attempt 1: this message will repeat every 5th retry.
I20260710 13:22:44.103904 18195 consensus_queue.cc:1048] T be5806f39a9647eb9b9ad0cbc73cbba3 P a41cbe049cd947a4a4ae9474a1675a48 [LEADER]: Connected to new peer: Peer: permanent_uuid: "0ad52b083bff44b6b30a090cffa31728" member_type: VOTER last_known_addr { host: "127.15.249.1" port: 40243 } attrs { replace: true }, Status: LMP_MISMATCH, Last received: 0.0, Next index: 2, Last known committed idx: 1, Time since last communication: 0.001s
I20260710 13:22:44.107362 18180 raft_consensus.cc:2955] T be5806f39a9647eb9b9ad0cbc73cbba3 P a41cbe049cd947a4a4ae9474a1675a48 [term 1 LEADER]: Committing config change with OpId 1.2: config changed from index -1 to 2, NON_VOTER 2144c3c482f64ea689f419bf8df5fc3c (127.15.249.4) added. New config: { opid_index: 2 OBSOLETE_local: false peers { permanent_uuid: "0ad52b083bff44b6b30a090cffa31728" member_type: VOTER last_known_addr { host: "127.15.249.1" port: 40243 } attrs { replace: true } } peers { permanent_uuid: "28161d88fdbc4bfbb12fd8936698b47d" member_type: VOTER last_known_addr { host: "127.15.249.2" port: 32789 } } peers { permanent_uuid: "a41cbe049cd947a4a4ae9474a1675a48" member_type: VOTER last_known_addr { host: "127.15.249.3" port: 39603 } } peers { permanent_uuid: "2144c3c482f64ea689f419bf8df5fc3c" member_type: NON_VOTER last_known_addr { host: "127.15.249.4" port: 40319 } attrs { promote: true } } }
I20260710 13:22:44.110426 17527 raft_consensus.cc:2955] T be5806f39a9647eb9b9ad0cbc73cbba3 P 28161d88fdbc4bfbb12fd8936698b47d [term 1 FOLLOWER]: Committing config change with OpId 1.2: config changed from index -1 to 2, NON_VOTER 2144c3c482f64ea689f419bf8df5fc3c (127.15.249.4) added. New config: { opid_index: 2 OBSOLETE_local: false peers { permanent_uuid: "0ad52b083bff44b6b30a090cffa31728" member_type: VOTER last_known_addr { host: "127.15.249.1" port: 40243 } attrs { replace: true } } peers { permanent_uuid: "28161d88fdbc4bfbb12fd8936698b47d" member_type: VOTER last_known_addr { host: "127.15.249.2" port: 32789 } } peers { permanent_uuid: "a41cbe049cd947a4a4ae9474a1675a48" member_type: VOTER last_known_addr { host: "127.15.249.3" port: 39603 } } peers { permanent_uuid: "2144c3c482f64ea689f419bf8df5fc3c" member_type: NON_VOTER last_known_addr { host: "127.15.249.4" port: 40319 } attrs { promote: true } } }
I20260710 13:22:44.125941 17600 consensus_queue.cc:237] T 06f3b161ac4e4f5f81c9624813857c7e P a41cbe049cd947a4a4ae9474a1675a48 [LEADER]: Queue going to LEADER mode. State: All replicated index: 0, Majority replicated index: 1, Committed index: 1, Last appended: 1.1, Last appended by leader: 0, Current term: 1, Majority size: 2, State: 0, Mode: LEADER, active raft config: opid_index: 2 OBSOLETE_local: false peers { permanent_uuid: "0ad52b083bff44b6b30a090cffa31728" member_type: VOTER last_known_addr { host: "127.15.249.1" port: 40243 } } peers { permanent_uuid: "28161d88fdbc4bfbb12fd8936698b47d" member_type: VOTER last_known_addr { host: "127.15.249.2" port: 32789 } attrs { replace: true } } peers { permanent_uuid: "a41cbe049cd947a4a4ae9474a1675a48" member_type: VOTER last_known_addr { host: "127.15.249.3" port: 39603 } } peers { permanent_uuid: "2144c3c482f64ea689f419bf8df5fc3c" member_type: NON_VOTER last_known_addr { host: "127.15.249.4" port: 40319 } attrs { promote: true } }
I20260710 13:22:44.137074 17350 catalog_manager.cc:5697] T be5806f39a9647eb9b9ad0cbc73cbba3 P a41cbe049cd947a4a4ae9474a1675a48 reported cstate change: config changed from index -1 to 2, NON_VOTER 2144c3c482f64ea689f419bf8df5fc3c (127.15.249.4) added. New cstate: current_term: 1 leader_uuid: "a41cbe049cd947a4a4ae9474a1675a48" committed_config { opid_index: 2 OBSOLETE_local: false peers { permanent_uuid: "0ad52b083bff44b6b30a090cffa31728" member_type: VOTER last_known_addr { host: "127.15.249.1" port: 40243 } attrs { replace: true } health_report { overall_health: UNKNOWN } } peers { permanent_uuid: "28161d88fdbc4bfbb12fd8936698b47d" member_type: VOTER last_known_addr { host: "127.15.249.2" port: 32789 } health_report { overall_health: HEALTHY } } peers { permanent_uuid: "a41cbe049cd947a4a4ae9474a1675a48" member_type: VOTER last_known_addr { host: "127.15.249.3" port: 39603 } health_report { overall_health: HEALTHY } } peers { permanent_uuid: "2144c3c482f64ea689f419bf8df5fc3c" member_type: NON_VOTER last_known_addr { host: "127.15.249.4" port: 40319 } attrs { promote: true } health_report { overall_health: UNKNOWN } } }
W20260710 13:22:44.145823 17566 consensus_peers.cc:597] T 06f3b161ac4e4f5f81c9624813857c7e P a41cbe049cd947a4a4ae9474a1675a48 -> Peer 2144c3c482f64ea689f419bf8df5fc3c (127.15.249.4:40319): Couldn't send request to peer 2144c3c482f64ea689f419bf8df5fc3c. Error code: TABLET_NOT_FOUND (6). Status: Not found: Tablet not found: 06f3b161ac4e4f5f81c9624813857c7e. This is attempt 1: this message will repeat every 5th retry.
I20260710 13:22:44.148128 17451 raft_consensus.cc:1275] T 06f3b161ac4e4f5f81c9624813857c7e P 0ad52b083bff44b6b30a090cffa31728 [term 1 FOLLOWER]: Refusing update from remote peer a41cbe049cd947a4a4ae9474a1675a48: Log matching property violated. Preceding OpId in replica: term: 1 index: 1. Preceding OpId from leader: term: 1 index: 2. (index mismatch)
I20260710 13:22:44.149654 18118 consensus_queue.cc:1048] T 06f3b161ac4e4f5f81c9624813857c7e P a41cbe049cd947a4a4ae9474a1675a48 [LEADER]: Connected to new peer: Peer: permanent_uuid: "0ad52b083bff44b6b30a090cffa31728" member_type: VOTER last_known_addr { host: "127.15.249.1" port: 40243 }, Status: LMP_MISMATCH, Last received: 0.0, Next index: 2, Last known committed idx: 1, Time since last communication: 0.001s
I20260710 13:22:44.163704 17527 raft_consensus.cc:1275] T 06f3b161ac4e4f5f81c9624813857c7e P 28161d88fdbc4bfbb12fd8936698b47d [term 1 FOLLOWER]: Refusing update from remote peer a41cbe049cd947a4a4ae9474a1675a48: Log matching property violated. Preceding OpId in replica: term: 1 index: 1. Preceding OpId from leader: term: 1 index: 2. (index mismatch)
I20260710 13:22:44.169675 18200 consensus_queue.cc:1048] T 06f3b161ac4e4f5f81c9624813857c7e P a41cbe049cd947a4a4ae9474a1675a48 [LEADER]: Connected to new peer: Peer: permanent_uuid: "28161d88fdbc4bfbb12fd8936698b47d" member_type: VOTER last_known_addr { host: "127.15.249.2" port: 32789 } attrs { replace: true }, Status: LMP_MISMATCH, Last received: 0.0, Next index: 2, Last known committed idx: 1, Time since last communication: 0.001s
I20260710 13:22:44.169162 17451 raft_consensus.cc:2955] T be5806f39a9647eb9b9ad0cbc73cbba3 P 0ad52b083bff44b6b30a090cffa31728 [term 1 FOLLOWER]: Committing config change with OpId 1.2: config changed from index -1 to 2, NON_VOTER 2144c3c482f64ea689f419bf8df5fc3c (127.15.249.4) added. New config: { opid_index: 2 OBSOLETE_local: false peers { permanent_uuid: "0ad52b083bff44b6b30a090cffa31728" member_type: VOTER last_known_addr { host: "127.15.249.1" port: 40243 } attrs { replace: true } } peers { permanent_uuid: "28161d88fdbc4bfbb12fd8936698b47d" member_type: VOTER last_known_addr { host: "127.15.249.2" port: 32789 } } peers { permanent_uuid: "a41cbe049cd947a4a4ae9474a1675a48" member_type: VOTER last_known_addr { host: "127.15.249.3" port: 39603 } } peers { permanent_uuid: "2144c3c482f64ea689f419bf8df5fc3c" member_type: NON_VOTER last_known_addr { host: "127.15.249.4" port: 40319 } attrs { promote: true } } }
I20260710 13:22:44.178362 18200 raft_consensus.cc:2955] T 06f3b161ac4e4f5f81c9624813857c7e P a41cbe049cd947a4a4ae9474a1675a48 [term 1 LEADER]: Committing config change with OpId 1.2: config changed from index -1 to 2, NON_VOTER 2144c3c482f64ea689f419bf8df5fc3c (127.15.249.4) added. New config: { opid_index: 2 OBSOLETE_local: false peers { permanent_uuid: "0ad52b083bff44b6b30a090cffa31728" member_type: VOTER last_known_addr { host: "127.15.249.1" port: 40243 } } peers { permanent_uuid: "28161d88fdbc4bfbb12fd8936698b47d" member_type: VOTER last_known_addr { host: "127.15.249.2" port: 32789 } attrs { replace: true } } peers { permanent_uuid: "a41cbe049cd947a4a4ae9474a1675a48" member_type: VOTER last_known_addr { host: "127.15.249.3" port: 39603 } } peers { permanent_uuid: "2144c3c482f64ea689f419bf8df5fc3c" member_type: NON_VOTER last_known_addr { host: "127.15.249.4" port: 40319 } attrs { promote: true } } }
I20260710 13:22:44.185282 17452 raft_consensus.cc:2955] T 06f3b161ac4e4f5f81c9624813857c7e P 0ad52b083bff44b6b30a090cffa31728 [term 1 FOLLOWER]: Committing config change with OpId 1.2: config changed from index -1 to 2, NON_VOTER 2144c3c482f64ea689f419bf8df5fc3c (127.15.249.4) added. New config: { opid_index: 2 OBSOLETE_local: false peers { permanent_uuid: "0ad52b083bff44b6b30a090cffa31728" member_type: VOTER last_known_addr { host: "127.15.249.1" port: 40243 } } peers { permanent_uuid: "28161d88fdbc4bfbb12fd8936698b47d" member_type: VOTER last_known_addr { host: "127.15.249.2" port: 32789 } attrs { replace: true } } peers { permanent_uuid: "a41cbe049cd947a4a4ae9474a1675a48" member_type: VOTER last_known_addr { host: "127.15.249.3" port: 39603 } } peers { permanent_uuid: "2144c3c482f64ea689f419bf8df5fc3c" member_type: NON_VOTER last_known_addr { host: "127.15.249.4" port: 40319 } attrs { promote: true } } }
I20260710 13:22:44.198675 17527 raft_consensus.cc:2955] T 06f3b161ac4e4f5f81c9624813857c7e P 28161d88fdbc4bfbb12fd8936698b47d [term 1 FOLLOWER]: Committing config change with OpId 1.2: config changed from index -1 to 2, NON_VOTER 2144c3c482f64ea689f419bf8df5fc3c (127.15.249.4) added. New config: { opid_index: 2 OBSOLETE_local: false peers { permanent_uuid: "0ad52b083bff44b6b30a090cffa31728" member_type: VOTER last_known_addr { host: "127.15.249.1" port: 40243 } } peers { permanent_uuid: "28161d88fdbc4bfbb12fd8936698b47d" member_type: VOTER last_known_addr { host: "127.15.249.2" port: 32789 } attrs { replace: true } } peers { permanent_uuid: "a41cbe049cd947a4a4ae9474a1675a48" member_type: VOTER last_known_addr { host: "127.15.249.3" port: 39603 } } peers { permanent_uuid: "2144c3c482f64ea689f419bf8df5fc3c" member_type: NON_VOTER last_known_addr { host: "127.15.249.4" port: 40319 } attrs { promote: true } } }
I20260710 13:22:44.233000 17348 catalog_manager.cc:5697] T 06f3b161ac4e4f5f81c9624813857c7e P 28161d88fdbc4bfbb12fd8936698b47d reported cstate change: config changed from index -1 to 2, NON_VOTER 2144c3c482f64ea689f419bf8df5fc3c (127.15.249.4) added. New cstate: current_term: 1 leader_uuid: "a41cbe049cd947a4a4ae9474a1675a48" committed_config { opid_index: 2 OBSOLETE_local: false peers { permanent_uuid: "0ad52b083bff44b6b30a090cffa31728" member_type: VOTER last_known_addr { host: "127.15.249.1" port: 40243 } } peers { permanent_uuid: "28161d88fdbc4bfbb12fd8936698b47d" member_type: VOTER last_known_addr { host: "127.15.249.2" port: 32789 } attrs { replace: true } } peers { permanent_uuid: "a41cbe049cd947a4a4ae9474a1675a48" member_type: VOTER last_known_addr { host: "127.15.249.3" port: 39603 } } peers { permanent_uuid: "2144c3c482f64ea689f419bf8df5fc3c" member_type: NON_VOTER last_known_addr { host: "127.15.249.4" port: 40319 } attrs { promote: true } } }
I20260710 13:22:44.600101 18208 ts_tablet_manager.cc:933] T be5806f39a9647eb9b9ad0cbc73cbba3 P 2144c3c482f64ea689f419bf8df5fc3c: Initiating tablet copy from peer a41cbe049cd947a4a4ae9474a1675a48 (127.15.249.3:39603)
I20260710 13:22:44.601653 18207 ts_tablet_manager.cc:933] T 06f3b161ac4e4f5f81c9624813857c7e P 2144c3c482f64ea689f419bf8df5fc3c: Initiating tablet copy from peer a41cbe049cd947a4a4ae9474a1675a48 (127.15.249.3:39603)
I20260710 13:22:44.615037 18207 tablet_copy_client.cc:323] T 06f3b161ac4e4f5f81c9624813857c7e P 2144c3c482f64ea689f419bf8df5fc3c: tablet copy: Beginning tablet copy session from remote peer at address 127.15.249.3:39603
I20260710 13:22:44.617574 17612 tablet_copy_service.cc:140] P a41cbe049cd947a4a4ae9474a1675a48: Received BeginTabletCopySession request for tablet 06f3b161ac4e4f5f81c9624813857c7e from peer 2144c3c482f64ea689f419bf8df5fc3c ({username='slave'} at 127.0.0.1:41466)
I20260710 13:22:44.618218 17612 tablet_copy_service.cc:161] P a41cbe049cd947a4a4ae9474a1675a48: Beginning new tablet copy session on tablet 06f3b161ac4e4f5f81c9624813857c7e from peer 2144c3c482f64ea689f419bf8df5fc3c at {username='slave'} at 127.0.0.1:41466: session id = 2144c3c482f64ea689f419bf8df5fc3c-06f3b161ac4e4f5f81c9624813857c7e
I20260710 13:22:44.627095 17612 tablet_copy_source_session.cc:215] T 06f3b161ac4e4f5f81c9624813857c7e P a41cbe049cd947a4a4ae9474a1675a48: Tablet Copy: opened 0 blocks and 1 log segments
I20260710 13:22:44.635964 18207 data_dirs.cc:400] Could only allocate 1 dirs of requested 3 for tablet 06f3b161ac4e4f5f81c9624813857c7e. 1 dirs total, 0 dirs full, 0 dirs failed
I20260710 13:22:44.638370 18208 tablet_copy_client.cc:323] T be5806f39a9647eb9b9ad0cbc73cbba3 P 2144c3c482f64ea689f419bf8df5fc3c: tablet copy: Beginning tablet copy session from remote peer at address 127.15.249.3:39603
I20260710 13:22:44.641253 17612 tablet_copy_service.cc:140] P a41cbe049cd947a4a4ae9474a1675a48: Received BeginTabletCopySession request for tablet be5806f39a9647eb9b9ad0cbc73cbba3 from peer 2144c3c482f64ea689f419bf8df5fc3c ({username='slave'} at 127.0.0.1:41466)
I20260710 13:22:44.641965 17612 tablet_copy_service.cc:161] P a41cbe049cd947a4a4ae9474a1675a48: Beginning new tablet copy session on tablet be5806f39a9647eb9b9ad0cbc73cbba3 from peer 2144c3c482f64ea689f419bf8df5fc3c at {username='slave'} at 127.0.0.1:41466: session id = 2144c3c482f64ea689f419bf8df5fc3c-be5806f39a9647eb9b9ad0cbc73cbba3
I20260710 13:22:44.691365 17612 tablet_copy_source_session.cc:215] T be5806f39a9647eb9b9ad0cbc73cbba3 P a41cbe049cd947a4a4ae9474a1675a48: Tablet Copy: opened 0 blocks and 1 log segments
I20260710 13:22:44.695268 18208 data_dirs.cc:400] Could only allocate 1 dirs of requested 3 for tablet be5806f39a9647eb9b9ad0cbc73cbba3. 1 dirs total, 0 dirs full, 0 dirs failed
I20260710 13:22:44.731607 18207 tablet_copy_client.cc:806] T 06f3b161ac4e4f5f81c9624813857c7e P 2144c3c482f64ea689f419bf8df5fc3c: tablet copy: Starting download of 0 data blocks...
I20260710 13:22:44.747661 18207 tablet_copy_client.cc:670] T 06f3b161ac4e4f5f81c9624813857c7e P 2144c3c482f64ea689f419bf8df5fc3c: tablet copy: Starting download of 1 WAL segments...
I20260710 13:22:44.745014 18208 tablet_copy_client.cc:806] T be5806f39a9647eb9b9ad0cbc73cbba3 P 2144c3c482f64ea689f419bf8df5fc3c: tablet copy: Starting download of 0 data blocks...
I20260710 13:22:44.749614 18208 tablet_copy_client.cc:670] T be5806f39a9647eb9b9ad0cbc73cbba3 P 2144c3c482f64ea689f419bf8df5fc3c: tablet copy: Starting download of 1 WAL segments...
I20260710 13:22:44.773411 18207 tablet_copy_client.cc:538] T 06f3b161ac4e4f5f81c9624813857c7e P 2144c3c482f64ea689f419bf8df5fc3c: tablet copy: Tablet Copy complete. Replacing tablet superblock.
I20260710 13:22:44.777518 18208 tablet_copy_client.cc:538] T be5806f39a9647eb9b9ad0cbc73cbba3 P 2144c3c482f64ea689f419bf8df5fc3c: tablet copy: Tablet Copy complete. Replacing tablet superblock.
I20260710 13:22:44.834347 18207 tablet_bootstrap.cc:492] T 06f3b161ac4e4f5f81c9624813857c7e P 2144c3c482f64ea689f419bf8df5fc3c: Bootstrap starting.
I20260710 13:22:44.841934 18208 tablet_bootstrap.cc:492] T be5806f39a9647eb9b9ad0cbc73cbba3 P 2144c3c482f64ea689f419bf8df5fc3c: Bootstrap starting.
I20260710 13:22:44.885535 18208 tablet_bootstrap.cc:492] T be5806f39a9647eb9b9ad0cbc73cbba3 P 2144c3c482f64ea689f419bf8df5fc3c: Bootstrap replayed 1/1 log segments. Stats: ops{read=2 overwritten=0 applied=2 ignored=0} inserts{seen=0 ignored=0} mutations{seen=0 ignored=0} orphaned_commits=0. Pending: 0 replicates
I20260710 13:22:44.886462 18208 tablet_bootstrap.cc:492] T be5806f39a9647eb9b9ad0cbc73cbba3 P 2144c3c482f64ea689f419bf8df5fc3c: Bootstrap complete.
I20260710 13:22:44.887209 18208 ts_tablet_manager.cc:1403] T be5806f39a9647eb9b9ad0cbc73cbba3 P 2144c3c482f64ea689f419bf8df5fc3c: Time spent bootstrapping tablet: real 0.046s	user 0.018s	sys 0.004s
I20260710 13:22:44.893748 18207 tablet_bootstrap.cc:492] T 06f3b161ac4e4f5f81c9624813857c7e P 2144c3c482f64ea689f419bf8df5fc3c: Bootstrap replayed 1/1 log segments. Stats: ops{read=2 overwritten=0 applied=2 ignored=0} inserts{seen=0 ignored=0} mutations{seen=0 ignored=0} orphaned_commits=0. Pending: 0 replicates
