I20260710 13:22:15.434154 17221 tablet_service.cc:1511] Processing CreateTablet for tablet 7fd60c96a8a3489d88633626593575b3 (DEFAULT_TABLE table=test-workload [id=9ca93674fe5a472c96076d3da74dbce5]), partition=RANGE (key) PARTITION 429496728 <= VALUES < 644245092
I20260710 13:22:15.434221 17147 tablet_service.cc:1511] Processing CreateTablet for tablet 7fd60c96a8a3489d88633626593575b3 (DEFAULT_TABLE table=test-workload [id=9ca93674fe5a472c96076d3da74dbce5]), partition=RANGE (key) PARTITION 429496728 <= VALUES < 644245092
I20260710 13:22:15.435520 17221 data_dirs.cc:400] Could only allocate 1 dirs of requested 3 for tablet 7fd60c96a8a3489d88633626593575b3. 1 dirs total, 0 dirs full, 0 dirs failed
I20260710 13:22:15.435634 17147 data_dirs.cc:400] Could only allocate 1 dirs of requested 3 for tablet 7fd60c96a8a3489d88633626593575b3. 1 dirs total, 0 dirs full, 0 dirs failed
I20260710 13:22:15.436007 17067 tablet_service.cc:1511] Processing CreateTablet for tablet cf3b02115d22461b873231832c0f48c9 (DEFAULT_TABLE table=test-workload [id=9ca93674fe5a472c96076d3da74dbce5]), partition=RANGE (key) PARTITION 1932735276 <= VALUES
I20260710 13:22:15.437327 17067 data_dirs.cc:400] Could only allocate 1 dirs of requested 3 for tablet cf3b02115d22461b873231832c0f48c9. 1 dirs total, 0 dirs full, 0 dirs failed
I20260710 13:22:15.438561 17220 tablet_service.cc:1511] Processing CreateTablet for tablet a84596ac6d3747169770483e3ec61cbf (DEFAULT_TABLE table=test-workload [id=9ca93674fe5a472c96076d3da74dbce5]), partition=RANGE (key) PARTITION 644245092 <= VALUES < 858993456
I20260710 13:22:15.439878 17220 data_dirs.cc:400] Could only allocate 1 dirs of requested 3 for tablet a84596ac6d3747169770483e3ec61cbf. 1 dirs total, 0 dirs full, 0 dirs failed
I20260710 13:22:15.439806 17145 tablet_service.cc:1511] Processing CreateTablet for tablet 8620bdef8bbe42df91e74fafc3583a27 (DEFAULT_TABLE table=test-workload [id=9ca93674fe5a472c96076d3da74dbce5]), partition=RANGE (key) PARTITION 858993456 <= VALUES < 1073741820
I20260710 13:22:15.441221 17145 data_dirs.cc:400] Could only allocate 1 dirs of requested 3 for tablet 8620bdef8bbe42df91e74fafc3583a27. 1 dirs total, 0 dirs full, 0 dirs failed
I20260710 13:22:15.448120 17142 tablet_service.cc:1511] Processing CreateTablet for tablet 61e85175983a45c38446386c9b3b19e8 (DEFAULT_TABLE table=test-workload [id=9ca93674fe5a472c96076d3da74dbce5]), partition=RANGE (key) PARTITION 1503238548 <= VALUES < 1717986912
I20260710 13:22:15.448248 17217 tablet_service.cc:1511] Processing CreateTablet for tablet 9833286f1c2d43dba102e781356fd6d1 (DEFAULT_TABLE table=test-workload [id=9ca93674fe5a472c96076d3da74dbce5]), partition=RANGE (key) PARTITION 1288490184 <= VALUES < 1503238548
I20260710 13:22:15.449368 17142 data_dirs.cc:400] Could only allocate 1 dirs of requested 3 for tablet 61e85175983a45c38446386c9b3b19e8. 1 dirs total, 0 dirs full, 0 dirs failed
I20260710 13:22:15.449546 17217 data_dirs.cc:400] Could only allocate 1 dirs of requested 3 for tablet 9833286f1c2d43dba102e781356fd6d1. 1 dirs total, 0 dirs full, 0 dirs failed
I20260710 13:22:15.438591 17146 tablet_service.cc:1511] Processing CreateTablet for tablet a84596ac6d3747169770483e3ec61cbf (DEFAULT_TABLE table=test-workload [id=9ca93674fe5a472c96076d3da74dbce5]), partition=RANGE (key) PARTITION 644245092 <= VALUES < 858993456
I20260710 13:22:15.458609 17146 data_dirs.cc:400] Could only allocate 1 dirs of requested 3 for tablet a84596ac6d3747169770483e3ec61cbf. 1 dirs total, 0 dirs full, 0 dirs failed
I20260710 13:22:15.445420 17216 tablet_service.cc:1511] Processing CreateTablet for tablet 61e85175983a45c38446386c9b3b19e8 (DEFAULT_TABLE table=test-workload [id=9ca93674fe5a472c96076d3da74dbce5]), partition=RANGE (key) PARTITION 1503238548 <= VALUES < 1717986912
I20260710 13:22:15.463231 17216 data_dirs.cc:400] Could only allocate 1 dirs of requested 3 for tablet 61e85175983a45c38446386c9b3b19e8. 1 dirs total, 0 dirs full, 0 dirs failed
I20260710 13:22:15.465440 17144 tablet_service.cc:1511] Processing CreateTablet for tablet f5ab2365f5554065b34fb791255d793b (DEFAULT_TABLE table=test-workload [id=9ca93674fe5a472c96076d3da74dbce5]), partition=RANGE (key) PARTITION 1073741820 <= VALUES < 1288490184
I20260710 13:22:15.466797 17144 data_dirs.cc:400] Could only allocate 1 dirs of requested 3 for tablet f5ab2365f5554065b34fb791255d793b. 1 dirs total, 0 dirs full, 0 dirs failed
I20260710 13:22:15.471974 17215 tablet_service.cc:1511] Processing CreateTablet for tablet 9a4e3f704f3441f8b6da246324859b8c (DEFAULT_TABLE table=test-workload [id=9ca93674fe5a472c96076d3da74dbce5]), partition=RANGE (key) PARTITION 1717986912 <= VALUES < 1932735276
I20260710 13:22:15.475858 17214 tablet_service.cc:1511] Processing CreateTablet for tablet cf3b02115d22461b873231832c0f48c9 (DEFAULT_TABLE table=test-workload [id=9ca93674fe5a472c96076d3da74dbce5]), partition=RANGE (key) PARTITION 1932735276 <= VALUES
I20260710 13:22:15.479892 17219 tablet_service.cc:1511] Processing CreateTablet for tablet 8620bdef8bbe42df91e74fafc3583a27 (DEFAULT_TABLE table=test-workload [id=9ca93674fe5a472c96076d3da74dbce5]), partition=RANGE (key) PARTITION 858993456 <= VALUES < 1073741820
I20260710 13:22:15.481482 17141 tablet_service.cc:1511] Processing CreateTablet for tablet 9a4e3f704f3441f8b6da246324859b8c (DEFAULT_TABLE table=test-workload [id=9ca93674fe5a472c96076d3da74dbce5]), partition=RANGE (key) PARTITION 1717986912 <= VALUES < 1932735276
I20260710 13:22:15.481427 17143 tablet_service.cc:1511] Processing CreateTablet for tablet 9833286f1c2d43dba102e781356fd6d1 (DEFAULT_TABLE table=test-workload [id=9ca93674fe5a472c96076d3da74dbce5]), partition=RANGE (key) PARTITION 1288490184 <= VALUES < 1503238548
I20260710 13:22:15.482960 17141 data_dirs.cc:400] Could only allocate 1 dirs of requested 3 for tablet 9a4e3f704f3441f8b6da246324859b8c. 1 dirs total, 0 dirs full, 0 dirs failed
I20260710 13:22:15.485611 17218 tablet_service.cc:1511] Processing CreateTablet for tablet f5ab2365f5554065b34fb791255d793b (DEFAULT_TABLE table=test-workload [id=9ca93674fe5a472c96076d3da74dbce5]), partition=RANGE (key) PARTITION 1073741820 <= VALUES < 1288490184
I20260710 13:22:15.489110 17143 data_dirs.cc:400] Could only allocate 1 dirs of requested 3 for tablet 9833286f1c2d43dba102e781356fd6d1. 1 dirs total, 0 dirs full, 0 dirs failed
I20260710 13:22:15.491104 17140 tablet_service.cc:1511] Processing CreateTablet for tablet cf3b02115d22461b873231832c0f48c9 (DEFAULT_TABLE table=test-workload [id=9ca93674fe5a472c96076d3da74dbce5]), partition=RANGE (key) PARTITION 1932735276 <= VALUES
I20260710 13:22:15.502861 17140 data_dirs.cc:400] Could only allocate 1 dirs of requested 3 for tablet cf3b02115d22461b873231832c0f48c9. 1 dirs total, 0 dirs full, 0 dirs failed
I20260710 13:22:15.477895 17215 data_dirs.cc:400] Could only allocate 1 dirs of requested 3 for tablet 9a4e3f704f3441f8b6da246324859b8c. 1 dirs total, 0 dirs full, 0 dirs failed
I20260710 13:22:15.572842 17218 data_dirs.cc:400] Could only allocate 1 dirs of requested 3 for tablet f5ab2365f5554065b34fb791255d793b. 1 dirs total, 0 dirs full, 0 dirs failed
I20260710 13:22:15.574417 17214 data_dirs.cc:400] Could only allocate 1 dirs of requested 3 for tablet cf3b02115d22461b873231832c0f48c9. 1 dirs total, 0 dirs full, 0 dirs failed
I20260710 13:22:15.575146 17275 tablet_bootstrap.cc:492] T 7fd60c96a8a3489d88633626593575b3 P 4d2df1293ab14f98bf4865faeede741d: Bootstrap starting.
I20260710 13:22:15.576956 17219 data_dirs.cc:400] Could only allocate 1 dirs of requested 3 for tablet 8620bdef8bbe42df91e74fafc3583a27. 1 dirs total, 0 dirs full, 0 dirs failed
I20260710 13:22:15.586164 17273 tablet_bootstrap.cc:492] T 2abb297943864e9d9d099835f9279850 P bb5930373b394b00bd897aca15534cf3: Bootstrap starting.
I20260710 13:22:15.586377 17275 tablet_bootstrap.cc:654] T 7fd60c96a8a3489d88633626593575b3 P 4d2df1293ab14f98bf4865faeede741d: Neither blocks nor log segments found. Creating new log.
I20260710 13:22:15.587846 17274 tablet_bootstrap.cc:492] T 9a4e3f704f3441f8b6da246324859b8c P 54c20a7674ea4e318327c8df7c8fbd48: Bootstrap starting.
I20260710 13:22:15.601234 17274 tablet_bootstrap.cc:654] T 9a4e3f704f3441f8b6da246324859b8c P 54c20a7674ea4e318327c8df7c8fbd48: Neither blocks nor log segments found. Creating new log.
I20260710 13:22:15.614337 17274 tablet_bootstrap.cc:492] T 9a4e3f704f3441f8b6da246324859b8c P 54c20a7674ea4e318327c8df7c8fbd48: No bootstrap required, opened a new log
I20260710 13:22:15.615080 17274 ts_tablet_manager.cc:1403] T 9a4e3f704f3441f8b6da246324859b8c P 54c20a7674ea4e318327c8df7c8fbd48: Time spent bootstrapping tablet: real 0.028s	user 0.014s	sys 0.007s
I20260710 13:22:15.619310 17274 raft_consensus.cc:359] T 9a4e3f704f3441f8b6da246324859b8c P 54c20a7674ea4e318327c8df7c8fbd48 [term 0 FOLLOWER]: Replica starting. Triggering 0 pending ops. Active config: opid_index: -1 OBSOLETE_local: false peers { permanent_uuid: "bb5930373b394b00bd897aca15534cf3" member_type: VOTER last_known_addr { host: "127.16.17.1" port: 36531 } } peers { permanent_uuid: "54c20a7674ea4e318327c8df7c8fbd48" member_type: VOTER last_known_addr { host: "127.16.17.2" port: 42615 } } peers { permanent_uuid: "4d2df1293ab14f98bf4865faeede741d" member_type: VOTER last_known_addr { host: "127.16.17.3" port: 35009 } }
I20260710 13:22:15.620133 17274 raft_consensus.cc:385] T 9a4e3f704f3441f8b6da246324859b8c P 54c20a7674ea4e318327c8df7c8fbd48 [term 0 FOLLOWER]: Consensus starting up: Expiring failure detector timer to make a prompt election more likely
I20260710 13:22:15.620465 17274 raft_consensus.cc:740] T 9a4e3f704f3441f8b6da246324859b8c P 54c20a7674ea4e318327c8df7c8fbd48 [term 0 FOLLOWER]: Becoming Follower/Learner. State: Replica: 54c20a7674ea4e318327c8df7c8fbd48, State: Initialized, Role: FOLLOWER
I20260710 13:22:15.621320 17274 consensus_queue.cc:260] T 9a4e3f704f3441f8b6da246324859b8c P 54c20a7674ea4e318327c8df7c8fbd48 [NON_LEADER]: Queue going to NON_LEADER mode. State: All replicated index: 0, Majority replicated index: 0, Committed index: 0, Last appended: 0.0, Last appended by leader: 0, Current term: 0, Majority size: -1, State: 0, Mode: NON_LEADER, active raft config: opid_index: -1 OBSOLETE_local: false peers { permanent_uuid: "bb5930373b394b00bd897aca15534cf3" member_type: VOTER last_known_addr { host: "127.16.17.1" port: 36531 } } peers { permanent_uuid: "54c20a7674ea4e318327c8df7c8fbd48" member_type: VOTER last_known_addr { host: "127.16.17.2" port: 42615 } } peers { permanent_uuid: "4d2df1293ab14f98bf4865faeede741d" member_type: VOTER last_known_addr { host: "127.16.17.3" port: 35009 } }
I20260710 13:22:15.623805 17184 heartbeater.cc:499] Master 127.16.17.62:38083 was elected leader, sending a full tablet report...
I20260710 13:22:15.624320 17274 ts_tablet_manager.cc:1434] T 9a4e3f704f3441f8b6da246324859b8c P 54c20a7674ea4e318327c8df7c8fbd48: Time spent starting tablet: real 0.009s	user 0.009s	sys 0.000s
I20260710 13:22:15.624987 17275 tablet_bootstrap.cc:492] T 7fd60c96a8a3489d88633626593575b3 P 4d2df1293ab14f98bf4865faeede741d: No bootstrap required, opened a new log
I20260710 13:22:15.625319 17274 tablet_bootstrap.cc:492] T 61e85175983a45c38446386c9b3b19e8 P 54c20a7674ea4e318327c8df7c8fbd48: Bootstrap starting.
I20260710 13:22:15.625550 17275 ts_tablet_manager.cc:1403] T 7fd60c96a8a3489d88633626593575b3 P 4d2df1293ab14f98bf4865faeede741d: Time spent bootstrapping tablet: real 0.051s	user 0.018s	sys 0.025s
I20260710 13:22:15.628647 17275 raft_consensus.cc:359] T 7fd60c96a8a3489d88633626593575b3 P 4d2df1293ab14f98bf4865faeede741d [term 0 FOLLOWER]: Replica starting. Triggering 0 pending ops. Active config: opid_index: -1 OBSOLETE_local: false peers { permanent_uuid: "bb5930373b394b00bd897aca15534cf3" member_type: VOTER last_known_addr { host: "127.16.17.1" port: 36531 } } peers { permanent_uuid: "54c20a7674ea4e318327c8df7c8fbd48" member_type: VOTER last_known_addr { host: "127.16.17.2" port: 42615 } } peers { permanent_uuid: "4d2df1293ab14f98bf4865faeede741d" member_type: VOTER last_known_addr { host: "127.16.17.3" port: 35009 } }
I20260710 13:22:15.629437 17275 raft_consensus.cc:385] T 7fd60c96a8a3489d88633626593575b3 P 4d2df1293ab14f98bf4865faeede741d [term 0 FOLLOWER]: Consensus starting up: Expiring failure detector timer to make a prompt election more likely
I20260710 13:22:15.629801 17275 raft_consensus.cc:740] T 7fd60c96a8a3489d88633626593575b3 P 4d2df1293ab14f98bf4865faeede741d [term 0 FOLLOWER]: Becoming Follower/Learner. State: Replica: 4d2df1293ab14f98bf4865faeede741d, State: Initialized, Role: FOLLOWER
I20260710 13:22:15.630695 17275 consensus_queue.cc:260] T 7fd60c96a8a3489d88633626593575b3 P 4d2df1293ab14f98bf4865faeede741d [NON_LEADER]: Queue going to NON_LEADER mode. State: All replicated index: 0, Majority replicated index: 0, Committed index: 0, Last appended: 0.0, Last appended by leader: 0, Current term: 0, Majority size: -1, State: 0, Mode: NON_LEADER, active raft config: opid_index: -1 OBSOLETE_local: false peers { permanent_uuid: "bb5930373b394b00bd897aca15534cf3" member_type: VOTER last_known_addr { host: "127.16.17.1" port: 36531 } } peers { permanent_uuid: "54c20a7674ea4e318327c8df7c8fbd48" member_type: VOTER last_known_addr { host: "127.16.17.2" port: 42615 } } peers { permanent_uuid: "4d2df1293ab14f98bf4865faeede741d" member_type: VOTER last_known_addr { host: "127.16.17.3" port: 35009 } }
I20260710 13:22:15.631839 17274 tablet_bootstrap.cc:654] T 61e85175983a45c38446386c9b3b19e8 P 54c20a7674ea4e318327c8df7c8fbd48: Neither blocks nor log segments found. Creating new log.
I20260710 13:22:15.637615 17273 tablet_bootstrap.cc:654] T 2abb297943864e9d9d099835f9279850 P bb5930373b394b00bd897aca15534cf3: Neither blocks nor log segments found. Creating new log.
I20260710 13:22:15.639998 17275 ts_tablet_manager.cc:1434] T 7fd60c96a8a3489d88633626593575b3 P 4d2df1293ab14f98bf4865faeede741d: Time spent starting tablet: real 0.014s	user 0.005s	sys 0.007s
I20260710 13:22:15.641119 17274 tablet_bootstrap.cc:492] T 61e85175983a45c38446386c9b3b19e8 P 54c20a7674ea4e318327c8df7c8fbd48: No bootstrap required, opened a new log
I20260710 13:22:15.641613 17274 ts_tablet_manager.cc:1403] T 61e85175983a45c38446386c9b3b19e8 P 54c20a7674ea4e318327c8df7c8fbd48: Time spent bootstrapping tablet: real 0.017s	user 0.013s	sys 0.002s
I20260710 13:22:15.642627 17258 heartbeater.cc:499] Master 127.16.17.62:38083 was elected leader, sending a full tablet report...
I20260710 13:22:15.644353 17274 raft_consensus.cc:359] T 61e85175983a45c38446386c9b3b19e8 P 54c20a7674ea4e318327c8df7c8fbd48 [term 0 FOLLOWER]: Replica starting. Triggering 0 pending ops. Active config: opid_index: -1 OBSOLETE_local: false peers { permanent_uuid: "bb5930373b394b00bd897aca15534cf3" member_type: VOTER last_known_addr { host: "127.16.17.1" port: 36531 } } peers { permanent_uuid: "54c20a7674ea4e318327c8df7c8fbd48" member_type: VOTER last_known_addr { host: "127.16.17.2" port: 42615 } } peers { permanent_uuid: "4d2df1293ab14f98bf4865faeede741d" member_type: VOTER last_known_addr { host: "127.16.17.3" port: 35009 } }
I20260710 13:22:15.645076 17274 raft_consensus.cc:385] T 61e85175983a45c38446386c9b3b19e8 P 54c20a7674ea4e318327c8df7c8fbd48 [term 0 FOLLOWER]: Consensus starting up: Expiring failure detector timer to make a prompt election more likely
I20260710 13:22:15.645397 17274 raft_consensus.cc:740] T 61e85175983a45c38446386c9b3b19e8 P 54c20a7674ea4e318327c8df7c8fbd48 [term 0 FOLLOWER]: Becoming Follower/Learner. State: Replica: 54c20a7674ea4e318327c8df7c8fbd48, State: Initialized, Role: FOLLOWER
I20260710 13:22:15.646664 17275 tablet_bootstrap.cc:492] T 9a4e3f704f3441f8b6da246324859b8c P 4d2df1293ab14f98bf4865faeede741d: Bootstrap starting.
I20260710 13:22:15.646297 17274 consensus_queue.cc:260] T 61e85175983a45c38446386c9b3b19e8 P 54c20a7674ea4e318327c8df7c8fbd48 [NON_LEADER]: Queue going to NON_LEADER mode. State: All replicated index: 0, Majority replicated index: 0, Committed index: 0, Last appended: 0.0, Last appended by leader: 0, Current term: 0, Majority size: -1, State: 0, Mode: NON_LEADER, active raft config: opid_index: -1 OBSOLETE_local: false peers { permanent_uuid: "bb5930373b394b00bd897aca15534cf3" member_type: VOTER last_known_addr { host: "127.16.17.1" port: 36531 } } peers { permanent_uuid: "54c20a7674ea4e318327c8df7c8fbd48" member_type: VOTER last_known_addr { host: "127.16.17.2" port: 42615 } } peers { permanent_uuid: "4d2df1293ab14f98bf4865faeede741d" member_type: VOTER last_known_addr { host: "127.16.17.3" port: 35009 } }
I20260710 13:22:15.648669 17274 ts_tablet_manager.cc:1434] T 61e85175983a45c38446386c9b3b19e8 P 54c20a7674ea4e318327c8df7c8fbd48: Time spent starting tablet: real 0.007s	user 0.006s	sys 0.000s
I20260710 13:22:15.649712 17274 tablet_bootstrap.cc:492] T 9833286f1c2d43dba102e781356fd6d1 P 54c20a7674ea4e318327c8df7c8fbd48: Bootstrap starting.
I20260710 13:22:15.655000 17275 tablet_bootstrap.cc:654] T 9a4e3f704f3441f8b6da246324859b8c P 4d2df1293ab14f98bf4865faeede741d: Neither blocks nor log segments found. Creating new log.
I20260710 13:22:15.656402 17274 tablet_bootstrap.cc:654] T 9833286f1c2d43dba102e781356fd6d1 P 54c20a7674ea4e318327c8df7c8fbd48: Neither blocks nor log segments found. Creating new log.
I20260710 13:22:15.666741 17273 tablet_bootstrap.cc:492] T 2abb297943864e9d9d099835f9279850 P bb5930373b394b00bd897aca15534cf3: No bootstrap required, opened a new log
I20260710 13:22:15.667309 17273 ts_tablet_manager.cc:1403] T 2abb297943864e9d9d099835f9279850 P bb5930373b394b00bd897aca15534cf3: Time spent bootstrapping tablet: real 0.081s	user 0.013s	sys 0.016s
I20260710 13:22:15.667547 17275 tablet_bootstrap.cc:492] T 9a4e3f704f3441f8b6da246324859b8c P 4d2df1293ab14f98bf4865faeede741d: No bootstrap required, opened a new log
I20260710 13:22:15.668001 17275 ts_tablet_manager.cc:1403] T 9a4e3f704f3441f8b6da246324859b8c P 4d2df1293ab14f98bf4865faeede741d: Time spent bootstrapping tablet: real 0.022s	user 0.008s	sys 0.008s
I20260710 13:22:15.670475 17273 raft_consensus.cc:359] T 2abb297943864e9d9d099835f9279850 P bb5930373b394b00bd897aca15534cf3 [term 0 FOLLOWER]: Replica starting. Triggering 0 pending ops. Active config: opid_index: -1 OBSOLETE_local: false peers { permanent_uuid: "bb5930373b394b00bd897aca15534cf3" member_type: VOTER last_known_addr { host: "127.16.17.1" port: 36531 } } peers { permanent_uuid: "54c20a7674ea4e318327c8df7c8fbd48" member_type: VOTER last_known_addr { host: "127.16.17.2" port: 42615 } } peers { permanent_uuid: "4d2df1293ab14f98bf4865faeede741d" member_type: VOTER last_known_addr { host: "127.16.17.3" port: 35009 } }
I20260710 13:22:15.670789 17275 raft_consensus.cc:359] T 9a4e3f704f3441f8b6da246324859b8c P 4d2df1293ab14f98bf4865faeede741d [term 0 FOLLOWER]: Replica starting. Triggering 0 pending ops. Active config: opid_index: -1 OBSOLETE_local: false peers { permanent_uuid: "bb5930373b394b00bd897aca15534cf3" member_type: VOTER last_known_addr { host: "127.16.17.1" port: 36531 } } peers { permanent_uuid: "54c20a7674ea4e318327c8df7c8fbd48" member_type: VOTER last_known_addr { host: "127.16.17.2" port: 42615 } } peers { permanent_uuid: "4d2df1293ab14f98bf4865faeede741d" member_type: VOTER last_known_addr { host: "127.16.17.3" port: 35009 } }
I20260710 13:22:15.671310 17273 raft_consensus.cc:385] T 2abb297943864e9d9d099835f9279850 P bb5930373b394b00bd897aca15534cf3 [term 0 FOLLOWER]: Consensus starting up: Expiring failure detector timer to make a prompt election more likely
I20260710 13:22:15.671811 17273 raft_consensus.cc:740] T 2abb297943864e9d9d099835f9279850 P bb5930373b394b00bd897aca15534cf3 [term 0 FOLLOWER]: Becoming Follower/Learner. State: Replica: bb5930373b394b00bd897aca15534cf3, State: Initialized, Role: FOLLOWER
I20260710 13:22:15.671432 17275 raft_consensus.cc:385] T 9a4e3f704f3441f8b6da246324859b8c P 4d2df1293ab14f98bf4865faeede741d [term 0 FOLLOWER]: Consensus starting up: Expiring failure detector timer to make a prompt election more likely
I20260710 13:22:15.672958 17275 raft_consensus.cc:740] T 9a4e3f704f3441f8b6da246324859b8c P 4d2df1293ab14f98bf4865faeede741d [term 0 FOLLOWER]: Becoming Follower/Learner. State: Replica: 4d2df1293ab14f98bf4865faeede741d, State: Initialized, Role: FOLLOWER
I20260710 13:22:15.672663 17273 consensus_queue.cc:260] T 2abb297943864e9d9d099835f9279850 P bb5930373b394b00bd897aca15534cf3 [NON_LEADER]: Queue going to NON_LEADER mode. State: All replicated index: 0, Majority replicated index: 0, Committed index: 0, Last appended: 0.0, Last appended by leader: 0, Current term: 0, Majority size: -1, State: 0, Mode: NON_LEADER, active raft config: opid_index: -1 OBSOLETE_local: false peers { permanent_uuid: "bb5930373b394b00bd897aca15534cf3" member_type: VOTER last_known_addr { host: "127.16.17.1" port: 36531 } } peers { permanent_uuid: "54c20a7674ea4e318327c8df7c8fbd48" member_type: VOTER last_known_addr { host: "127.16.17.2" port: 42615 } } peers { permanent_uuid: "4d2df1293ab14f98bf4865faeede741d" member_type: VOTER last_known_addr { host: "127.16.17.3" port: 35009 } }
I20260710 13:22:15.673913 17275 consensus_queue.cc:260] T 9a4e3f704f3441f8b6da246324859b8c P 4d2df1293ab14f98bf4865faeede741d [NON_LEADER]: Queue going to NON_LEADER mode. State: All replicated index: 0, Majority replicated index: 0, Committed index: 0, Last appended: 0.0, Last appended by leader: 0, Current term: 0, Majority size: -1, State: 0, Mode: NON_LEADER, active raft config: opid_index: -1 OBSOLETE_local: false peers { permanent_uuid: "bb5930373b394b00bd897aca15534cf3" member_type: VOTER last_known_addr { host: "127.16.17.1" port: 36531 } } peers { permanent_uuid: "54c20a7674ea4e318327c8df7c8fbd48" member_type: VOTER last_known_addr { host: "127.16.17.2" port: 42615 } } peers { permanent_uuid: "4d2df1293ab14f98bf4865faeede741d" member_type: VOTER last_known_addr { host: "127.16.17.3" port: 35009 } }
I20260710 13:22:15.676115 17109 heartbeater.cc:499] Master 127.16.17.62:38083 was elected leader, sending a full tablet report...
I20260710 13:22:15.676469 17275 ts_tablet_manager.cc:1434] T 9a4e3f704f3441f8b6da246324859b8c P 4d2df1293ab14f98bf4865faeede741d: Time spent starting tablet: real 0.008s	user 0.006s	sys 0.000s
I20260710 13:22:15.676575 17273 ts_tablet_manager.cc:1434] T 2abb297943864e9d9d099835f9279850 P bb5930373b394b00bd897aca15534cf3: Time spent starting tablet: real 0.009s	user 0.008s	sys 0.000s
I20260710 13:22:15.677590 17275 tablet_bootstrap.cc:492] T 9833286f1c2d43dba102e781356fd6d1 P 4d2df1293ab14f98bf4865faeede741d: Bootstrap starting.
I20260710 13:22:15.677590 17273 tablet_bootstrap.cc:492] T a84596ac6d3747169770483e3ec61cbf P bb5930373b394b00bd897aca15534cf3: Bootstrap starting.
I20260710 13:22:15.674691 17274 tablet_bootstrap.cc:492] T 9833286f1c2d43dba102e781356fd6d1 P 54c20a7674ea4e318327c8df7c8fbd48: No bootstrap required, opened a new log
I20260710 13:22:15.679432 17274 ts_tablet_manager.cc:1403] T 9833286f1c2d43dba102e781356fd6d1 P 54c20a7674ea4e318327c8df7c8fbd48: Time spent bootstrapping tablet: real 0.030s	user 0.020s	sys 0.002s
I20260710 13:22:15.682518 17274 raft_consensus.cc:359] T 9833286f1c2d43dba102e781356fd6d1 P 54c20a7674ea4e318327c8df7c8fbd48 [term 0 FOLLOWER]: Replica starting. Triggering 0 pending ops. Active config: opid_index: -1 OBSOLETE_local: false peers { permanent_uuid: "bb5930373b394b00bd897aca15534cf3" member_type: VOTER last_known_addr { host: "127.16.17.1" port: 36531 } } peers { permanent_uuid: "54c20a7674ea4e318327c8df7c8fbd48" member_type: VOTER last_known_addr { host: "127.16.17.2" port: 42615 } } peers { permanent_uuid: "4d2df1293ab14f98bf4865faeede741d" member_type: VOTER last_known_addr { host: "127.16.17.3" port: 35009 } }
I20260710 13:22:15.683185 17274 raft_consensus.cc:385] T 9833286f1c2d43dba102e781356fd6d1 P 54c20a7674ea4e318327c8df7c8fbd48 [term 0 FOLLOWER]: Consensus starting up: Expiring failure detector timer to make a prompt election more likely
I20260710 13:22:15.683502 17274 raft_consensus.cc:740] T 9833286f1c2d43dba102e781356fd6d1 P 54c20a7674ea4e318327c8df7c8fbd48 [term 0 FOLLOWER]: Becoming Follower/Learner. State: Replica: 54c20a7674ea4e318327c8df7c8fbd48, State: Initialized, Role: FOLLOWER
I20260710 13:22:15.683998 17273 tablet_bootstrap.cc:654] T a84596ac6d3747169770483e3ec61cbf P bb5930373b394b00bd897aca15534cf3: Neither blocks nor log segments found. Creating new log.
I20260710 13:22:15.683998 17275 tablet_bootstrap.cc:654] T 9833286f1c2d43dba102e781356fd6d1 P 4d2df1293ab14f98bf4865faeede741d: Neither blocks nor log segments found. Creating new log.
I20260710 13:22:15.687991 17274 consensus_queue.cc:260] T 9833286f1c2d43dba102e781356fd6d1 P 54c20a7674ea4e318327c8df7c8fbd48 [NON_LEADER]: Queue going to NON_LEADER mode. State: All replicated index: 0, Majority replicated index: 0, Committed index: 0, Last appended: 0.0, Last appended by leader: 0, Current term: 0, Majority size: -1, State: 0, Mode: NON_LEADER, active raft config: opid_index: -1 OBSOLETE_local: false peers { permanent_uuid: "bb5930373b394b00bd897aca15534cf3" member_type: VOTER last_known_addr { host: "127.16.17.1" port: 36531 } } peers { permanent_uuid: "54c20a7674ea4e318327c8df7c8fbd48" member_type: VOTER last_known_addr { host: "127.16.17.2" port: 42615 } } peers { permanent_uuid: "4d2df1293ab14f98bf4865faeede741d" member_type: VOTER last_known_addr { host: "127.16.17.3" port: 35009 } }
I20260710 13:22:15.694057 17274 ts_tablet_manager.cc:1434] T 9833286f1c2d43dba102e781356fd6d1 P 54c20a7674ea4e318327c8df7c8fbd48: Time spent starting tablet: real 0.014s	user 0.006s	sys 0.000s
I20260710 13:22:15.694540 17278 raft_consensus.cc:493] T 9a4e3f704f3441f8b6da246324859b8c P 54c20a7674ea4e318327c8df7c8fbd48 [term 0 FOLLOWER]: Starting pre-election (no leader contacted us within the election timeout)
I20260710 13:22:15.695051 17278 raft_consensus.cc:515] T 9a4e3f704f3441f8b6da246324859b8c P 54c20a7674ea4e318327c8df7c8fbd48 [term 0 FOLLOWER]: Starting pre-election with config: opid_index: -1 OBSOLETE_local: false peers { permanent_uuid: "bb5930373b394b00bd897aca15534cf3" member_type: VOTER last_known_addr { host: "127.16.17.1" port: 36531 } } peers { permanent_uuid: "54c20a7674ea4e318327c8df7c8fbd48" member_type: VOTER last_known_addr { host: "127.16.17.2" port: 42615 } } peers { permanent_uuid: "4d2df1293ab14f98bf4865faeede741d" member_type: VOTER last_known_addr { host: "127.16.17.3" port: 35009 } }
I20260710 13:22:15.697031 17273 tablet_bootstrap.cc:492] T a84596ac6d3747169770483e3ec61cbf P bb5930373b394b00bd897aca15534cf3: No bootstrap required, opened a new log
I20260710 13:22:15.697582 17273 ts_tablet_manager.cc:1403] T a84596ac6d3747169770483e3ec61cbf P bb5930373b394b00bd897aca15534cf3: Time spent bootstrapping tablet: real 0.020s	user 0.014s	sys 0.003s
I20260710 13:22:15.698264 17275 tablet_bootstrap.cc:492] T 9833286f1c2d43dba102e781356fd6d1 P 4d2df1293ab14f98bf4865faeede741d: No bootstrap required, opened a new log
I20260710 13:22:15.698757 17275 ts_tablet_manager.cc:1403] T 9833286f1c2d43dba102e781356fd6d1 P 4d2df1293ab14f98bf4865faeede741d: Time spent bootstrapping tablet: real 0.021s	user 0.011s	sys 0.006s
I20260710 13:22:15.700654 17273 raft_consensus.cc:359] T a84596ac6d3747169770483e3ec61cbf P bb5930373b394b00bd897aca15534cf3 [term 0 FOLLOWER]: Replica starting. Triggering 0 pending ops. Active config: opid_index: -1 OBSOLETE_local: false peers { permanent_uuid: "bb5930373b394b00bd897aca15534cf3" member_type: VOTER last_known_addr { host: "127.16.17.1" port: 36531 } } peers { permanent_uuid: "54c20a7674ea4e318327c8df7c8fbd48" member_type: VOTER last_known_addr { host: "127.16.17.2" port: 42615 } } peers { permanent_uuid: "4d2df1293ab14f98bf4865faeede741d" member_type: VOTER last_known_addr { host: "127.16.17.3" port: 35009 } }
I20260710 13:22:15.701435 17273 raft_consensus.cc:385] T a84596ac6d3747169770483e3ec61cbf P bb5930373b394b00bd897aca15534cf3 [term 0 FOLLOWER]: Consensus starting up: Expiring failure detector timer to make a prompt election more likely
I20260710 13:22:15.701797 17273 raft_consensus.cc:740] T a84596ac6d3747169770483e3ec61cbf P bb5930373b394b00bd897aca15534cf3 [term 0 FOLLOWER]: Becoming Follower/Learner. State: Replica: bb5930373b394b00bd897aca15534cf3, State: Initialized, Role: FOLLOWER
I20260710 13:22:15.702287 17275 raft_consensus.cc:359] T 9833286f1c2d43dba102e781356fd6d1 P 4d2df1293ab14f98bf4865faeede741d [term 0 FOLLOWER]: Replica starting. Triggering 0 pending ops. Active config: opid_index: -1 OBSOLETE_local: false peers { permanent_uuid: "bb5930373b394b00bd897aca15534cf3" member_type: VOTER last_known_addr { host: "127.16.17.1" port: 36531 } } peers { permanent_uuid: "54c20a7674ea4e318327c8df7c8fbd48" member_type: VOTER last_known_addr { host: "127.16.17.2" port: 42615 } } peers { permanent_uuid: "4d2df1293ab14f98bf4865faeede741d" member_type: VOTER last_known_addr { host: "127.16.17.3" port: 35009 } }
I20260710 13:22:15.702692 17273 consensus_queue.cc:260] T a84596ac6d3747169770483e3ec61cbf P bb5930373b394b00bd897aca15534cf3 [NON_LEADER]: Queue going to NON_LEADER mode. State: All replicated index: 0, Majority replicated index: 0, Committed index: 0, Last appended: 0.0, Last appended by leader: 0, Current term: 0, Majority size: -1, State: 0, Mode: NON_LEADER, active raft config: opid_index: -1 OBSOLETE_local: false peers { permanent_uuid: "bb5930373b394b00bd897aca15534cf3" member_type: VOTER last_known_addr { host: "127.16.17.1" port: 36531 } } peers { permanent_uuid: "54c20a7674ea4e318327c8df7c8fbd48" member_type: VOTER last_known_addr { host: "127.16.17.2" port: 42615 } } peers { permanent_uuid: "4d2df1293ab14f98bf4865faeede741d" member_type: VOTER last_known_addr { host: "127.16.17.3" port: 35009 } }
I20260710 13:22:15.703297 17275 raft_consensus.cc:385] T 9833286f1c2d43dba102e781356fd6d1 P 4d2df1293ab14f98bf4865faeede741d [term 0 FOLLOWER]: Consensus starting up: Expiring failure detector timer to make a prompt election more likely
I20260710 13:22:15.703403 17278 leader_election.cc:290] T 9a4e3f704f3441f8b6da246324859b8c P 54c20a7674ea4e318327c8df7c8fbd48 [CANDIDATE]: Term 1 pre-election: Requested pre-vote from peers bb5930373b394b00bd897aca15534cf3 (127.16.17.1:36531), 4d2df1293ab14f98bf4865faeede741d (127.16.17.3:35009)
I20260710 13:22:15.703775 17275 raft_consensus.cc:740] T 9833286f1c2d43dba102e781356fd6d1 P 4d2df1293ab14f98bf4865faeede741d [term 0 FOLLOWER]: Becoming Follower/Learner. State: Replica: 4d2df1293ab14f98bf4865faeede741d, State: Initialized, Role: FOLLOWER
I20260710 13:22:15.696576 17274 tablet_bootstrap.cc:492] T cf3b02115d22461b873231832c0f48c9 P 54c20a7674ea4e318327c8df7c8fbd48: Bootstrap starting.
I20260710 13:22:15.704666 17275 consensus_queue.cc:260] T 9833286f1c2d43dba102e781356fd6d1 P 4d2df1293ab14f98bf4865faeede741d [NON_LEADER]: Queue going to NON_LEADER mode. State: All replicated index: 0, Majority replicated index: 0, Committed index: 0, Last appended: 0.0, Last appended by leader: 0, Current term: 0, Majority size: -1, State: 0, Mode: NON_LEADER, active raft config: opid_index: -1 OBSOLETE_local: false peers { permanent_uuid: "bb5930373b394b00bd897aca15534cf3" member_type: VOTER last_known_addr { host: "127.16.17.1" port: 36531 } } peers { permanent_uuid: "54c20a7674ea4e318327c8df7c8fbd48" member_type: VOTER last_known_addr { host: "127.16.17.2" port: 42615 } } peers { permanent_uuid: "4d2df1293ab14f98bf4865faeede741d" member_type: VOTER last_known_addr { host: "127.16.17.3" port: 35009 } }
I20260710 13:22:15.705813 17273 ts_tablet_manager.cc:1434] T a84596ac6d3747169770483e3ec61cbf P bb5930373b394b00bd897aca15534cf3: Time spent starting tablet: real 0.008s	user 0.007s	sys 0.000s
I20260710 13:22:15.707115 17273 tablet_bootstrap.cc:492] T 139300ab5a004850ac73969c8115b1df P bb5930373b394b00bd897aca15534cf3: Bootstrap starting.
I20260710 13:22:15.709470 17275 ts_tablet_manager.cc:1434] T 9833286f1c2d43dba102e781356fd6d1 P 4d2df1293ab14f98bf4865faeede741d: Time spent starting tablet: real 0.010s	user 0.010s	sys 0.000s
I20260710 13:22:15.710515 17275 tablet_bootstrap.cc:492] T a84596ac6d3747169770483e3ec61cbf P 4d2df1293ab14f98bf4865faeede741d: Bootstrap starting.
I20260710 13:22:15.715111 17273 tablet_bootstrap.cc:654] T 139300ab5a004850ac73969c8115b1df P bb5930373b394b00bd897aca15534cf3: Neither blocks nor log segments found. Creating new log.
I20260710 13:22:15.718094 17275 tablet_bootstrap.cc:654] T a84596ac6d3747169770483e3ec61cbf P 4d2df1293ab14f98bf4865faeede741d: Neither blocks nor log segments found. Creating new log.
I20260710 13:22:15.722695 17274 tablet_bootstrap.cc:654] T cf3b02115d22461b873231832c0f48c9 P 54c20a7674ea4e318327c8df7c8fbd48: Neither blocks nor log segments found. Creating new log.
I20260710 13:22:15.724509 17273 tablet_bootstrap.cc:492] T 139300ab5a004850ac73969c8115b1df P bb5930373b394b00bd897aca15534cf3: No bootstrap required, opened a new log
I20260710 13:22:15.725140 17273 ts_tablet_manager.cc:1403] T 139300ab5a004850ac73969c8115b1df P bb5930373b394b00bd897aca15534cf3: Time spent bootstrapping tablet: real 0.018s	user 0.013s	sys 0.004s
I20260710 13:22:15.728600 17273 raft_consensus.cc:359] T 139300ab5a004850ac73969c8115b1df P bb5930373b394b00bd897aca15534cf3 [term 0 FOLLOWER]: Replica starting. Triggering 0 pending ops. Active config: opid_index: -1 OBSOLETE_local: false peers { permanent_uuid: "bb5930373b394b00bd897aca15534cf3" member_type: VOTER last_known_addr { host: "127.16.17.1" port: 36531 } } peers { permanent_uuid: "4d2df1293ab14f98bf4865faeede741d" member_type: VOTER last_known_addr { host: "127.16.17.3" port: 35009 } } peers { permanent_uuid: "54c20a7674ea4e318327c8df7c8fbd48" member_type: VOTER last_known_addr { host: "127.16.17.2" port: 42615 } }
I20260710 13:22:15.729703 17273 raft_consensus.cc:385] T 139300ab5a004850ac73969c8115b1df P bb5930373b394b00bd897aca15534cf3 [term 0 FOLLOWER]: Consensus starting up: Expiring failure detector timer to make a prompt election more likely
I20260710 13:22:15.730105 17273 raft_consensus.cc:740] T 139300ab5a004850ac73969c8115b1df P bb5930373b394b00bd897aca15534cf3 [term 0 FOLLOWER]: Becoming Follower/Learner. State: Replica: bb5930373b394b00bd897aca15534cf3, State: Initialized, Role: FOLLOWER
I20260710 13:22:15.740998 17274 tablet_bootstrap.cc:492] T cf3b02115d22461b873231832c0f48c9 P 54c20a7674ea4e318327c8df7c8fbd48: No bootstrap required, opened a new log
I20260710 13:22:15.731063 17273 consensus_queue.cc:260] T 139300ab5a004850ac73969c8115b1df P bb5930373b394b00bd897aca15534cf3 [NON_LEADER]: Queue going to NON_LEADER mode. State: All replicated index: 0, Majority replicated index: 0, Committed index: 0, Last appended: 0.0, Last appended by leader: 0, Current term: 0, Majority size: -1, State: 0, Mode: NON_LEADER, active raft config: opid_index: -1 OBSOLETE_local: false peers { permanent_uuid: "bb5930373b394b00bd897aca15534cf3" member_type: VOTER last_known_addr { host: "127.16.17.1" port: 36531 } } peers { permanent_uuid: "4d2df1293ab14f98bf4865faeede741d" member_type: VOTER last_known_addr { host: "127.16.17.3" port: 35009 } } peers { permanent_uuid: "54c20a7674ea4e318327c8df7c8fbd48" member_type: VOTER last_known_addr { host: "127.16.17.2" port: 42615 } }
I20260710 13:22:15.741762 17274 ts_tablet_manager.cc:1403] T cf3b02115d22461b873231832c0f48c9 P 54c20a7674ea4e318327c8df7c8fbd48: Time spent bootstrapping tablet: real 0.046s	user 0.015s	sys 0.000s
I20260710 13:22:15.743479 17273 ts_tablet_manager.cc:1434] T 139300ab5a004850ac73969c8115b1df P bb5930373b394b00bd897aca15534cf3: Time spent starting tablet: real 0.018s	user 0.004s	sys 0.002s
I20260710 13:22:15.744508 17273 tablet_bootstrap.cc:492] T f5ab2365f5554065b34fb791255d793b P bb5930373b394b00bd897aca15534cf3: Bootstrap starting.
I20260710 13:22:15.744824 17274 raft_consensus.cc:359] T cf3b02115d22461b873231832c0f48c9 P 54c20a7674ea4e318327c8df7c8fbd48 [term 0 FOLLOWER]: Replica starting. Triggering 0 pending ops. Active config: opid_index: -1 OBSOLETE_local: false peers { permanent_uuid: "bb5930373b394b00bd897aca15534cf3" member_type: VOTER last_known_addr { host: "127.16.17.1" port: 36531 } } peers { permanent_uuid: "54c20a7674ea4e318327c8df7c8fbd48" member_type: VOTER last_known_addr { host: "127.16.17.2" port: 42615 } } peers { permanent_uuid: "4d2df1293ab14f98bf4865faeede741d" member_type: VOTER last_known_addr { host: "127.16.17.3" port: 35009 } }
I20260710 13:22:15.745628 17274 raft_consensus.cc:385] T cf3b02115d22461b873231832c0f48c9 P 54c20a7674ea4e318327c8df7c8fbd48 [term 0 FOLLOWER]: Consensus starting up: Expiring failure detector timer to make a prompt election more likely
I20260710 13:22:15.745947 17274 raft_consensus.cc:740] T cf3b02115d22461b873231832c0f48c9 P 54c20a7674ea4e318327c8df7c8fbd48 [term 0 FOLLOWER]: Becoming Follower/Learner. State: Replica: 54c20a7674ea4e318327c8df7c8fbd48, State: Initialized, Role: FOLLOWER
I20260710 13:22:15.746898 17274 consensus_queue.cc:260] T cf3b02115d22461b873231832c0f48c9 P 54c20a7674ea4e318327c8df7c8fbd48 [NON_LEADER]: Queue going to NON_LEADER mode. State: All replicated index: 0, Majority replicated index: 0, Committed index: 0, Last appended: 0.0, Last appended by leader: 0, Current term: 0, Majority size: -1, State: 0, Mode: NON_LEADER, active raft config: opid_index: -1 OBSOLETE_local: false peers { permanent_uuid: "bb5930373b394b00bd897aca15534cf3" member_type: VOTER last_known_addr { host: "127.16.17.1" port: 36531 } } peers { permanent_uuid: "54c20a7674ea4e318327c8df7c8fbd48" member_type: VOTER last_known_addr { host: "127.16.17.2" port: 42615 } } peers { permanent_uuid: "4d2df1293ab14f98bf4865faeede741d" member_type: VOTER last_known_addr { host: "127.16.17.3" port: 35009 } }
I20260710 13:22:15.747802 17275 tablet_bootstrap.cc:492] T a84596ac6d3747169770483e3ec61cbf P 4d2df1293ab14f98bf4865faeede741d: No bootstrap required, opened a new log
I20260710 13:22:15.748337 17275 ts_tablet_manager.cc:1403] T a84596ac6d3747169770483e3ec61cbf P 4d2df1293ab14f98bf4865faeede741d: Time spent bootstrapping tablet: real 0.038s	user 0.015s	sys 0.018s
I20260710 13:22:15.749224 17274 ts_tablet_manager.cc:1434] T cf3b02115d22461b873231832c0f48c9 P 54c20a7674ea4e318327c8df7c8fbd48: Time spent starting tablet: real 0.007s	user 0.005s	sys 0.000s
I20260710 13:22:15.750380 17274 tablet_bootstrap.cc:492] T 8620bdef8bbe42df91e74fafc3583a27 P 54c20a7674ea4e318327c8df7c8fbd48: Bootstrap starting.
I20260710 13:22:15.751653 17273 tablet_bootstrap.cc:654] T f5ab2365f5554065b34fb791255d793b P bb5930373b394b00bd897aca15534cf3: Neither blocks nor log segments found. Creating new log.
I20260710 13:22:15.751554 17275 raft_consensus.cc:359] T a84596ac6d3747169770483e3ec61cbf P 4d2df1293ab14f98bf4865faeede741d [term 0 FOLLOWER]: Replica starting. Triggering 0 pending ops. Active config: opid_index: -1 OBSOLETE_local: false peers { permanent_uuid: "bb5930373b394b00bd897aca15534cf3" member_type: VOTER last_known_addr { host: "127.16.17.1" port: 36531 } } peers { permanent_uuid: "54c20a7674ea4e318327c8df7c8fbd48" member_type: VOTER last_known_addr { host: "127.16.17.2" port: 42615 } } peers { permanent_uuid: "4d2df1293ab14f98bf4865faeede741d" member_type: VOTER last_known_addr { host: "127.16.17.3" port: 35009 } }
I20260710 13:22:15.752473 17275 raft_consensus.cc:385] T a84596ac6d3747169770483e3ec61cbf P 4d2df1293ab14f98bf4865faeede741d [term 0 FOLLOWER]: Consensus starting up: Expiring failure detector timer to make a prompt election more likely
I20260710 13:22:15.752836 17275 raft_consensus.cc:740] T a84596ac6d3747169770483e3ec61cbf P 4d2df1293ab14f98bf4865faeede741d [term 0 FOLLOWER]: Becoming Follower/Learner. State: Replica: 4d2df1293ab14f98bf4865faeede741d, State: Initialized, Role: FOLLOWER
I20260710 13:22:15.753750 17275 consensus_queue.cc:260] T a84596ac6d3747169770483e3ec61cbf P 4d2df1293ab14f98bf4865faeede741d [NON_LEADER]: Queue going to NON_LEADER mode. State: All replicated index: 0, Majority replicated index: 0, Committed index: 0, Last appended: 0.0, Last appended by leader: 0, Current term: 0, Majority size: -1, State: 0, Mode: NON_LEADER, active raft config: opid_index: -1 OBSOLETE_local: false peers { permanent_uuid: "bb5930373b394b00bd897aca15534cf3" member_type: VOTER last_known_addr { host: "127.16.17.1" port: 36531 } } peers { permanent_uuid: "54c20a7674ea4e318327c8df7c8fbd48" member_type: VOTER last_known_addr { host: "127.16.17.2" port: 42615 } } peers { permanent_uuid: "4d2df1293ab14f98bf4865faeede741d" member_type: VOTER last_known_addr { host: "127.16.17.3" port: 35009 } }
I20260710 13:22:15.756004 17275 ts_tablet_manager.cc:1434] T a84596ac6d3747169770483e3ec61cbf P 4d2df1293ab14f98bf4865faeede741d: Time spent starting tablet: real 0.007s	user 0.005s	sys 0.000s
I20260710 13:22:15.756994 17275 tablet_bootstrap.cc:492] T 8620bdef8bbe42df91e74fafc3583a27 P 4d2df1293ab14f98bf4865faeede741d: Bootstrap starting.
I20260710 13:22:15.757318 17274 tablet_bootstrap.cc:654] T 8620bdef8bbe42df91e74fafc3583a27 P 54c20a7674ea4e318327c8df7c8fbd48: Neither blocks nor log segments found. Creating new log.
I20260710 13:22:15.759523 17279 raft_consensus.cc:493] T 9a4e3f704f3441f8b6da246324859b8c P 4d2df1293ab14f98bf4865faeede741d [term 0 FOLLOWER]: Starting pre-election (no leader contacted us within the election timeout)
I20260710 13:22:15.760211 17279 raft_consensus.cc:515] T 9a4e3f704f3441f8b6da246324859b8c P 4d2df1293ab14f98bf4865faeede741d [term 0 FOLLOWER]: Starting pre-election with config: opid_index: -1 OBSOLETE_local: false peers { permanent_uuid: "bb5930373b394b00bd897aca15534cf3" member_type: VOTER last_known_addr { host: "127.16.17.1" port: 36531 } } peers { permanent_uuid: "54c20a7674ea4e318327c8df7c8fbd48" member_type: VOTER last_known_addr { host: "127.16.17.2" port: 42615 } } peers { permanent_uuid: "4d2df1293ab14f98bf4865faeede741d" member_type: VOTER last_known_addr { host: "127.16.17.3" port: 35009 } }
I20260710 13:22:15.763177 17279 leader_election.cc:290] T 9a4e3f704f3441f8b6da246324859b8c P 4d2df1293ab14f98bf4865faeede741d [CANDIDATE]: Term 1 pre-election: Requested pre-vote from peers bb5930373b394b00bd897aca15534cf3 (127.16.17.1:36531), 54c20a7674ea4e318327c8df7c8fbd48 (127.16.17.2:42615)
I20260710 13:22:15.764122 17275 tablet_bootstrap.cc:654] T 8620bdef8bbe42df91e74fafc3583a27 P 4d2df1293ab14f98bf4865faeede741d: Neither blocks nor log segments found. Creating new log.
I20260710 13:22:15.784523 17278 raft_consensus.cc:493] T 61e85175983a45c38446386c9b3b19e8 P 54c20a7674ea4e318327c8df7c8fbd48 [term 0 FOLLOWER]: Starting pre-election (no leader contacted us within the election timeout)
I20260710 13:22:15.789580 17278 raft_consensus.cc:515] T 61e85175983a45c38446386c9b3b19e8 P 54c20a7674ea4e318327c8df7c8fbd48 [term 0 FOLLOWER]: Starting pre-election with config: opid_index: -1 OBSOLETE_local: false peers { permanent_uuid: "bb5930373b394b00bd897aca15534cf3" member_type: VOTER last_known_addr { host: "127.16.17.1" port: 36531 } } peers { permanent_uuid: "54c20a7674ea4e318327c8df7c8fbd48" member_type: VOTER last_known_addr { host: "127.16.17.2" port: 42615 } } peers { permanent_uuid: "4d2df1293ab14f98bf4865faeede741d" member_type: VOTER last_known_addr { host: "127.16.17.3" port: 35009 } }
I20260710 13:22:15.791810 17278 leader_election.cc:290] T 61e85175983a45c38446386c9b3b19e8 P 54c20a7674ea4e318327c8df7c8fbd48 [CANDIDATE]: Term 1 pre-election: Requested pre-vote from peers bb5930373b394b00bd897aca15534cf3 (127.16.17.1:36531), 4d2df1293ab14f98bf4865faeede741d (127.16.17.3:35009)
I20260710 13:22:15.792869 17084 tablet_service.cc:1917] Received RequestConsensusVote() RPC: tablet_id: "9a4e3f704f3441f8b6da246324859b8c" candidate_uuid: "54c20a7674ea4e318327c8df7c8fbd48" candidate_term: 1 candidate_status { last_received { term: 0 index: 0 } } ignore_live_leader: false dest_uuid: "bb5930373b394b00bd897aca15534cf3" is_pre_election: true
W20260710 13:22:15.794462 17124 leader_election.cc:343] T 9a4e3f704f3441f8b6da246324859b8c P 54c20a7674ea4e318327c8df7c8fbd48 [CANDIDATE]: Term 1 pre-election: Tablet error from VoteRequest() call to peer bb5930373b394b00bd897aca15534cf3 (127.16.17.1:36531): Illegal state: must be running to vote when last-logged opid is not known
I20260710 13:22:15.794905 17084 tablet_service.cc:1917] Received RequestConsensusVote() RPC: tablet_id: "61e85175983a45c38446386c9b3b19e8" candidate_uuid: "54c20a7674ea4e318327c8df7c8fbd48" candidate_term: 1 candidate_status { last_received { term: 0 index: 0 } } ignore_live_leader: false dest_uuid: "bb5930373b394b00bd897aca15534cf3" is_pre_election: true
W20260710 13:22:15.796542 17124 leader_election.cc:343] T 61e85175983a45c38446386c9b3b19e8 P 54c20a7674ea4e318327c8df7c8fbd48 [CANDIDATE]: Term 1 pre-election: Tablet error from VoteRequest() call to peer bb5930373b394b00bd897aca15534cf3 (127.16.17.1:36531): Illegal state: must be running to vote when last-logged opid is not known
I20260710 13:22:15.792279 17278 raft_consensus.cc:493] T 9833286f1c2d43dba102e781356fd6d1 P 54c20a7674ea4e318327c8df7c8fbd48 [term 0 FOLLOWER]: Starting pre-election (no leader contacted us within the election timeout)
I20260710 13:22:15.802042 17278 raft_consensus.cc:515] T 9833286f1c2d43dba102e781356fd6d1 P 54c20a7674ea4e318327c8df7c8fbd48 [term 0 FOLLOWER]: Starting pre-election with config: opid_index: -1 OBSOLETE_local: false peers { permanent_uuid: "bb5930373b394b00bd897aca15534cf3" member_type: VOTER last_known_addr { host: "127.16.17.1" port: 36531 } } peers { permanent_uuid: "54c20a7674ea4e318327c8df7c8fbd48" member_type: VOTER last_known_addr { host: "127.16.17.2" port: 42615 } } peers { permanent_uuid: "4d2df1293ab14f98bf4865faeede741d" member_type: VOTER last_known_addr { host: "127.16.17.3" port: 35009 } }
I20260710 13:22:15.804144 17233 tablet_service.cc:1917] Received RequestConsensusVote() RPC: tablet_id: "9a4e3f704f3441f8b6da246324859b8c" candidate_uuid: "54c20a7674ea4e318327c8df7c8fbd48" candidate_term: 1 candidate_status { last_received { term: 0 index: 0 } } ignore_live_leader: false dest_uuid: "4d2df1293ab14f98bf4865faeede741d" is_pre_election: true
I20260710 13:22:15.804782 17233 raft_consensus.cc:2468] T 9a4e3f704f3441f8b6da246324859b8c P 4d2df1293ab14f98bf4865faeede741d [term 0 FOLLOWER]: Leader pre-election vote request: Granting yes vote for candidate 54c20a7674ea4e318327c8df7c8fbd48 in term 0.
I20260710 13:22:15.806059 17084 tablet_service.cc:1917] Received RequestConsensusVote() RPC: tablet_id: "9833286f1c2d43dba102e781356fd6d1" candidate_uuid: "54c20a7674ea4e318327c8df7c8fbd48" candidate_term: 1 candidate_status { last_received { term: 0 index: 0 } } ignore_live_leader: false dest_uuid: "bb5930373b394b00bd897aca15534cf3" is_pre_election: true
I20260710 13:22:15.806496 17233 tablet_service.cc:1917] Received RequestConsensusVote() RPC: tablet_id: "61e85175983a45c38446386c9b3b19e8" candidate_uuid: "54c20a7674ea4e318327c8df7c8fbd48" candidate_term: 1 candidate_status { last_received { term: 0 index: 0 } } ignore_live_leader: false dest_uuid: "4d2df1293ab14f98bf4865faeede741d" is_pre_election: true
I20260710 13:22:15.806603 17159 tablet_service.cc:1917] Received RequestConsensusVote() RPC: tablet_id: "9a4e3f704f3441f8b6da246324859b8c" candidate_uuid: "4d2df1293ab14f98bf4865faeede741d" candidate_term: 1 candidate_status { last_received { term: 0 index: 0 } } ignore_live_leader: false dest_uuid: "54c20a7674ea4e318327c8df7c8fbd48" is_pre_election: true
I20260710 13:22:15.807255 17159 raft_consensus.cc:2468] T 9a4e3f704f3441f8b6da246324859b8c P 54c20a7674ea4e318327c8df7c8fbd48 [term 0 FOLLOWER]: Leader pre-election vote request: Granting yes vote for candidate 4d2df1293ab14f98bf4865faeede741d in term 0.
W20260710 13:22:15.807778 17124 leader_election.cc:343] T 9833286f1c2d43dba102e781356fd6d1 P 54c20a7674ea4e318327c8df7c8fbd48 [CANDIDATE]: Term 1 pre-election: Tablet error from VoteRequest() call to peer bb5930373b394b00bd897aca15534cf3 (127.16.17.1:36531): Illegal state: must be running to vote when last-logged opid is not known
I20260710 13:22:15.808458 17123 leader_election.cc:304] T 9a4e3f704f3441f8b6da246324859b8c P 54c20a7674ea4e318327c8df7c8fbd48 [CANDIDATE]: Term 1 pre-election: Election decided. Result: candidate won. Election summary: received 3 responses out of 3 voters: 2 yes votes; 1 no votes. yes voters: 4d2df1293ab14f98bf4865faeede741d, 54c20a7674ea4e318327c8df7c8fbd48; no voters: bb5930373b394b00bd897aca15534cf3
I20260710 13:22:15.809773 17278 leader_election.cc:290] T 9833286f1c2d43dba102e781356fd6d1 P 54c20a7674ea4e318327c8df7c8fbd48 [CANDIDATE]: Term 1 pre-election: Requested pre-vote from peers bb5930373b394b00bd897aca15534cf3 (127.16.17.1:36531), 4d2df1293ab14f98bf4865faeede741d (127.16.17.3:35009)
I20260710 13:22:15.811919 17274 tablet_bootstrap.cc:492] T 8620bdef8bbe42df91e74fafc3583a27 P 54c20a7674ea4e318327c8df7c8fbd48: No bootstrap required, opened a new log
I20260710 13:22:15.812373 17274 ts_tablet_manager.cc:1403] T 8620bdef8bbe42df91e74fafc3583a27 P 54c20a7674ea4e318327c8df7c8fbd48: Time spent bootstrapping tablet: real 0.062s	user 0.014s	sys 0.009s
W20260710 13:22:15.814635 17123 leader_election.cc:343] T 61e85175983a45c38446386c9b3b19e8 P 54c20a7674ea4e318327c8df7c8fbd48 [CANDIDATE]: Term 1 pre-election: Tablet error from VoteRequest() call to peer 4d2df1293ab14f98bf4865faeede741d (127.16.17.3:35009): Illegal state: must be running to vote when last-logged opid is not known
