I20260710 13:15:19.620572  1743 raft_consensus.cc:740] T 08c9d8eca54449cba34c5fc2ce7bac7e P 1cda4c185cd84b6a8eeeed6287584e20 [term 0 FOLLOWER]: Becoming Follower/Learner. State: Replica: 1cda4c185cd84b6a8eeeed6287584e20, State: Initialized, Role: FOLLOWER
I20260710 13:15:19.621826  1743 consensus_queue.cc:260] T 08c9d8eca54449cba34c5fc2ce7bac7e P 1cda4c185cd84b6a8eeeed6287584e20 [NON_LEADER]: Queue going to NON_LEADER mode. State: All replicated index: 0, Majority replicated index: 0, Committed index: 0, Last appended: 0.0, Last appended by leader: 0, Current term: 0, Majority size: -1, State: 0, Mode: NON_LEADER, active raft config: opid_index: -1 OBSOLETE_local: false peers { permanent_uuid: "3313f17dc6d24d599d19dda9fceb7ab5" member_type: VOTER last_known_addr { host: "127.0.107.193" port: 36349 } } peers { permanent_uuid: "91d14742ab1e427cae3827b67453a3d2" member_type: VOTER last_known_addr { host: "127.0.107.194" port: 37737 } } peers { permanent_uuid: "1cda4c185cd84b6a8eeeed6287584e20" member_type: VOTER last_known_addr { host: "127.0.107.195" port: 41711 } }
I20260710 13:15:19.624434  1743 ts_tablet_manager.cc:1434] T 08c9d8eca54449cba34c5fc2ce7bac7e P 1cda4c185cd84b6a8eeeed6287584e20: Time spent starting tablet: real 0.009s	user 0.006s	sys 0.001s
I20260710 13:15:19.625517  1743 tablet_bootstrap.cc:492] T ce6c1855504c46b1ad2f48fcb6720ea1 P 1cda4c185cd84b6a8eeeed6287584e20: Bootstrap starting.
I20260710 13:15:19.629518  1742 tablet_bootstrap.cc:492] T 08c9d8eca54449cba34c5fc2ce7bac7e P 3313f17dc6d24d599d19dda9fceb7ab5: No bootstrap required, opened a new log
I20260710 13:15:19.630141  1742 ts_tablet_manager.cc:1403] T 08c9d8eca54449cba34c5fc2ce7bac7e P 3313f17dc6d24d599d19dda9fceb7ab5: Time spent bootstrapping tablet: real 0.024s	user 0.015s	sys 0.004s
I20260710 13:15:19.632126  1743 tablet_bootstrap.cc:654] T ce6c1855504c46b1ad2f48fcb6720ea1 P 1cda4c185cd84b6a8eeeed6287584e20: Neither blocks nor log segments found. Creating new log.
I20260710 13:15:19.633271  1742 raft_consensus.cc:359] T 08c9d8eca54449cba34c5fc2ce7bac7e P 3313f17dc6d24d599d19dda9fceb7ab5 [term 0 FOLLOWER]: Replica starting. Triggering 0 pending ops. Active config: opid_index: -1 OBSOLETE_local: false peers { permanent_uuid: "3313f17dc6d24d599d19dda9fceb7ab5" member_type: VOTER last_known_addr { host: "127.0.107.193" port: 36349 } } peers { permanent_uuid: "91d14742ab1e427cae3827b67453a3d2" member_type: VOTER last_known_addr { host: "127.0.107.194" port: 37737 } } peers { permanent_uuid: "1cda4c185cd84b6a8eeeed6287584e20" member_type: VOTER last_known_addr { host: "127.0.107.195" port: 41711 } }
I20260710 13:15:19.634121  1742 raft_consensus.cc:385] T 08c9d8eca54449cba34c5fc2ce7bac7e P 3313f17dc6d24d599d19dda9fceb7ab5 [term 0 FOLLOWER]: Consensus starting up: Expiring failure detector timer to make a prompt election more likely
I20260710 13:15:19.634475  1742 raft_consensus.cc:740] T 08c9d8eca54449cba34c5fc2ce7bac7e P 3313f17dc6d24d599d19dda9fceb7ab5 [term 0 FOLLOWER]: Becoming Follower/Learner. State: Replica: 3313f17dc6d24d599d19dda9fceb7ab5, State: Initialized, Role: FOLLOWER
I20260710 13:15:19.635511  1742 consensus_queue.cc:260] T 08c9d8eca54449cba34c5fc2ce7bac7e P 3313f17dc6d24d599d19dda9fceb7ab5 [NON_LEADER]: Queue going to NON_LEADER mode. State: All replicated index: 0, Majority replicated index: 0, Committed index: 0, Last appended: 0.0, Last appended by leader: 0, Current term: 0, Majority size: -1, State: 0, Mode: NON_LEADER, active raft config: opid_index: -1 OBSOLETE_local: false peers { permanent_uuid: "3313f17dc6d24d599d19dda9fceb7ab5" member_type: VOTER last_known_addr { host: "127.0.107.193" port: 36349 } } peers { permanent_uuid: "91d14742ab1e427cae3827b67453a3d2" member_type: VOTER last_known_addr { host: "127.0.107.194" port: 37737 } } peers { permanent_uuid: "1cda4c185cd84b6a8eeeed6287584e20" member_type: VOTER last_known_addr { host: "127.0.107.195" port: 41711 } }
I20260710 13:15:19.639046  1742 ts_tablet_manager.cc:1434] T 08c9d8eca54449cba34c5fc2ce7bac7e P 3313f17dc6d24d599d19dda9fceb7ab5: Time spent starting tablet: real 0.009s	user 0.006s	sys 0.000s
I20260710 13:15:19.640529  1742 tablet_bootstrap.cc:492] T 5a21aa4a35504a41b8921b8d8566bc8b P 3313f17dc6d24d599d19dda9fceb7ab5: Bootstrap starting.
I20260710 13:15:19.652588  1627 tablet_service.cc:1917] Received RequestConsensusVote() RPC: tablet_id: "67aa2505f7c4423680b050cb04d6ca07" candidate_uuid: "3313f17dc6d24d599d19dda9fceb7ab5" candidate_term: 1 candidate_status { last_received { term: 0 index: 0 } } ignore_live_leader: false dest_uuid: "91d14742ab1e427cae3827b67453a3d2" is_pre_election: true
I20260710 13:15:19.653573  1627 raft_consensus.cc:2468] T 67aa2505f7c4423680b050cb04d6ca07 P 91d14742ab1e427cae3827b67453a3d2 [term 0 FOLLOWER]: Leader pre-election vote request: Granting yes vote for candidate 3313f17dc6d24d599d19dda9fceb7ab5 in term 0.
I20260710 13:15:19.655716  1742 tablet_bootstrap.cc:654] T 5a21aa4a35504a41b8921b8d8566bc8b P 3313f17dc6d24d599d19dda9fceb7ab5: Neither blocks nor log segments found. Creating new log.
I20260710 13:15:19.655490  1627 tablet_service.cc:1917] Received RequestConsensusVote() RPC: tablet_id: "497a41e9aa624b80aee3e892861449ec" candidate_uuid: "1cda4c185cd84b6a8eeeed6287584e20" candidate_term: 1 candidate_status { last_received { term: 0 index: 0 } } ignore_live_leader: false dest_uuid: "91d14742ab1e427cae3827b67453a3d2" is_pre_election: true
I20260710 13:15:19.656363  1743 tablet_bootstrap.cc:492] T ce6c1855504c46b1ad2f48fcb6720ea1 P 1cda4c185cd84b6a8eeeed6287584e20: No bootstrap required, opened a new log
I20260710 13:15:19.656457  1627 raft_consensus.cc:2468] T 497a41e9aa624b80aee3e892861449ec P 91d14742ab1e427cae3827b67453a3d2 [term 0 FOLLOWER]: Leader pre-election vote request: Granting yes vote for candidate 1cda4c185cd84b6a8eeeed6287584e20 in term 0.
I20260710 13:15:19.657179  1743 ts_tablet_manager.cc:1403] T ce6c1855504c46b1ad2f48fcb6720ea1 P 1cda4c185cd84b6a8eeeed6287584e20: Time spent bootstrapping tablet: real 0.032s	user 0.011s	sys 0.017s
I20260710 13:15:19.658106  1515 leader_election.cc:304] T 67aa2505f7c4423680b050cb04d6ca07 P 3313f17dc6d24d599d19dda9fceb7ab5 [CANDIDATE]: Term 1 pre-election: Election decided. Result: candidate won. Election summary: received 3 responses out of 3 voters: 2 yes votes; 1 no votes. yes voters: 3313f17dc6d24d599d19dda9fceb7ab5, 91d14742ab1e427cae3827b67453a3d2; no voters: 1cda4c185cd84b6a8eeeed6287584e20
I20260710 13:15:19.659711  1747 raft_consensus.cc:2804] T 67aa2505f7c4423680b050cb04d6ca07 P 3313f17dc6d24d599d19dda9fceb7ab5 [term 0 FOLLOWER]: Leader pre-election won for term 1
I20260710 13:15:19.660225  1747 raft_consensus.cc:493] T 67aa2505f7c4423680b050cb04d6ca07 P 3313f17dc6d24d599d19dda9fceb7ab5 [term 0 FOLLOWER]: Starting leader election (no leader contacted us within the election timeout)
I20260710 13:15:19.660641  1747 raft_consensus.cc:3060] T 67aa2505f7c4423680b050cb04d6ca07 P 3313f17dc6d24d599d19dda9fceb7ab5 [term 0 FOLLOWER]: Advancing to term 1
I20260710 13:15:19.661458  1743 raft_consensus.cc:359] T ce6c1855504c46b1ad2f48fcb6720ea1 P 1cda4c185cd84b6a8eeeed6287584e20 [term 0 FOLLOWER]: Replica starting. Triggering 0 pending ops. Active config: opid_index: -1 OBSOLETE_local: false peers { permanent_uuid: "3313f17dc6d24d599d19dda9fceb7ab5" member_type: VOTER last_known_addr { host: "127.0.107.193" port: 36349 } } peers { permanent_uuid: "91d14742ab1e427cae3827b67453a3d2" member_type: VOTER last_known_addr { host: "127.0.107.194" port: 37737 } } peers { permanent_uuid: "1cda4c185cd84b6a8eeeed6287584e20" member_type: VOTER last_known_addr { host: "127.0.107.195" port: 41711 } }
I20260710 13:15:19.662559  1743 raft_consensus.cc:385] T ce6c1855504c46b1ad2f48fcb6720ea1 P 1cda4c185cd84b6a8eeeed6287584e20 [term 0 FOLLOWER]: Consensus starting up: Expiring failure detector timer to make a prompt election more likely
I20260710 13:15:19.663029  1743 raft_consensus.cc:740] T ce6c1855504c46b1ad2f48fcb6720ea1 P 1cda4c185cd84b6a8eeeed6287584e20 [term 0 FOLLOWER]: Becoming Follower/Learner. State: Replica: 1cda4c185cd84b6a8eeeed6287584e20, State: Initialized, Role: FOLLOWER
I20260710 13:15:19.664295  1743 consensus_queue.cc:260] T ce6c1855504c46b1ad2f48fcb6720ea1 P 1cda4c185cd84b6a8eeeed6287584e20 [NON_LEADER]: Queue going to NON_LEADER mode. State: All replicated index: 0, Majority replicated index: 0, Committed index: 0, Last appended: 0.0, Last appended by leader: 0, Current term: 0, Majority size: -1, State: 0, Mode: NON_LEADER, active raft config: opid_index: -1 OBSOLETE_local: false peers { permanent_uuid: "3313f17dc6d24d599d19dda9fceb7ab5" member_type: VOTER last_known_addr { host: "127.0.107.193" port: 36349 } } peers { permanent_uuid: "91d14742ab1e427cae3827b67453a3d2" member_type: VOTER last_known_addr { host: "127.0.107.194" port: 37737 } } peers { permanent_uuid: "1cda4c185cd84b6a8eeeed6287584e20" member_type: VOTER last_known_addr { host: "127.0.107.195" port: 41711 } }
I20260710 13:15:19.670866  1747 raft_consensus.cc:515] T 67aa2505f7c4423680b050cb04d6ca07 P 3313f17dc6d24d599d19dda9fceb7ab5 [term 1 FOLLOWER]: Starting leader election with config: opid_index: -1 OBSOLETE_local: false peers { permanent_uuid: "3313f17dc6d24d599d19dda9fceb7ab5" member_type: VOTER last_known_addr { host: "127.0.107.193" port: 36349 } } peers { permanent_uuid: "91d14742ab1e427cae3827b67453a3d2" member_type: VOTER last_known_addr { host: "127.0.107.194" port: 37737 } } peers { permanent_uuid: "1cda4c185cd84b6a8eeeed6287584e20" member_type: VOTER last_known_addr { host: "127.0.107.195" port: 41711 } }
I20260710 13:15:19.671947  1743 ts_tablet_manager.cc:1434] T ce6c1855504c46b1ad2f48fcb6720ea1 P 1cda4c185cd84b6a8eeeed6287584e20: Time spent starting tablet: real 0.014s	user 0.006s	sys 0.003s
I20260710 13:15:19.673483  1743 tablet_bootstrap.cc:492] T e6c77f4761624de49de2309177401351 P 1cda4c185cd84b6a8eeeed6287584e20: Bootstrap starting.
I20260710 13:15:19.676273  1742 tablet_bootstrap.cc:492] T 5a21aa4a35504a41b8921b8d8566bc8b P 3313f17dc6d24d599d19dda9fceb7ab5: No bootstrap required, opened a new log
I20260710 13:15:19.676754  1742 ts_tablet_manager.cc:1403] T 5a21aa4a35504a41b8921b8d8566bc8b P 3313f17dc6d24d599d19dda9fceb7ab5: Time spent bootstrapping tablet: real 0.037s	user 0.016s	sys 0.012s
I20260710 13:15:19.679570  1742 raft_consensus.cc:359] T 5a21aa4a35504a41b8921b8d8566bc8b P 3313f17dc6d24d599d19dda9fceb7ab5 [term 0 FOLLOWER]: Replica starting. Triggering 0 pending ops. Active config: opid_index: -1 OBSOLETE_local: false peers { permanent_uuid: "3313f17dc6d24d599d19dda9fceb7ab5" member_type: VOTER last_known_addr { host: "127.0.107.193" port: 36349 } } peers { permanent_uuid: "91d14742ab1e427cae3827b67453a3d2" member_type: VOTER last_known_addr { host: "127.0.107.194" port: 37737 } } peers { permanent_uuid: "1cda4c185cd84b6a8eeeed6287584e20" member_type: VOTER last_known_addr { host: "127.0.107.195" port: 41711 } }
I20260710 13:15:19.680253  1742 raft_consensus.cc:385] T 5a21aa4a35504a41b8921b8d8566bc8b P 3313f17dc6d24d599d19dda9fceb7ab5 [term 0 FOLLOWER]: Consensus starting up: Expiring failure detector timer to make a prompt election more likely
I20260710 13:15:19.680949  1742 raft_consensus.cc:740] T 5a21aa4a35504a41b8921b8d8566bc8b P 3313f17dc6d24d599d19dda9fceb7ab5 [term 0 FOLLOWER]: Becoming Follower/Learner. State: Replica: 3313f17dc6d24d599d19dda9fceb7ab5, State: Initialized, Role: FOLLOWER
I20260710 13:15:19.681617  1743 tablet_bootstrap.cc:654] T e6c77f4761624de49de2309177401351 P 1cda4c185cd84b6a8eeeed6287584e20: Neither blocks nor log segments found. Creating new log.
I20260710 13:15:19.681654  1664 leader_election.cc:304] T 497a41e9aa624b80aee3e892861449ec P 1cda4c185cd84b6a8eeeed6287584e20 [CANDIDATE]: Term 1 pre-election: Election decided. Result: candidate won. Election summary: received 3 responses out of 3 voters: 2 yes votes; 1 no votes. yes voters: 1cda4c185cd84b6a8eeeed6287584e20, 91d14742ab1e427cae3827b67453a3d2; no voters: 3313f17dc6d24d599d19dda9fceb7ab5
I20260710 13:15:19.681723  1742 consensus_queue.cc:260] T 5a21aa4a35504a41b8921b8d8566bc8b P 3313f17dc6d24d599d19dda9fceb7ab5 [NON_LEADER]: Queue going to NON_LEADER mode. State: All replicated index: 0, Majority replicated index: 0, Committed index: 0, Last appended: 0.0, Last appended by leader: 0, Current term: 0, Majority size: -1, State: 0, Mode: NON_LEADER, active raft config: opid_index: -1 OBSOLETE_local: false peers { permanent_uuid: "3313f17dc6d24d599d19dda9fceb7ab5" member_type: VOTER last_known_addr { host: "127.0.107.193" port: 36349 } } peers { permanent_uuid: "91d14742ab1e427cae3827b67453a3d2" member_type: VOTER last_known_addr { host: "127.0.107.194" port: 37737 } } peers { permanent_uuid: "1cda4c185cd84b6a8eeeed6287584e20" member_type: VOTER last_known_addr { host: "127.0.107.195" port: 41711 } }
I20260710 13:15:19.683379  1749 raft_consensus.cc:2804] T 497a41e9aa624b80aee3e892861449ec P 1cda4c185cd84b6a8eeeed6287584e20 [term 0 FOLLOWER]: Leader pre-election won for term 1
I20260710 13:15:19.683887  1749 raft_consensus.cc:493] T 497a41e9aa624b80aee3e892861449ec P 1cda4c185cd84b6a8eeeed6287584e20 [term 0 FOLLOWER]: Starting leader election (no leader contacted us within the election timeout)
I20260710 13:15:19.684314  1749 raft_consensus.cc:3060] T 497a41e9aa624b80aee3e892861449ec P 1cda4c185cd84b6a8eeeed6287584e20 [term 0 FOLLOWER]: Advancing to term 1
I20260710 13:15:19.694675  1743 tablet_bootstrap.cc:492] T e6c77f4761624de49de2309177401351 P 1cda4c185cd84b6a8eeeed6287584e20: No bootstrap required, opened a new log
I20260710 13:15:19.694890  1750 raft_consensus.cc:493] T 355982854cdb43a4841e2a282553c461 P 1cda4c185cd84b6a8eeeed6287584e20 [term 0 FOLLOWER]: Starting pre-election (no leader contacted us within the election timeout)
I20260710 13:15:19.695537  1743 ts_tablet_manager.cc:1403] T e6c77f4761624de49de2309177401351 P 1cda4c185cd84b6a8eeeed6287584e20: Time spent bootstrapping tablet: real 0.022s	user 0.008s	sys 0.011s
I20260710 13:15:19.695590  1750 raft_consensus.cc:515] T 355982854cdb43a4841e2a282553c461 P 1cda4c185cd84b6a8eeeed6287584e20 [term 0 FOLLOWER]: Starting pre-election with config: opid_index: -1 OBSOLETE_local: false peers { permanent_uuid: "3313f17dc6d24d599d19dda9fceb7ab5" member_type: VOTER last_known_addr { host: "127.0.107.193" port: 36349 } } peers { permanent_uuid: "91d14742ab1e427cae3827b67453a3d2" member_type: VOTER last_known_addr { host: "127.0.107.194" port: 37737 } } peers { permanent_uuid: "1cda4c185cd84b6a8eeeed6287584e20" member_type: VOTER last_known_addr { host: "127.0.107.195" port: 41711 } }
I20260710 13:15:19.699669  1743 raft_consensus.cc:359] T e6c77f4761624de49de2309177401351 P 1cda4c185cd84b6a8eeeed6287584e20 [term 0 FOLLOWER]: Replica starting. Triggering 0 pending ops. Active config: opid_index: -1 OBSOLETE_local: false peers { permanent_uuid: "3313f17dc6d24d599d19dda9fceb7ab5" member_type: VOTER last_known_addr { host: "127.0.107.193" port: 36349 } } peers { permanent_uuid: "91d14742ab1e427cae3827b67453a3d2" member_type: VOTER last_known_addr { host: "127.0.107.194" port: 37737 } } peers { permanent_uuid: "1cda4c185cd84b6a8eeeed6287584e20" member_type: VOTER last_known_addr { host: "127.0.107.195" port: 41711 } }
I20260710 13:15:19.700788  1743 raft_consensus.cc:385] T e6c77f4761624de49de2309177401351 P 1cda4c185cd84b6a8eeeed6287584e20 [term 0 FOLLOWER]: Consensus starting up: Expiring failure detector timer to make a prompt election more likely
I20260710 13:15:19.699976  1552 tablet_service.cc:1917] Received RequestConsensusVote() RPC: tablet_id: "355982854cdb43a4841e2a282553c461" candidate_uuid: "1cda4c185cd84b6a8eeeed6287584e20" candidate_term: 1 candidate_status { last_received { term: 0 index: 0 } } ignore_live_leader: false dest_uuid: "3313f17dc6d24d599d19dda9fceb7ab5" is_pre_election: true
I20260710 13:15:19.701277  1743 raft_consensus.cc:740] T e6c77f4761624de49de2309177401351 P 1cda4c185cd84b6a8eeeed6287584e20 [term 0 FOLLOWER]: Becoming Follower/Learner. State: Replica: 1cda4c185cd84b6a8eeeed6287584e20, State: Initialized, Role: FOLLOWER
I20260710 13:15:19.701216  1750 leader_election.cc:290] T 355982854cdb43a4841e2a282553c461 P 1cda4c185cd84b6a8eeeed6287584e20 [CANDIDATE]: Term 1 pre-election: Requested pre-vote from peers 3313f17dc6d24d599d19dda9fceb7ab5 (127.0.107.193:36349), 91d14742ab1e427cae3827b67453a3d2 (127.0.107.194:37737)
I20260710 13:15:19.702145  1552 raft_consensus.cc:2468] T 355982854cdb43a4841e2a282553c461 P 3313f17dc6d24d599d19dda9fceb7ab5 [term 0 FOLLOWER]: Leader pre-election vote request: Granting yes vote for candidate 1cda4c185cd84b6a8eeeed6287584e20 in term 0.
I20260710 13:15:19.703819  1743 consensus_queue.cc:260] T e6c77f4761624de49de2309177401351 P 1cda4c185cd84b6a8eeeed6287584e20 [NON_LEADER]: Queue going to NON_LEADER mode. State: All replicated index: 0, Majority replicated index: 0, Committed index: 0, Last appended: 0.0, Last appended by leader: 0, Current term: 0, Majority size: -1, State: 0, Mode: NON_LEADER, active raft config: opid_index: -1 OBSOLETE_local: false peers { permanent_uuid: "3313f17dc6d24d599d19dda9fceb7ab5" member_type: VOTER last_known_addr { host: "127.0.107.193" port: 36349 } } peers { permanent_uuid: "91d14742ab1e427cae3827b67453a3d2" member_type: VOTER last_known_addr { host: "127.0.107.194" port: 37737 } } peers { permanent_uuid: "1cda4c185cd84b6a8eeeed6287584e20" member_type: VOTER last_known_addr { host: "127.0.107.195" port: 41711 } }
I20260710 13:15:19.705390  1666 leader_election.cc:304] T 355982854cdb43a4841e2a282553c461 P 1cda4c185cd84b6a8eeeed6287584e20 [CANDIDATE]: Term 1 pre-election: Election decided. Result: candidate won. Election summary: received 2 responses out of 3 voters: 2 yes votes; 0 no votes. yes voters: 1cda4c185cd84b6a8eeeed6287584e20, 3313f17dc6d24d599d19dda9fceb7ab5; no voters: 
I20260710 13:15:19.706626  1750 raft_consensus.cc:2804] T 355982854cdb43a4841e2a282553c461 P 1cda4c185cd84b6a8eeeed6287584e20 [term 0 FOLLOWER]: Leader pre-election won for term 1
I20260710 13:15:19.707113  1750 raft_consensus.cc:493] T 355982854cdb43a4841e2a282553c461 P 1cda4c185cd84b6a8eeeed6287584e20 [term 0 FOLLOWER]: Starting leader election (no leader contacted us within the election timeout)
I20260710 13:15:19.707490  1743 ts_tablet_manager.cc:1434] T e6c77f4761624de49de2309177401351 P 1cda4c185cd84b6a8eeeed6287584e20: Time spent starting tablet: real 0.011s	user 0.009s	sys 0.000s
I20260710 13:15:19.707537  1750 raft_consensus.cc:3060] T 355982854cdb43a4841e2a282553c461 P 1cda4c185cd84b6a8eeeed6287584e20 [term 0 FOLLOWER]: Advancing to term 1
I20260710 13:15:19.709321  1743 tablet_bootstrap.cc:492] T 67aa2505f7c4423680b050cb04d6ca07 P 1cda4c185cd84b6a8eeeed6287584e20: Bootstrap starting.
I20260710 13:15:19.718858  1743 tablet_bootstrap.cc:654] T 67aa2505f7c4423680b050cb04d6ca07 P 1cda4c185cd84b6a8eeeed6287584e20: Neither blocks nor log segments found. Creating new log.
I20260710 13:15:19.732232  1743 tablet_bootstrap.cc:492] T 67aa2505f7c4423680b050cb04d6ca07 P 1cda4c185cd84b6a8eeeed6287584e20: No bootstrap required, opened a new log
I20260710 13:15:19.732961  1743 ts_tablet_manager.cc:1403] T 67aa2505f7c4423680b050cb04d6ca07 P 1cda4c185cd84b6a8eeeed6287584e20: Time spent bootstrapping tablet: real 0.024s	user 0.019s	sys 0.001s
I20260710 13:15:19.736469  1743 raft_consensus.cc:359] T 67aa2505f7c4423680b050cb04d6ca07 P 1cda4c185cd84b6a8eeeed6287584e20 [term 0 FOLLOWER]: Replica starting. Triggering 0 pending ops. Active config: opid_index: -1 OBSOLETE_local: false peers { permanent_uuid: "3313f17dc6d24d599d19dda9fceb7ab5" member_type: VOTER last_known_addr { host: "127.0.107.193" port: 36349 } } peers { permanent_uuid: "91d14742ab1e427cae3827b67453a3d2" member_type: VOTER last_known_addr { host: "127.0.107.194" port: 37737 } } peers { permanent_uuid: "1cda4c185cd84b6a8eeeed6287584e20" member_type: VOTER last_known_addr { host: "127.0.107.195" port: 41711 } }
I20260710 13:15:19.737649  1743 raft_consensus.cc:385] T 67aa2505f7c4423680b050cb04d6ca07 P 1cda4c185cd84b6a8eeeed6287584e20 [term 0 FOLLOWER]: Consensus starting up: Expiring failure detector timer to make a prompt election more likely
I20260710 13:15:19.738118  1743 raft_consensus.cc:740] T 67aa2505f7c4423680b050cb04d6ca07 P 1cda4c185cd84b6a8eeeed6287584e20 [term 0 FOLLOWER]: Becoming Follower/Learner. State: Replica: 1cda4c185cd84b6a8eeeed6287584e20, State: Initialized, Role: FOLLOWER
I20260710 13:15:19.739297  1743 consensus_queue.cc:260] T 67aa2505f7c4423680b050cb04d6ca07 P 1cda4c185cd84b6a8eeeed6287584e20 [NON_LEADER]: Queue going to NON_LEADER mode. State: All replicated index: 0, Majority replicated index: 0, Committed index: 0, Last appended: 0.0, Last appended by leader: 0, Current term: 0, Majority size: -1, State: 0, Mode: NON_LEADER, active raft config: opid_index: -1 OBSOLETE_local: false peers { permanent_uuid: "3313f17dc6d24d599d19dda9fceb7ab5" member_type: VOTER last_known_addr { host: "127.0.107.193" port: 36349 } } peers { permanent_uuid: "91d14742ab1e427cae3827b67453a3d2" member_type: VOTER last_known_addr { host: "127.0.107.194" port: 37737 } } peers { permanent_uuid: "1cda4c185cd84b6a8eeeed6287584e20" member_type: VOTER last_known_addr { host: "127.0.107.195" port: 41711 } }
I20260710 13:15:19.717257  1749 raft_consensus.cc:515] T 497a41e9aa624b80aee3e892861449ec P 1cda4c185cd84b6a8eeeed6287584e20 [term 1 FOLLOWER]: Starting leader election with config: opid_index: -1 OBSOLETE_local: false peers { permanent_uuid: "3313f17dc6d24d599d19dda9fceb7ab5" member_type: VOTER last_known_addr { host: "127.0.107.193" port: 36349 } } peers { permanent_uuid: "91d14742ab1e427cae3827b67453a3d2" member_type: VOTER last_known_addr { host: "127.0.107.194" port: 37737 } } peers { permanent_uuid: "1cda4c185cd84b6a8eeeed6287584e20" member_type: VOTER last_known_addr { host: "127.0.107.195" port: 41711 } }
I20260710 13:15:19.745540  1552 tablet_service.cc:1917] Received RequestConsensusVote() RPC: tablet_id: "497a41e9aa624b80aee3e892861449ec" candidate_uuid: "1cda4c185cd84b6a8eeeed6287584e20" candidate_term: 1 candidate_status { last_received { term: 0 index: 0 } } ignore_live_leader: false dest_uuid: "3313f17dc6d24d599d19dda9fceb7ab5"
W20260710 13:15:19.747484  1666 leader_election.cc:343] T 497a41e9aa624b80aee3e892861449ec P 1cda4c185cd84b6a8eeeed6287584e20 [CANDIDATE]: Term 1 election: Tablet error from VoteRequest() call to peer 3313f17dc6d24d599d19dda9fceb7ab5 (127.0.107.193:36349): Illegal state: must be running to vote when last-logged opid is not known
I20260710 13:15:19.749452  1749 leader_election.cc:290] T 497a41e9aa624b80aee3e892861449ec P 1cda4c185cd84b6a8eeeed6287584e20 [CANDIDATE]: Term 1 election: Requested vote from peers 3313f17dc6d24d599d19dda9fceb7ab5 (127.0.107.193:36349), 91d14742ab1e427cae3827b67453a3d2 (127.0.107.194:37737)
I20260710 13:15:19.749847  1743 ts_tablet_manager.cc:1434] T 67aa2505f7c4423680b050cb04d6ca07 P 1cda4c185cd84b6a8eeeed6287584e20: Time spent starting tablet: real 0.016s	user 0.007s	sys 0.006s
I20260710 13:15:19.751355  1743 tablet_bootstrap.cc:492] T 50549938a828431ea7e3961de059e324 P 1cda4c185cd84b6a8eeeed6287584e20: Bootstrap starting.
I20260710 13:15:19.751106  1627 tablet_service.cc:1917] Received RequestConsensusVote() RPC: tablet_id: "355982854cdb43a4841e2a282553c461" candidate_uuid: "1cda4c185cd84b6a8eeeed6287584e20" candidate_term: 1 candidate_status { last_received { term: 0 index: 0 } } ignore_live_leader: false dest_uuid: "91d14742ab1e427cae3827b67453a3d2" is_pre_election: true
I20260710 13:15:19.752725  1626 tablet_service.cc:1917] Received RequestConsensusVote() RPC: tablet_id: "497a41e9aa624b80aee3e892861449ec" candidate_uuid: "1cda4c185cd84b6a8eeeed6287584e20" candidate_term: 1 candidate_status { last_received { term: 0 index: 0 } } ignore_live_leader: false dest_uuid: "91d14742ab1e427cae3827b67453a3d2"
I20260710 13:15:19.753573  1626 raft_consensus.cc:3060] T 497a41e9aa624b80aee3e892861449ec P 91d14742ab1e427cae3827b67453a3d2 [term 0 FOLLOWER]: Advancing to term 1
I20260710 13:15:19.761085  1743 tablet_bootstrap.cc:654] T 50549938a828431ea7e3961de059e324 P 1cda4c185cd84b6a8eeeed6287584e20: Neither blocks nor log segments found. Creating new log.
I20260710 13:15:19.765597  1779 raft_consensus.cc:493] T 9359c1c430c14215bd7e0491263e70ae P 3313f17dc6d24d599d19dda9fceb7ab5 [term 0 FOLLOWER]: Starting pre-election (no leader contacted us within the election timeout)
I20260710 13:15:19.766266  1779 raft_consensus.cc:515] T 9359c1c430c14215bd7e0491263e70ae P 3313f17dc6d24d599d19dda9fceb7ab5 [term 0 FOLLOWER]: Starting pre-election with config: opid_index: -1 OBSOLETE_local: false peers { permanent_uuid: "3313f17dc6d24d599d19dda9fceb7ab5" member_type: VOTER last_known_addr { host: "127.0.107.193" port: 36349 } } peers { permanent_uuid: "91d14742ab1e427cae3827b67453a3d2" member_type: VOTER last_known_addr { host: "127.0.107.194" port: 37737 } } peers { permanent_uuid: "1cda4c185cd84b6a8eeeed6287584e20" member_type: VOTER last_known_addr { host: "127.0.107.195" port: 41711 } }
W20260710 13:15:19.769862  1664 leader_election.cc:343] T 355982854cdb43a4841e2a282553c461 P 1cda4c185cd84b6a8eeeed6287584e20 [CANDIDATE]: Term 1 pre-election: Tablet error from VoteRequest() call to peer 91d14742ab1e427cae3827b67453a3d2 (127.0.107.194:37737): Illegal state: must be running to vote when last-logged opid is not known
I20260710 13:15:19.772099  1627 tablet_service.cc:1917] Received RequestConsensusVote() RPC: tablet_id: "9359c1c430c14215bd7e0491263e70ae" candidate_uuid: "3313f17dc6d24d599d19dda9fceb7ab5" candidate_term: 1 candidate_status { last_received { term: 0 index: 0 } } ignore_live_leader: false dest_uuid: "91d14742ab1e427cae3827b67453a3d2" is_pre_election: true
W20260710 13:15:19.773772  1515 leader_election.cc:343] T 9359c1c430c14215bd7e0491263e70ae P 3313f17dc6d24d599d19dda9fceb7ab5 [CANDIDATE]: Term 1 pre-election: Tablet error from VoteRequest() call to peer 91d14742ab1e427cae3827b67453a3d2 (127.0.107.194:37737): Illegal state: must be running to vote when last-logged opid is not known
I20260710 13:15:19.793959  1747 leader_election.cc:290] T 67aa2505f7c4423680b050cb04d6ca07 P 3313f17dc6d24d599d19dda9fceb7ab5 [CANDIDATE]: Term 1 election: Requested vote from peers 91d14742ab1e427cae3827b67453a3d2 (127.0.107.194:37737), 1cda4c185cd84b6a8eeeed6287584e20 (127.0.107.195:41711)
I20260710 13:15:19.794888  1701 tablet_service.cc:1917] Received RequestConsensusVote() RPC: tablet_id: "67aa2505f7c4423680b050cb04d6ca07" candidate_uuid: "3313f17dc6d24d599d19dda9fceb7ab5" candidate_term: 1 candidate_status { last_received { term: 0 index: 0 } } ignore_live_leader: false dest_uuid: "1cda4c185cd84b6a8eeeed6287584e20"
I20260710 13:15:19.795781  1701 raft_consensus.cc:3060] T 67aa2505f7c4423680b050cb04d6ca07 P 1cda4c185cd84b6a8eeeed6287584e20 [term 0 FOLLOWER]: Advancing to term 1
I20260710 13:15:19.803267  1627 tablet_service.cc:1917] Received RequestConsensusVote() RPC: tablet_id: "67aa2505f7c4423680b050cb04d6ca07" candidate_uuid: "3313f17dc6d24d599d19dda9fceb7ab5" candidate_term: 1 candidate_status { last_received { term: 0 index: 0 } } ignore_live_leader: false dest_uuid: "91d14742ab1e427cae3827b67453a3d2"
I20260710 13:15:19.804114  1627 raft_consensus.cc:3060] T 67aa2505f7c4423680b050cb04d6ca07 P 91d14742ab1e427cae3827b67453a3d2 [term 0 FOLLOWER]: Advancing to term 1
I20260710 13:15:19.806882  1701 raft_consensus.cc:2468] T 67aa2505f7c4423680b050cb04d6ca07 P 1cda4c185cd84b6a8eeeed6287584e20 [term 1 FOLLOWER]: Leader election vote request: Granting yes vote for candidate 3313f17dc6d24d599d19dda9fceb7ab5 in term 1.
I20260710 13:15:19.814640  1516 leader_election.cc:304] T 67aa2505f7c4423680b050cb04d6ca07 P 3313f17dc6d24d599d19dda9fceb7ab5 [CANDIDATE]: Term 1 election: Election decided. Result: candidate won. Election summary: received 2 responses out of 3 voters: 2 yes votes; 0 no votes. yes voters: 1cda4c185cd84b6a8eeeed6287584e20, 3313f17dc6d24d599d19dda9fceb7ab5; no voters: 
I20260710 13:15:19.817355  1741 tablet_bootstrap.cc:492] T 08c9d8eca54449cba34c5fc2ce7bac7e P 91d14742ab1e427cae3827b67453a3d2: No bootstrap required, opened a new log
I20260710 13:15:19.817939  1741 ts_tablet_manager.cc:1403] T 08c9d8eca54449cba34c5fc2ce7bac7e P 91d14742ab1e427cae3827b67453a3d2: Time spent bootstrapping tablet: real 0.213s	user 0.080s	sys 0.124s
I20260710 13:15:19.819648  1750 raft_consensus.cc:515] T 355982854cdb43a4841e2a282553c461 P 1cda4c185cd84b6a8eeeed6287584e20 [term 1 FOLLOWER]: Starting leader election with config: opid_index: -1 OBSOLETE_local: false peers { permanent_uuid: "3313f17dc6d24d599d19dda9fceb7ab5" member_type: VOTER last_known_addr { host: "127.0.107.193" port: 36349 } } peers { permanent_uuid: "91d14742ab1e427cae3827b67453a3d2" member_type: VOTER last_known_addr { host: "127.0.107.194" port: 37737 } } peers { permanent_uuid: "1cda4c185cd84b6a8eeeed6287584e20" member_type: VOTER last_known_addr { host: "127.0.107.195" port: 41711 } }
I20260710 13:15:19.821293  1741 raft_consensus.cc:359] T 08c9d8eca54449cba34c5fc2ce7bac7e P 91d14742ab1e427cae3827b67453a3d2 [term 0 FOLLOWER]: Replica starting. Triggering 0 pending ops. Active config: opid_index: -1 OBSOLETE_local: false peers { permanent_uuid: "3313f17dc6d24d599d19dda9fceb7ab5" member_type: VOTER last_known_addr { host: "127.0.107.193" port: 36349 } } peers { permanent_uuid: "91d14742ab1e427cae3827b67453a3d2" member_type: VOTER last_known_addr { host: "127.0.107.194" port: 37737 } } peers { permanent_uuid: "1cda4c185cd84b6a8eeeed6287584e20" member_type: VOTER last_known_addr { host: "127.0.107.195" port: 41711 } }
I20260710 13:15:19.822072  1741 raft_consensus.cc:385] T 08c9d8eca54449cba34c5fc2ce7bac7e P 91d14742ab1e427cae3827b67453a3d2 [term 0 FOLLOWER]: Consensus starting up: Expiring failure detector timer to make a prompt election more likely
I20260710 13:15:19.822415  1741 raft_consensus.cc:740] T 08c9d8eca54449cba34c5fc2ce7bac7e P 91d14742ab1e427cae3827b67453a3d2 [term 0 FOLLOWER]: Becoming Follower/Learner. State: Replica: 91d14742ab1e427cae3827b67453a3d2, State: Initialized, Role: FOLLOWER
I20260710 13:15:19.822588  1552 tablet_service.cc:1917] Received RequestConsensusVote() RPC: tablet_id: "355982854cdb43a4841e2a282553c461" candidate_uuid: "1cda4c185cd84b6a8eeeed6287584e20" candidate_term: 1 candidate_status { last_received { term: 0 index: 0 } } ignore_live_leader: false dest_uuid: "3313f17dc6d24d599d19dda9fceb7ab5"
I20260710 13:15:19.823159  1552 raft_consensus.cc:3060] T 355982854cdb43a4841e2a282553c461 P 3313f17dc6d24d599d19dda9fceb7ab5 [term 0 FOLLOWER]: Advancing to term 1
I20260710 13:15:19.823292  1741 consensus_queue.cc:260] T 08c9d8eca54449cba34c5fc2ce7bac7e P 91d14742ab1e427cae3827b67453a3d2 [NON_LEADER]: Queue going to NON_LEADER mode. State: All replicated index: 0, Majority replicated index: 0, Committed index: 0, Last appended: 0.0, Last appended by leader: 0, Current term: 0, Majority size: -1, State: 0, Mode: NON_LEADER, active raft config: opid_index: -1 OBSOLETE_local: false peers { permanent_uuid: "3313f17dc6d24d599d19dda9fceb7ab5" member_type: VOTER last_known_addr { host: "127.0.107.193" port: 36349 } } peers { permanent_uuid: "91d14742ab1e427cae3827b67453a3d2" member_type: VOTER last_known_addr { host: "127.0.107.194" port: 37737 } } peers { permanent_uuid: "1cda4c185cd84b6a8eeeed6287584e20" member_type: VOTER last_known_addr { host: "127.0.107.195" port: 41711 } }
I20260710 13:15:19.825768  1741 ts_tablet_manager.cc:1434] T 08c9d8eca54449cba34c5fc2ce7bac7e P 91d14742ab1e427cae3827b67453a3d2: Time spent starting tablet: real 0.007s	user 0.006s	sys 0.000s
I20260710 13:15:19.830049  1741 tablet_bootstrap.cc:492] T ce6c1855504c46b1ad2f48fcb6720ea1 P 91d14742ab1e427cae3827b67453a3d2: Bootstrap starting.
I20260710 13:15:19.830740  1552 raft_consensus.cc:2468] T 355982854cdb43a4841e2a282553c461 P 3313f17dc6d24d599d19dda9fceb7ab5 [term 1 FOLLOWER]: Leader election vote request: Granting yes vote for candidate 1cda4c185cd84b6a8eeeed6287584e20 in term 1.
I20260710 13:15:19.831975  1666 leader_election.cc:304] T 355982854cdb43a4841e2a282553c461 P 1cda4c185cd84b6a8eeeed6287584e20 [CANDIDATE]: Term 1 election: Election decided. Result: candidate won. Election summary: received 2 responses out of 3 voters: 2 yes votes; 0 no votes. yes voters: 1cda4c185cd84b6a8eeeed6287584e20, 3313f17dc6d24d599d19dda9fceb7ab5; no voters: 
I20260710 13:15:19.832855  1749 raft_consensus.cc:2804] T 355982854cdb43a4841e2a282553c461 P 1cda4c185cd84b6a8eeeed6287584e20 [term 1 FOLLOWER]: Leader election won for term 1
I20260710 13:15:19.833381  1749 raft_consensus.cc:697] T 355982854cdb43a4841e2a282553c461 P 1cda4c185cd84b6a8eeeed6287584e20 [term 1 LEADER]: Becoming Leader. State: Replica: 1cda4c185cd84b6a8eeeed6287584e20, State: Running, Role: LEADER
I20260710 13:15:19.834291  1749 consensus_queue.cc:237] T 355982854cdb43a4841e2a282553c461 P 1cda4c185cd84b6a8eeeed6287584e20 [LEADER]: Queue going to LEADER mode. State: All replicated index: 0, Majority replicated index: 0, Committed index: 0, Last appended: 0.0, Last appended by leader: 0, Current term: 1, Majority size: 2, State: 0, Mode: LEADER, active raft config: opid_index: -1 OBSOLETE_local: false peers { permanent_uuid: "3313f17dc6d24d599d19dda9fceb7ab5" member_type: VOTER last_known_addr { host: "127.0.107.193" port: 36349 } } peers { permanent_uuid: "91d14742ab1e427cae3827b67453a3d2" member_type: VOTER last_known_addr { host: "127.0.107.194" port: 37737 } } peers { permanent_uuid: "1cda4c185cd84b6a8eeeed6287584e20" member_type: VOTER last_known_addr { host: "127.0.107.195" port: 41711 } }
I20260710 13:15:19.836939  1741 tablet_bootstrap.cc:654] T ce6c1855504c46b1ad2f48fcb6720ea1 P 91d14742ab1e427cae3827b67453a3d2: Neither blocks nor log segments found. Creating new log.
I20260710 13:15:19.837597  1783 raft_consensus.cc:493] T 5a21aa4a35504a41b8921b8d8566bc8b P 3313f17dc6d24d599d19dda9fceb7ab5 [term 0 FOLLOWER]: Starting pre-election (no leader contacted us within the election timeout)
I20260710 13:15:19.838261  1783 raft_consensus.cc:515] T 5a21aa4a35504a41b8921b8d8566bc8b P 3313f17dc6d24d599d19dda9fceb7ab5 [term 0 FOLLOWER]: Starting pre-election with config: opid_index: -1 OBSOLETE_local: false peers { permanent_uuid: "3313f17dc6d24d599d19dda9fceb7ab5" member_type: VOTER last_known_addr { host: "127.0.107.193" port: 36349 } } peers { permanent_uuid: "91d14742ab1e427cae3827b67453a3d2" member_type: VOTER last_known_addr { host: "127.0.107.194" port: 37737 } } peers { permanent_uuid: "1cda4c185cd84b6a8eeeed6287584e20" member_type: VOTER last_known_addr { host: "127.0.107.195" port: 41711 } }
I20260710 13:15:19.840636  1747 raft_consensus.cc:2804] T 67aa2505f7c4423680b050cb04d6ca07 P 3313f17dc6d24d599d19dda9fceb7ab5 [term 1 FOLLOWER]: Leader election won for term 1
I20260710 13:15:19.842890  1781 raft_consensus.cc:493] T ce6c1855504c46b1ad2f48fcb6720ea1 P 1cda4c185cd84b6a8eeeed6287584e20 [term 0 FOLLOWER]: Starting pre-election (no leader contacted us within the election timeout)
I20260710 13:15:19.843523  1781 raft_consensus.cc:515] T ce6c1855504c46b1ad2f48fcb6720ea1 P 1cda4c185cd84b6a8eeeed6287584e20 [term 0 FOLLOWER]: Starting pre-election with config: opid_index: -1 OBSOLETE_local: false peers { permanent_uuid: "3313f17dc6d24d599d19dda9fceb7ab5" member_type: VOTER last_known_addr { host: "127.0.107.193" port: 36349 } } peers { permanent_uuid: "91d14742ab1e427cae3827b67453a3d2" member_type: VOTER last_known_addr { host: "127.0.107.194" port: 37737 } } peers { permanent_uuid: "1cda4c185cd84b6a8eeeed6287584e20" member_type: VOTER last_known_addr { host: "127.0.107.195" port: 41711 } }
I20260710 13:15:19.844811  1625 tablet_service.cc:1917] Received RequestConsensusVote() RPC: tablet_id: "5a21aa4a35504a41b8921b8d8566bc8b" candidate_uuid: "3313f17dc6d24d599d19dda9fceb7ab5" candidate_term: 1 candidate_status { last_received { term: 0 index: 0 } } ignore_live_leader: false dest_uuid: "91d14742ab1e427cae3827b67453a3d2" is_pre_election: true
W20260710 13:15:19.846702  1515 leader_election.cc:343] T 5a21aa4a35504a41b8921b8d8566bc8b P 3313f17dc6d24d599d19dda9fceb7ab5 [CANDIDATE]: Term 1 pre-election: Tablet error from VoteRequest() call to peer 91d14742ab1e427cae3827b67453a3d2 (127.0.107.194:37737): Illegal state: must be running to vote when last-logged opid is not known
I20260710 13:15:19.847064  1781 leader_election.cc:290] T ce6c1855504c46b1ad2f48fcb6720ea1 P 1cda4c185cd84b6a8eeeed6287584e20 [CANDIDATE]: Term 1 pre-election: Requested pre-vote from peers 3313f17dc6d24d599d19dda9fceb7ab5 (127.0.107.193:36349), 91d14742ab1e427cae3827b67453a3d2 (127.0.107.194:37737)
I20260710 13:15:19.847738  1781 raft_consensus.cc:493] T 1aed689b0afc4a7ba2a4eda441e4267b P 1cda4c185cd84b6a8eeeed6287584e20 [term 0 FOLLOWER]: Starting pre-election (no leader contacted us within the election timeout)
I20260710 13:15:19.848287  1781 raft_consensus.cc:515] T 1aed689b0afc4a7ba2a4eda441e4267b P 1cda4c185cd84b6a8eeeed6287584e20 [term 0 FOLLOWER]: Starting pre-election with config: opid_index: -1 OBSOLETE_local: false peers { permanent_uuid: "3313f17dc6d24d599d19dda9fceb7ab5" member_type: VOTER last_known_addr { host: "127.0.107.193" port: 36349 } } peers { permanent_uuid: "91d14742ab1e427cae3827b67453a3d2" member_type: VOTER last_known_addr { host: "127.0.107.194" port: 37737 } } peers { permanent_uuid: "1cda4c185cd84b6a8eeeed6287584e20" member_type: VOTER last_known_addr { host: "127.0.107.195" port: 41711 } }
I20260710 13:15:19.848557  1625 tablet_service.cc:1917] Received RequestConsensusVote() RPC: tablet_id: "ce6c1855504c46b1ad2f48fcb6720ea1" candidate_uuid: "1cda4c185cd84b6a8eeeed6287584e20" candidate_term: 1 candidate_status { last_received { term: 0 index: 0 } } ignore_live_leader: false dest_uuid: "91d14742ab1e427cae3827b67453a3d2" is_pre_election: true
W20260710 13:15:19.850142  1664 leader_election.cc:343] T ce6c1855504c46b1ad2f48fcb6720ea1 P 1cda4c185cd84b6a8eeeed6287584e20 [CANDIDATE]: Term 1 pre-election: Tablet error from VoteRequest() call to peer 91d14742ab1e427cae3827b67453a3d2 (127.0.107.194:37737): Illegal state: must be running to vote when last-logged opid is not known
I20260710 13:15:19.852274  1781 leader_election.cc:290] T 1aed689b0afc4a7ba2a4eda441e4267b P 1cda4c185cd84b6a8eeeed6287584e20 [CANDIDATE]: Term 1 pre-election: Requested pre-vote from peers 3313f17dc6d24d599d19dda9fceb7ab5 (127.0.107.193:36349), 91d14742ab1e427cae3827b67453a3d2 (127.0.107.194:37737)
I20260710 13:15:19.853727  1625 tablet_service.cc:1917] Received RequestConsensusVote() RPC: tablet_id: "1aed689b0afc4a7ba2a4eda441e4267b" candidate_uuid: "1cda4c185cd84b6a8eeeed6287584e20" candidate_term: 1 candidate_status { last_received { term: 0 index: 0 } } ignore_live_leader: false dest_uuid: "91d14742ab1e427cae3827b67453a3d2" is_pre_election: true
I20260710 13:15:19.854576  1625 raft_consensus.cc:2468] T 1aed689b0afc4a7ba2a4eda441e4267b P 91d14742ab1e427cae3827b67453a3d2 [term 0 FOLLOWER]: Leader pre-election vote request: Granting yes vote for candidate 1cda4c185cd84b6a8eeeed6287584e20 in term 0.
I20260710 13:15:19.859717  1701 tablet_service.cc:1917] Received RequestConsensusVote() RPC: tablet_id: "5a21aa4a35504a41b8921b8d8566bc8b" candidate_uuid: "3313f17dc6d24d599d19dda9fceb7ab5" candidate_term: 1 candidate_status { last_received { term: 0 index: 0 } } ignore_live_leader: false dest_uuid: "1cda4c185cd84b6a8eeeed6287584e20" is_pre_election: true
W20260710 13:15:19.861917  1516 leader_election.cc:343] T 5a21aa4a35504a41b8921b8d8566bc8b P 3313f17dc6d24d599d19dda9fceb7ab5 [CANDIDATE]: Term 1 pre-election: Tablet error from VoteRequest() call to peer 1cda4c185cd84b6a8eeeed6287584e20 (127.0.107.195:41711): Illegal state: must be running to vote when last-logged opid is not known
I20260710 13:15:19.764930  1626 raft_consensus.cc:2468] T 497a41e9aa624b80aee3e892861449ec P 91d14742ab1e427cae3827b67453a3d2 [term 1 FOLLOWER]: Leader election vote request: Granting yes vote for candidate 1cda4c185cd84b6a8eeeed6287584e20 in term 1.
I20260710 13:15:19.862546  1516 leader_election.cc:304] T 5a21aa4a35504a41b8921b8d8566bc8b P 3313f17dc6d24d599d19dda9fceb7ab5 [CANDIDATE]: Term 1 pre-election: Election decided. Result: candidate lost. Election summary: received 3 responses out of 3 voters: 1 yes votes; 2 no votes. yes voters: 3313f17dc6d24d599d19dda9fceb7ab5; no voters: 1cda4c185cd84b6a8eeeed6287584e20, 91d14742ab1e427cae3827b67453a3d2
I20260710 13:15:19.865394  1627 raft_consensus.cc:2468] T 67aa2505f7c4423680b050cb04d6ca07 P 91d14742ab1e427cae3827b67453a3d2 [term 1 FOLLOWER]: Leader election vote request: Granting yes vote for candidate 3313f17dc6d24d599d19dda9fceb7ab5 in term 1.
I20260710 13:15:19.866196  1783 leader_election.cc:290] T 5a21aa4a35504a41b8921b8d8566bc8b P 3313f17dc6d24d599d19dda9fceb7ab5 [CANDIDATE]: Term 1 pre-election: Requested pre-vote from peers 91d14742ab1e427cae3827b67453a3d2 (127.0.107.194:37737), 1cda4c185cd84b6a8eeeed6287584e20 (127.0.107.195:41711)
I20260710 13:15:19.866462  1787 raft_consensus.cc:493] T 1e7fbe70af7d42a3946c66d806155db7 P 3313f17dc6d24d599d19dda9fceb7ab5 [term 0 FOLLOWER]: Starting pre-election (no leader contacted us within the election timeout)
I20260710 13:15:19.866896  1787 raft_consensus.cc:515] T 1e7fbe70af7d42a3946c66d806155db7 P 3313f17dc6d24d599d19dda9fceb7ab5 [term 0 FOLLOWER]: Starting pre-election with config: opid_index: -1 OBSOLETE_local: false peers { permanent_uuid: "3313f17dc6d24d599d19dda9fceb7ab5" member_type: VOTER last_known_addr { host: "127.0.107.193" port: 36349 } } peers { permanent_uuid: "91d14742ab1e427cae3827b67453a3d2" member_type: VOTER last_known_addr { host: "127.0.107.194" port: 37737 } } peers { permanent_uuid: "1cda4c185cd84b6a8eeeed6287584e20" member_type: VOTER last_known_addr { host: "127.0.107.195" port: 41711 } }
I20260710 13:15:19.867383  1664 leader_election.cc:304] T 1aed689b0afc4a7ba2a4eda441e4267b P 1cda4c185cd84b6a8eeeed6287584e20 [CANDIDATE]: Term 1 pre-election: Election decided. Result: candidate won. Election summary: received 2 responses out of 3 voters: 2 yes votes; 0 no votes. yes voters: 1cda4c185cd84b6a8eeeed6287584e20, 91d14742ab1e427cae3827b67453a3d2; no voters: 
I20260710 13:15:19.868294  1783 raft_consensus.cc:2749] T 5a21aa4a35504a41b8921b8d8566bc8b P 3313f17dc6d24d599d19dda9fceb7ab5 [term 0 FOLLOWER]: Leader pre-election lost for term 1. Reason: could not achieve majority
I20260710 13:15:19.869097  1781 raft_consensus.cc:2804] T 1aed689b0afc4a7ba2a4eda441e4267b P 1cda4c185cd84b6a8eeeed6287584e20 [term 0 FOLLOWER]: Leader pre-election won for term 1
I20260710 13:15:19.869607  1781 raft_consensus.cc:493] T 1aed689b0afc4a7ba2a4eda441e4267b P 1cda4c185cd84b6a8eeeed6287584e20 [term 0 FOLLOWER]: Starting leader election (no leader contacted us within the election timeout)
I20260710 13:15:19.870062  1781 raft_consensus.cc:3060] T 1aed689b0afc4a7ba2a4eda441e4267b P 1cda4c185cd84b6a8eeeed6287584e20 [term 0 FOLLOWER]: Advancing to term 1
I20260710 13:15:19.873986  1779 leader_election.cc:290] T 9359c1c430c14215bd7e0491263e70ae P 3313f17dc6d24d599d19dda9fceb7ab5 [CANDIDATE]: Term 1 pre-election: Requested pre-vote from peers 91d14742ab1e427cae3827b67453a3d2 (127.0.107.194:37737), 1cda4c185cd84b6a8eeeed6287584e20 (127.0.107.195:41711)
I20260710 13:15:19.874998  1701 tablet_service.cc:1917] Received RequestConsensusVote() RPC: tablet_id: "1e7fbe70af7d42a3946c66d806155db7" candidate_uuid: "3313f17dc6d24d599d19dda9fceb7ab5" candidate_term: 1 candidate_status { last_received { term: 0 index: 0 } } ignore_live_leader: false dest_uuid: "1cda4c185cd84b6a8eeeed6287584e20" is_pre_election: true
I20260710 13:15:19.875746  1701 raft_consensus.cc:2468] T 1e7fbe70af7d42a3946c66d806155db7 P 1cda4c185cd84b6a8eeeed6287584e20 [term 0 FOLLOWER]: Leader pre-election vote request: Granting yes vote for candidate 3313f17dc6d24d599d19dda9fceb7ab5 in term 0.
I20260710 13:15:19.876365  1787 leader_election.cc:290] T 1e7fbe70af7d42a3946c66d806155db7 P 3313f17dc6d24d599d19dda9fceb7ab5 [CANDIDATE]: Term 1 pre-election: Requested pre-vote from peers 91d14742ab1e427cae3827b67453a3d2 (127.0.107.194:37737), 1cda4c185cd84b6a8eeeed6287584e20 (127.0.107.195:41711)
I20260710 13:15:19.876845  1700 tablet_service.cc:1917] Received RequestConsensusVote() RPC: tablet_id: "9359c1c430c14215bd7e0491263e70ae" candidate_uuid: "3313f17dc6d24d599d19dda9fceb7ab5" candidate_term: 1 candidate_status { last_received { term: 0 index: 0 } } ignore_live_leader: false dest_uuid: "1cda4c185cd84b6a8eeeed6287584e20" is_pre_election: true
I20260710 13:15:19.878253  1516 leader_election.cc:304] T 1e7fbe70af7d42a3946c66d806155db7 P 3313f17dc6d24d599d19dda9fceb7ab5 [CANDIDATE]: Term 1 pre-election: Election decided. Result: candidate won. Election summary: received 2 responses out of 3 voters: 2 yes votes; 0 no votes. yes voters: 1cda4c185cd84b6a8eeeed6287584e20, 3313f17dc6d24d599d19dda9fceb7ab5; no voters: 
I20260710 13:15:19.879303  1787 raft_consensus.cc:2804] T 1e7fbe70af7d42a3946c66d806155db7 P 3313f17dc6d24d599d19dda9fceb7ab5 [term 0 FOLLOWER]: Leader pre-election won for term 1
W20260710 13:15:19.879480  1516 leader_election.cc:343] T 9359c1c430c14215bd7e0491263e70ae P 3313f17dc6d24d599d19dda9fceb7ab5 [CANDIDATE]: Term 1 pre-election: Tablet error from VoteRequest() call to peer 1cda4c185cd84b6a8eeeed6287584e20 (127.0.107.195:41711): Illegal state: must be running to vote when last-logged opid is not known
I20260710 13:15:19.879669  1787 raft_consensus.cc:493] T 1e7fbe70af7d42a3946c66d806155db7 P 3313f17dc6d24d599d19dda9fceb7ab5 [term 0 FOLLOWER]: Starting leader election (no leader contacted us within the election timeout)
I20260710 13:15:19.880038  1787 raft_consensus.cc:3060] T 1e7fbe70af7d42a3946c66d806155db7 P 3313f17dc6d24d599d19dda9fceb7ab5 [term 0 FOLLOWER]: Advancing to term 1
I20260710 13:15:19.879932  1516 leader_election.cc:304] T 9359c1c430c14215bd7e0491263e70ae P 3313f17dc6d24d599d19dda9fceb7ab5 [CANDIDATE]: Term 1 pre-election: Election decided. Result: candidate lost. Election summary: received 3 responses out of 3 voters: 1 yes votes; 2 no votes. yes voters: 3313f17dc6d24d599d19dda9fceb7ab5; no voters: 1cda4c185cd84b6a8eeeed6287584e20, 91d14742ab1e427cae3827b67453a3d2
I20260710 13:15:19.875610  1664 leader_election.cc:304] T 497a41e9aa624b80aee3e892861449ec P 1cda4c185cd84b6a8eeeed6287584e20 [CANDIDATE]: Term 1 election: Election decided. Result: candidate won. Election summary: received 3 responses out of 3 voters: 2 yes votes; 1 no votes. yes voters: 1cda4c185cd84b6a8eeeed6287584e20, 91d14742ab1e427cae3827b67453a3d2; no voters: 3313f17dc6d24d599d19dda9fceb7ab5
I20260710 13:15:19.891036  1552 tablet_service.cc:1917] Received RequestConsensusVote() RPC: tablet_id: "497a41e9aa624b80aee3e892861449ec" candidate_uuid: "91d14742ab1e427cae3827b67453a3d2" candidate_term: 1 candidate_status { last_received { term: 0 index: 0 } } ignore_live_leader: false dest_uuid: "3313f17dc6d24d599d19dda9fceb7ab5" is_pre_election: true
W20260710 13:15:19.892575  1592 leader_election.cc:343] T 497a41e9aa624b80aee3e892861449ec P 91d14742ab1e427cae3827b67453a3d2 [CANDIDATE]: Term 1 pre-election: Tablet error from VoteRequest() call to peer 3313f17dc6d24d599d19dda9fceb7ab5 (127.0.107.193:36349): Illegal state: must be running to vote when last-logged opid is not known
I20260710 13:15:19.895354  1787 raft_consensus.cc:515] T 1e7fbe70af7d42a3946c66d806155db7 P 3313f17dc6d24d599d19dda9fceb7ab5 [term 1 FOLLOWER]: Starting leader election with config: opid_index: -1 OBSOLETE_local: false peers { permanent_uuid: "3313f17dc6d24d599d19dda9fceb7ab5" member_type: VOTER last_known_addr { host: "127.0.107.193" port: 36349 } } peers { permanent_uuid: "91d14742ab1e427cae3827b67453a3d2" member_type: VOTER last_known_addr { host: "127.0.107.194" port: 37737 } } peers { permanent_uuid: "1cda4c185cd84b6a8eeeed6287584e20" member_type: VOTER last_known_addr { host: "127.0.107.195" port: 41711 } }
I20260710 13:15:19.897023  1788 raft_consensus.cc:2749] T 9359c1c430c14215bd7e0491263e70ae P 3313f17dc6d24d599d19dda9fceb7ab5 [term 0 FOLLOWER]: Leader pre-election lost for term 1. Reason: could not achieve majority
I20260710 13:15:19.897574  1786 raft_consensus.cc:2804] T 497a41e9aa624b80aee3e892861449ec P 1cda4c185cd84b6a8eeeed6287584e20 [term 1 FOLLOWER]: Leader election won for term 1
I20260710 13:15:19.898418  1747 raft_consensus.cc:697] T 67aa2505f7c4423680b050cb04d6ca07 P 3313f17dc6d24d599d19dda9fceb7ab5 [term 1 LEADER]: Becoming Leader. State: Replica: 3313f17dc6d24d599d19dda9fceb7ab5, State: Running, Role: LEADER
I20260710 13:15:19.899643  1747 consensus_queue.cc:237] T 67aa2505f7c4423680b050cb04d6ca07 P 3313f17dc6d24d599d19dda9fceb7ab5 [LEADER]: Queue going to LEADER mode. State: All replicated index: 0, Majority replicated index: 0, Committed index: 0, Last appended: 0.0, Last appended by leader: 0, Current term: 1, Majority size: 2, State: 0, Mode: LEADER, active raft config: opid_index: -1 OBSOLETE_local: false peers { permanent_uuid: "3313f17dc6d24d599d19dda9fceb7ab5" member_type: VOTER last_known_addr { host: "127.0.107.193" port: 36349 } } peers { permanent_uuid: "91d14742ab1e427cae3827b67453a3d2" member_type: VOTER last_known_addr { host: "127.0.107.194" port: 37737 } } peers { permanent_uuid: "1cda4c185cd84b6a8eeeed6287584e20" member_type: VOTER last_known_addr { host: "127.0.107.195" port: 41711 } }
I20260710 13:15:19.900501  1770 raft_consensus.cc:493] T 404beac4ebcd429e8032d5b571e96e9c P 91d14742ab1e427cae3827b67453a3d2 [term 0 FOLLOWER]: Starting pre-election (no leader contacted us within the election timeout)
