I20260710 13:21:59.681592 21976 raft_consensus.cc:359] T 32d629d46fa246a7901ccf6c67f14912 P e2bbe3c8719c4e49839c356c24217ca2 [term 0 FOLLOWER]: Replica starting. Triggering 0 pending ops. Active config: opid_index: -1 OBSOLETE_local: false peers { permanent_uuid: "e2bbe3c8719c4e49839c356c24217ca2" member_type: VOTER last_known_addr { host: "127.21.36.1" port: 42393 } } peers { permanent_uuid: "5ae394dd79604b5ab464a80f1a12bd0f" member_type: VOTER last_known_addr { host: "127.21.36.2" port: 35883 } } peers { permanent_uuid: "7903a98917794d03b6ff666d74eb93c3" member_type: VOTER last_known_addr { host: "127.21.36.3" port: 39337 } }
I20260710 13:21:59.682387 21976 raft_consensus.cc:385] T 32d629d46fa246a7901ccf6c67f14912 P e2bbe3c8719c4e49839c356c24217ca2 [term 0 FOLLOWER]: Consensus starting up: Expiring failure detector timer to make a prompt election more likely
I20260710 13:21:59.682724 21976 raft_consensus.cc:740] T 32d629d46fa246a7901ccf6c67f14912 P e2bbe3c8719c4e49839c356c24217ca2 [term 0 FOLLOWER]: Becoming Follower/Learner. State: Replica: e2bbe3c8719c4e49839c356c24217ca2, State: Initialized, Role: FOLLOWER
I20260710 13:21:59.683992 21976 consensus_queue.cc:260] T 32d629d46fa246a7901ccf6c67f14912 P e2bbe3c8719c4e49839c356c24217ca2 [NON_LEADER]: Queue going to NON_LEADER mode. State: All replicated index: 0, Majority replicated index: 0, Committed index: 0, Last appended: 0.0, Last appended by leader: 0, Current term: 0, Majority size: -1, State: 0, Mode: NON_LEADER, active raft config: opid_index: -1 OBSOLETE_local: false peers { permanent_uuid: "e2bbe3c8719c4e49839c356c24217ca2" member_type: VOTER last_known_addr { host: "127.21.36.1" port: 42393 } } peers { permanent_uuid: "5ae394dd79604b5ab464a80f1a12bd0f" member_type: VOTER last_known_addr { host: "127.21.36.2" port: 35883 } } peers { permanent_uuid: "7903a98917794d03b6ff666d74eb93c3" member_type: VOTER last_known_addr { host: "127.21.36.3" port: 39337 } }
I20260710 13:21:59.694206 21975 tablet_bootstrap.cc:654] T db89c19d836747bb87b0842321a6e104 P 7903a98917794d03b6ff666d74eb93c3: Neither blocks nor log segments found. Creating new log.
I20260710 13:21:59.696602 21808 heartbeater.cc:499] Master 127.21.36.62:43317 was elected leader, sending a full tablet report...
I20260710 13:21:59.700083 21976 ts_tablet_manager.cc:1434] T 32d629d46fa246a7901ccf6c67f14912 P e2bbe3c8719c4e49839c356c24217ca2: Time spent starting tablet: real 0.021s	user 0.018s	sys 0.002s
I20260710 13:21:59.700522 21974 tablet_bootstrap.cc:492] T 32d629d46fa246a7901ccf6c67f14912 P 5ae394dd79604b5ab464a80f1a12bd0f: No bootstrap required, opened a new log
I20260710 13:21:59.701009 21974 ts_tablet_manager.cc:1403] T 32d629d46fa246a7901ccf6c67f14912 P 5ae394dd79604b5ab464a80f1a12bd0f: Time spent bootstrapping tablet: real 0.044s	user 0.016s	sys 0.002s
I20260710 13:21:59.701092 21976 tablet_bootstrap.cc:492] T 75c2471c570c463f8340e592f842d5af P e2bbe3c8719c4e49839c356c24217ca2: Bootstrap starting.
I20260710 13:21:59.704219 21974 raft_consensus.cc:359] T 32d629d46fa246a7901ccf6c67f14912 P 5ae394dd79604b5ab464a80f1a12bd0f [term 0 FOLLOWER]: Replica starting. Triggering 0 pending ops. Active config: opid_index: -1 OBSOLETE_local: false peers { permanent_uuid: "e2bbe3c8719c4e49839c356c24217ca2" member_type: VOTER last_known_addr { host: "127.21.36.1" port: 42393 } } peers { permanent_uuid: "5ae394dd79604b5ab464a80f1a12bd0f" member_type: VOTER last_known_addr { host: "127.21.36.2" port: 35883 } } peers { permanent_uuid: "7903a98917794d03b6ff666d74eb93c3" member_type: VOTER last_known_addr { host: "127.21.36.3" port: 39337 } }
I20260710 13:21:59.705014 21974 raft_consensus.cc:385] T 32d629d46fa246a7901ccf6c67f14912 P 5ae394dd79604b5ab464a80f1a12bd0f [term 0 FOLLOWER]: Consensus starting up: Expiring failure detector timer to make a prompt election more likely
I20260710 13:21:59.705335 21974 raft_consensus.cc:740] T 32d629d46fa246a7901ccf6c67f14912 P 5ae394dd79604b5ab464a80f1a12bd0f [term 0 FOLLOWER]: Becoming Follower/Learner. State: Replica: 5ae394dd79604b5ab464a80f1a12bd0f, State: Initialized, Role: FOLLOWER
I20260710 13:21:59.706074 21974 consensus_queue.cc:260] T 32d629d46fa246a7901ccf6c67f14912 P 5ae394dd79604b5ab464a80f1a12bd0f [NON_LEADER]: Queue going to NON_LEADER mode. State: All replicated index: 0, Majority replicated index: 0, Committed index: 0, Last appended: 0.0, Last appended by leader: 0, Current term: 0, Majority size: -1, State: 0, Mode: NON_LEADER, active raft config: opid_index: -1 OBSOLETE_local: false peers { permanent_uuid: "e2bbe3c8719c4e49839c356c24217ca2" member_type: VOTER last_known_addr { host: "127.21.36.1" port: 42393 } } peers { permanent_uuid: "5ae394dd79604b5ab464a80f1a12bd0f" member_type: VOTER last_known_addr { host: "127.21.36.2" port: 35883 } } peers { permanent_uuid: "7903a98917794d03b6ff666d74eb93c3" member_type: VOTER last_known_addr { host: "127.21.36.3" port: 39337 } }
I20260710 13:21:59.708073 21976 tablet_bootstrap.cc:654] T 75c2471c570c463f8340e592f842d5af P e2bbe3c8719c4e49839c356c24217ca2: Neither blocks nor log segments found. Creating new log.
I20260710 13:21:59.709776 21974 ts_tablet_manager.cc:1434] T 32d629d46fa246a7901ccf6c67f14912 P 5ae394dd79604b5ab464a80f1a12bd0f: Time spent starting tablet: real 0.008s	user 0.006s	sys 0.000s
I20260710 13:21:59.710690 21974 tablet_bootstrap.cc:492] T 8db03f1d4e074446b89ff2b14b10deaa P 5ae394dd79604b5ab464a80f1a12bd0f: Bootstrap starting.
W20260710 13:21:59.713018 21884 tablet.cc:2406] T 32d629d46fa246a7901ccf6c67f14912 P 5ae394dd79604b5ab464a80f1a12bd0f: Can't schedule compaction. Clean time has not been advanced past its initial value.
I20260710 13:21:59.720112 21974 tablet_bootstrap.cc:654] T 8db03f1d4e074446b89ff2b14b10deaa P 5ae394dd79604b5ab464a80f1a12bd0f: Neither blocks nor log segments found. Creating new log.
I20260710 13:21:59.725214 21975 tablet_bootstrap.cc:492] T db89c19d836747bb87b0842321a6e104 P 7903a98917794d03b6ff666d74eb93c3: No bootstrap required, opened a new log
I20260710 13:21:59.725878 21975 ts_tablet_manager.cc:1403] T db89c19d836747bb87b0842321a6e104 P 7903a98917794d03b6ff666d74eb93c3: Time spent bootstrapping tablet: real 0.048s	user 0.013s	sys 0.003s
I20260710 13:21:59.728940 21975 raft_consensus.cc:359] T db89c19d836747bb87b0842321a6e104 P 7903a98917794d03b6ff666d74eb93c3 [term 0 FOLLOWER]: Replica starting. Triggering 0 pending ops. Active config: opid_index: -1 OBSOLETE_local: false peers { permanent_uuid: "e2bbe3c8719c4e49839c356c24217ca2" member_type: VOTER last_known_addr { host: "127.21.36.1" port: 42393 } } peers { permanent_uuid: "5ae394dd79604b5ab464a80f1a12bd0f" member_type: VOTER last_known_addr { host: "127.21.36.2" port: 35883 } } peers { permanent_uuid: "7903a98917794d03b6ff666d74eb93c3" member_type: VOTER last_known_addr { host: "127.21.36.3" port: 39337 } }
I20260710 13:21:59.729519 21975 raft_consensus.cc:385] T db89c19d836747bb87b0842321a6e104 P 7903a98917794d03b6ff666d74eb93c3 [term 0 FOLLOWER]: Consensus starting up: Expiring failure detector timer to make a prompt election more likely
I20260710 13:21:59.729839 21975 raft_consensus.cc:740] T db89c19d836747bb87b0842321a6e104 P 7903a98917794d03b6ff666d74eb93c3 [term 0 FOLLOWER]: Becoming Follower/Learner. State: Replica: 7903a98917794d03b6ff666d74eb93c3, State: Initialized, Role: FOLLOWER
I20260710 13:21:59.730618 21975 consensus_queue.cc:260] T db89c19d836747bb87b0842321a6e104 P 7903a98917794d03b6ff666d74eb93c3 [NON_LEADER]: Queue going to NON_LEADER mode. State: All replicated index: 0, Majority replicated index: 0, Committed index: 0, Last appended: 0.0, Last appended by leader: 0, Current term: 0, Majority size: -1, State: 0, Mode: NON_LEADER, active raft config: opid_index: -1 OBSOLETE_local: false peers { permanent_uuid: "e2bbe3c8719c4e49839c356c24217ca2" member_type: VOTER last_known_addr { host: "127.21.36.1" port: 42393 } } peers { permanent_uuid: "5ae394dd79604b5ab464a80f1a12bd0f" member_type: VOTER last_known_addr { host: "127.21.36.2" port: 35883 } } peers { permanent_uuid: "7903a98917794d03b6ff666d74eb93c3" member_type: VOTER last_known_addr { host: "127.21.36.3" port: 39337 } }
I20260710 13:21:59.732074 21976 tablet_bootstrap.cc:492] T 75c2471c570c463f8340e592f842d5af P e2bbe3c8719c4e49839c356c24217ca2: No bootstrap required, opened a new log
I20260710 13:21:59.732581 21976 ts_tablet_manager.cc:1403] T 75c2471c570c463f8340e592f842d5af P e2bbe3c8719c4e49839c356c24217ca2: Time spent bootstrapping tablet: real 0.032s	user 0.019s	sys 0.002s
I20260710 13:21:59.736162 21975 ts_tablet_manager.cc:1434] T db89c19d836747bb87b0842321a6e104 P 7903a98917794d03b6ff666d74eb93c3: Time spent starting tablet: real 0.010s	user 0.006s	sys 0.000s
I20260710 13:21:59.737191 21975 tablet_bootstrap.cc:492] T 75c2471c570c463f8340e592f842d5af P 7903a98917794d03b6ff666d74eb93c3: Bootstrap starting.
I20260710 13:21:59.737907 21976 raft_consensus.cc:359] T 75c2471c570c463f8340e592f842d5af P e2bbe3c8719c4e49839c356c24217ca2 [term 0 FOLLOWER]: Replica starting. Triggering 0 pending ops. Active config: opid_index: -1 OBSOLETE_local: false peers { permanent_uuid: "e2bbe3c8719c4e49839c356c24217ca2" member_type: VOTER last_known_addr { host: "127.21.36.1" port: 42393 } } peers { permanent_uuid: "5ae394dd79604b5ab464a80f1a12bd0f" member_type: VOTER last_known_addr { host: "127.21.36.2" port: 35883 } } peers { permanent_uuid: "7903a98917794d03b6ff666d74eb93c3" member_type: VOTER last_known_addr { host: "127.21.36.3" port: 39337 } }
I20260710 13:21:59.738658 21976 raft_consensus.cc:385] T 75c2471c570c463f8340e592f842d5af P e2bbe3c8719c4e49839c356c24217ca2 [term 0 FOLLOWER]: Consensus starting up: Expiring failure detector timer to make a prompt election more likely
I20260710 13:21:59.738986 21976 raft_consensus.cc:740] T 75c2471c570c463f8340e592f842d5af P e2bbe3c8719c4e49839c356c24217ca2 [term 0 FOLLOWER]: Becoming Follower/Learner. State: Replica: e2bbe3c8719c4e49839c356c24217ca2, State: Initialized, Role: FOLLOWER
I20260710 13:21:59.740033 21976 consensus_queue.cc:260] T 75c2471c570c463f8340e592f842d5af P e2bbe3c8719c4e49839c356c24217ca2 [NON_LEADER]: Queue going to NON_LEADER mode. State: All replicated index: 0, Majority replicated index: 0, Committed index: 0, Last appended: 0.0, Last appended by leader: 0, Current term: 0, Majority size: -1, State: 0, Mode: NON_LEADER, active raft config: opid_index: -1 OBSOLETE_local: false peers { permanent_uuid: "e2bbe3c8719c4e49839c356c24217ca2" member_type: VOTER last_known_addr { host: "127.21.36.1" port: 42393 } } peers { permanent_uuid: "5ae394dd79604b5ab464a80f1a12bd0f" member_type: VOTER last_known_addr { host: "127.21.36.2" port: 35883 } } peers { permanent_uuid: "7903a98917794d03b6ff666d74eb93c3" member_type: VOTER last_known_addr { host: "127.21.36.3" port: 39337 } }
I20260710 13:21:59.742524 21976 ts_tablet_manager.cc:1434] T 75c2471c570c463f8340e592f842d5af P e2bbe3c8719c4e49839c356c24217ca2: Time spent starting tablet: real 0.010s	user 0.006s	sys 0.000s
I20260710 13:21:59.743449 21976 tablet_bootstrap.cc:492] T 6b04fb2541bc451abb8b05a3e1b434c4 P e2bbe3c8719c4e49839c356c24217ca2: Bootstrap starting.
I20260710 13:21:59.748602 21974 tablet_bootstrap.cc:492] T 8db03f1d4e074446b89ff2b14b10deaa P 5ae394dd79604b5ab464a80f1a12bd0f: No bootstrap required, opened a new log
I20260710 13:21:59.749136 21974 ts_tablet_manager.cc:1403] T 8db03f1d4e074446b89ff2b14b10deaa P 5ae394dd79604b5ab464a80f1a12bd0f: Time spent bootstrapping tablet: real 0.039s	user 0.011s	sys 0.002s
I20260710 13:21:59.750133 21976 tablet_bootstrap.cc:654] T 6b04fb2541bc451abb8b05a3e1b434c4 P e2bbe3c8719c4e49839c356c24217ca2: Neither blocks nor log segments found. Creating new log.
I20260710 13:21:59.752169 21974 raft_consensus.cc:359] T 8db03f1d4e074446b89ff2b14b10deaa P 5ae394dd79604b5ab464a80f1a12bd0f [term 0 FOLLOWER]: Replica starting. Triggering 0 pending ops. Active config: opid_index: -1 OBSOLETE_local: false peers { permanent_uuid: "e2bbe3c8719c4e49839c356c24217ca2" member_type: VOTER last_known_addr { host: "127.21.36.1" port: 42393 } } peers { permanent_uuid: "5ae394dd79604b5ab464a80f1a12bd0f" member_type: VOTER last_known_addr { host: "127.21.36.2" port: 35883 } } peers { permanent_uuid: "7903a98917794d03b6ff666d74eb93c3" member_type: VOTER last_known_addr { host: "127.21.36.3" port: 39337 } }
I20260710 13:21:59.752983 21974 raft_consensus.cc:385] T 8db03f1d4e074446b89ff2b14b10deaa P 5ae394dd79604b5ab464a80f1a12bd0f [term 0 FOLLOWER]: Consensus starting up: Expiring failure detector timer to make a prompt election more likely
I20260710 13:21:59.753306 21974 raft_consensus.cc:740] T 8db03f1d4e074446b89ff2b14b10deaa P 5ae394dd79604b5ab464a80f1a12bd0f [term 0 FOLLOWER]: Becoming Follower/Learner. State: Replica: 5ae394dd79604b5ab464a80f1a12bd0f, State: Initialized, Role: FOLLOWER
I20260710 13:21:59.754096 21974 consensus_queue.cc:260] T 8db03f1d4e074446b89ff2b14b10deaa P 5ae394dd79604b5ab464a80f1a12bd0f [NON_LEADER]: Queue going to NON_LEADER mode. State: All replicated index: 0, Majority replicated index: 0, Committed index: 0, Last appended: 0.0, Last appended by leader: 0, Current term: 0, Majority size: -1, State: 0, Mode: NON_LEADER, active raft config: opid_index: -1 OBSOLETE_local: false peers { permanent_uuid: "e2bbe3c8719c4e49839c356c24217ca2" member_type: VOTER last_known_addr { host: "127.21.36.1" port: 42393 } } peers { permanent_uuid: "5ae394dd79604b5ab464a80f1a12bd0f" member_type: VOTER last_known_addr { host: "127.21.36.2" port: 35883 } } peers { permanent_uuid: "7903a98917794d03b6ff666d74eb93c3" member_type: VOTER last_known_addr { host: "127.21.36.3" port: 39337 } }
I20260710 13:21:59.756857 21975 tablet_bootstrap.cc:654] T 75c2471c570c463f8340e592f842d5af P 7903a98917794d03b6ff666d74eb93c3: Neither blocks nor log segments found. Creating new log.
I20260710 13:21:59.760076 21974 ts_tablet_manager.cc:1434] T 8db03f1d4e074446b89ff2b14b10deaa P 5ae394dd79604b5ab464a80f1a12bd0f: Time spent starting tablet: real 0.011s	user 0.008s	sys 0.000s
I20260710 13:21:59.761111 21974 tablet_bootstrap.cc:492] T 8781ea3b59414b3c905c079496140883 P 5ae394dd79604b5ab464a80f1a12bd0f: Bootstrap starting.
I20260710 13:21:59.767834 21974 tablet_bootstrap.cc:654] T 8781ea3b59414b3c905c079496140883 P 5ae394dd79604b5ab464a80f1a12bd0f: Neither blocks nor log segments found. Creating new log.
I20260710 13:21:59.770113 21980 raft_consensus.cc:493] T d9461322767c4f0dadb016874c05705a P 5ae394dd79604b5ab464a80f1a12bd0f [term 0 FOLLOWER]: Starting pre-election (no leader contacted us within the election timeout)
I20260710 13:21:59.770675 21980 raft_consensus.cc:515] T d9461322767c4f0dadb016874c05705a P 5ae394dd79604b5ab464a80f1a12bd0f [term 0 FOLLOWER]: Starting pre-election with config: opid_index: -1 OBSOLETE_local: false peers { permanent_uuid: "5ae394dd79604b5ab464a80f1a12bd0f" member_type: VOTER last_known_addr { host: "127.21.36.2" port: 35883 } } peers { permanent_uuid: "7903a98917794d03b6ff666d74eb93c3" member_type: VOTER last_known_addr { host: "127.21.36.3" port: 39337 } } peers { permanent_uuid: "e2bbe3c8719c4e49839c356c24217ca2" member_type: VOTER last_known_addr { host: "127.21.36.1" port: 42393 } }
I20260710 13:21:59.773676 21975 tablet_bootstrap.cc:492] T 75c2471c570c463f8340e592f842d5af P 7903a98917794d03b6ff666d74eb93c3: No bootstrap required, opened a new log
I20260710 13:21:59.774029 21980 leader_election.cc:290] T d9461322767c4f0dadb016874c05705a P 5ae394dd79604b5ab464a80f1a12bd0f [CANDIDATE]: Term 1 pre-election: Requested pre-vote from peers 7903a98917794d03b6ff666d74eb93c3 (127.21.36.3:39337), e2bbe3c8719c4e49839c356c24217ca2 (127.21.36.1:42393)
I20260710 13:21:59.774248 21975 ts_tablet_manager.cc:1403] T 75c2471c570c463f8340e592f842d5af P 7903a98917794d03b6ff666d74eb93c3: Time spent bootstrapping tablet: real 0.037s	user 0.008s	sys 0.006s
I20260710 13:21:59.777486 21975 raft_consensus.cc:359] T 75c2471c570c463f8340e592f842d5af P 7903a98917794d03b6ff666d74eb93c3 [term 0 FOLLOWER]: Replica starting. Triggering 0 pending ops. Active config: opid_index: -1 OBSOLETE_local: false peers { permanent_uuid: "e2bbe3c8719c4e49839c356c24217ca2" member_type: VOTER last_known_addr { host: "127.21.36.1" port: 42393 } } peers { permanent_uuid: "5ae394dd79604b5ab464a80f1a12bd0f" member_type: VOTER last_known_addr { host: "127.21.36.2" port: 35883 } } peers { permanent_uuid: "7903a98917794d03b6ff666d74eb93c3" member_type: VOTER last_known_addr { host: "127.21.36.3" port: 39337 } }
I20260710 13:21:59.778237 21975 raft_consensus.cc:385] T 75c2471c570c463f8340e592f842d5af P 7903a98917794d03b6ff666d74eb93c3 [term 0 FOLLOWER]: Consensus starting up: Expiring failure detector timer to make a prompt election more likely
I20260710 13:21:59.778550 21975 raft_consensus.cc:740] T 75c2471c570c463f8340e592f842d5af P 7903a98917794d03b6ff666d74eb93c3 [term 0 FOLLOWER]: Becoming Follower/Learner. State: Replica: 7903a98917794d03b6ff666d74eb93c3, State: Initialized, Role: FOLLOWER
I20260710 13:21:59.779317 21975 consensus_queue.cc:260] T 75c2471c570c463f8340e592f842d5af P 7903a98917794d03b6ff666d74eb93c3 [NON_LEADER]: Queue going to NON_LEADER mode. State: All replicated index: 0, Majority replicated index: 0, Committed index: 0, Last appended: 0.0, Last appended by leader: 0, Current term: 0, Majority size: -1, State: 0, Mode: NON_LEADER, active raft config: opid_index: -1 OBSOLETE_local: false peers { permanent_uuid: "e2bbe3c8719c4e49839c356c24217ca2" member_type: VOTER last_known_addr { host: "127.21.36.1" port: 42393 } } peers { permanent_uuid: "5ae394dd79604b5ab464a80f1a12bd0f" member_type: VOTER last_known_addr { host: "127.21.36.2" port: 35883 } } peers { permanent_uuid: "7903a98917794d03b6ff666d74eb93c3" member_type: VOTER last_known_addr { host: "127.21.36.3" port: 39337 } }
I20260710 13:21:59.787632 21975 ts_tablet_manager.cc:1434] T 75c2471c570c463f8340e592f842d5af P 7903a98917794d03b6ff666d74eb93c3: Time spent starting tablet: real 0.013s	user 0.006s	sys 0.001s
I20260710 13:21:59.788620 21975 tablet_bootstrap.cc:492] T 8781ea3b59414b3c905c079496140883 P 7903a98917794d03b6ff666d74eb93c3: Bootstrap starting.
I20260710 13:21:59.789153 21976 tablet_bootstrap.cc:492] T 6b04fb2541bc451abb8b05a3e1b434c4 P e2bbe3c8719c4e49839c356c24217ca2: No bootstrap required, opened a new log
I20260710 13:21:59.789610 21976 ts_tablet_manager.cc:1403] T 6b04fb2541bc451abb8b05a3e1b434c4 P e2bbe3c8719c4e49839c356c24217ca2: Time spent bootstrapping tablet: real 0.046s	user 0.013s	sys 0.013s
I20260710 13:21:59.792501 21976 raft_consensus.cc:359] T 6b04fb2541bc451abb8b05a3e1b434c4 P e2bbe3c8719c4e49839c356c24217ca2 [term 0 FOLLOWER]: Replica starting. Triggering 0 pending ops. Active config: opid_index: -1 OBSOLETE_local: false peers { permanent_uuid: "e2bbe3c8719c4e49839c356c24217ca2" member_type: VOTER last_known_addr { host: "127.21.36.1" port: 42393 } } peers { permanent_uuid: "5ae394dd79604b5ab464a80f1a12bd0f" member_type: VOTER last_known_addr { host: "127.21.36.2" port: 35883 } } peers { permanent_uuid: "7903a98917794d03b6ff666d74eb93c3" member_type: VOTER last_known_addr { host: "127.21.36.3" port: 39337 } }
I20260710 13:21:59.793256 21976 raft_consensus.cc:385] T 6b04fb2541bc451abb8b05a3e1b434c4 P e2bbe3c8719c4e49839c356c24217ca2 [term 0 FOLLOWER]: Consensus starting up: Expiring failure detector timer to make a prompt election more likely
I20260710 13:21:59.793560 21976 raft_consensus.cc:740] T 6b04fb2541bc451abb8b05a3e1b434c4 P e2bbe3c8719c4e49839c356c24217ca2 [term 0 FOLLOWER]: Becoming Follower/Learner. State: Replica: e2bbe3c8719c4e49839c356c24217ca2, State: Initialized, Role: FOLLOWER
I20260710 13:21:59.795734 21983 raft_consensus.cc:493] T 75c2471c570c463f8340e592f842d5af P e2bbe3c8719c4e49839c356c24217ca2 [term 0 FOLLOWER]: Starting pre-election (no leader contacted us within the election timeout)
I20260710 13:21:59.796446 21983 raft_consensus.cc:515] T 75c2471c570c463f8340e592f842d5af P e2bbe3c8719c4e49839c356c24217ca2 [term 0 FOLLOWER]: Starting pre-election with config: opid_index: -1 OBSOLETE_local: false peers { permanent_uuid: "e2bbe3c8719c4e49839c356c24217ca2" member_type: VOTER last_known_addr { host: "127.21.36.1" port: 42393 } } peers { permanent_uuid: "5ae394dd79604b5ab464a80f1a12bd0f" member_type: VOTER last_known_addr { host: "127.21.36.2" port: 35883 } } peers { permanent_uuid: "7903a98917794d03b6ff666d74eb93c3" member_type: VOTER last_known_addr { host: "127.21.36.3" port: 39337 } }
I20260710 13:21:59.801400 21983 leader_election.cc:290] T 75c2471c570c463f8340e592f842d5af P e2bbe3c8719c4e49839c356c24217ca2 [CANDIDATE]: Term 1 pre-election: Requested pre-vote from peers 5ae394dd79604b5ab464a80f1a12bd0f (127.21.36.2:35883), 7903a98917794d03b6ff666d74eb93c3 (127.21.36.3:39337)
I20260710 13:21:59.799597 21976 consensus_queue.cc:260] T 6b04fb2541bc451abb8b05a3e1b434c4 P e2bbe3c8719c4e49839c356c24217ca2 [NON_LEADER]: Queue going to NON_LEADER mode. State: All replicated index: 0, Majority replicated index: 0, Committed index: 0, Last appended: 0.0, Last appended by leader: 0, Current term: 0, Majority size: -1, State: 0, Mode: NON_LEADER, active raft config: opid_index: -1 OBSOLETE_local: false peers { permanent_uuid: "e2bbe3c8719c4e49839c356c24217ca2" member_type: VOTER last_known_addr { host: "127.21.36.1" port: 42393 } } peers { permanent_uuid: "5ae394dd79604b5ab464a80f1a12bd0f" member_type: VOTER last_known_addr { host: "127.21.36.2" port: 35883 } } peers { permanent_uuid: "7903a98917794d03b6ff666d74eb93c3" member_type: VOTER last_known_addr { host: "127.21.36.3" port: 39337 } }
I20260710 13:21:59.819427 21975 tablet_bootstrap.cc:654] T 8781ea3b59414b3c905c079496140883 P 7903a98917794d03b6ff666d74eb93c3: Neither blocks nor log segments found. Creating new log.
I20260710 13:21:59.821575 21974 tablet_bootstrap.cc:492] T 8781ea3b59414b3c905c079496140883 P 5ae394dd79604b5ab464a80f1a12bd0f: No bootstrap required, opened a new log
I20260710 13:21:59.822098 21974 ts_tablet_manager.cc:1403] T 8781ea3b59414b3c905c079496140883 P 5ae394dd79604b5ab464a80f1a12bd0f: Time spent bootstrapping tablet: real 0.061s	user 0.009s	sys 0.010s
I20260710 13:21:59.827858 21974 raft_consensus.cc:359] T 8781ea3b59414b3c905c079496140883 P 5ae394dd79604b5ab464a80f1a12bd0f [term 0 FOLLOWER]: Replica starting. Triggering 0 pending ops. Active config: opid_index: -1 OBSOLETE_local: false peers { permanent_uuid: "e2bbe3c8719c4e49839c356c24217ca2" member_type: VOTER last_known_addr { host: "127.21.36.1" port: 42393 } } peers { permanent_uuid: "5ae394dd79604b5ab464a80f1a12bd0f" member_type: VOTER last_known_addr { host: "127.21.36.2" port: 35883 } } peers { permanent_uuid: "7903a98917794d03b6ff666d74eb93c3" member_type: VOTER last_known_addr { host: "127.21.36.3" port: 39337 } }
I20260710 13:21:59.829041 21974 raft_consensus.cc:385] T 8781ea3b59414b3c905c079496140883 P 5ae394dd79604b5ab464a80f1a12bd0f [term 0 FOLLOWER]: Consensus starting up: Expiring failure detector timer to make a prompt election more likely
I20260710 13:21:59.829589 21974 raft_consensus.cc:740] T 8781ea3b59414b3c905c079496140883 P 5ae394dd79604b5ab464a80f1a12bd0f [term 0 FOLLOWER]: Becoming Follower/Learner. State: Replica: 5ae394dd79604b5ab464a80f1a12bd0f, State: Initialized, Role: FOLLOWER
I20260710 13:21:59.829957 21976 ts_tablet_manager.cc:1434] T 6b04fb2541bc451abb8b05a3e1b434c4 P e2bbe3c8719c4e49839c356c24217ca2: Time spent starting tablet: real 0.040s	user 0.005s	sys 0.003s
I20260710 13:21:59.832654 21974 consensus_queue.cc:260] T 8781ea3b59414b3c905c079496140883 P 5ae394dd79604b5ab464a80f1a12bd0f [NON_LEADER]: Queue going to NON_LEADER mode. State: All replicated index: 0, Majority replicated index: 0, Committed index: 0, Last appended: 0.0, Last appended by leader: 0, Current term: 0, Majority size: -1, State: 0, Mode: NON_LEADER, active raft config: opid_index: -1 OBSOLETE_local: false peers { permanent_uuid: "e2bbe3c8719c4e49839c356c24217ca2" member_type: VOTER last_known_addr { host: "127.21.36.1" port: 42393 } } peers { permanent_uuid: "5ae394dd79604b5ab464a80f1a12bd0f" member_type: VOTER last_known_addr { host: "127.21.36.2" port: 35883 } } peers { permanent_uuid: "7903a98917794d03b6ff666d74eb93c3" member_type: VOTER last_known_addr { host: "127.21.36.3" port: 39337 } }
I20260710 13:21:59.836710 21932 tablet_service.cc:1917] Received RequestConsensusVote() RPC: tablet_id: "d9461322767c4f0dadb016874c05705a" candidate_uuid: "5ae394dd79604b5ab464a80f1a12bd0f" candidate_term: 1 candidate_status { last_received { term: 0 index: 0 } } ignore_live_leader: false dest_uuid: "7903a98917794d03b6ff666d74eb93c3" is_pre_election: true
I20260710 13:21:59.837352 21976 tablet_bootstrap.cc:492] T db89c19d836747bb87b0842321a6e104 P e2bbe3c8719c4e49839c356c24217ca2: Bootstrap starting.
W20260710 13:21:59.845656 21824 leader_election.cc:343] T d9461322767c4f0dadb016874c05705a P 5ae394dd79604b5ab464a80f1a12bd0f [CANDIDATE]: Term 1 pre-election: Tablet error from VoteRequest() call to peer 7903a98917794d03b6ff666d74eb93c3 (127.21.36.3:39337): Illegal state: must be running to vote when last-logged opid is not known
I20260710 13:21:59.851805 21974 ts_tablet_manager.cc:1434] T 8781ea3b59414b3c905c079496140883 P 5ae394dd79604b5ab464a80f1a12bd0f: Time spent starting tablet: real 0.029s	user 0.007s	sys 0.002s
I20260710 13:21:59.852571 21858 tablet_service.cc:1917] Received RequestConsensusVote() RPC: tablet_id: "75c2471c570c463f8340e592f842d5af" candidate_uuid: "e2bbe3c8719c4e49839c356c24217ca2" candidate_term: 1 candidate_status { last_received { term: 0 index: 0 } } ignore_live_leader: false dest_uuid: "5ae394dd79604b5ab464a80f1a12bd0f" is_pre_election: true
I20260710 13:21:59.854522 21974 tablet_bootstrap.cc:492] T db89c19d836747bb87b0842321a6e104 P 5ae394dd79604b5ab464a80f1a12bd0f: Bootstrap starting.
W20260710 13:21:59.855613 21748 leader_election.cc:343] T 75c2471c570c463f8340e592f842d5af P e2bbe3c8719c4e49839c356c24217ca2 [CANDIDATE]: Term 1 pre-election: Tablet error from VoteRequest() call to peer 5ae394dd79604b5ab464a80f1a12bd0f (127.21.36.2:35883): Illegal state: must be running to vote when last-logged opid is not known
I20260710 13:21:59.856449 21975 tablet_bootstrap.cc:492] T 8781ea3b59414b3c905c079496140883 P 7903a98917794d03b6ff666d74eb93c3: No bootstrap required, opened a new log
I20260710 13:21:59.856941 21975 ts_tablet_manager.cc:1403] T 8781ea3b59414b3c905c079496140883 P 7903a98917794d03b6ff666d74eb93c3: Time spent bootstrapping tablet: real 0.069s	user 0.010s	sys 0.013s
I20260710 13:21:59.864424 21974 tablet_bootstrap.cc:654] T db89c19d836747bb87b0842321a6e104 P 5ae394dd79604b5ab464a80f1a12bd0f: Neither blocks nor log segments found. Creating new log.
I20260710 13:21:59.864969 21975 raft_consensus.cc:359] T 8781ea3b59414b3c905c079496140883 P 7903a98917794d03b6ff666d74eb93c3 [term 0 FOLLOWER]: Replica starting. Triggering 0 pending ops. Active config: opid_index: -1 OBSOLETE_local: false peers { permanent_uuid: "e2bbe3c8719c4e49839c356c24217ca2" member_type: VOTER last_known_addr { host: "127.21.36.1" port: 42393 } } peers { permanent_uuid: "5ae394dd79604b5ab464a80f1a12bd0f" member_type: VOTER last_known_addr { host: "127.21.36.2" port: 35883 } } peers { permanent_uuid: "7903a98917794d03b6ff666d74eb93c3" member_type: VOTER last_known_addr { host: "127.21.36.3" port: 39337 } }
I20260710 13:21:59.865809 21975 raft_consensus.cc:385] T 8781ea3b59414b3c905c079496140883 P 7903a98917794d03b6ff666d74eb93c3 [term 0 FOLLOWER]: Consensus starting up: Expiring failure detector timer to make a prompt election more likely
I20260710 13:21:59.866165 21975 raft_consensus.cc:740] T 8781ea3b59414b3c905c079496140883 P 7903a98917794d03b6ff666d74eb93c3 [term 0 FOLLOWER]: Becoming Follower/Learner. State: Replica: 7903a98917794d03b6ff666d74eb93c3, State: Initialized, Role: FOLLOWER
I20260710 13:21:59.866703 21932 tablet_service.cc:1917] Received RequestConsensusVote() RPC: tablet_id: "75c2471c570c463f8340e592f842d5af" candidate_uuid: "e2bbe3c8719c4e49839c356c24217ca2" candidate_term: 1 candidate_status { last_received { term: 0 index: 0 } } ignore_live_leader: false dest_uuid: "7903a98917794d03b6ff666d74eb93c3" is_pre_election: true
I20260710 13:21:59.866938 21975 consensus_queue.cc:260] T 8781ea3b59414b3c905c079496140883 P 7903a98917794d03b6ff666d74eb93c3 [NON_LEADER]: Queue going to NON_LEADER mode. State: All replicated index: 0, Majority replicated index: 0, Committed index: 0, Last appended: 0.0, Last appended by leader: 0, Current term: 0, Majority size: -1, State: 0, Mode: NON_LEADER, active raft config: opid_index: -1 OBSOLETE_local: false peers { permanent_uuid: "e2bbe3c8719c4e49839c356c24217ca2" member_type: VOTER last_known_addr { host: "127.21.36.1" port: 42393 } } peers { permanent_uuid: "5ae394dd79604b5ab464a80f1a12bd0f" member_type: VOTER last_known_addr { host: "127.21.36.2" port: 35883 } } peers { permanent_uuid: "7903a98917794d03b6ff666d74eb93c3" member_type: VOTER last_known_addr { host: "127.21.36.3" port: 39337 } }
I20260710 13:21:59.867406 21932 raft_consensus.cc:2468] T 75c2471c570c463f8340e592f842d5af P 7903a98917794d03b6ff666d74eb93c3 [term 0 FOLLOWER]: Leader pre-election vote request: Granting yes vote for candidate e2bbe3c8719c4e49839c356c24217ca2 in term 0.
I20260710 13:21:59.868914 21749 leader_election.cc:304] T 75c2471c570c463f8340e592f842d5af P e2bbe3c8719c4e49839c356c24217ca2 [CANDIDATE]: Term 1 pre-election: Election decided. Result: candidate won. Election summary: received 3 responses out of 3 voters: 2 yes votes; 1 no votes. yes voters: 7903a98917794d03b6ff666d74eb93c3, e2bbe3c8719c4e49839c356c24217ca2; no voters: 5ae394dd79604b5ab464a80f1a12bd0f
I20260710 13:21:59.869788 21983 raft_consensus.cc:2804] T 75c2471c570c463f8340e592f842d5af P e2bbe3c8719c4e49839c356c24217ca2 [term 0 FOLLOWER]: Leader pre-election won for term 1
I20260710 13:21:59.870150 21983 raft_consensus.cc:493] T 75c2471c570c463f8340e592f842d5af P e2bbe3c8719c4e49839c356c24217ca2 [term 0 FOLLOWER]: Starting leader election (no leader contacted us within the election timeout)
I20260710 13:21:59.870492 21983 raft_consensus.cc:3060] T 75c2471c570c463f8340e592f842d5af P e2bbe3c8719c4e49839c356c24217ca2 [term 0 FOLLOWER]: Advancing to term 1
I20260710 13:21:59.877780 21983 raft_consensus.cc:515] T 75c2471c570c463f8340e592f842d5af P e2bbe3c8719c4e49839c356c24217ca2 [term 1 FOLLOWER]: Starting leader election with config: opid_index: -1 OBSOLETE_local: false peers { permanent_uuid: "e2bbe3c8719c4e49839c356c24217ca2" member_type: VOTER last_known_addr { host: "127.21.36.1" port: 42393 } } peers { permanent_uuid: "5ae394dd79604b5ab464a80f1a12bd0f" member_type: VOTER last_known_addr { host: "127.21.36.2" port: 35883 } } peers { permanent_uuid: "7903a98917794d03b6ff666d74eb93c3" member_type: VOTER last_known_addr { host: "127.21.36.3" port: 39337 } }
I20260710 13:21:59.880766 21858 tablet_service.cc:1917] Received RequestConsensusVote() RPC: tablet_id: "75c2471c570c463f8340e592f842d5af" candidate_uuid: "e2bbe3c8719c4e49839c356c24217ca2" candidate_term: 1 candidate_status { last_received { term: 0 index: 0 } } ignore_live_leader: false dest_uuid: "5ae394dd79604b5ab464a80f1a12bd0f"
W20260710 13:21:59.882266 21748 leader_election.cc:343] T 75c2471c570c463f8340e592f842d5af P e2bbe3c8719c4e49839c356c24217ca2 [CANDIDATE]: Term 1 election: Tablet error from VoteRequest() call to peer 5ae394dd79604b5ab464a80f1a12bd0f (127.21.36.2:35883): Illegal state: must be running to vote when last-logged opid is not known
I20260710 13:21:59.869549 21975 ts_tablet_manager.cc:1434] T 8781ea3b59414b3c905c079496140883 P 7903a98917794d03b6ff666d74eb93c3: Time spent starting tablet: real 0.012s	user 0.000s	sys 0.007s
I20260710 13:21:59.883822 21975 tablet_bootstrap.cc:492] T d9461322767c4f0dadb016874c05705a P 7903a98917794d03b6ff666d74eb93c3: Bootstrap starting.
I20260710 13:21:59.891510 21983 leader_election.cc:290] T 75c2471c570c463f8340e592f842d5af P e2bbe3c8719c4e49839c356c24217ca2 [CANDIDATE]: Term 1 election: Requested vote from peers 5ae394dd79604b5ab464a80f1a12bd0f (127.21.36.2:35883), 7903a98917794d03b6ff666d74eb93c3 (127.21.36.3:39337)
I20260710 13:21:59.890467 21975 tablet_bootstrap.cc:654] T d9461322767c4f0dadb016874c05705a P 7903a98917794d03b6ff666d74eb93c3: Neither blocks nor log segments found. Creating new log.
I20260710 13:21:59.892127 21783 tablet_service.cc:1917] Received RequestConsensusVote() RPC: tablet_id: "d9461322767c4f0dadb016874c05705a" candidate_uuid: "5ae394dd79604b5ab464a80f1a12bd0f" candidate_term: 1 candidate_status { last_received { term: 0 index: 0 } } ignore_live_leader: false dest_uuid: "e2bbe3c8719c4e49839c356c24217ca2" is_pre_election: true
I20260710 13:21:59.892611 21932 tablet_service.cc:1917] Received RequestConsensusVote() RPC: tablet_id: "75c2471c570c463f8340e592f842d5af" candidate_uuid: "e2bbe3c8719c4e49839c356c24217ca2" candidate_term: 1 candidate_status { last_received { term: 0 index: 0 } } ignore_live_leader: false dest_uuid: "7903a98917794d03b6ff666d74eb93c3"
I20260710 13:21:59.893257 21932 raft_consensus.cc:3060] T 75c2471c570c463f8340e592f842d5af P 7903a98917794d03b6ff666d74eb93c3 [term 0 FOLLOWER]: Advancing to term 1
W20260710 13:21:59.894387 21824 leader_election.cc:343] T d9461322767c4f0dadb016874c05705a P 5ae394dd79604b5ab464a80f1a12bd0f [CANDIDATE]: Term 1 pre-election: Tablet error from VoteRequest() call to peer e2bbe3c8719c4e49839c356c24217ca2 (127.21.36.1:42393): Illegal state: must be running to vote when last-logged opid is not known
I20260710 13:21:59.894892 21824 leader_election.cc:304] T d9461322767c4f0dadb016874c05705a P 5ae394dd79604b5ab464a80f1a12bd0f [CANDIDATE]: Term 1 pre-election: Election decided. Result: candidate lost. Election summary: received 3 responses out of 3 voters: 1 yes votes; 2 no votes. yes voters: 5ae394dd79604b5ab464a80f1a12bd0f; no voters: 7903a98917794d03b6ff666d74eb93c3, e2bbe3c8719c4e49839c356c24217ca2
I20260710 13:21:59.895823 21980 raft_consensus.cc:2749] T d9461322767c4f0dadb016874c05705a P 5ae394dd79604b5ab464a80f1a12bd0f [term 0 FOLLOWER]: Leader pre-election lost for term 1. Reason: could not achieve majority
I20260710 13:21:59.897773 21981 raft_consensus.cc:493] T db89c19d836747bb87b0842321a6e104 P 7903a98917794d03b6ff666d74eb93c3 [term 0 FOLLOWER]: Starting pre-election (no leader contacted us within the election timeout)
I20260710 13:21:59.898285 21981 raft_consensus.cc:515] T db89c19d836747bb87b0842321a6e104 P 7903a98917794d03b6ff666d74eb93c3 [term 0 FOLLOWER]: Starting pre-election with config: opid_index: -1 OBSOLETE_local: false peers { permanent_uuid: "e2bbe3c8719c4e49839c356c24217ca2" member_type: VOTER last_known_addr { host: "127.21.36.1" port: 42393 } } peers { permanent_uuid: "5ae394dd79604b5ab464a80f1a12bd0f" member_type: VOTER last_known_addr { host: "127.21.36.2" port: 35883 } } peers { permanent_uuid: "7903a98917794d03b6ff666d74eb93c3" member_type: VOTER last_known_addr { host: "127.21.36.3" port: 39337 } }
I20260710 13:21:59.901073 21932 raft_consensus.cc:2468] T 75c2471c570c463f8340e592f842d5af P 7903a98917794d03b6ff666d74eb93c3 [term 1 FOLLOWER]: Leader election vote request: Granting yes vote for candidate e2bbe3c8719c4e49839c356c24217ca2 in term 1.
I20260710 13:21:59.902420 21749 leader_election.cc:304] T 75c2471c570c463f8340e592f842d5af P e2bbe3c8719c4e49839c356c24217ca2 [CANDIDATE]: Term 1 election: Election decided. Result: candidate won. Election summary: received 3 responses out of 3 voters: 2 yes votes; 1 no votes. yes voters: 7903a98917794d03b6ff666d74eb93c3, e2bbe3c8719c4e49839c356c24217ca2; no voters: 5ae394dd79604b5ab464a80f1a12bd0f
I20260710 13:21:59.903347 21983 raft_consensus.cc:2804] T 75c2471c570c463f8340e592f842d5af P e2bbe3c8719c4e49839c356c24217ca2 [term 1 FOLLOWER]: Leader election won for term 1
I20260710 13:21:59.910162 21981 leader_election.cc:290] T db89c19d836747bb87b0842321a6e104 P 7903a98917794d03b6ff666d74eb93c3 [CANDIDATE]: Term 1 pre-election: Requested pre-vote from peers e2bbe3c8719c4e49839c356c24217ca2 (127.21.36.1:42393), 5ae394dd79604b5ab464a80f1a12bd0f (127.21.36.2:35883)
I20260710 13:21:59.912385 21976 tablet_bootstrap.cc:654] T db89c19d836747bb87b0842321a6e104 P e2bbe3c8719c4e49839c356c24217ca2: Neither blocks nor log segments found. Creating new log.
I20260710 13:21:59.919572 21783 tablet_service.cc:1917] Received RequestConsensusVote() RPC: tablet_id: "db89c19d836747bb87b0842321a6e104" candidate_uuid: "7903a98917794d03b6ff666d74eb93c3" candidate_term: 1 candidate_status { last_received { term: 0 index: 0 } } ignore_live_leader: false dest_uuid: "e2bbe3c8719c4e49839c356c24217ca2" is_pre_election: true
W20260710 13:21:59.921648 21898 leader_election.cc:343] T db89c19d836747bb87b0842321a6e104 P 7903a98917794d03b6ff666d74eb93c3 [CANDIDATE]: Term 1 pre-election: Tablet error from VoteRequest() call to peer e2bbe3c8719c4e49839c356c24217ca2 (127.21.36.1:42393): Illegal state: must be running to vote when last-logged opid is not known
I20260710 13:21:59.923990 21974 tablet_bootstrap.cc:492] T db89c19d836747bb87b0842321a6e104 P 5ae394dd79604b5ab464a80f1a12bd0f: No bootstrap required, opened a new log
I20260710 13:21:59.924588 21974 ts_tablet_manager.cc:1403] T db89c19d836747bb87b0842321a6e104 P 5ae394dd79604b5ab464a80f1a12bd0f: Time spent bootstrapping tablet: real 0.071s	user 0.026s	sys 0.026s
I20260710 13:21:59.926472 21976 tablet_bootstrap.cc:492] T db89c19d836747bb87b0842321a6e104 P e2bbe3c8719c4e49839c356c24217ca2: No bootstrap required, opened a new log
I20260710 13:21:59.927052 21976 ts_tablet_manager.cc:1403] T db89c19d836747bb87b0842321a6e104 P e2bbe3c8719c4e49839c356c24217ca2: Time spent bootstrapping tablet: real 0.091s	user 0.017s	sys 0.000s
I20260710 13:21:59.928445 21974 raft_consensus.cc:359] T db89c19d836747bb87b0842321a6e104 P 5ae394dd79604b5ab464a80f1a12bd0f [term 0 FOLLOWER]: Replica starting. Triggering 0 pending ops. Active config: opid_index: -1 OBSOLETE_local: false peers { permanent_uuid: "e2bbe3c8719c4e49839c356c24217ca2" member_type: VOTER last_known_addr { host: "127.21.36.1" port: 42393 } } peers { permanent_uuid: "5ae394dd79604b5ab464a80f1a12bd0f" member_type: VOTER last_known_addr { host: "127.21.36.2" port: 35883 } } peers { permanent_uuid: "7903a98917794d03b6ff666d74eb93c3" member_type: VOTER last_known_addr { host: "127.21.36.3" port: 39337 } }
I20260710 13:21:59.929308 21974 raft_consensus.cc:385] T db89c19d836747bb87b0842321a6e104 P 5ae394dd79604b5ab464a80f1a12bd0f [term 0 FOLLOWER]: Consensus starting up: Expiring failure detector timer to make a prompt election more likely
I20260710 13:21:59.929644 21974 raft_consensus.cc:740] T db89c19d836747bb87b0842321a6e104 P 5ae394dd79604b5ab464a80f1a12bd0f [term 0 FOLLOWER]: Becoming Follower/Learner. State: Replica: 5ae394dd79604b5ab464a80f1a12bd0f, State: Initialized, Role: FOLLOWER
I20260710 13:21:59.930471 21974 consensus_queue.cc:260] T db89c19d836747bb87b0842321a6e104 P 5ae394dd79604b5ab464a80f1a12bd0f [NON_LEADER]: Queue going to NON_LEADER mode. State: All replicated index: 0, Majority replicated index: 0, Committed index: 0, Last appended: 0.0, Last appended by leader: 0, Current term: 0, Majority size: -1, State: 0, Mode: NON_LEADER, active raft config: opid_index: -1 OBSOLETE_local: false peers { permanent_uuid: "e2bbe3c8719c4e49839c356c24217ca2" member_type: VOTER last_known_addr { host: "127.21.36.1" port: 42393 } } peers { permanent_uuid: "5ae394dd79604b5ab464a80f1a12bd0f" member_type: VOTER last_known_addr { host: "127.21.36.2" port: 35883 } } peers { permanent_uuid: "7903a98917794d03b6ff666d74eb93c3" member_type: VOTER last_known_addr { host: "127.21.36.3" port: 39337 } }
I20260710 13:21:59.930809 21976 raft_consensus.cc:359] T db89c19d836747bb87b0842321a6e104 P e2bbe3c8719c4e49839c356c24217ca2 [term 0 FOLLOWER]: Replica starting. Triggering 0 pending ops. Active config: opid_index: -1 OBSOLETE_local: false peers { permanent_uuid: "e2bbe3c8719c4e49839c356c24217ca2" member_type: VOTER last_known_addr { host: "127.21.36.1" port: 42393 } } peers { permanent_uuid: "5ae394dd79604b5ab464a80f1a12bd0f" member_type: VOTER last_known_addr { host: "127.21.36.2" port: 35883 } } peers { permanent_uuid: "7903a98917794d03b6ff666d74eb93c3" member_type: VOTER last_known_addr { host: "127.21.36.3" port: 39337 } }
I20260710 13:21:59.931656 21976 raft_consensus.cc:385] T db89c19d836747bb87b0842321a6e104 P e2bbe3c8719c4e49839c356c24217ca2 [term 0 FOLLOWER]: Consensus starting up: Expiring failure detector timer to make a prompt election more likely
I20260710 13:21:59.931998 21976 raft_consensus.cc:740] T db89c19d836747bb87b0842321a6e104 P e2bbe3c8719c4e49839c356c24217ca2 [term 0 FOLLOWER]: Becoming Follower/Learner. State: Replica: e2bbe3c8719c4e49839c356c24217ca2, State: Initialized, Role: FOLLOWER
I20260710 13:21:59.932793 21976 consensus_queue.cc:260] T db89c19d836747bb87b0842321a6e104 P e2bbe3c8719c4e49839c356c24217ca2 [NON_LEADER]: Queue going to NON_LEADER mode. State: All replicated index: 0, Majority replicated index: 0, Committed index: 0, Last appended: 0.0, Last appended by leader: 0, Current term: 0, Majority size: -1, State: 0, Mode: NON_LEADER, active raft config: opid_index: -1 OBSOLETE_local: false peers { permanent_uuid: "e2bbe3c8719c4e49839c356c24217ca2" member_type: VOTER last_known_addr { host: "127.21.36.1" port: 42393 } } peers { permanent_uuid: "5ae394dd79604b5ab464a80f1a12bd0f" member_type: VOTER last_known_addr { host: "127.21.36.2" port: 35883 } } peers { permanent_uuid: "7903a98917794d03b6ff666d74eb93c3" member_type: VOTER last_known_addr { host: "127.21.36.3" port: 39337 } }
I20260710 13:21:59.936506 21975 tablet_bootstrap.cc:492] T d9461322767c4f0dadb016874c05705a P 7903a98917794d03b6ff666d74eb93c3: No bootstrap required, opened a new log
I20260710 13:21:59.937186 21975 ts_tablet_manager.cc:1403] T d9461322767c4f0dadb016874c05705a P 7903a98917794d03b6ff666d74eb93c3: Time spent bootstrapping tablet: real 0.054s	user 0.012s	sys 0.003s
I20260710 13:21:59.942163 21858 tablet_service.cc:1917] Received RequestConsensusVote() RPC: tablet_id: "db89c19d836747bb87b0842321a6e104" candidate_uuid: "7903a98917794d03b6ff666d74eb93c3" candidate_term: 1 candidate_status { last_received { term: 0 index: 0 } } ignore_live_leader: false dest_uuid: "5ae394dd79604b5ab464a80f1a12bd0f" is_pre_election: true
I20260710 13:21:59.942873 21858 raft_consensus.cc:2468] T db89c19d836747bb87b0842321a6e104 P 5ae394dd79604b5ab464a80f1a12bd0f [term 0 FOLLOWER]: Leader pre-election vote request: Granting yes vote for candidate 7903a98917794d03b6ff666d74eb93c3 in term 0.
I20260710 13:21:59.943642 21974 ts_tablet_manager.cc:1434] T db89c19d836747bb87b0842321a6e104 P 5ae394dd79604b5ab464a80f1a12bd0f: Time spent starting tablet: real 0.019s	user 0.007s	sys 0.000s
I20260710 13:21:59.944785 21974 tablet_bootstrap.cc:492] T 75c2471c570c463f8340e592f842d5af P 5ae394dd79604b5ab464a80f1a12bd0f: Bootstrap starting.
I20260710 13:21:59.946739 21983 raft_consensus.cc:697] T 75c2471c570c463f8340e592f842d5af P e2bbe3c8719c4e49839c356c24217ca2 [term 1 LEADER]: Becoming Leader. State: Replica: e2bbe3c8719c4e49839c356c24217ca2, State: Running, Role: LEADER
I20260710 13:21:59.947631 21983 consensus_queue.cc:237] T 75c2471c570c463f8340e592f842d5af P e2bbe3c8719c4e49839c356c24217ca2 [LEADER]: Queue going to LEADER mode. State: All replicated index: 0, Majority replicated index: 0, Committed index: 0, Last appended: 0.0, Last appended by leader: 0, Current term: 1, Majority size: 2, State: 0, Mode: LEADER, active raft config: opid_index: -1 OBSOLETE_local: false peers { permanent_uuid: "e2bbe3c8719c4e49839c356c24217ca2" member_type: VOTER last_known_addr { host: "127.21.36.1" port: 42393 } } peers { permanent_uuid: "5ae394dd79604b5ab464a80f1a12bd0f" member_type: VOTER last_known_addr { host: "127.21.36.2" port: 35883 } } peers { permanent_uuid: "7903a98917794d03b6ff666d74eb93c3" member_type: VOTER last_known_addr { host: "127.21.36.3" port: 39337 } }
I20260710 13:21:59.951826 21974 tablet_bootstrap.cc:654] T 75c2471c570c463f8340e592f842d5af P 5ae394dd79604b5ab464a80f1a12bd0f: Neither blocks nor log segments found. Creating new log.
I20260710 13:21:59.952952 21897 leader_election.cc:304] T db89c19d836747bb87b0842321a6e104 P 7903a98917794d03b6ff666d74eb93c3 [CANDIDATE]: Term 1 pre-election: Election decided. Result: candidate won. Election summary: received 3 responses out of 3 voters: 2 yes votes; 1 no votes. yes voters: 5ae394dd79604b5ab464a80f1a12bd0f, 7903a98917794d03b6ff666d74eb93c3; no voters: e2bbe3c8719c4e49839c356c24217ca2
I20260710 13:21:59.953580 21976 ts_tablet_manager.cc:1434] T db89c19d836747bb87b0842321a6e104 P e2bbe3c8719c4e49839c356c24217ca2: Time spent starting tablet: real 0.026s	user 0.007s	sys 0.008s
I20260710 13:21:59.953860 21981 raft_consensus.cc:2804] T db89c19d836747bb87b0842321a6e104 P 7903a98917794d03b6ff666d74eb93c3 [term 0 FOLLOWER]: Leader pre-election won for term 1
I20260710 13:21:59.954191 21981 raft_consensus.cc:493] T db89c19d836747bb87b0842321a6e104 P 7903a98917794d03b6ff666d74eb93c3 [term 0 FOLLOWER]: Starting leader election (no leader contacted us within the election timeout)
I20260710 13:21:59.954506 21981 raft_consensus.cc:3060] T db89c19d836747bb87b0842321a6e104 P 7903a98917794d03b6ff666d74eb93c3 [term 0 FOLLOWER]: Advancing to term 1
I20260710 13:21:59.954613 21976 tablet_bootstrap.cc:492] T d9461322767c4f0dadb016874c05705a P e2bbe3c8719c4e49839c356c24217ca2: Bootstrap starting.
I20260710 13:21:59.963295 21981 raft_consensus.cc:515] T db89c19d836747bb87b0842321a6e104 P 7903a98917794d03b6ff666d74eb93c3 [term 1 FOLLOWER]: Starting leader election with config: opid_index: -1 OBSOLETE_local: false peers { permanent_uuid: "e2bbe3c8719c4e49839c356c24217ca2" member_type: VOTER last_known_addr { host: "127.21.36.1" port: 42393 } } peers { permanent_uuid: "5ae394dd79604b5ab464a80f1a12bd0f" member_type: VOTER last_known_addr { host: "127.21.36.2" port: 35883 } } peers { permanent_uuid: "7903a98917794d03b6ff666d74eb93c3" member_type: VOTER last_known_addr { host: "127.21.36.3" port: 39337 } }
I20260710 13:21:59.964527 21998 raft_consensus.cc:493] T 6b04fb2541bc451abb8b05a3e1b434c4 P e2bbe3c8719c4e49839c356c24217ca2 [term 0 FOLLOWER]: Starting pre-election (no leader contacted us within the election timeout)
I20260710 13:21:59.965225 21998 raft_consensus.cc:515] T 6b04fb2541bc451abb8b05a3e1b434c4 P e2bbe3c8719c4e49839c356c24217ca2 [term 0 FOLLOWER]: Starting pre-election with config: opid_index: -1 OBSOLETE_local: false peers { permanent_uuid: "e2bbe3c8719c4e49839c356c24217ca2" member_type: VOTER last_known_addr { host: "127.21.36.1" port: 42393 } } peers { permanent_uuid: "5ae394dd79604b5ab464a80f1a12bd0f" member_type: VOTER last_known_addr { host: "127.21.36.2" port: 35883 } } peers { permanent_uuid: "7903a98917794d03b6ff666d74eb93c3" member_type: VOTER last_known_addr { host: "127.21.36.3" port: 39337 } }
I20260710 13:21:59.967540 21998 leader_election.cc:290] T 6b04fb2541bc451abb8b05a3e1b434c4 P e2bbe3c8719c4e49839c356c24217ca2 [CANDIDATE]: Term 1 pre-election: Requested pre-vote from peers 5ae394dd79604b5ab464a80f1a12bd0f (127.21.36.2:35883), 7903a98917794d03b6ff666d74eb93c3 (127.21.36.3:39337)
I20260710 13:21:59.968991 21858 tablet_service.cc:1917] Received RequestConsensusVote() RPC: tablet_id: "6b04fb2541bc451abb8b05a3e1b434c4" candidate_uuid: "e2bbe3c8719c4e49839c356c24217ca2" candidate_term: 1 candidate_status { last_received { term: 0 index: 0 } } ignore_live_leader: false dest_uuid: "5ae394dd79604b5ab464a80f1a12bd0f" is_pre_election: true
W20260710 13:21:59.970871 21748 leader_election.cc:343] T 6b04fb2541bc451abb8b05a3e1b434c4 P e2bbe3c8719c4e49839c356c24217ca2 [CANDIDATE]: Term 1 pre-election: Tablet error from VoteRequest() call to peer 5ae394dd79604b5ab464a80f1a12bd0f (127.21.36.2:35883): Illegal state: must be running to vote when last-logged opid is not known
I20260710 13:21:59.971805 21975 raft_consensus.cc:359] T d9461322767c4f0dadb016874c05705a P 7903a98917794d03b6ff666d74eb93c3 [term 0 FOLLOWER]: Replica starting. Triggering 0 pending ops. Active config: opid_index: -1 OBSOLETE_local: false peers { permanent_uuid: "5ae394dd79604b5ab464a80f1a12bd0f" member_type: VOTER last_known_addr { host: "127.21.36.2" port: 35883 } } peers { permanent_uuid: "7903a98917794d03b6ff666d74eb93c3" member_type: VOTER last_known_addr { host: "127.21.36.3" port: 39337 } } peers { permanent_uuid: "e2bbe3c8719c4e49839c356c24217ca2" member_type: VOTER last_known_addr { host: "127.21.36.1" port: 42393 } }
I20260710 13:21:59.972517 21976 tablet_bootstrap.cc:654] T d9461322767c4f0dadb016874c05705a P e2bbe3c8719c4e49839c356c24217ca2: Neither blocks nor log segments found. Creating new log.
I20260710 13:21:59.972600 21975 raft_consensus.cc:385] T d9461322767c4f0dadb016874c05705a P 7903a98917794d03b6ff666d74eb93c3 [term 0 FOLLOWER]: Consensus starting up: Expiring failure detector timer to make a prompt election more likely
I20260710 13:21:59.972958 21975 raft_consensus.cc:740] T d9461322767c4f0dadb016874c05705a P 7903a98917794d03b6ff666d74eb93c3 [term 0 FOLLOWER]: Becoming Follower/Learner. State: Replica: 7903a98917794d03b6ff666d74eb93c3, State: Initialized, Role: FOLLOWER
I20260710 13:21:59.975481 21981 leader_election.cc:290] T db89c19d836747bb87b0842321a6e104 P 7903a98917794d03b6ff666d74eb93c3 [CANDIDATE]: Term 1 election: Requested vote from peers e2bbe3c8719c4e49839c356c24217ca2 (127.21.36.1:42393), 5ae394dd79604b5ab464a80f1a12bd0f (127.21.36.2:35883)
I20260710 13:21:59.976111 21981 raft_consensus.cc:493] T 8781ea3b59414b3c905c079496140883 P 7903a98917794d03b6ff666d74eb93c3 [term 0 FOLLOWER]: Starting pre-election (no leader contacted us within the election timeout)
