I20260710 13:22:26.661964 22807 catalog_manager.cc:5697] T 0b752ff8038745b59bd82ba0ec0abfbd P 2745f4ab6b404ed3954efdd7648bf2e0 reported cstate change: config changed from index -1 to 2, NON_VOTER 75d127fbc8a9401fab0ad020ccb03efa (127.21.74.132) added. New cstate: current_term: 1 leader_uuid: "2745f4ab6b404ed3954efdd7648bf2e0" committed_config { opid_index: 2 OBSOLETE_local: false peers { permanent_uuid: "05bc48896f374e889e16f0eb6e1402d0" member_type: VOTER last_known_addr { host: "127.21.74.129" port: 42777 } attrs { replace: true } health_report { overall_health: HEALTHY } } peers { permanent_uuid: "9c1b3c9b96e74585b51a1a0952b6585d" member_type: VOTER last_known_addr { host: "127.21.74.130" port: 41745 } health_report { overall_health: HEALTHY } } peers { permanent_uuid: "2745f4ab6b404ed3954efdd7648bf2e0" member_type: VOTER last_known_addr { host: "127.21.74.131" port: 41983 } health_report { overall_health: HEALTHY } } peers { permanent_uuid: "75d127fbc8a9401fab0ad020ccb03efa" member_type: NON_VOTER last_known_addr { host: "127.21.74.132" port: 46561 } attrs { promote: true } health_report { overall_health: UNKNOWN } } }
I20260710 13:22:26.672587 22986 raft_consensus.cc:1275] T 80cf87d951f0435a8d0e6f3a99ed80bb P 9c1b3c9b96e74585b51a1a0952b6585d [term 1 FOLLOWER]: Refusing update from remote peer 05bc48896f374e889e16f0eb6e1402d0: Log matching property violated. Preceding OpId in replica: term: 1 index: 1. Preceding OpId from leader: term: 1 index: 2. (index mismatch)
W20260710 13:22:26.672971 22874 consensus_peers.cc:597] T 80cf87d951f0435a8d0e6f3a99ed80bb P 05bc48896f374e889e16f0eb6e1402d0 -> Peer 75d127fbc8a9401fab0ad020ccb03efa (127.21.74.132:46561): Couldn't send request to peer 75d127fbc8a9401fab0ad020ccb03efa. Error code: TABLET_NOT_FOUND (6). Status: Not found: Tablet not found: 80cf87d951f0435a8d0e6f3a99ed80bb. This is attempt 1: this message will repeat every 5th retry.
I20260710 13:22:26.674443 23417 consensus_queue.cc:1048] T 80cf87d951f0435a8d0e6f3a99ed80bb P 05bc48896f374e889e16f0eb6e1402d0 [LEADER]: Connected to new peer: Peer: permanent_uuid: "9c1b3c9b96e74585b51a1a0952b6585d" member_type: VOTER last_known_addr { host: "127.21.74.130" port: 41745 }, Status: LMP_MISMATCH, Last received: 0.0, Next index: 2, Last known committed idx: 1, Time since last communication: 0.001s
I20260710 13:22:26.679133 23058 raft_consensus.cc:1275] T 80cf87d951f0435a8d0e6f3a99ed80bb P 2745f4ab6b404ed3954efdd7648bf2e0 [term 1 FOLLOWER]: Refusing update from remote peer 05bc48896f374e889e16f0eb6e1402d0: Log matching property violated. Preceding OpId in replica: term: 1 index: 1. Preceding OpId from leader: term: 1 index: 2. (index mismatch)
I20260710 13:22:26.680655 23417 consensus_queue.cc:1048] T 80cf87d951f0435a8d0e6f3a99ed80bb P 05bc48896f374e889e16f0eb6e1402d0 [LEADER]: Connected to new peer: Peer: permanent_uuid: "2745f4ab6b404ed3954efdd7648bf2e0" member_type: VOTER last_known_addr { host: "127.21.74.131" port: 41983 } attrs { replace: true }, Status: LMP_MISMATCH, Last received: 0.0, Next index: 2, Last known committed idx: 1, Time since last communication: 0.000s
I20260710 13:22:26.688951 23127 raft_consensus.cc:2955] T 80cf87d951f0435a8d0e6f3a99ed80bb P 05bc48896f374e889e16f0eb6e1402d0 [term 1 LEADER]: Committing config change with OpId 1.2: config changed from index -1 to 2, NON_VOTER 75d127fbc8a9401fab0ad020ccb03efa (127.21.74.132) added. New config: { opid_index: 2 OBSOLETE_local: false peers { permanent_uuid: "05bc48896f374e889e16f0eb6e1402d0" member_type: VOTER last_known_addr { host: "127.21.74.129" port: 42777 } } peers { permanent_uuid: "9c1b3c9b96e74585b51a1a0952b6585d" member_type: VOTER last_known_addr { host: "127.21.74.130" port: 41745 } } peers { permanent_uuid: "2745f4ab6b404ed3954efdd7648bf2e0" member_type: VOTER last_known_addr { host: "127.21.74.131" port: 41983 } attrs { replace: true } } peers { permanent_uuid: "75d127fbc8a9401fab0ad020ccb03efa" member_type: NON_VOTER last_known_addr { host: "127.21.74.132" port: 46561 } attrs { promote: true } } }
I20260710 13:22:26.691633 23057 raft_consensus.cc:2955] T 80cf87d951f0435a8d0e6f3a99ed80bb P 2745f4ab6b404ed3954efdd7648bf2e0 [term 1 FOLLOWER]: Committing config change with OpId 1.2: config changed from index -1 to 2, NON_VOTER 75d127fbc8a9401fab0ad020ccb03efa (127.21.74.132) added. New config: { opid_index: 2 OBSOLETE_local: false peers { permanent_uuid: "05bc48896f374e889e16f0eb6e1402d0" member_type: VOTER last_known_addr { host: "127.21.74.129" port: 42777 } } peers { permanent_uuid: "9c1b3c9b96e74585b51a1a0952b6585d" member_type: VOTER last_known_addr { host: "127.21.74.130" port: 41745 } } peers { permanent_uuid: "2745f4ab6b404ed3954efdd7648bf2e0" member_type: VOTER last_known_addr { host: "127.21.74.131" port: 41983 } attrs { replace: true } } peers { permanent_uuid: "75d127fbc8a9401fab0ad020ccb03efa" member_type: NON_VOTER last_known_addr { host: "127.21.74.132" port: 46561 } attrs { promote: true } } }
I20260710 13:22:26.692554 22986 raft_consensus.cc:2955] T 80cf87d951f0435a8d0e6f3a99ed80bb P 9c1b3c9b96e74585b51a1a0952b6585d [term 1 FOLLOWER]: Committing config change with OpId 1.2: config changed from index -1 to 2, NON_VOTER 75d127fbc8a9401fab0ad020ccb03efa (127.21.74.132) added. New config: { opid_index: 2 OBSOLETE_local: false peers { permanent_uuid: "05bc48896f374e889e16f0eb6e1402d0" member_type: VOTER last_known_addr { host: "127.21.74.129" port: 42777 } } peers { permanent_uuid: "9c1b3c9b96e74585b51a1a0952b6585d" member_type: VOTER last_known_addr { host: "127.21.74.130" port: 41745 } } peers { permanent_uuid: "2745f4ab6b404ed3954efdd7648bf2e0" member_type: VOTER last_known_addr { host: "127.21.74.131" port: 41983 } attrs { replace: true } } peers { permanent_uuid: "75d127fbc8a9401fab0ad020ccb03efa" member_type: NON_VOTER last_known_addr { host: "127.21.74.132" port: 46561 } attrs { promote: true } } }
I20260710 13:22:26.706126 22807 catalog_manager.cc:5697] T 80cf87d951f0435a8d0e6f3a99ed80bb P 9c1b3c9b96e74585b51a1a0952b6585d reported cstate change: config changed from index -1 to 2, NON_VOTER 75d127fbc8a9401fab0ad020ccb03efa (127.21.74.132) added. New cstate: current_term: 1 leader_uuid: "05bc48896f374e889e16f0eb6e1402d0" committed_config { opid_index: 2 OBSOLETE_local: false peers { permanent_uuid: "05bc48896f374e889e16f0eb6e1402d0" member_type: VOTER last_known_addr { host: "127.21.74.129" port: 42777 } } peers { permanent_uuid: "9c1b3c9b96e74585b51a1a0952b6585d" member_type: VOTER last_known_addr { host: "127.21.74.130" port: 41745 } } peers { permanent_uuid: "2745f4ab6b404ed3954efdd7648bf2e0" member_type: VOTER last_known_addr { host: "127.21.74.131" port: 41983 } attrs { replace: true } } peers { permanent_uuid: "75d127fbc8a9401fab0ad020ccb03efa" member_type: NON_VOTER last_known_addr { host: "127.21.74.132" port: 46561 } attrs { promote: true } } }
I20260710 13:22:26.931938 23453 ts_tablet_manager.cc:933] T 1a91f921b587492aa98d2ba5e74c3059 P 75d127fbc8a9401fab0ad020ccb03efa: Initiating tablet copy from peer 2745f4ab6b404ed3954efdd7648bf2e0 (127.21.74.131:41983)
I20260710 13:22:26.934835 23453 tablet_copy_client.cc:323] T 1a91f921b587492aa98d2ba5e74c3059 P 75d127fbc8a9401fab0ad020ccb03efa: tablet copy: Beginning tablet copy session from remote peer at address 127.21.74.131:41983
I20260710 13:22:26.948137 23070 tablet_copy_service.cc:140] P 2745f4ab6b404ed3954efdd7648bf2e0: Received BeginTabletCopySession request for tablet 1a91f921b587492aa98d2ba5e74c3059 from peer 75d127fbc8a9401fab0ad020ccb03efa ({username='slave'} at 127.0.0.1:58238)
I20260710 13:22:26.948670 23070 tablet_copy_service.cc:161] P 2745f4ab6b404ed3954efdd7648bf2e0: Beginning new tablet copy session on tablet 1a91f921b587492aa98d2ba5e74c3059 from peer 75d127fbc8a9401fab0ad020ccb03efa at {username='slave'} at 127.0.0.1:58238: session id = 75d127fbc8a9401fab0ad020ccb03efa-1a91f921b587492aa98d2ba5e74c3059
I20260710 13:22:26.953931 23070 tablet_copy_source_session.cc:215] T 1a91f921b587492aa98d2ba5e74c3059 P 2745f4ab6b404ed3954efdd7648bf2e0: Tablet Copy: opened 0 blocks and 1 log segments
I20260710 13:22:26.956777 23453 data_dirs.cc:400] Could only allocate 1 dirs of requested 3 for tablet 1a91f921b587492aa98d2ba5e74c3059. 1 dirs total, 0 dirs full, 0 dirs failed
I20260710 13:22:26.967307 23453 tablet_copy_client.cc:806] T 1a91f921b587492aa98d2ba5e74c3059 P 75d127fbc8a9401fab0ad020ccb03efa: tablet copy: Starting download of 0 data blocks...
I20260710 13:22:26.967895 23453 tablet_copy_client.cc:670] T 1a91f921b587492aa98d2ba5e74c3059 P 75d127fbc8a9401fab0ad020ccb03efa: tablet copy: Starting download of 1 WAL segments...
I20260710 13:22:26.971874 23453 tablet_copy_client.cc:538] T 1a91f921b587492aa98d2ba5e74c3059 P 75d127fbc8a9401fab0ad020ccb03efa: tablet copy: Tablet Copy complete. Replacing tablet superblock.
I20260710 13:22:26.978053 23453 tablet_bootstrap.cc:492] T 1a91f921b587492aa98d2ba5e74c3059 P 75d127fbc8a9401fab0ad020ccb03efa: Bootstrap starting.
I20260710 13:22:26.996487 23453 tablet_bootstrap.cc:492] T 1a91f921b587492aa98d2ba5e74c3059 P 75d127fbc8a9401fab0ad020ccb03efa: Bootstrap replayed 1/1 log segments. Stats: ops{read=2 overwritten=0 applied=2 ignored=0} inserts{seen=0 ignored=0} mutations{seen=0 ignored=0} orphaned_commits=0. Pending: 0 replicates
I20260710 13:22:26.997406 23453 tablet_bootstrap.cc:492] T 1a91f921b587492aa98d2ba5e74c3059 P 75d127fbc8a9401fab0ad020ccb03efa: Bootstrap complete.
I20260710 13:22:26.998085 23453 ts_tablet_manager.cc:1403] T 1a91f921b587492aa98d2ba5e74c3059 P 75d127fbc8a9401fab0ad020ccb03efa: Time spent bootstrapping tablet: real 0.020s	user 0.015s	sys 0.004s
I20260710 13:22:27.000564 23453 raft_consensus.cc:359] T 1a91f921b587492aa98d2ba5e74c3059 P 75d127fbc8a9401fab0ad020ccb03efa [term 1 LEARNER]: Replica starting. Triggering 0 pending ops. Active config: opid_index: 2 OBSOLETE_local: false peers { permanent_uuid: "05bc48896f374e889e16f0eb6e1402d0" member_type: VOTER last_known_addr { host: "127.21.74.129" port: 42777 } } peers { permanent_uuid: "9c1b3c9b96e74585b51a1a0952b6585d" member_type: VOTER last_known_addr { host: "127.21.74.130" port: 41745 } attrs { replace: true } } peers { permanent_uuid: "2745f4ab6b404ed3954efdd7648bf2e0" member_type: VOTER last_known_addr { host: "127.21.74.131" port: 41983 } } peers { permanent_uuid: "75d127fbc8a9401fab0ad020ccb03efa" member_type: NON_VOTER last_known_addr { host: "127.21.74.132" port: 46561 } attrs { promote: true } }
I20260710 13:22:27.001341 23453 raft_consensus.cc:740] T 1a91f921b587492aa98d2ba5e74c3059 P 75d127fbc8a9401fab0ad020ccb03efa [term 1 LEARNER]: Becoming Follower/Learner. State: Replica: 75d127fbc8a9401fab0ad020ccb03efa, State: Initialized, Role: LEARNER
I20260710 13:22:27.002018 23453 consensus_queue.cc:260] T 1a91f921b587492aa98d2ba5e74c3059 P 75d127fbc8a9401fab0ad020ccb03efa [NON_LEADER]: Queue going to NON_LEADER mode. State: All replicated index: 0, Majority replicated index: 0, Committed index: 2, Last appended: 1.2, Last appended by leader: 2, Current term: 0, Majority size: -1, State: 0, Mode: NON_LEADER, active raft config: opid_index: 2 OBSOLETE_local: false peers { permanent_uuid: "05bc48896f374e889e16f0eb6e1402d0" member_type: VOTER last_known_addr { host: "127.21.74.129" port: 42777 } } peers { permanent_uuid: "9c1b3c9b96e74585b51a1a0952b6585d" member_type: VOTER last_known_addr { host: "127.21.74.130" port: 41745 } attrs { replace: true } } peers { permanent_uuid: "2745f4ab6b404ed3954efdd7648bf2e0" member_type: VOTER last_known_addr { host: "127.21.74.131" port: 41983 } } peers { permanent_uuid: "75d127fbc8a9401fab0ad020ccb03efa" member_type: NON_VOTER last_known_addr { host: "127.21.74.132" port: 46561 } attrs { promote: true } }
I20260710 13:22:27.005048 23453 ts_tablet_manager.cc:1434] T 1a91f921b587492aa98d2ba5e74c3059 P 75d127fbc8a9401fab0ad020ccb03efa: Time spent starting tablet: real 0.007s	user 0.008s	sys 0.000s
I20260710 13:22:27.006791 23070 tablet_copy_service.cc:342] P 2745f4ab6b404ed3954efdd7648bf2e0: Request end of tablet copy session 75d127fbc8a9401fab0ad020ccb03efa-1a91f921b587492aa98d2ba5e74c3059 received from {username='slave'} at 127.0.0.1:58238
I20260710 13:22:27.007196 23070 tablet_copy_service.cc:434] P 2745f4ab6b404ed3954efdd7648bf2e0: ending tablet copy session 75d127fbc8a9401fab0ad020ccb03efa-1a91f921b587492aa98d2ba5e74c3059 on tablet 1a91f921b587492aa98d2ba5e74c3059 with peer 75d127fbc8a9401fab0ad020ccb03efa
I20260710 13:22:27.060660 23453 ts_tablet_manager.cc:933] T cec95021671e4d95a4753009f1f4d174 P 75d127fbc8a9401fab0ad020ccb03efa: Initiating tablet copy from peer 9c1b3c9b96e74585b51a1a0952b6585d (127.21.74.130:41745)
I20260710 13:22:27.062318 23453 tablet_copy_client.cc:323] T cec95021671e4d95a4753009f1f4d174 P 75d127fbc8a9401fab0ad020ccb03efa: tablet copy: Beginning tablet copy session from remote peer at address 127.21.74.130:41745
I20260710 13:22:27.064163 22996 tablet_copy_service.cc:140] P 9c1b3c9b96e74585b51a1a0952b6585d: Received BeginTabletCopySession request for tablet cec95021671e4d95a4753009f1f4d174 from peer 75d127fbc8a9401fab0ad020ccb03efa ({username='slave'} at 127.0.0.1:45864)
I20260710 13:22:27.064628 22996 tablet_copy_service.cc:161] P 9c1b3c9b96e74585b51a1a0952b6585d: Beginning new tablet copy session on tablet cec95021671e4d95a4753009f1f4d174 from peer 75d127fbc8a9401fab0ad020ccb03efa at {username='slave'} at 127.0.0.1:45864: session id = 75d127fbc8a9401fab0ad020ccb03efa-cec95021671e4d95a4753009f1f4d174
I20260710 13:22:27.070545 22996 tablet_copy_source_session.cc:215] T cec95021671e4d95a4753009f1f4d174 P 9c1b3c9b96e74585b51a1a0952b6585d: Tablet Copy: opened 0 blocks and 1 log segments
I20260710 13:22:27.073553 23453 data_dirs.cc:400] Could only allocate 1 dirs of requested 3 for tablet cec95021671e4d95a4753009f1f4d174. 1 dirs total, 0 dirs full, 0 dirs failed
I20260710 13:22:27.088066 23453 tablet_copy_client.cc:806] T cec95021671e4d95a4753009f1f4d174 P 75d127fbc8a9401fab0ad020ccb03efa: tablet copy: Starting download of 0 data blocks...
I20260710 13:22:27.088608 23453 tablet_copy_client.cc:670] T cec95021671e4d95a4753009f1f4d174 P 75d127fbc8a9401fab0ad020ccb03efa: tablet copy: Starting download of 1 WAL segments...
I20260710 13:22:27.091780 23453 tablet_copy_client.cc:538] T cec95021671e4d95a4753009f1f4d174 P 75d127fbc8a9401fab0ad020ccb03efa: tablet copy: Tablet Copy complete. Replacing tablet superblock.
I20260710 13:22:27.100064 23453 tablet_bootstrap.cc:492] T cec95021671e4d95a4753009f1f4d174 P 75d127fbc8a9401fab0ad020ccb03efa: Bootstrap starting.
I20260710 13:22:27.119830 23453 tablet_bootstrap.cc:492] T cec95021671e4d95a4753009f1f4d174 P 75d127fbc8a9401fab0ad020ccb03efa: Bootstrap replayed 1/1 log segments. Stats: ops{read=2 overwritten=0 applied=2 ignored=0} inserts{seen=0 ignored=0} mutations{seen=0 ignored=0} orphaned_commits=0. Pending: 0 replicates
I20260710 13:22:27.120613 23453 tablet_bootstrap.cc:492] T cec95021671e4d95a4753009f1f4d174 P 75d127fbc8a9401fab0ad020ccb03efa: Bootstrap complete.
I20260710 13:22:27.121148 23453 ts_tablet_manager.cc:1403] T cec95021671e4d95a4753009f1f4d174 P 75d127fbc8a9401fab0ad020ccb03efa: Time spent bootstrapping tablet: real 0.021s	user 0.019s	sys 0.004s
I20260710 13:22:27.123203 23453 raft_consensus.cc:359] T cec95021671e4d95a4753009f1f4d174 P 75d127fbc8a9401fab0ad020ccb03efa [term 1 LEARNER]: Replica starting. Triggering 0 pending ops. Active config: opid_index: 2 OBSOLETE_local: false peers { permanent_uuid: "05bc48896f374e889e16f0eb6e1402d0" member_type: VOTER last_known_addr { host: "127.21.74.129" port: 42777 } } peers { permanent_uuid: "9c1b3c9b96e74585b51a1a0952b6585d" member_type: VOTER last_known_addr { host: "127.21.74.130" port: 41745 } } peers { permanent_uuid: "2745f4ab6b404ed3954efdd7648bf2e0" member_type: VOTER last_known_addr { host: "127.21.74.131" port: 41983 } attrs { replace: true } } peers { permanent_uuid: "75d127fbc8a9401fab0ad020ccb03efa" member_type: NON_VOTER last_known_addr { host: "127.21.74.132" port: 46561 } attrs { promote: true } }
I20260710 13:22:27.123802 23453 raft_consensus.cc:740] T cec95021671e4d95a4753009f1f4d174 P 75d127fbc8a9401fab0ad020ccb03efa [term 1 LEARNER]: Becoming Follower/Learner. State: Replica: 75d127fbc8a9401fab0ad020ccb03efa, State: Initialized, Role: LEARNER
I20260710 13:22:27.124342 23453 consensus_queue.cc:260] T cec95021671e4d95a4753009f1f4d174 P 75d127fbc8a9401fab0ad020ccb03efa [NON_LEADER]: Queue going to NON_LEADER mode. State: All replicated index: 0, Majority replicated index: 0, Committed index: 2, Last appended: 1.2, Last appended by leader: 2, Current term: 0, Majority size: -1, State: 0, Mode: NON_LEADER, active raft config: opid_index: 2 OBSOLETE_local: false peers { permanent_uuid: "05bc48896f374e889e16f0eb6e1402d0" member_type: VOTER last_known_addr { host: "127.21.74.129" port: 42777 } } peers { permanent_uuid: "9c1b3c9b96e74585b51a1a0952b6585d" member_type: VOTER last_known_addr { host: "127.21.74.130" port: 41745 } } peers { permanent_uuid: "2745f4ab6b404ed3954efdd7648bf2e0" member_type: VOTER last_known_addr { host: "127.21.74.131" port: 41983 } attrs { replace: true } } peers { permanent_uuid: "75d127fbc8a9401fab0ad020ccb03efa" member_type: NON_VOTER last_known_addr { host: "127.21.74.132" port: 46561 } attrs { promote: true } }
I20260710 13:22:27.126534 23453 ts_tablet_manager.cc:1434] T cec95021671e4d95a4753009f1f4d174 P 75d127fbc8a9401fab0ad020ccb03efa: Time spent starting tablet: real 0.005s	user 0.004s	sys 0.000s
I20260710 13:22:27.128317 22996 tablet_copy_service.cc:342] P 9c1b3c9b96e74585b51a1a0952b6585d: Request end of tablet copy session 75d127fbc8a9401fab0ad020ccb03efa-cec95021671e4d95a4753009f1f4d174 received from {username='slave'} at 127.0.0.1:45864
I20260710 13:22:27.128757 22996 tablet_copy_service.cc:434] P 9c1b3c9b96e74585b51a1a0952b6585d: ending tablet copy session 75d127fbc8a9401fab0ad020ccb03efa-cec95021671e4d95a4753009f1f4d174 on tablet cec95021671e4d95a4753009f1f4d174 with peer 75d127fbc8a9401fab0ad020ccb03efa
I20260710 13:22:27.134867 23453 ts_tablet_manager.cc:933] T 80cf87d951f0435a8d0e6f3a99ed80bb P 75d127fbc8a9401fab0ad020ccb03efa: Initiating tablet copy from peer 05bc48896f374e889e16f0eb6e1402d0 (127.21.74.129:42777)
I20260710 13:22:27.136617 23453 tablet_copy_client.cc:323] T 80cf87d951f0435a8d0e6f3a99ed80bb P 75d127fbc8a9401fab0ad020ccb03efa: tablet copy: Beginning tablet copy session from remote peer at address 127.21.74.129:42777
I20260710 13:22:27.138319 22921 tablet_copy_service.cc:140] P 05bc48896f374e889e16f0eb6e1402d0: Received BeginTabletCopySession request for tablet 80cf87d951f0435a8d0e6f3a99ed80bb from peer 75d127fbc8a9401fab0ad020ccb03efa ({username='slave'} at 127.0.0.1:49906)
I20260710 13:22:27.138784 22921 tablet_copy_service.cc:161] P 05bc48896f374e889e16f0eb6e1402d0: Beginning new tablet copy session on tablet 80cf87d951f0435a8d0e6f3a99ed80bb from peer 75d127fbc8a9401fab0ad020ccb03efa at {username='slave'} at 127.0.0.1:49906: session id = 75d127fbc8a9401fab0ad020ccb03efa-80cf87d951f0435a8d0e6f3a99ed80bb
I20260710 13:22:27.143711 22921 tablet_copy_source_session.cc:215] T 80cf87d951f0435a8d0e6f3a99ed80bb P 05bc48896f374e889e16f0eb6e1402d0: Tablet Copy: opened 0 blocks and 1 log segments
I20260710 13:22:27.146382 23453 data_dirs.cc:400] Could only allocate 1 dirs of requested 3 for tablet 80cf87d951f0435a8d0e6f3a99ed80bb. 1 dirs total, 0 dirs full, 0 dirs failed
I20260710 13:22:27.158154 23453 tablet_copy_client.cc:806] T 80cf87d951f0435a8d0e6f3a99ed80bb P 75d127fbc8a9401fab0ad020ccb03efa: tablet copy: Starting download of 0 data blocks...
I20260710 13:22:27.158658 23453 tablet_copy_client.cc:670] T 80cf87d951f0435a8d0e6f3a99ed80bb P 75d127fbc8a9401fab0ad020ccb03efa: tablet copy: Starting download of 1 WAL segments...
I20260710 13:22:27.161906 23453 tablet_copy_client.cc:538] T 80cf87d951f0435a8d0e6f3a99ed80bb P 75d127fbc8a9401fab0ad020ccb03efa: tablet copy: Tablet Copy complete. Replacing tablet superblock.
I20260710 13:22:27.166960 23453 tablet_bootstrap.cc:492] T 80cf87d951f0435a8d0e6f3a99ed80bb P 75d127fbc8a9401fab0ad020ccb03efa: Bootstrap starting.
I20260710 13:22:27.181825 23453 tablet_bootstrap.cc:492] T 80cf87d951f0435a8d0e6f3a99ed80bb P 75d127fbc8a9401fab0ad020ccb03efa: Bootstrap replayed 1/1 log segments. Stats: ops{read=2 overwritten=0 applied=2 ignored=0} inserts{seen=0 ignored=0} mutations{seen=0 ignored=0} orphaned_commits=0. Pending: 0 replicates
I20260710 13:22:27.182653 23453 tablet_bootstrap.cc:492] T 80cf87d951f0435a8d0e6f3a99ed80bb P 75d127fbc8a9401fab0ad020ccb03efa: Bootstrap complete.
I20260710 13:22:27.183280 23453 ts_tablet_manager.cc:1403] T 80cf87d951f0435a8d0e6f3a99ed80bb P 75d127fbc8a9401fab0ad020ccb03efa: Time spent bootstrapping tablet: real 0.016s	user 0.011s	sys 0.004s
I20260710 13:22:27.185420 23453 raft_consensus.cc:359] T 80cf87d951f0435a8d0e6f3a99ed80bb P 75d127fbc8a9401fab0ad020ccb03efa [term 1 LEARNER]: Replica starting. Triggering 0 pending ops. Active config: opid_index: 2 OBSOLETE_local: false peers { permanent_uuid: "05bc48896f374e889e16f0eb6e1402d0" member_type: VOTER last_known_addr { host: "127.21.74.129" port: 42777 } } peers { permanent_uuid: "9c1b3c9b96e74585b51a1a0952b6585d" member_type: VOTER last_known_addr { host: "127.21.74.130" port: 41745 } } peers { permanent_uuid: "2745f4ab6b404ed3954efdd7648bf2e0" member_type: VOTER last_known_addr { host: "127.21.74.131" port: 41983 } attrs { replace: true } } peers { permanent_uuid: "75d127fbc8a9401fab0ad020ccb03efa" member_type: NON_VOTER last_known_addr { host: "127.21.74.132" port: 46561 } attrs { promote: true } }
I20260710 13:22:27.185930 23453 raft_consensus.cc:740] T 80cf87d951f0435a8d0e6f3a99ed80bb P 75d127fbc8a9401fab0ad020ccb03efa [term 1 LEARNER]: Becoming Follower/Learner. State: Replica: 75d127fbc8a9401fab0ad020ccb03efa, State: Initialized, Role: LEARNER
I20260710 13:22:27.186472 23453 consensus_queue.cc:260] T 80cf87d951f0435a8d0e6f3a99ed80bb P 75d127fbc8a9401fab0ad020ccb03efa [NON_LEADER]: Queue going to NON_LEADER mode. State: All replicated index: 0, Majority replicated index: 0, Committed index: 2, Last appended: 1.2, Last appended by leader: 2, Current term: 0, Majority size: -1, State: 0, Mode: NON_LEADER, active raft config: opid_index: 2 OBSOLETE_local: false peers { permanent_uuid: "05bc48896f374e889e16f0eb6e1402d0" member_type: VOTER last_known_addr { host: "127.21.74.129" port: 42777 } } peers { permanent_uuid: "9c1b3c9b96e74585b51a1a0952b6585d" member_type: VOTER last_known_addr { host: "127.21.74.130" port: 41745 } } peers { permanent_uuid: "2745f4ab6b404ed3954efdd7648bf2e0" member_type: VOTER last_known_addr { host: "127.21.74.131" port: 41983 } attrs { replace: true } } peers { permanent_uuid: "75d127fbc8a9401fab0ad020ccb03efa" member_type: NON_VOTER last_known_addr { host: "127.21.74.132" port: 46561 } attrs { promote: true } }
I20260710 13:22:27.187992 23453 ts_tablet_manager.cc:1434] T 80cf87d951f0435a8d0e6f3a99ed80bb P 75d127fbc8a9401fab0ad020ccb03efa: Time spent starting tablet: real 0.004s	user 0.005s	sys 0.004s
I20260710 13:22:27.189917 22921 tablet_copy_service.cc:342] P 05bc48896f374e889e16f0eb6e1402d0: Request end of tablet copy session 75d127fbc8a9401fab0ad020ccb03efa-80cf87d951f0435a8d0e6f3a99ed80bb received from {username='slave'} at 127.0.0.1:49906
I20260710 13:22:27.190322 22921 tablet_copy_service.cc:434] P 05bc48896f374e889e16f0eb6e1402d0: ending tablet copy session 75d127fbc8a9401fab0ad020ccb03efa-80cf87d951f0435a8d0e6f3a99ed80bb on tablet 80cf87d951f0435a8d0e6f3a99ed80bb with peer 75d127fbc8a9401fab0ad020ccb03efa
I20260710 13:22:27.204312 23453 ts_tablet_manager.cc:933] T 0b752ff8038745b59bd82ba0ec0abfbd P 75d127fbc8a9401fab0ad020ccb03efa: Initiating tablet copy from peer 2745f4ab6b404ed3954efdd7648bf2e0 (127.21.74.131:41983)
I20260710 13:22:27.205616 23453 tablet_copy_client.cc:323] T 0b752ff8038745b59bd82ba0ec0abfbd P 75d127fbc8a9401fab0ad020ccb03efa: tablet copy: Beginning tablet copy session from remote peer at address 127.21.74.131:41983
I20260710 13:22:27.206966 23070 tablet_copy_service.cc:140] P 2745f4ab6b404ed3954efdd7648bf2e0: Received BeginTabletCopySession request for tablet 0b752ff8038745b59bd82ba0ec0abfbd from peer 75d127fbc8a9401fab0ad020ccb03efa ({username='slave'} at 127.0.0.1:58238)
I20260710 13:22:27.207335 23070 tablet_copy_service.cc:161] P 2745f4ab6b404ed3954efdd7648bf2e0: Beginning new tablet copy session on tablet 0b752ff8038745b59bd82ba0ec0abfbd from peer 75d127fbc8a9401fab0ad020ccb03efa at {username='slave'} at 127.0.0.1:58238: session id = 75d127fbc8a9401fab0ad020ccb03efa-0b752ff8038745b59bd82ba0ec0abfbd
I20260710 13:22:27.212153 23070 tablet_copy_source_session.cc:215] T 0b752ff8038745b59bd82ba0ec0abfbd P 2745f4ab6b404ed3954efdd7648bf2e0: Tablet Copy: opened 0 blocks and 1 log segments
I20260710 13:22:27.214577 23453 data_dirs.cc:400] Could only allocate 1 dirs of requested 3 for tablet 0b752ff8038745b59bd82ba0ec0abfbd. 1 dirs total, 0 dirs full, 0 dirs failed
I20260710 13:22:27.223062 23453 tablet_copy_client.cc:806] T 0b752ff8038745b59bd82ba0ec0abfbd P 75d127fbc8a9401fab0ad020ccb03efa: tablet copy: Starting download of 0 data blocks...
I20260710 13:22:27.223524 23453 tablet_copy_client.cc:670] T 0b752ff8038745b59bd82ba0ec0abfbd P 75d127fbc8a9401fab0ad020ccb03efa: tablet copy: Starting download of 1 WAL segments...
I20260710 13:22:27.227263 23453 tablet_copy_client.cc:538] T 0b752ff8038745b59bd82ba0ec0abfbd P 75d127fbc8a9401fab0ad020ccb03efa: tablet copy: Tablet Copy complete. Replacing tablet superblock.
I20260710 13:22:27.234603 23453 tablet_bootstrap.cc:492] T 0b752ff8038745b59bd82ba0ec0abfbd P 75d127fbc8a9401fab0ad020ccb03efa: Bootstrap starting.
I20260710 13:22:27.251533 23453 tablet_bootstrap.cc:492] T 0b752ff8038745b59bd82ba0ec0abfbd P 75d127fbc8a9401fab0ad020ccb03efa: Bootstrap replayed 1/1 log segments. Stats: ops{read=2 overwritten=0 applied=2 ignored=0} inserts{seen=0 ignored=0} mutations{seen=0 ignored=0} orphaned_commits=0. Pending: 0 replicates
I20260710 13:22:27.252341 23453 tablet_bootstrap.cc:492] T 0b752ff8038745b59bd82ba0ec0abfbd P 75d127fbc8a9401fab0ad020ccb03efa: Bootstrap complete.
I20260710 13:22:27.252920 23453 ts_tablet_manager.cc:1403] T 0b752ff8038745b59bd82ba0ec0abfbd P 75d127fbc8a9401fab0ad020ccb03efa: Time spent bootstrapping tablet: real 0.019s	user 0.016s	sys 0.004s
I20260710 13:22:27.255370 23453 raft_consensus.cc:359] T 0b752ff8038745b59bd82ba0ec0abfbd P 75d127fbc8a9401fab0ad020ccb03efa [term 1 LEARNER]: Replica starting. Triggering 0 pending ops. Active config: opid_index: 2 OBSOLETE_local: false peers { permanent_uuid: "05bc48896f374e889e16f0eb6e1402d0" member_type: VOTER last_known_addr { host: "127.21.74.129" port: 42777 } attrs { replace: true } } peers { permanent_uuid: "9c1b3c9b96e74585b51a1a0952b6585d" member_type: VOTER last_known_addr { host: "127.21.74.130" port: 41745 } } peers { permanent_uuid: "2745f4ab6b404ed3954efdd7648bf2e0" member_type: VOTER last_known_addr { host: "127.21.74.131" port: 41983 } } peers { permanent_uuid: "75d127fbc8a9401fab0ad020ccb03efa" member_type: NON_VOTER last_known_addr { host: "127.21.74.132" port: 46561 } attrs { promote: true } }
I20260710 13:22:27.256106 23453 raft_consensus.cc:740] T 0b752ff8038745b59bd82ba0ec0abfbd P 75d127fbc8a9401fab0ad020ccb03efa [term 1 LEARNER]: Becoming Follower/Learner. State: Replica: 75d127fbc8a9401fab0ad020ccb03efa, State: Initialized, Role: LEARNER
I20260710 13:22:27.256815 23453 consensus_queue.cc:260] T 0b752ff8038745b59bd82ba0ec0abfbd P 75d127fbc8a9401fab0ad020ccb03efa [NON_LEADER]: Queue going to NON_LEADER mode. State: All replicated index: 0, Majority replicated index: 0, Committed index: 2, Last appended: 1.2, Last appended by leader: 2, Current term: 0, Majority size: -1, State: 0, Mode: NON_LEADER, active raft config: opid_index: 2 OBSOLETE_local: false peers { permanent_uuid: "05bc48896f374e889e16f0eb6e1402d0" member_type: VOTER last_known_addr { host: "127.21.74.129" port: 42777 } attrs { replace: true } } peers { permanent_uuid: "9c1b3c9b96e74585b51a1a0952b6585d" member_type: VOTER last_known_addr { host: "127.21.74.130" port: 41745 } } peers { permanent_uuid: "2745f4ab6b404ed3954efdd7648bf2e0" member_type: VOTER last_known_addr { host: "127.21.74.131" port: 41983 } } peers { permanent_uuid: "75d127fbc8a9401fab0ad020ccb03efa" member_type: NON_VOTER last_known_addr { host: "127.21.74.132" port: 46561 } attrs { promote: true } }
I20260710 13:22:27.258822 23453 ts_tablet_manager.cc:1434] T 0b752ff8038745b59bd82ba0ec0abfbd P 75d127fbc8a9401fab0ad020ccb03efa: Time spent starting tablet: real 0.006s	user 0.005s	sys 0.000s
I20260710 13:22:27.260439 23070 tablet_copy_service.cc:342] P 2745f4ab6b404ed3954efdd7648bf2e0: Request end of tablet copy session 75d127fbc8a9401fab0ad020ccb03efa-0b752ff8038745b59bd82ba0ec0abfbd received from {username='slave'} at 127.0.0.1:58238
I20260710 13:22:27.260851 23070 tablet_copy_service.cc:434] P 2745f4ab6b404ed3954efdd7648bf2e0: ending tablet copy session 75d127fbc8a9401fab0ad020ccb03efa-0b752ff8038745b59bd82ba0ec0abfbd on tablet 0b752ff8038745b59bd82ba0ec0abfbd with peer 75d127fbc8a9401fab0ad020ccb03efa
I20260710 13:22:27.521291 23330 raft_consensus.cc:1217] T 1a91f921b587492aa98d2ba5e74c3059 P 75d127fbc8a9401fab0ad020ccb03efa [term 1 LEARNER]: Deduplicated request from leader. Original: 1.1->[1.2-1.2]   Dedup: 1.2->[]
I20260710 13:22:27.594594 23330 raft_consensus.cc:1217] T 80cf87d951f0435a8d0e6f3a99ed80bb P 75d127fbc8a9401fab0ad020ccb03efa [term 1 LEARNER]: Deduplicated request from leader. Original: 1.1->[1.2-1.2]   Dedup: 1.2->[]
I20260710 13:22:27.602564 23330 raft_consensus.cc:1217] T 0b752ff8038745b59bd82ba0ec0abfbd P 75d127fbc8a9401fab0ad020ccb03efa [term 1 LEARNER]: Deduplicated request from leader. Original: 1.1->[1.2-1.2]   Dedup: 1.2->[]
I20260710 13:22:27.670347 23330 raft_consensus.cc:1217] T cec95021671e4d95a4753009f1f4d174 P 75d127fbc8a9401fab0ad020ccb03efa [term 1 LEARNER]: Deduplicated request from leader. Original: 1.1->[1.2-1.2]   Dedup: 1.2->[]
I20260710 13:22:28.002007 23466 raft_consensus.cc:1064] T 80cf87d951f0435a8d0e6f3a99ed80bb P 05bc48896f374e889e16f0eb6e1402d0: attempting to promote NON_VOTER 75d127fbc8a9401fab0ad020ccb03efa to VOTER
I20260710 13:22:28.004086 23466 consensus_queue.cc:237] T 80cf87d951f0435a8d0e6f3a99ed80bb P 05bc48896f374e889e16f0eb6e1402d0 [LEADER]: Queue going to LEADER mode. State: All replicated index: 0, Majority replicated index: 2, Committed index: 2, Last appended: 1.2, Last appended by leader: 0, Current term: 1, Majority size: 3, State: 0, Mode: LEADER, active raft config: opid_index: 3 OBSOLETE_local: false peers { permanent_uuid: "05bc48896f374e889e16f0eb6e1402d0" member_type: VOTER last_known_addr { host: "127.21.74.129" port: 42777 } } peers { permanent_uuid: "9c1b3c9b96e74585b51a1a0952b6585d" member_type: VOTER last_known_addr { host: "127.21.74.130" port: 41745 } } peers { permanent_uuid: "2745f4ab6b404ed3954efdd7648bf2e0" member_type: VOTER last_known_addr { host: "127.21.74.131" port: 41983 } attrs { replace: true } } peers { permanent_uuid: "75d127fbc8a9401fab0ad020ccb03efa" member_type: VOTER last_known_addr { host: "127.21.74.132" port: 46561 } attrs { promote: false } }
I20260710 13:22:28.011844 23330 raft_consensus.cc:1275] T 80cf87d951f0435a8d0e6f3a99ed80bb P 75d127fbc8a9401fab0ad020ccb03efa [term 1 LEARNER]: Refusing update from remote peer 05bc48896f374e889e16f0eb6e1402d0: Log matching property violated. Preceding OpId in replica: term: 1 index: 2. Preceding OpId from leader: term: 1 index: 3. (index mismatch)
I20260710 13:22:28.013142 22986 raft_consensus.cc:1275] T 80cf87d951f0435a8d0e6f3a99ed80bb P 9c1b3c9b96e74585b51a1a0952b6585d [term 1 FOLLOWER]: Refusing update from remote peer 05bc48896f374e889e16f0eb6e1402d0: Log matching property violated. Preceding OpId in replica: term: 1 index: 2. Preceding OpId from leader: term: 1 index: 3. (index mismatch)
I20260710 13:22:28.013398 23466 consensus_queue.cc:1048] T 80cf87d951f0435a8d0e6f3a99ed80bb P 05bc48896f374e889e16f0eb6e1402d0 [LEADER]: Connected to new peer: Peer: permanent_uuid: "75d127fbc8a9401fab0ad020ccb03efa" member_type: VOTER last_known_addr { host: "127.21.74.132" port: 46561 } attrs { promote: false }, Status: LMP_MISMATCH, Last received: 0.0, Next index: 3, Last known committed idx: 2, Time since last communication: 0.001s
I20260710 13:22:28.014667 23469 consensus_queue.cc:1048] T 80cf87d951f0435a8d0e6f3a99ed80bb P 05bc48896f374e889e16f0eb6e1402d0 [LEADER]: Connected to new peer: Peer: permanent_uuid: "9c1b3c9b96e74585b51a1a0952b6585d" member_type: VOTER last_known_addr { host: "127.21.74.130" port: 41745 }, Status: LMP_MISMATCH, Last received: 0.0, Next index: 3, Last known committed idx: 2, Time since last communication: 0.000s
I20260710 13:22:28.015041 23057 raft_consensus.cc:1275] T 80cf87d951f0435a8d0e6f3a99ed80bb P 2745f4ab6b404ed3954efdd7648bf2e0 [term 1 FOLLOWER]: Refusing update from remote peer 05bc48896f374e889e16f0eb6e1402d0: Log matching property violated. Preceding OpId in replica: term: 1 index: 2. Preceding OpId from leader: term: 1 index: 3. (index mismatch)
I20260710 13:22:28.016325 23452 consensus_queue.cc:1048] T 80cf87d951f0435a8d0e6f3a99ed80bb P 05bc48896f374e889e16f0eb6e1402d0 [LEADER]: Connected to new peer: Peer: permanent_uuid: "2745f4ab6b404ed3954efdd7648bf2e0" member_type: VOTER last_known_addr { host: "127.21.74.131" port: 41983 } attrs { replace: true }, Status: LMP_MISMATCH, Last received: 0.0, Next index: 3, Last known committed idx: 2, Time since last communication: 0.000s
I20260710 13:22:28.031380 23452 raft_consensus.cc:2955] T 80cf87d951f0435a8d0e6f3a99ed80bb P 05bc48896f374e889e16f0eb6e1402d0 [term 1 LEADER]: Committing config change with OpId 1.3: config changed from index 2 to 3, 75d127fbc8a9401fab0ad020ccb03efa (127.21.74.132) changed from NON_VOTER to VOTER. New config: { opid_index: 3 OBSOLETE_local: false peers { permanent_uuid: "05bc48896f374e889e16f0eb6e1402d0" member_type: VOTER last_known_addr { host: "127.21.74.129" port: 42777 } } peers { permanent_uuid: "9c1b3c9b96e74585b51a1a0952b6585d" member_type: VOTER last_known_addr { host: "127.21.74.130" port: 41745 } } peers { permanent_uuid: "2745f4ab6b404ed3954efdd7648bf2e0" member_type: VOTER last_known_addr { host: "127.21.74.131" port: 41983 } attrs { replace: true } } peers { permanent_uuid: "75d127fbc8a9401fab0ad020ccb03efa" member_type: VOTER last_known_addr { host: "127.21.74.132" port: 46561 } attrs { promote: false } } }
I20260710 13:22:28.033191 22986 raft_consensus.cc:2955] T 80cf87d951f0435a8d0e6f3a99ed80bb P 9c1b3c9b96e74585b51a1a0952b6585d [term 1 FOLLOWER]: Committing config change with OpId 1.3: config changed from index 2 to 3, 75d127fbc8a9401fab0ad020ccb03efa (127.21.74.132) changed from NON_VOTER to VOTER. New config: { opid_index: 3 OBSOLETE_local: false peers { permanent_uuid: "05bc48896f374e889e16f0eb6e1402d0" member_type: VOTER last_known_addr { host: "127.21.74.129" port: 42777 } } peers { permanent_uuid: "9c1b3c9b96e74585b51a1a0952b6585d" member_type: VOTER last_known_addr { host: "127.21.74.130" port: 41745 } } peers { permanent_uuid: "2745f4ab6b404ed3954efdd7648bf2e0" member_type: VOTER last_known_addr { host: "127.21.74.131" port: 41983 } attrs { replace: true } } peers { permanent_uuid: "75d127fbc8a9401fab0ad020ccb03efa" member_type: VOTER last_known_addr { host: "127.21.74.132" port: 46561 } attrs { promote: false } } }
I20260710 13:22:28.033191 23330 raft_consensus.cc:2955] T 80cf87d951f0435a8d0e6f3a99ed80bb P 75d127fbc8a9401fab0ad020ccb03efa [term 1 FOLLOWER]: Committing config change with OpId 1.3: config changed from index 2 to 3, 75d127fbc8a9401fab0ad020ccb03efa (127.21.74.132) changed from NON_VOTER to VOTER. New config: { opid_index: 3 OBSOLETE_local: false peers { permanent_uuid: "05bc48896f374e889e16f0eb6e1402d0" member_type: VOTER last_known_addr { host: "127.21.74.129" port: 42777 } } peers { permanent_uuid: "9c1b3c9b96e74585b51a1a0952b6585d" member_type: VOTER last_known_addr { host: "127.21.74.130" port: 41745 } } peers { permanent_uuid: "2745f4ab6b404ed3954efdd7648bf2e0" member_type: VOTER last_known_addr { host: "127.21.74.131" port: 41983 } attrs { replace: true } } peers { permanent_uuid: "75d127fbc8a9401fab0ad020ccb03efa" member_type: VOTER last_known_addr { host: "127.21.74.132" port: 46561 } attrs { promote: false } } }
I20260710 13:22:28.040759 23465 raft_consensus.cc:1064] T 0b752ff8038745b59bd82ba0ec0abfbd P 2745f4ab6b404ed3954efdd7648bf2e0: attempting to promote NON_VOTER 75d127fbc8a9401fab0ad020ccb03efa to VOTER
I20260710 13:22:28.043299 23465 consensus_queue.cc:237] T 0b752ff8038745b59bd82ba0ec0abfbd P 2745f4ab6b404ed3954efdd7648bf2e0 [LEADER]: Queue going to LEADER mode. State: All replicated index: 0, Majority replicated index: 2, Committed index: 2, Last appended: 1.2, Last appended by leader: 0, Current term: 1, Majority size: 3, State: 0, Mode: LEADER, active raft config: opid_index: 3 OBSOLETE_local: false peers { permanent_uuid: "05bc48896f374e889e16f0eb6e1402d0" member_type: VOTER last_known_addr { host: "127.21.74.129" port: 42777 } attrs { replace: true } } peers { permanent_uuid: "9c1b3c9b96e74585b51a1a0952b6585d" member_type: VOTER last_known_addr { host: "127.21.74.130" port: 41745 } } peers { permanent_uuid: "2745f4ab6b404ed3954efdd7648bf2e0" member_type: VOTER last_known_addr { host: "127.21.74.131" port: 41983 } } peers { permanent_uuid: "75d127fbc8a9401fab0ad020ccb03efa" member_type: VOTER last_known_addr { host: "127.21.74.132" port: 46561 } attrs { promote: false } }
I20260710 13:22:28.051988 23058 raft_consensus.cc:2955] T 80cf87d951f0435a8d0e6f3a99ed80bb P 2745f4ab6b404ed3954efdd7648bf2e0 [term 1 FOLLOWER]: Committing config change with OpId 1.3: config changed from index 2 to 3, 75d127fbc8a9401fab0ad020ccb03efa (127.21.74.132) changed from NON_VOTER to VOTER. New config: { opid_index: 3 OBSOLETE_local: false peers { permanent_uuid: "05bc48896f374e889e16f0eb6e1402d0" member_type: VOTER last_known_addr { host: "127.21.74.129" port: 42777 } } peers { permanent_uuid: "9c1b3c9b96e74585b51a1a0952b6585d" member_type: VOTER last_known_addr { host: "127.21.74.130" port: 41745 } } peers { permanent_uuid: "2745f4ab6b404ed3954efdd7648bf2e0" member_type: VOTER last_known_addr { host: "127.21.74.131" port: 41983 } attrs { replace: true } } peers { permanent_uuid: "75d127fbc8a9401fab0ad020ccb03efa" member_type: VOTER last_known_addr { host: "127.21.74.132" port: 46561 } attrs { promote: false } } }
I20260710 13:22:28.055286 22806 catalog_manager.cc:5697] T 80cf87d951f0435a8d0e6f3a99ed80bb P 75d127fbc8a9401fab0ad020ccb03efa reported cstate change: config changed from index 2 to 3, 75d127fbc8a9401fab0ad020ccb03efa (127.21.74.132) changed from NON_VOTER to VOTER. New cstate: current_term: 1 leader_uuid: "05bc48896f374e889e16f0eb6e1402d0" committed_config { opid_index: 3 OBSOLETE_local: false peers { permanent_uuid: "05bc48896f374e889e16f0eb6e1402d0" member_type: VOTER last_known_addr { host: "127.21.74.129" port: 42777 } } peers { permanent_uuid: "9c1b3c9b96e74585b51a1a0952b6585d" member_type: VOTER last_known_addr { host: "127.21.74.130" port: 41745 } } peers { permanent_uuid: "2745f4ab6b404ed3954efdd7648bf2e0" member_type: VOTER last_known_addr { host: "127.21.74.131" port: 41983 } attrs { replace: true } } peers { permanent_uuid: "75d127fbc8a9401fab0ad020ccb03efa" member_type: VOTER last_known_addr { host: "127.21.74.132" port: 46561 } attrs { promote: false } } }
I20260710 13:22:28.089154 22984 raft_consensus.cc:1275] T 0b752ff8038745b59bd82ba0ec0abfbd P 9c1b3c9b96e74585b51a1a0952b6585d [term 1 FOLLOWER]: Refusing update from remote peer 2745f4ab6b404ed3954efdd7648bf2e0: Log matching property violated. Preceding OpId in replica: term: 1 index: 2. Preceding OpId from leader: term: 1 index: 3. (index mismatch)
I20260710 13:22:28.090587 23428 consensus_queue.cc:1048] T 0b752ff8038745b59bd82ba0ec0abfbd P 2745f4ab6b404ed3954efdd7648bf2e0 [LEADER]: Connected to new peer: Peer: permanent_uuid: "9c1b3c9b96e74585b51a1a0952b6585d" member_type: VOTER last_known_addr { host: "127.21.74.130" port: 41745 }, Status: LMP_MISMATCH, Last received: 0.0, Next index: 3, Last known committed idx: 2, Time since last communication: 0.000s
I20260710 13:22:28.098132 23332 raft_consensus.cc:1275] T 0b752ff8038745b59bd82ba0ec0abfbd P 75d127fbc8a9401fab0ad020ccb03efa [term 1 LEARNER]: Refusing update from remote peer 2745f4ab6b404ed3954efdd7648bf2e0: Log matching property violated. Preceding OpId in replica: term: 1 index: 2. Preceding OpId from leader: term: 1 index: 3. (index mismatch)
I20260710 13:22:28.100492 22911 raft_consensus.cc:1275] T 0b752ff8038745b59bd82ba0ec0abfbd P 05bc48896f374e889e16f0eb6e1402d0 [term 1 FOLLOWER]: Refusing update from remote peer 2745f4ab6b404ed3954efdd7648bf2e0: Log matching property violated. Preceding OpId in replica: term: 1 index: 2. Preceding OpId from leader: term: 1 index: 3. (index mismatch)
I20260710 13:22:28.102042 23465 consensus_queue.cc:1048] T 0b752ff8038745b59bd82ba0ec0abfbd P 2745f4ab6b404ed3954efdd7648bf2e0 [LEADER]: Connected to new peer: Peer: permanent_uuid: "05bc48896f374e889e16f0eb6e1402d0" member_type: VOTER last_known_addr { host: "127.21.74.129" port: 42777 } attrs { replace: true }, Status: LMP_MISMATCH, Last received: 0.0, Next index: 3, Last known committed idx: 2, Time since last communication: 0.000s
I20260710 13:22:28.104527 23428 consensus_queue.cc:1048] T 0b752ff8038745b59bd82ba0ec0abfbd P 2745f4ab6b404ed3954efdd7648bf2e0 [LEADER]: Connected to new peer: Peer: permanent_uuid: "75d127fbc8a9401fab0ad020ccb03efa" member_type: VOTER last_known_addr { host: "127.21.74.132" port: 46561 } attrs { promote: false }, Status: LMP_MISMATCH, Last received: 0.0, Next index: 3, Last known committed idx: 2, Time since last communication: 0.000s
I20260710 13:22:28.124572 23428 raft_consensus.cc:2955] T 0b752ff8038745b59bd82ba0ec0abfbd P 2745f4ab6b404ed3954efdd7648bf2e0 [term 1 LEADER]: Committing config change with OpId 1.3: config changed from index 2 to 3, 75d127fbc8a9401fab0ad020ccb03efa (127.21.74.132) changed from NON_VOTER to VOTER. New config: { opid_index: 3 OBSOLETE_local: false peers { permanent_uuid: "05bc48896f374e889e16f0eb6e1402d0" member_type: VOTER last_known_addr { host: "127.21.74.129" port: 42777 } attrs { replace: true } } peers { permanent_uuid: "9c1b3c9b96e74585b51a1a0952b6585d" member_type: VOTER last_known_addr { host: "127.21.74.130" port: 41745 } } peers { permanent_uuid: "2745f4ab6b404ed3954efdd7648bf2e0" member_type: VOTER last_known_addr { host: "127.21.74.131" port: 41983 } } peers { permanent_uuid: "75d127fbc8a9401fab0ad020ccb03efa" member_type: VOTER last_known_addr { host: "127.21.74.132" port: 46561 } attrs { promote: false } } }
I20260710 13:22:28.129142 22911 raft_consensus.cc:2955] T 0b752ff8038745b59bd82ba0ec0abfbd P 05bc48896f374e889e16f0eb6e1402d0 [term 1 FOLLOWER]: Committing config change with OpId 1.3: config changed from index 2 to 3, 75d127fbc8a9401fab0ad020ccb03efa (127.21.74.132) changed from NON_VOTER to VOTER. New config: { opid_index: 3 OBSOLETE_local: false peers { permanent_uuid: "05bc48896f374e889e16f0eb6e1402d0" member_type: VOTER last_known_addr { host: "127.21.74.129" port: 42777 } attrs { replace: true } } peers { permanent_uuid: "9c1b3c9b96e74585b51a1a0952b6585d" member_type: VOTER last_known_addr { host: "127.21.74.130" port: 41745 } } peers { permanent_uuid: "2745f4ab6b404ed3954efdd7648bf2e0" member_type: VOTER last_known_addr { host: "127.21.74.131" port: 41983 } } peers { permanent_uuid: "75d127fbc8a9401fab0ad020ccb03efa" member_type: VOTER last_known_addr { host: "127.21.74.132" port: 46561 } attrs { promote: false } } }
I20260710 13:22:28.137385 22908 consensus_queue.cc:237] T 80cf87d951f0435a8d0e6f3a99ed80bb P 05bc48896f374e889e16f0eb6e1402d0 [LEADER]: Queue going to LEADER mode. State: All replicated index: 0, Majority replicated index: 3, Committed index: 3, Last appended: 1.3, Last appended by leader: 0, Current term: 1, Majority size: 2, State: 0, Mode: LEADER, active raft config: opid_index: 4 OBSOLETE_local: false peers { permanent_uuid: "05bc48896f374e889e16f0eb6e1402d0" member_type: VOTER last_known_addr { host: "127.21.74.129" port: 42777 } } peers { permanent_uuid: "9c1b3c9b96e74585b51a1a0952b6585d" member_type: VOTER last_known_addr { host: "127.21.74.130" port: 41745 } } peers { permanent_uuid: "75d127fbc8a9401fab0ad020ccb03efa" member_type: VOTER last_known_addr { host: "127.21.74.132" port: 46561 } attrs { promote: false } }
I20260710 13:22:28.143112 23330 raft_consensus.cc:2955] T 0b752ff8038745b59bd82ba0ec0abfbd P 75d127fbc8a9401fab0ad020ccb03efa [term 1 FOLLOWER]: Committing config change with OpId 1.3: config changed from index 2 to 3, 75d127fbc8a9401fab0ad020ccb03efa (127.21.74.132) changed from NON_VOTER to VOTER. New config: { opid_index: 3 OBSOLETE_local: false peers { permanent_uuid: "05bc48896f374e889e16f0eb6e1402d0" member_type: VOTER last_known_addr { host: "127.21.74.129" port: 42777 } attrs { replace: true } } peers { permanent_uuid: "9c1b3c9b96e74585b51a1a0952b6585d" member_type: VOTER last_known_addr { host: "127.21.74.130" port: 41745 } } peers { permanent_uuid: "2745f4ab6b404ed3954efdd7648bf2e0" member_type: VOTER last_known_addr { host: "127.21.74.131" port: 41983 } } peers { permanent_uuid: "75d127fbc8a9401fab0ad020ccb03efa" member_type: VOTER last_known_addr { host: "127.21.74.132" port: 46561 } attrs { promote: false } } }
I20260710 13:22:28.145485 23332 raft_consensus.cc:1275] T 80cf87d951f0435a8d0e6f3a99ed80bb P 75d127fbc8a9401fab0ad020ccb03efa [term 1 FOLLOWER]: Refusing update from remote peer 05bc48896f374e889e16f0eb6e1402d0: Log matching property violated. Preceding OpId in replica: term: 1 index: 3. Preceding OpId from leader: term: 1 index: 4. (index mismatch)
I20260710 13:22:28.146911 22986 raft_consensus.cc:1275] T 80cf87d951f0435a8d0e6f3a99ed80bb P 9c1b3c9b96e74585b51a1a0952b6585d [term 1 FOLLOWER]: Refusing update from remote peer 05bc48896f374e889e16f0eb6e1402d0: Log matching property violated. Preceding OpId in replica: term: 1 index: 3. Preceding OpId from leader: term: 1 index: 4. (index mismatch)
I20260710 13:22:28.148893 23466 consensus_queue.cc:1048] T 80cf87d951f0435a8d0e6f3a99ed80bb P 05bc48896f374e889e16f0eb6e1402d0 [LEADER]: Connected to new peer: Peer: permanent_uuid: "75d127fbc8a9401fab0ad020ccb03efa" member_type: VOTER last_known_addr { host: "127.21.74.132" port: 46561 } attrs { promote: false }, Status: LMP_MISMATCH, Last received: 0.0, Next index: 4, Last known committed idx: 3, Time since last communication: 0.000s
I20260710 13:22:28.151715 23466 consensus_queue.cc:1048] T 80cf87d951f0435a8d0e6f3a99ed80bb P 05bc48896f374e889e16f0eb6e1402d0 [LEADER]: Connected to new peer: Peer: permanent_uuid: "9c1b3c9b96e74585b51a1a0952b6585d" member_type: VOTER last_known_addr { host: "127.21.74.130" port: 41745 }, Status: LMP_MISMATCH, Last received: 0.0, Next index: 4, Last known committed idx: 3, Time since last communication: 0.000s
I20260710 13:22:28.152748 23465 raft_consensus.cc:1064] T 1a91f921b587492aa98d2ba5e74c3059 P 2745f4ab6b404ed3954efdd7648bf2e0: attempting to promote NON_VOTER 75d127fbc8a9401fab0ad020ccb03efa to VOTER
I20260710 13:22:28.154829 23465 consensus_queue.cc:237] T 1a91f921b587492aa98d2ba5e74c3059 P 2745f4ab6b404ed3954efdd7648bf2e0 [LEADER]: Queue going to LEADER mode. State: All replicated index: 0, Majority replicated index: 2, Committed index: 2, Last appended: 1.2, Last appended by leader: 0, Current term: 1, Majority size: 3, State: 0, Mode: LEADER, active raft config: opid_index: 3 OBSOLETE_local: false peers { permanent_uuid: "05bc48896f374e889e16f0eb6e1402d0" member_type: VOTER last_known_addr { host: "127.21.74.129" port: 42777 } } peers { permanent_uuid: "9c1b3c9b96e74585b51a1a0952b6585d" member_type: VOTER last_known_addr { host: "127.21.74.130" port: 41745 } attrs { replace: true } } peers { permanent_uuid: "2745f4ab6b404ed3954efdd7648bf2e0" member_type: VOTER last_known_addr { host: "127.21.74.131" port: 41983 } } peers { permanent_uuid: "75d127fbc8a9401fab0ad020ccb03efa" member_type: VOTER last_known_addr { host: "127.21.74.132" port: 46561 } attrs { promote: false } }
I20260710 13:22:28.158473 22809 catalog_manager.cc:5697] T 0b752ff8038745b59bd82ba0ec0abfbd P 2745f4ab6b404ed3954efdd7648bf2e0 reported cstate change: config changed from index 2 to 3, 75d127fbc8a9401fab0ad020ccb03efa (127.21.74.132) changed from NON_VOTER to VOTER. New cstate: current_term: 1 leader_uuid: "2745f4ab6b404ed3954efdd7648bf2e0" committed_config { opid_index: 3 OBSOLETE_local: false peers { permanent_uuid: "05bc48896f374e889e16f0eb6e1402d0" member_type: VOTER last_known_addr { host: "127.21.74.129" port: 42777 } attrs { replace: true } health_report { overall_health: HEALTHY } } peers { permanent_uuid: "9c1b3c9b96e74585b51a1a0952b6585d" member_type: VOTER last_known_addr { host: "127.21.74.130" port: 41745 } health_report { overall_health: HEALTHY } } peers { permanent_uuid: "2745f4ab6b404ed3954efdd7648bf2e0" member_type: VOTER last_known_addr { host: "127.21.74.131" port: 41983 } health_report { overall_health: HEALTHY } } peers { permanent_uuid: "75d127fbc8a9401fab0ad020ccb03efa" member_type: VOTER last_known_addr { host: "127.21.74.132" port: 46561 } attrs { promote: false } health_report { overall_health: HEALTHY } } }
