I20260710 13:22:18.664542 23324 tablet_bootstrap.cc:492] T 654a9193fabe47c7862b5b09d620c9a4 P d0e146eaa22f4673b339926d1f08a4b5: No bootstrap required, opened a new log
I20260710 13:22:18.664575 23329 raft_consensus.cc:493] T f13c73feeb8e4096ab250f09cd22ebf4 P 6a5c9caefabe435e9d2c510130ac9eab [term 0 FOLLOWER]: Starting pre-election (no leader contacted us within the election timeout)
I20260710 13:22:18.665377 23324 ts_tablet_manager.cc:1403] T 654a9193fabe47c7862b5b09d620c9a4 P d0e146eaa22f4673b339926d1f08a4b5: Time spent bootstrapping tablet: real 0.034s	user 0.015s	sys 0.002s
I20260710 13:22:18.665292 23329 raft_consensus.cc:515] T f13c73feeb8e4096ab250f09cd22ebf4 P 6a5c9caefabe435e9d2c510130ac9eab [term 0 FOLLOWER]: Starting pre-election with config: opid_index: -1 OBSOLETE_local: false peers { permanent_uuid: "2e5d9e5d97dd47679b98ec630bfa9a0e" member_type: VOTER last_known_addr { host: "127.21.123.65" port: 33571 } } peers { permanent_uuid: "d0e146eaa22f4673b339926d1f08a4b5" member_type: VOTER last_known_addr { host: "127.21.123.66" port: 38829 } } peers { permanent_uuid: "6a5c9caefabe435e9d2c510130ac9eab" member_type: VOTER last_known_addr { host: "127.21.123.67" port: 43503 } }
I20260710 13:22:18.666668 23029 catalog_manager.cc:5697] T b41a509878ec416fa8b2332eeb8e2b07 P d0e146eaa22f4673b339926d1f08a4b5 reported cstate change: term changed from 0 to 1, leader changed from <none> to d0e146eaa22f4673b339926d1f08a4b5 (127.21.123.66). New cstate: current_term: 1 leader_uuid: "d0e146eaa22f4673b339926d1f08a4b5" committed_config { opid_index: -1 OBSOLETE_local: false peers { permanent_uuid: "2e5d9e5d97dd47679b98ec630bfa9a0e" member_type: VOTER last_known_addr { host: "127.21.123.65" port: 33571 } health_report { overall_health: UNKNOWN } } peers { permanent_uuid: "d0e146eaa22f4673b339926d1f08a4b5" member_type: VOTER last_known_addr { host: "127.21.123.66" port: 38829 } health_report { overall_health: HEALTHY } } peers { permanent_uuid: "6a5c9caefabe435e9d2c510130ac9eab" member_type: VOTER last_known_addr { host: "127.21.123.67" port: 43503 } health_report { overall_health: UNKNOWN } } }
I20260710 13:22:18.667433 23329 leader_election.cc:290] T f13c73feeb8e4096ab250f09cd22ebf4 P 6a5c9caefabe435e9d2c510130ac9eab [CANDIDATE]: Term 1 pre-election: Requested pre-vote from peers 2e5d9e5d97dd47679b98ec630bfa9a0e (127.21.123.65:33571), d0e146eaa22f4673b339926d1f08a4b5 (127.21.123.66:38829)
I20260710 13:22:18.668905 23208 tablet_service.cc:1917] Received RequestConsensusVote() RPC: tablet_id: "f13c73feeb8e4096ab250f09cd22ebf4" candidate_uuid: "6a5c9caefabe435e9d2c510130ac9eab" candidate_term: 1 candidate_status { last_received { term: 0 index: 0 } } ignore_live_leader: false dest_uuid: "d0e146eaa22f4673b339926d1f08a4b5" is_pre_election: true
I20260710 13:22:18.670151 23208 raft_consensus.cc:2468] T f13c73feeb8e4096ab250f09cd22ebf4 P d0e146eaa22f4673b339926d1f08a4b5 [term 0 FOLLOWER]: Leader pre-election vote request: Granting yes vote for candidate 6a5c9caefabe435e9d2c510130ac9eab in term 0.
I20260710 13:22:18.674314 23246 leader_election.cc:304] T f13c73feeb8e4096ab250f09cd22ebf4 P 6a5c9caefabe435e9d2c510130ac9eab [CANDIDATE]: Term 1 pre-election: Election decided. Result: candidate won. Election summary: received 2 responses out of 3 voters: 2 yes votes; 0 no votes. yes voters: 6a5c9caefabe435e9d2c510130ac9eab, d0e146eaa22f4673b339926d1f08a4b5; no voters: 
I20260710 13:22:18.687685 23329 raft_consensus.cc:2804] T f13c73feeb8e4096ab250f09cd22ebf4 P 6a5c9caefabe435e9d2c510130ac9eab [term 0 FOLLOWER]: Leader pre-election won for term 1
I20260710 13:22:18.688383 23329 raft_consensus.cc:493] T f13c73feeb8e4096ab250f09cd22ebf4 P 6a5c9caefabe435e9d2c510130ac9eab [term 0 FOLLOWER]: Starting leader election (no leader contacted us within the election timeout)
I20260710 13:22:18.688854 23329 raft_consensus.cc:3060] T f13c73feeb8e4096ab250f09cd22ebf4 P 6a5c9caefabe435e9d2c510130ac9eab [term 0 FOLLOWER]: Advancing to term 1
I20260710 13:22:18.687878 23363 leader_election.cc:290] T a31675869d794d23930b2176acde6412 P 6a5c9caefabe435e9d2c510130ac9eab [CANDIDATE]: Term 1 election: Requested vote from peers 2e5d9e5d97dd47679b98ec630bfa9a0e (127.21.123.65:33571), d0e146eaa22f4673b339926d1f08a4b5 (127.21.123.66:38829)
I20260710 13:22:18.692924 23324 raft_consensus.cc:359] T 654a9193fabe47c7862b5b09d620c9a4 P d0e146eaa22f4673b339926d1f08a4b5 [term 0 FOLLOWER]: Replica starting. Triggering 0 pending ops. Active config: opid_index: -1 OBSOLETE_local: false peers { permanent_uuid: "2e5d9e5d97dd47679b98ec630bfa9a0e" member_type: VOTER last_known_addr { host: "127.21.123.65" port: 33571 } } peers { permanent_uuid: "d0e146eaa22f4673b339926d1f08a4b5" member_type: VOTER last_known_addr { host: "127.21.123.66" port: 38829 } } peers { permanent_uuid: "6a5c9caefabe435e9d2c510130ac9eab" member_type: VOTER last_known_addr { host: "127.21.123.67" port: 43503 } }
I20260710 13:22:18.693645 23324 raft_consensus.cc:385] T 654a9193fabe47c7862b5b09d620c9a4 P d0e146eaa22f4673b339926d1f08a4b5 [term 0 FOLLOWER]: Consensus starting up: Expiring failure detector timer to make a prompt election more likely
I20260710 13:22:18.693912 23324 raft_consensus.cc:740] T 654a9193fabe47c7862b5b09d620c9a4 P d0e146eaa22f4673b339926d1f08a4b5 [term 0 FOLLOWER]: Becoming Follower/Learner. State: Replica: d0e146eaa22f4673b339926d1f08a4b5, State: Initialized, Role: FOLLOWER
I20260710 13:22:18.694598 23324 consensus_queue.cc:260] T 654a9193fabe47c7862b5b09d620c9a4 P d0e146eaa22f4673b339926d1f08a4b5 [NON_LEADER]: Queue going to NON_LEADER mode. State: All replicated index: 0, Majority replicated index: 0, Committed index: 0, Last appended: 0.0, Last appended by leader: 0, Current term: 0, Majority size: -1, State: 0, Mode: NON_LEADER, active raft config: opid_index: -1 OBSOLETE_local: false peers { permanent_uuid: "2e5d9e5d97dd47679b98ec630bfa9a0e" member_type: VOTER last_known_addr { host: "127.21.123.65" port: 33571 } } peers { permanent_uuid: "d0e146eaa22f4673b339926d1f08a4b5" member_type: VOTER last_known_addr { host: "127.21.123.66" port: 38829 } } peers { permanent_uuid: "6a5c9caefabe435e9d2c510130ac9eab" member_type: VOTER last_known_addr { host: "127.21.123.67" port: 43503 } }
I20260710 13:22:18.697312 23332 leader_election.cc:290] T 92fa782b203148f0b840d672cd479aaf P d0e146eaa22f4673b339926d1f08a4b5 [CANDIDATE]: Term 1 pre-election: Requested pre-vote from peers 2e5d9e5d97dd47679b98ec630bfa9a0e (127.21.123.65:33571), 6a5c9caefabe435e9d2c510130ac9eab (127.21.123.67:43503)
I20260710 13:22:18.702473 23365 consensus_queue.cc:1048] T e0e4edb2a90a4c43a1e373bc922c24bf P d0e146eaa22f4673b339926d1f08a4b5 [LEADER]: Connected to new peer: Peer: permanent_uuid: "6a5c9caefabe435e9d2c510130ac9eab" member_type: VOTER last_known_addr { host: "127.21.123.67" port: 43503 }, Status: LMP_MISMATCH, Last received: 0.0, Next index: 1, Last known committed idx: 0, Time since last communication: 0.003s
I20260710 13:22:18.702754 23324 ts_tablet_manager.cc:1434] T 654a9193fabe47c7862b5b09d620c9a4 P d0e146eaa22f4673b339926d1f08a4b5: Time spent starting tablet: real 0.037s	user 0.007s	sys 0.003s
I20260710 13:22:18.706271 23324 tablet_bootstrap.cc:492] T 36af8234ed3c4359a4629fcb3cbb64e4 P d0e146eaa22f4673b339926d1f08a4b5: Bootstrap starting.
I20260710 13:22:18.707545 23134 tablet_service.cc:1917] Received RequestConsensusVote() RPC: tablet_id: "92fa782b203148f0b840d672cd479aaf" candidate_uuid: "d0e146eaa22f4673b339926d1f08a4b5" candidate_term: 1 candidate_status { last_received { term: 0 index: 0 } } ignore_live_leader: false dest_uuid: "2e5d9e5d97dd47679b98ec630bfa9a0e" is_pre_election: true
I20260710 13:22:18.701026 23131 tablet_service.cc:1917] Received RequestConsensusVote() RPC: tablet_id: "f13c73feeb8e4096ab250f09cd22ebf4" candidate_uuid: "6a5c9caefabe435e9d2c510130ac9eab" candidate_term: 1 candidate_status { last_received { term: 0 index: 0 } } ignore_live_leader: false dest_uuid: "2e5d9e5d97dd47679b98ec630bfa9a0e" is_pre_election: true
I20260710 13:22:18.709295 23208 tablet_service.cc:1917] Received RequestConsensusVote() RPC: tablet_id: "a31675869d794d23930b2176acde6412" candidate_uuid: "6a5c9caefabe435e9d2c510130ac9eab" candidate_term: 1 candidate_status { last_received { term: 0 index: 0 } } ignore_live_leader: false dest_uuid: "d0e146eaa22f4673b339926d1f08a4b5"
I20260710 13:22:18.709997 23208 raft_consensus.cc:3060] T a31675869d794d23930b2176acde6412 P d0e146eaa22f4673b339926d1f08a4b5 [term 0 FOLLOWER]: Advancing to term 1
I20260710 13:22:18.714286 23282 tablet_service.cc:1917] Received RequestConsensusVote() RPC: tablet_id: "92fa782b203148f0b840d672cd479aaf" candidate_uuid: "d0e146eaa22f4673b339926d1f08a4b5" candidate_term: 1 candidate_status { last_received { term: 0 index: 0 } } ignore_live_leader: false dest_uuid: "6a5c9caefabe435e9d2c510130ac9eab" is_pre_election: true
W20260710 13:22:18.712416 23174 leader_election.cc:343] T 92fa782b203148f0b840d672cd479aaf P d0e146eaa22f4673b339926d1f08a4b5 [CANDIDATE]: Term 1 pre-election: Tablet error from VoteRequest() call to peer 2e5d9e5d97dd47679b98ec630bfa9a0e (127.21.123.65:33571): Illegal state: must be running to vote when last-logged opid is not known
I20260710 13:22:18.715322 23323 tablet_bootstrap.cc:492] T 654a9193fabe47c7862b5b09d620c9a4 P 6a5c9caefabe435e9d2c510130ac9eab: No bootstrap required, opened a new log
I20260710 13:22:18.710315 23365 raft_consensus.cc:493] T 654a9193fabe47c7862b5b09d620c9a4 P d0e146eaa22f4673b339926d1f08a4b5 [term 0 FOLLOWER]: Starting pre-election (no leader contacted us within the election timeout)
I20260710 13:22:18.717401 23323 ts_tablet_manager.cc:1403] T 654a9193fabe47c7862b5b09d620c9a4 P 6a5c9caefabe435e9d2c510130ac9eab: Time spent bootstrapping tablet: real 0.085s	user 0.021s	sys 0.035s
I20260710 13:22:18.709951 23357 consensus_queue.cc:1048] T 79e923ab4591440b81a18a0bad5a1f6b P d0e146eaa22f4673b339926d1f08a4b5 [LEADER]: Connected to new peer: Peer: permanent_uuid: "6a5c9caefabe435e9d2c510130ac9eab" member_type: VOTER last_known_addr { host: "127.21.123.67" port: 43503 }, Status: LMP_MISMATCH, Last received: 0.0, Next index: 1, Last known committed idx: 0, Time since last communication: 0.006s
I20260710 13:22:18.719326 23365 raft_consensus.cc:515] T 654a9193fabe47c7862b5b09d620c9a4 P d0e146eaa22f4673b339926d1f08a4b5 [term 0 FOLLOWER]: Starting pre-election with config: opid_index: -1 OBSOLETE_local: false peers { permanent_uuid: "2e5d9e5d97dd47679b98ec630bfa9a0e" member_type: VOTER last_known_addr { host: "127.21.123.65" port: 33571 } } peers { permanent_uuid: "d0e146eaa22f4673b339926d1f08a4b5" member_type: VOTER last_known_addr { host: "127.21.123.66" port: 38829 } } peers { permanent_uuid: "6a5c9caefabe435e9d2c510130ac9eab" member_type: VOTER last_known_addr { host: "127.21.123.67" port: 43503 } }
I20260710 13:22:18.723212 23365 leader_election.cc:290] T 654a9193fabe47c7862b5b09d620c9a4 P d0e146eaa22f4673b339926d1f08a4b5 [CANDIDATE]: Term 1 pre-election: Requested pre-vote from peers 2e5d9e5d97dd47679b98ec630bfa9a0e (127.21.123.65:33571), 6a5c9caefabe435e9d2c510130ac9eab (127.21.123.67:43503)
I20260710 13:22:18.712581 23131 raft_consensus.cc:2468] T f13c73feeb8e4096ab250f09cd22ebf4 P 2e5d9e5d97dd47679b98ec630bfa9a0e [term 0 FOLLOWER]: Leader pre-election vote request: Granting yes vote for candidate 6a5c9caefabe435e9d2c510130ac9eab in term 0.
W20260710 13:22:18.729146 23172 leader_election.cc:343] T 92fa782b203148f0b840d672cd479aaf P d0e146eaa22f4673b339926d1f08a4b5 [CANDIDATE]: Term 1 pre-election: Tablet error from VoteRequest() call to peer 6a5c9caefabe435e9d2c510130ac9eab (127.21.123.67:43503): Illegal state: must be running to vote when last-logged opid is not known
I20260710 13:22:18.734308 23172 leader_election.cc:304] T 92fa782b203148f0b840d672cd479aaf P d0e146eaa22f4673b339926d1f08a4b5 [CANDIDATE]: Term 1 pre-election: Election decided. Result: candidate lost. Election summary: received 3 responses out of 3 voters: 1 yes votes; 2 no votes. yes voters: d0e146eaa22f4673b339926d1f08a4b5; no voters: 2e5d9e5d97dd47679b98ec630bfa9a0e, 6a5c9caefabe435e9d2c510130ac9eab
I20260710 13:22:18.730567 23323 raft_consensus.cc:359] T 654a9193fabe47c7862b5b09d620c9a4 P 6a5c9caefabe435e9d2c510130ac9eab [term 0 FOLLOWER]: Replica starting. Triggering 0 pending ops. Active config: opid_index: -1 OBSOLETE_local: false peers { permanent_uuid: "2e5d9e5d97dd47679b98ec630bfa9a0e" member_type: VOTER last_known_addr { host: "127.21.123.65" port: 33571 } } peers { permanent_uuid: "d0e146eaa22f4673b339926d1f08a4b5" member_type: VOTER last_known_addr { host: "127.21.123.66" port: 38829 } } peers { permanent_uuid: "6a5c9caefabe435e9d2c510130ac9eab" member_type: VOTER last_known_addr { host: "127.21.123.67" port: 43503 } }
I20260710 13:22:18.731006 23363 consensus_queue.cc:1048] T 7812a77a8c194ea6aa0ceca02b19ef3e P 6a5c9caefabe435e9d2c510130ac9eab [LEADER]: Connected to new peer: Peer: permanent_uuid: "d0e146eaa22f4673b339926d1f08a4b5" member_type: VOTER last_known_addr { host: "127.21.123.66" port: 38829 }, Status: LMP_MISMATCH, Last received: 0.0, Next index: 1, Last known committed idx: 0, Time since last communication: 0.000s
I20260710 13:22:18.736153 23323 raft_consensus.cc:385] T 654a9193fabe47c7862b5b09d620c9a4 P 6a5c9caefabe435e9d2c510130ac9eab [term 0 FOLLOWER]: Consensus starting up: Expiring failure detector timer to make a prompt election more likely
I20260710 13:22:18.736475 23323 raft_consensus.cc:740] T 654a9193fabe47c7862b5b09d620c9a4 P 6a5c9caefabe435e9d2c510130ac9eab [term 0 FOLLOWER]: Becoming Follower/Learner. State: Replica: 6a5c9caefabe435e9d2c510130ac9eab, State: Initialized, Role: FOLLOWER
I20260710 13:22:18.737234 23323 consensus_queue.cc:260] T 654a9193fabe47c7862b5b09d620c9a4 P 6a5c9caefabe435e9d2c510130ac9eab [NON_LEADER]: Queue going to NON_LEADER mode. State: All replicated index: 0, Majority replicated index: 0, Committed index: 0, Last appended: 0.0, Last appended by leader: 0, Current term: 0, Majority size: -1, State: 0, Mode: NON_LEADER, active raft config: opid_index: -1 OBSOLETE_local: false peers { permanent_uuid: "2e5d9e5d97dd47679b98ec630bfa9a0e" member_type: VOTER last_known_addr { host: "127.21.123.65" port: 33571 } } peers { permanent_uuid: "d0e146eaa22f4673b339926d1f08a4b5" member_type: VOTER last_known_addr { host: "127.21.123.66" port: 38829 } } peers { permanent_uuid: "6a5c9caefabe435e9d2c510130ac9eab" member_type: VOTER last_known_addr { host: "127.21.123.67" port: 43503 } }
I20260710 13:22:18.737582 23363 raft_consensus.cc:493] T 36af8234ed3c4359a4629fcb3cbb64e4 P 6a5c9caefabe435e9d2c510130ac9eab [term 0 FOLLOWER]: Starting pre-election (no leader contacted us within the election timeout)
I20260710 13:22:18.738148 23332 raft_consensus.cc:2749] T 92fa782b203148f0b840d672cd479aaf P d0e146eaa22f4673b339926d1f08a4b5 [term 0 FOLLOWER]: Leader pre-election lost for term 1. Reason: could not achieve majority
I20260710 13:22:18.738072 23363 raft_consensus.cc:515] T 36af8234ed3c4359a4629fcb3cbb64e4 P 6a5c9caefabe435e9d2c510130ac9eab [term 0 FOLLOWER]: Starting pre-election with config: opid_index: -1 OBSOLETE_local: false peers { permanent_uuid: "2e5d9e5d97dd47679b98ec630bfa9a0e" member_type: VOTER last_known_addr { host: "127.21.123.65" port: 33571 } } peers { permanent_uuid: "d0e146eaa22f4673b339926d1f08a4b5" member_type: VOTER last_known_addr { host: "127.21.123.66" port: 38829 } } peers { permanent_uuid: "6a5c9caefabe435e9d2c510130ac9eab" member_type: VOTER last_known_addr { host: "127.21.123.67" port: 43503 } }
I20260710 13:22:18.739481 23323 ts_tablet_manager.cc:1434] T 654a9193fabe47c7862b5b09d620c9a4 P 6a5c9caefabe435e9d2c510130ac9eab: Time spent starting tablet: real 0.022s	user 0.006s	sys 0.000s
I20260710 13:22:18.740187 23363 leader_election.cc:290] T 36af8234ed3c4359a4629fcb3cbb64e4 P 6a5c9caefabe435e9d2c510130ac9eab [CANDIDATE]: Term 1 pre-election: Requested pre-vote from peers 2e5d9e5d97dd47679b98ec630bfa9a0e (127.21.123.65:33571), d0e146eaa22f4673b339926d1f08a4b5 (127.21.123.66:38829)
I20260710 13:22:18.740852 23132 tablet_service.cc:1917] Received RequestConsensusVote() RPC: tablet_id: "36af8234ed3c4359a4629fcb3cbb64e4" candidate_uuid: "6a5c9caefabe435e9d2c510130ac9eab" candidate_term: 1 candidate_status { last_received { term: 0 index: 0 } } ignore_live_leader: false dest_uuid: "2e5d9e5d97dd47679b98ec630bfa9a0e" is_pre_election: true
I20260710 13:22:18.741256 23323 tablet_bootstrap.cc:492] T 4fe84e6d75de47daa1ee33dbca39ff20 P 6a5c9caefabe435e9d2c510130ac9eab: Bootstrap starting.
W20260710 13:22:18.742254 23248 leader_election.cc:343] T 36af8234ed3c4359a4629fcb3cbb64e4 P 6a5c9caefabe435e9d2c510130ac9eab [CANDIDATE]: Term 1 pre-election: Tablet error from VoteRequest() call to peer 2e5d9e5d97dd47679b98ec630bfa9a0e (127.21.123.65:33571): Illegal state: must be running to vote when last-logged opid is not known
I20260710 13:22:18.742692 23207 tablet_service.cc:1917] Received RequestConsensusVote() RPC: tablet_id: "36af8234ed3c4359a4629fcb3cbb64e4" candidate_uuid: "6a5c9caefabe435e9d2c510130ac9eab" candidate_term: 1 candidate_status { last_received { term: 0 index: 0 } } ignore_live_leader: false dest_uuid: "d0e146eaa22f4673b339926d1f08a4b5" is_pre_election: true
W20260710 13:22:18.743908 23246 leader_election.cc:343] T 36af8234ed3c4359a4629fcb3cbb64e4 P 6a5c9caefabe435e9d2c510130ac9eab [CANDIDATE]: Term 1 pre-election: Tablet error from VoteRequest() call to peer d0e146eaa22f4673b339926d1f08a4b5 (127.21.123.66:38829): Illegal state: must be running to vote when last-logged opid is not known
I20260710 13:22:18.744383 23246 leader_election.cc:304] T 36af8234ed3c4359a4629fcb3cbb64e4 P 6a5c9caefabe435e9d2c510130ac9eab [CANDIDATE]: Term 1 pre-election: Election decided. Result: candidate lost. Election summary: received 3 responses out of 3 voters: 1 yes votes; 2 no votes. yes voters: 6a5c9caefabe435e9d2c510130ac9eab; no voters: 2e5d9e5d97dd47679b98ec630bfa9a0e, d0e146eaa22f4673b339926d1f08a4b5
I20260710 13:22:18.745498 23363 raft_consensus.cc:2749] T 36af8234ed3c4359a4629fcb3cbb64e4 P 6a5c9caefabe435e9d2c510130ac9eab [term 0 FOLLOWER]: Leader pre-election lost for term 1. Reason: could not achieve majority
I20260710 13:22:18.732959 23324 tablet_bootstrap.cc:654] T 36af8234ed3c4359a4629fcb3cbb64e4 P d0e146eaa22f4673b339926d1f08a4b5: Neither blocks nor log segments found. Creating new log.
I20260710 13:22:18.732874 23281 tablet_service.cc:1917] Received RequestConsensusVote() RPC: tablet_id: "654a9193fabe47c7862b5b09d620c9a4" candidate_uuid: "d0e146eaa22f4673b339926d1f08a4b5" candidate_term: 1 candidate_status { last_received { term: 0 index: 0 } } ignore_live_leader: false dest_uuid: "6a5c9caefabe435e9d2c510130ac9eab" is_pre_election: true
I20260710 13:22:18.746541 23131 tablet_service.cc:1917] Received RequestConsensusVote() RPC: tablet_id: "654a9193fabe47c7862b5b09d620c9a4" candidate_uuid: "d0e146eaa22f4673b339926d1f08a4b5" candidate_term: 1 candidate_status { last_received { term: 0 index: 0 } } ignore_live_leader: false dest_uuid: "2e5d9e5d97dd47679b98ec630bfa9a0e" is_pre_election: true
I20260710 13:22:18.746948 23281 raft_consensus.cc:2468] T 654a9193fabe47c7862b5b09d620c9a4 P 6a5c9caefabe435e9d2c510130ac9eab [term 0 FOLLOWER]: Leader pre-election vote request: Granting yes vote for candidate d0e146eaa22f4673b339926d1f08a4b5 in term 0.
I20260710 13:22:18.747165 23131 raft_consensus.cc:2468] T 654a9193fabe47c7862b5b09d620c9a4 P 2e5d9e5d97dd47679b98ec630bfa9a0e [term 0 FOLLOWER]: Leader pre-election vote request: Granting yes vote for candidate d0e146eaa22f4673b339926d1f08a4b5 in term 0.
I20260710 13:22:18.748445 23174 leader_election.cc:304] T 654a9193fabe47c7862b5b09d620c9a4 P d0e146eaa22f4673b339926d1f08a4b5 [CANDIDATE]: Term 1 pre-election: Election decided. Result: candidate won. Election summary: received 2 responses out of 3 voters: 2 yes votes; 0 no votes. yes voters: 2e5d9e5d97dd47679b98ec630bfa9a0e, d0e146eaa22f4673b339926d1f08a4b5; no voters: 
I20260710 13:22:18.749418 23357 raft_consensus.cc:2804] T 654a9193fabe47c7862b5b09d620c9a4 P d0e146eaa22f4673b339926d1f08a4b5 [term 0 FOLLOWER]: Leader pre-election won for term 1
I20260710 13:22:18.749786 23357 raft_consensus.cc:493] T 654a9193fabe47c7862b5b09d620c9a4 P d0e146eaa22f4673b339926d1f08a4b5 [term 0 FOLLOWER]: Starting leader election (no leader contacted us within the election timeout)
I20260710 13:22:18.750104 23357 raft_consensus.cc:3060] T 654a9193fabe47c7862b5b09d620c9a4 P d0e146eaa22f4673b339926d1f08a4b5 [term 0 FOLLOWER]: Advancing to term 1
I20260710 13:22:18.753818 23323 tablet_bootstrap.cc:654] T 4fe84e6d75de47daa1ee33dbca39ff20 P 6a5c9caefabe435e9d2c510130ac9eab: Neither blocks nor log segments found. Creating new log.
I20260710 13:22:18.756709 23365 consensus_queue.cc:1048] T e0e4edb2a90a4c43a1e373bc922c24bf P d0e146eaa22f4673b339926d1f08a4b5 [LEADER]: Connected to new peer: Peer: permanent_uuid: "2e5d9e5d97dd47679b98ec630bfa9a0e" member_type: VOTER last_known_addr { host: "127.21.123.65" port: 33571 }, Status: LMP_MISMATCH, Last received: 0.0, Next index: 1, Last known committed idx: 0, Time since last communication: 0.000s
I20260710 13:22:18.759297 23396 raft_consensus.cc:493] T bbb463fa336c417298a835f8cadfb796 P 2e5d9e5d97dd47679b98ec630bfa9a0e [term 0 FOLLOWER]: Starting pre-election (no leader contacted us within the election timeout)
I20260710 13:22:18.759761 23396 raft_consensus.cc:515] T bbb463fa336c417298a835f8cadfb796 P 2e5d9e5d97dd47679b98ec630bfa9a0e [term 0 FOLLOWER]: Starting pre-election with config: opid_index: -1 OBSOLETE_local: false peers { permanent_uuid: "2e5d9e5d97dd47679b98ec630bfa9a0e" member_type: VOTER last_known_addr { host: "127.21.123.65" port: 33571 } } peers { permanent_uuid: "d0e146eaa22f4673b339926d1f08a4b5" member_type: VOTER last_known_addr { host: "127.21.123.66" port: 38829 } } peers { permanent_uuid: "6a5c9caefabe435e9d2c510130ac9eab" member_type: VOTER last_known_addr { host: "127.21.123.67" port: 43503 } }
I20260710 13:22:18.760679 23354 consensus_queue.cc:1048] T 647895b701bc4fd4ab0e079cfff7ccd1 P 2e5d9e5d97dd47679b98ec630bfa9a0e [LEADER]: Connected to new peer: Peer: permanent_uuid: "d0e146eaa22f4673b339926d1f08a4b5" member_type: VOTER last_known_addr { host: "127.21.123.66" port: 38829 }, Status: LMP_MISMATCH, Last received: 0.0, Next index: 1, Last known committed idx: 0, Time since last communication: 0.000s
I20260710 13:22:18.762785 23324 tablet_bootstrap.cc:492] T 36af8234ed3c4359a4629fcb3cbb64e4 P d0e146eaa22f4673b339926d1f08a4b5: No bootstrap required, opened a new log
I20260710 13:22:18.763285 23324 ts_tablet_manager.cc:1403] T 36af8234ed3c4359a4629fcb3cbb64e4 P d0e146eaa22f4673b339926d1f08a4b5: Time spent bootstrapping tablet: real 0.058s	user 0.009s	sys 0.007s
I20260710 13:22:18.764750 23207 tablet_service.cc:1917] Received RequestConsensusVote() RPC: tablet_id: "bbb463fa336c417298a835f8cadfb796" candidate_uuid: "2e5d9e5d97dd47679b98ec630bfa9a0e" candidate_term: 1 candidate_status { last_received { term: 0 index: 0 } } ignore_live_leader: false dest_uuid: "d0e146eaa22f4673b339926d1f08a4b5" is_pre_election: true
I20260710 13:22:18.765362 23207 raft_consensus.cc:2468] T bbb463fa336c417298a835f8cadfb796 P d0e146eaa22f4673b339926d1f08a4b5 [term 0 FOLLOWER]: Leader pre-election vote request: Granting yes vote for candidate 2e5d9e5d97dd47679b98ec630bfa9a0e in term 0.
I20260710 13:22:18.765611 23323 tablet_bootstrap.cc:492] T 4fe84e6d75de47daa1ee33dbca39ff20 P 6a5c9caefabe435e9d2c510130ac9eab: No bootstrap required, opened a new log
I20260710 13:22:18.766047 23323 ts_tablet_manager.cc:1403] T 4fe84e6d75de47daa1ee33dbca39ff20 P 6a5c9caefabe435e9d2c510130ac9eab: Time spent bootstrapping tablet: real 0.025s	user 0.012s	sys 0.000s
I20260710 13:22:18.766388 23325 tablet_bootstrap.cc:492] T bbed3cf47b4044b79b51c5e8fb244b8b P 2e5d9e5d97dd47679b98ec630bfa9a0e: No bootstrap required, opened a new log
I20260710 13:22:18.766889 23325 ts_tablet_manager.cc:1403] T bbed3cf47b4044b79b51c5e8fb244b8b P 2e5d9e5d97dd47679b98ec630bfa9a0e: Time spent bootstrapping tablet: real 0.122s	user 0.023s	sys 0.031s
I20260710 13:22:18.768939 23097 leader_election.cc:304] T bbb463fa336c417298a835f8cadfb796 P 2e5d9e5d97dd47679b98ec630bfa9a0e [CANDIDATE]: Term 1 pre-election: Election decided. Result: candidate won. Election summary: received 2 responses out of 3 voters: 2 yes votes; 0 no votes. yes voters: 2e5d9e5d97dd47679b98ec630bfa9a0e, d0e146eaa22f4673b339926d1f08a4b5; no voters: 
I20260710 13:22:18.769043 23323 raft_consensus.cc:359] T 4fe84e6d75de47daa1ee33dbca39ff20 P 6a5c9caefabe435e9d2c510130ac9eab [term 0 FOLLOWER]: Replica starting. Triggering 0 pending ops. Active config: opid_index: -1 OBSOLETE_local: false peers { permanent_uuid: "2e5d9e5d97dd47679b98ec630bfa9a0e" member_type: VOTER last_known_addr { host: "127.21.123.65" port: 33571 } } peers { permanent_uuid: "d0e146eaa22f4673b339926d1f08a4b5" member_type: VOTER last_known_addr { host: "127.21.123.66" port: 38829 } } peers { permanent_uuid: "6a5c9caefabe435e9d2c510130ac9eab" member_type: VOTER last_known_addr { host: "127.21.123.67" port: 43503 } }
I20260710 13:22:18.769814 23323 raft_consensus.cc:385] T 4fe84e6d75de47daa1ee33dbca39ff20 P 6a5c9caefabe435e9d2c510130ac9eab [term 0 FOLLOWER]: Consensus starting up: Expiring failure detector timer to make a prompt election more likely
I20260710 13:22:18.769979 23330 raft_consensus.cc:2804] T bbb463fa336c417298a835f8cadfb796 P 2e5d9e5d97dd47679b98ec630bfa9a0e [term 0 FOLLOWER]: Leader pre-election won for term 1
I20260710 13:22:18.770114 23323 raft_consensus.cc:740] T 4fe84e6d75de47daa1ee33dbca39ff20 P 6a5c9caefabe435e9d2c510130ac9eab [term 0 FOLLOWER]: Becoming Follower/Learner. State: Replica: 6a5c9caefabe435e9d2c510130ac9eab, State: Initialized, Role: FOLLOWER
I20260710 13:22:18.770398 23330 raft_consensus.cc:493] T bbb463fa336c417298a835f8cadfb796 P 2e5d9e5d97dd47679b98ec630bfa9a0e [term 0 FOLLOWER]: Starting leader election (no leader contacted us within the election timeout)
I20260710 13:22:18.770743 23330 raft_consensus.cc:3060] T bbb463fa336c417298a835f8cadfb796 P 2e5d9e5d97dd47679b98ec630bfa9a0e [term 0 FOLLOWER]: Advancing to term 1
I20260710 13:22:18.770824 23323 consensus_queue.cc:260] T 4fe84e6d75de47daa1ee33dbca39ff20 P 6a5c9caefabe435e9d2c510130ac9eab [NON_LEADER]: Queue going to NON_LEADER mode. State: All replicated index: 0, Majority replicated index: 0, Committed index: 0, Last appended: 0.0, Last appended by leader: 0, Current term: 0, Majority size: -1, State: 0, Mode: NON_LEADER, active raft config: opid_index: -1 OBSOLETE_local: false peers { permanent_uuid: "2e5d9e5d97dd47679b98ec630bfa9a0e" member_type: VOTER last_known_addr { host: "127.21.123.65" port: 33571 } } peers { permanent_uuid: "d0e146eaa22f4673b339926d1f08a4b5" member_type: VOTER last_known_addr { host: "127.21.123.66" port: 38829 } } peers { permanent_uuid: "6a5c9caefabe435e9d2c510130ac9eab" member_type: VOTER last_known_addr { host: "127.21.123.67" port: 43503 } }
I20260710 13:22:18.772183 23208 raft_consensus.cc:2468] T a31675869d794d23930b2176acde6412 P d0e146eaa22f4673b339926d1f08a4b5 [term 1 FOLLOWER]: Leader election vote request: Granting yes vote for candidate 6a5c9caefabe435e9d2c510130ac9eab in term 1.
I20260710 13:22:18.773756 23323 ts_tablet_manager.cc:1434] T 4fe84e6d75de47daa1ee33dbca39ff20 P 6a5c9caefabe435e9d2c510130ac9eab: Time spent starting tablet: real 0.007s	user 0.006s	sys 0.000s
I20260710 13:22:18.774703 23323 tablet_bootstrap.cc:492] T bbb463fa336c417298a835f8cadfb796 P 6a5c9caefabe435e9d2c510130ac9eab: Bootstrap starting.
I20260710 13:22:18.774354 23396 leader_election.cc:290] T bbb463fa336c417298a835f8cadfb796 P 2e5d9e5d97dd47679b98ec630bfa9a0e [CANDIDATE]: Term 1 pre-election: Requested pre-vote from peers d0e146eaa22f4673b339926d1f08a4b5 (127.21.123.66:38829), 6a5c9caefabe435e9d2c510130ac9eab (127.21.123.67:43503)
I20260710 13:22:18.777324 23357 raft_consensus.cc:515] T 654a9193fabe47c7862b5b09d620c9a4 P d0e146eaa22f4673b339926d1f08a4b5 [term 1 FOLLOWER]: Starting leader election with config: opid_index: -1 OBSOLETE_local: false peers { permanent_uuid: "2e5d9e5d97dd47679b98ec630bfa9a0e" member_type: VOTER last_known_addr { host: "127.21.123.65" port: 33571 } } peers { permanent_uuid: "d0e146eaa22f4673b339926d1f08a4b5" member_type: VOTER last_known_addr { host: "127.21.123.66" port: 38829 } } peers { permanent_uuid: "6a5c9caefabe435e9d2c510130ac9eab" member_type: VOTER last_known_addr { host: "127.21.123.67" port: 43503 } }
I20260710 13:22:18.781800 23323 tablet_bootstrap.cc:654] T bbb463fa336c417298a835f8cadfb796 P 6a5c9caefabe435e9d2c510130ac9eab: Neither blocks nor log segments found. Creating new log.
I20260710 13:22:18.783604 23246 leader_election.cc:304] T a31675869d794d23930b2176acde6412 P 6a5c9caefabe435e9d2c510130ac9eab [CANDIDATE]: Term 1 election: Election decided. Result: candidate won. Election summary: received 3 responses out of 3 voters: 2 yes votes; 1 no votes. yes voters: 6a5c9caefabe435e9d2c510130ac9eab, d0e146eaa22f4673b339926d1f08a4b5; no voters: 2e5d9e5d97dd47679b98ec630bfa9a0e
I20260710 13:22:18.769448 23325 raft_consensus.cc:359] T bbed3cf47b4044b79b51c5e8fb244b8b P 2e5d9e5d97dd47679b98ec630bfa9a0e [term 0 FOLLOWER]: Replica starting. Triggering 0 pending ops. Active config: opid_index: -1 OBSOLETE_local: false peers { permanent_uuid: "2e5d9e5d97dd47679b98ec630bfa9a0e" member_type: VOTER last_known_addr { host: "127.21.123.65" port: 33571 } } peers { permanent_uuid: "d0e146eaa22f4673b339926d1f08a4b5" member_type: VOTER last_known_addr { host: "127.21.123.66" port: 38829 } } peers { permanent_uuid: "6a5c9caefabe435e9d2c510130ac9eab" member_type: VOTER last_known_addr { host: "127.21.123.67" port: 43503 } }
I20260710 13:22:18.784584 23370 raft_consensus.cc:2804] T a31675869d794d23930b2176acde6412 P 6a5c9caefabe435e9d2c510130ac9eab [term 1 FOLLOWER]: Leader election won for term 1
I20260710 13:22:18.785142 23370 raft_consensus.cc:697] T a31675869d794d23930b2176acde6412 P 6a5c9caefabe435e9d2c510130ac9eab [term 1 LEADER]: Becoming Leader. State: Replica: 6a5c9caefabe435e9d2c510130ac9eab, State: Running, Role: LEADER
I20260710 13:22:18.786248 23370 consensus_queue.cc:237] T a31675869d794d23930b2176acde6412 P 6a5c9caefabe435e9d2c510130ac9eab [LEADER]: Queue going to LEADER mode. State: All replicated index: 0, Majority replicated index: 0, Committed index: 0, Last appended: 0.0, Last appended by leader: 0, Current term: 1, Majority size: 2, State: 0, Mode: LEADER, active raft config: opid_index: -1 OBSOLETE_local: false peers { permanent_uuid: "2e5d9e5d97dd47679b98ec630bfa9a0e" member_type: VOTER last_known_addr { host: "127.21.123.65" port: 33571 } } peers { permanent_uuid: "d0e146eaa22f4673b339926d1f08a4b5" member_type: VOTER last_known_addr { host: "127.21.123.66" port: 38829 } } peers { permanent_uuid: "6a5c9caefabe435e9d2c510130ac9eab" member_type: VOTER last_known_addr { host: "127.21.123.67" port: 43503 } }
I20260710 13:22:18.791733 23281 tablet_service.cc:1917] Received RequestConsensusVote() RPC: tablet_id: "bbb463fa336c417298a835f8cadfb796" candidate_uuid: "2e5d9e5d97dd47679b98ec630bfa9a0e" candidate_term: 1 candidate_status { last_received { term: 0 index: 0 } } ignore_live_leader: false dest_uuid: "6a5c9caefabe435e9d2c510130ac9eab" is_pre_election: true
I20260710 13:22:18.793129 23323 tablet_bootstrap.cc:492] T bbb463fa336c417298a835f8cadfb796 P 6a5c9caefabe435e9d2c510130ac9eab: No bootstrap required, opened a new log
I20260710 13:22:18.793576 23323 ts_tablet_manager.cc:1403] T bbb463fa336c417298a835f8cadfb796 P 6a5c9caefabe435e9d2c510130ac9eab: Time spent bootstrapping tablet: real 0.019s	user 0.015s	sys 0.002s
I20260710 13:22:18.766583 23324 raft_consensus.cc:359] T 36af8234ed3c4359a4629fcb3cbb64e4 P d0e146eaa22f4673b339926d1f08a4b5 [term 0 FOLLOWER]: Replica starting. Triggering 0 pending ops. Active config: opid_index: -1 OBSOLETE_local: false peers { permanent_uuid: "2e5d9e5d97dd47679b98ec630bfa9a0e" member_type: VOTER last_known_addr { host: "127.21.123.65" port: 33571 } } peers { permanent_uuid: "d0e146eaa22f4673b339926d1f08a4b5" member_type: VOTER last_known_addr { host: "127.21.123.66" port: 38829 } } peers { permanent_uuid: "6a5c9caefabe435e9d2c510130ac9eab" member_type: VOTER last_known_addr { host: "127.21.123.67" port: 43503 } }
I20260710 13:22:18.796352 23323 raft_consensus.cc:359] T bbb463fa336c417298a835f8cadfb796 P 6a5c9caefabe435e9d2c510130ac9eab [term 0 FOLLOWER]: Replica starting. Triggering 0 pending ops. Active config: opid_index: -1 OBSOLETE_local: false peers { permanent_uuid: "2e5d9e5d97dd47679b98ec630bfa9a0e" member_type: VOTER last_known_addr { host: "127.21.123.65" port: 33571 } } peers { permanent_uuid: "d0e146eaa22f4673b339926d1f08a4b5" member_type: VOTER last_known_addr { host: "127.21.123.66" port: 38829 } } peers { permanent_uuid: "6a5c9caefabe435e9d2c510130ac9eab" member_type: VOTER last_known_addr { host: "127.21.123.67" port: 43503 } }
I20260710 13:22:18.797886 23323 raft_consensus.cc:385] T bbb463fa336c417298a835f8cadfb796 P 6a5c9caefabe435e9d2c510130ac9eab [term 0 FOLLOWER]: Consensus starting up: Expiring failure detector timer to make a prompt election more likely
I20260710 13:22:18.798221 23323 raft_consensus.cc:740] T bbb463fa336c417298a835f8cadfb796 P 6a5c9caefabe435e9d2c510130ac9eab [term 0 FOLLOWER]: Becoming Follower/Learner. State: Replica: 6a5c9caefabe435e9d2c510130ac9eab, State: Initialized, Role: FOLLOWER
I20260710 13:22:18.799090 23323 consensus_queue.cc:260] T bbb463fa336c417298a835f8cadfb796 P 6a5c9caefabe435e9d2c510130ac9eab [NON_LEADER]: Queue going to NON_LEADER mode. State: All replicated index: 0, Majority replicated index: 0, Committed index: 0, Last appended: 0.0, Last appended by leader: 0, Current term: 0, Majority size: -1, State: 0, Mode: NON_LEADER, active raft config: opid_index: -1 OBSOLETE_local: false peers { permanent_uuid: "2e5d9e5d97dd47679b98ec630bfa9a0e" member_type: VOTER last_known_addr { host: "127.21.123.65" port: 33571 } } peers { permanent_uuid: "d0e146eaa22f4673b339926d1f08a4b5" member_type: VOTER last_known_addr { host: "127.21.123.66" port: 38829 } } peers { permanent_uuid: "6a5c9caefabe435e9d2c510130ac9eab" member_type: VOTER last_known_addr { host: "127.21.123.67" port: 43503 } }
I20260710 13:22:18.801119 23323 ts_tablet_manager.cc:1434] T bbb463fa336c417298a835f8cadfb796 P 6a5c9caefabe435e9d2c510130ac9eab: Time spent starting tablet: real 0.007s	user 0.005s	sys 0.000s
I20260710 13:22:18.801486 23330 raft_consensus.cc:515] T bbb463fa336c417298a835f8cadfb796 P 2e5d9e5d97dd47679b98ec630bfa9a0e [term 1 FOLLOWER]: Starting leader election with config: opid_index: -1 OBSOLETE_local: false peers { permanent_uuid: "2e5d9e5d97dd47679b98ec630bfa9a0e" member_type: VOTER last_known_addr { host: "127.21.123.65" port: 33571 } } peers { permanent_uuid: "d0e146eaa22f4673b339926d1f08a4b5" member_type: VOTER last_known_addr { host: "127.21.123.66" port: 38829 } } peers { permanent_uuid: "6a5c9caefabe435e9d2c510130ac9eab" member_type: VOTER last_known_addr { host: "127.21.123.67" port: 43503 } }
W20260710 13:22:18.793761 23097 leader_election.cc:343] T bbb463fa336c417298a835f8cadfb796 P 2e5d9e5d97dd47679b98ec630bfa9a0e [CANDIDATE]: Term 1 pre-election: Tablet error from VoteRequest() call to peer 6a5c9caefabe435e9d2c510130ac9eab (127.21.123.67:43503): Illegal state: must be running to vote when last-logged opid is not known
I20260710 13:22:18.805178 23396 consensus_queue.cc:1048] T 647895b701bc4fd4ab0e079cfff7ccd1 P 2e5d9e5d97dd47679b98ec630bfa9a0e [LEADER]: Connected to new peer: Peer: permanent_uuid: "6a5c9caefabe435e9d2c510130ac9eab" member_type: VOTER last_known_addr { host: "127.21.123.67" port: 43503 }, Status: LMP_MISMATCH, Last received: 0.0, Next index: 1, Last known committed idx: 0, Time since last communication: 0.000s
I20260710 13:22:18.808367 23323 tablet_bootstrap.cc:492] T 8508bd2113d342ea9048b3f841583e66 P 6a5c9caefabe435e9d2c510130ac9eab: Bootstrap starting.
I20260710 13:22:18.808964 23332 raft_consensus.cc:493] T deba20c09798454eac12ee1be2ef7811 P d0e146eaa22f4673b339926d1f08a4b5 [term 0 FOLLOWER]: Starting pre-election (no leader contacted us within the election timeout)
I20260710 13:22:18.809481 23332 raft_consensus.cc:515] T deba20c09798454eac12ee1be2ef7811 P d0e146eaa22f4673b339926d1f08a4b5 [term 0 FOLLOWER]: Starting pre-election with config: opid_index: -1 OBSOLETE_local: false peers { permanent_uuid: "2e5d9e5d97dd47679b98ec630bfa9a0e" member_type: VOTER last_known_addr { host: "127.21.123.65" port: 33571 } } peers { permanent_uuid: "d0e146eaa22f4673b339926d1f08a4b5" member_type: VOTER last_known_addr { host: "127.21.123.66" port: 38829 } } peers { permanent_uuid: "6a5c9caefabe435e9d2c510130ac9eab" member_type: VOTER last_known_addr { host: "127.21.123.67" port: 43503 } }
I20260710 13:22:18.784714 23325 raft_consensus.cc:385] T bbed3cf47b4044b79b51c5e8fb244b8b P 2e5d9e5d97dd47679b98ec630bfa9a0e [term 0 FOLLOWER]: Consensus starting up: Expiring failure detector timer to make a prompt election more likely
I20260710 13:22:18.743885 23329 raft_consensus.cc:515] T f13c73feeb8e4096ab250f09cd22ebf4 P 6a5c9caefabe435e9d2c510130ac9eab [term 1 FOLLOWER]: Starting leader election with config: opid_index: -1 OBSOLETE_local: false peers { permanent_uuid: "2e5d9e5d97dd47679b98ec630bfa9a0e" member_type: VOTER last_known_addr { host: "127.21.123.65" port: 33571 } } peers { permanent_uuid: "d0e146eaa22f4673b339926d1f08a4b5" member_type: VOTER last_known_addr { host: "127.21.123.66" port: 38829 } } peers { permanent_uuid: "6a5c9caefabe435e9d2c510130ac9eab" member_type: VOTER last_known_addr { host: "127.21.123.67" port: 43503 } }
I20260710 13:22:18.802372 23324 raft_consensus.cc:385] T 36af8234ed3c4359a4629fcb3cbb64e4 P d0e146eaa22f4673b339926d1f08a4b5 [term 0 FOLLOWER]: Consensus starting up: Expiring failure detector timer to make a prompt election more likely
I20260710 13:22:18.810776 23325 raft_consensus.cc:740] T bbed3cf47b4044b79b51c5e8fb244b8b P 2e5d9e5d97dd47679b98ec630bfa9a0e [term 0 FOLLOWER]: Becoming Follower/Learner. State: Replica: 2e5d9e5d97dd47679b98ec630bfa9a0e, State: Initialized, Role: FOLLOWER
I20260710 13:22:18.810148 23363 consensus_queue.cc:1048] T deba20c09798454eac12ee1be2ef7811 P 6a5c9caefabe435e9d2c510130ac9eab [LEADER]: Connected to new peer: Peer: permanent_uuid: "2e5d9e5d97dd47679b98ec630bfa9a0e" member_type: VOTER last_known_addr { host: "127.21.123.65" port: 33571 }, Status: LMP_MISMATCH, Last received: 0.0, Next index: 1, Last known committed idx: 0, Time since last communication: 0.001s
I20260710 13:22:18.810824 23324 raft_consensus.cc:740] T 36af8234ed3c4359a4629fcb3cbb64e4 P d0e146eaa22f4673b339926d1f08a4b5 [term 0 FOLLOWER]: Becoming Follower/Learner. State: Replica: d0e146eaa22f4673b339926d1f08a4b5, State: Initialized, Role: FOLLOWER
I20260710 13:22:18.812840 23332 leader_election.cc:290] T deba20c09798454eac12ee1be2ef7811 P d0e146eaa22f4673b339926d1f08a4b5 [CANDIDATE]: Term 1 pre-election: Requested pre-vote from peers 2e5d9e5d97dd47679b98ec630bfa9a0e (127.21.123.65:33571), 6a5c9caefabe435e9d2c510130ac9eab (127.21.123.67:43503)
I20260710 13:22:18.814296 23324 consensus_queue.cc:260] T 36af8234ed3c4359a4629fcb3cbb64e4 P d0e146eaa22f4673b339926d1f08a4b5 [NON_LEADER]: Queue going to NON_LEADER mode. State: All replicated index: 0, Majority replicated index: 0, Committed index: 0, Last appended: 0.0, Last appended by leader: 0, Current term: 0, Majority size: -1, State: 0, Mode: NON_LEADER, active raft config: opid_index: -1 OBSOLETE_local: false peers { permanent_uuid: "2e5d9e5d97dd47679b98ec630bfa9a0e" member_type: VOTER last_known_addr { host: "127.21.123.65" port: 33571 } } peers { permanent_uuid: "d0e146eaa22f4673b339926d1f08a4b5" member_type: VOTER last_known_addr { host: "127.21.123.66" port: 38829 } } peers { permanent_uuid: "6a5c9caefabe435e9d2c510130ac9eab" member_type: VOTER last_known_addr { host: "127.21.123.67" port: 43503 } }
I20260710 13:22:18.815840 23134 tablet_service.cc:1917] Received RequestConsensusVote() RPC: tablet_id: "deba20c09798454eac12ee1be2ef7811" candidate_uuid: "d0e146eaa22f4673b339926d1f08a4b5" candidate_term: 1 candidate_status { last_received { term: 0 index: 0 } } ignore_live_leader: false dest_uuid: "2e5d9e5d97dd47679b98ec630bfa9a0e" is_pre_election: true
I20260710 13:22:18.816597 23134 raft_consensus.cc:2393] T deba20c09798454eac12ee1be2ef7811 P 2e5d9e5d97dd47679b98ec630bfa9a0e [term 1 FOLLOWER]: Leader pre-election vote request: Denying vote to candidate d0e146eaa22f4673b339926d1f08a4b5 in current term 1: Already voted for candidate 6a5c9caefabe435e9d2c510130ac9eab in this term.
I20260710 13:22:18.817265 23329 leader_election.cc:290] T f13c73feeb8e4096ab250f09cd22ebf4 P 6a5c9caefabe435e9d2c510130ac9eab [CANDIDATE]: Term 1 election: Requested vote from peers 2e5d9e5d97dd47679b98ec630bfa9a0e (127.21.123.65:33571), d0e146eaa22f4673b339926d1f08a4b5 (127.21.123.66:38829)
I20260710 13:22:18.815255 23206 raft_consensus.cc:3060] T deba20c09798454eac12ee1be2ef7811 P d0e146eaa22f4673b339926d1f08a4b5 [term 0 FOLLOWER]: Advancing to term 1
I20260710 13:22:18.818658 23282 tablet_service.cc:1917] Received RequestConsensusVote() RPC: tablet_id: "deba20c09798454eac12ee1be2ef7811" candidate_uuid: "d0e146eaa22f4673b339926d1f08a4b5" candidate_term: 1 candidate_status { last_received { term: 0 index: 0 } } ignore_live_leader: false dest_uuid: "6a5c9caefabe435e9d2c510130ac9eab" is_pre_election: true
I20260710 13:22:18.822758 23324 ts_tablet_manager.cc:1434] T 36af8234ed3c4359a4629fcb3cbb64e4 P d0e146eaa22f4673b339926d1f08a4b5: Time spent starting tablet: real 0.059s	user 0.008s	sys 0.000s
I20260710 13:22:18.822496 23131 tablet_service.cc:1917] Received RequestConsensusVote() RPC: tablet_id: "f13c73feeb8e4096ab250f09cd22ebf4" candidate_uuid: "6a5c9caefabe435e9d2c510130ac9eab" candidate_term: 1 candidate_status { last_received { term: 0 index: 0 } } ignore_live_leader: false dest_uuid: "2e5d9e5d97dd47679b98ec630bfa9a0e"
I20260710 13:22:18.823465 23131 raft_consensus.cc:3060] T f13c73feeb8e4096ab250f09cd22ebf4 P 2e5d9e5d97dd47679b98ec630bfa9a0e [term 0 FOLLOWER]: Advancing to term 1
I20260710 13:22:18.828795 23324 tablet_bootstrap.cc:492] T 8508bd2113d342ea9048b3f841583e66 P d0e146eaa22f4673b339926d1f08a4b5: Bootstrap starting.
I20260710 13:22:18.831691 23325 consensus_queue.cc:260] T bbed3cf47b4044b79b51c5e8fb244b8b P 2e5d9e5d97dd47679b98ec630bfa9a0e [NON_LEADER]: Queue going to NON_LEADER mode. State: All replicated index: 0, Majority replicated index: 0, Committed index: 0, Last appended: 0.0, Last appended by leader: 0, Current term: 0, Majority size: -1, State: 0, Mode: NON_LEADER, active raft config: opid_index: -1 OBSOLETE_local: false peers { permanent_uuid: "2e5d9e5d97dd47679b98ec630bfa9a0e" member_type: VOTER last_known_addr { host: "127.21.123.65" port: 33571 } } peers { permanent_uuid: "d0e146eaa22f4673b339926d1f08a4b5" member_type: VOTER last_known_addr { host: "127.21.123.66" port: 38829 } } peers { permanent_uuid: "6a5c9caefabe435e9d2c510130ac9eab" member_type: VOTER last_known_addr { host: "127.21.123.67" port: 43503 } }
I20260710 13:22:18.833811 23330 leader_election.cc:290] T bbb463fa336c417298a835f8cadfb796 P 2e5d9e5d97dd47679b98ec630bfa9a0e [CANDIDATE]: Term 1 election: Requested vote from peers d0e146eaa22f4673b339926d1f08a4b5 (127.21.123.66:38829), 6a5c9caefabe435e9d2c510130ac9eab (127.21.123.67:43503)
I20260710 13:22:18.834625 23209 tablet_service.cc:1917] Received RequestConsensusVote() RPC: tablet_id: "bbb463fa336c417298a835f8cadfb796" candidate_uuid: "2e5d9e5d97dd47679b98ec630bfa9a0e" candidate_term: 1 candidate_status { last_received { term: 0 index: 0 } } ignore_live_leader: false dest_uuid: "d0e146eaa22f4673b339926d1f08a4b5"
I20260710 13:22:18.834018 23325 ts_tablet_manager.cc:1434] T bbed3cf47b4044b79b51c5e8fb244b8b P 2e5d9e5d97dd47679b98ec630bfa9a0e: Time spent starting tablet: real 0.067s	user 0.002s	sys 0.002s
I20260710 13:22:18.836229 23209 raft_consensus.cc:3060] T bbb463fa336c417298a835f8cadfb796 P d0e146eaa22f4673b339926d1f08a4b5 [term 0 FOLLOWER]: Advancing to term 1
I20260710 13:22:18.836427 23282 tablet_service.cc:1917] Received RequestConsensusVote() RPC: tablet_id: "bbb463fa336c417298a835f8cadfb796" candidate_uuid: "2e5d9e5d97dd47679b98ec630bfa9a0e" candidate_term: 1 candidate_status { last_received { term: 0 index: 0 } } ignore_live_leader: false dest_uuid: "6a5c9caefabe435e9d2c510130ac9eab"
I20260710 13:22:18.837994 23325 tablet_bootstrap.cc:492] T 1fe443dc335740148295209dd07f7e92 P 2e5d9e5d97dd47679b98ec630bfa9a0e: Bootstrap starting.
I20260710 13:22:18.838580 23282 raft_consensus.cc:3060] T bbb463fa336c417298a835f8cadfb796 P 6a5c9caefabe435e9d2c510130ac9eab [term 0 FOLLOWER]: Advancing to term 1
I20260710 13:22:18.839891 23133 tablet_service.cc:1917] Received RequestConsensusVote() RPC: tablet_id: "654a9193fabe47c7862b5b09d620c9a4" candidate_uuid: "d0e146eaa22f4673b339926d1f08a4b5" candidate_term: 1 candidate_status { last_received { term: 0 index: 0 } } ignore_live_leader: false dest_uuid: "2e5d9e5d97dd47679b98ec630bfa9a0e"
I20260710 13:22:18.840641 23133 raft_consensus.cc:3060] T 654a9193fabe47c7862b5b09d620c9a4 P 2e5d9e5d97dd47679b98ec630bfa9a0e [term 0 FOLLOWER]: Advancing to term 1
I20260710 13:22:18.835515 23172 leader_election.cc:304] T deba20c09798454eac12ee1be2ef7811 P d0e146eaa22f4673b339926d1f08a4b5 [CANDIDATE]: Term 1 pre-election: Election decided. Result: candidate lost. Election summary: received 3 responses out of 3 voters: 1 yes votes; 2 no votes. yes voters: d0e146eaa22f4673b339926d1f08a4b5; no voters: 2e5d9e5d97dd47679b98ec630bfa9a0e, 6a5c9caefabe435e9d2c510130ac9eab
I20260710 13:22:18.855275 23363 raft_consensus.cc:493] T d27b230691fa45bf82fec8b1a9116d41 P 6a5c9caefabe435e9d2c510130ac9eab [term 0 FOLLOWER]: Starting pre-election (no leader contacted us within the election timeout)
I20260710 13:22:18.855786 23363 raft_consensus.cc:515] T d27b230691fa45bf82fec8b1a9116d41 P 6a5c9caefabe435e9d2c510130ac9eab [term 0 FOLLOWER]: Starting pre-election with config: opid_index: -1 OBSOLETE_local: false peers { permanent_uuid: "2e5d9e5d97dd47679b98ec630bfa9a0e" member_type: VOTER last_known_addr { host: "127.21.123.65" port: 33571 } } peers { permanent_uuid: "d0e146eaa22f4673b339926d1f08a4b5" member_type: VOTER last_known_addr { host: "127.21.123.66" port: 38829 } } peers { permanent_uuid: "6a5c9caefabe435e9d2c510130ac9eab" member_type: VOTER last_known_addr { host: "127.21.123.67" port: 43503 } }
I20260710 13:22:18.856564 23324 tablet_bootstrap.cc:654] T 8508bd2113d342ea9048b3f841583e66 P d0e146eaa22f4673b339926d1f08a4b5: Neither blocks nor log segments found. Creating new log.
I20260710 13:22:18.857822 23363 leader_election.cc:290] T d27b230691fa45bf82fec8b1a9116d41 P 6a5c9caefabe435e9d2c510130ac9eab [CANDIDATE]: Term 1 pre-election: Requested pre-vote from peers 2e5d9e5d97dd47679b98ec630bfa9a0e (127.21.123.65:33571), d0e146eaa22f4673b339926d1f08a4b5 (127.21.123.66:38829)
I20260710 13:22:18.859205 23282 raft_consensus.cc:2468] T bbb463fa336c417298a835f8cadfb796 P 6a5c9caefabe435e9d2c510130ac9eab [term 1 FOLLOWER]: Leader election vote request: Granting yes vote for candidate 2e5d9e5d97dd47679b98ec630bfa9a0e in term 1.
I20260710 13:22:18.859576 23132 tablet_service.cc:1917] Received RequestConsensusVote() RPC: tablet_id: "d27b230691fa45bf82fec8b1a9116d41" candidate_uuid: "6a5c9caefabe435e9d2c510130ac9eab" candidate_term: 1 candidate_status { last_received { term: 0 index: 0 } } ignore_live_leader: false dest_uuid: "2e5d9e5d97dd47679b98ec630bfa9a0e" is_pre_election: true
I20260710 13:22:18.861975 23370 consensus_queue.cc:1048] T 7812a77a8c194ea6aa0ceca02b19ef3e P 6a5c9caefabe435e9d2c510130ac9eab [LEADER]: Connected to new peer: Peer: permanent_uuid: "2e5d9e5d97dd47679b98ec630bfa9a0e" member_type: VOTER last_known_addr { host: "127.21.123.65" port: 33571 }, Status: LMP_MISMATCH, Last received: 0.0, Next index: 1, Last known committed idx: 0, Time since last communication: 0.001s
I20260710 13:22:18.862788 23209 raft_consensus.cc:2468] T bbb463fa336c417298a835f8cadfb796 P d0e146eaa22f4673b339926d1f08a4b5 [term 1 FOLLOWER]: Leader election vote request: Granting yes vote for candidate 2e5d9e5d97dd47679b98ec630bfa9a0e in term 1.
W20260710 13:22:18.866420 23248 leader_election.cc:343] T d27b230691fa45bf82fec8b1a9116d41 P 6a5c9caefabe435e9d2c510130ac9eab [CANDIDATE]: Term 1 pre-election: Tablet error from VoteRequest() call to peer 2e5d9e5d97dd47679b98ec630bfa9a0e (127.21.123.65:33571): Illegal state: must be running to vote when last-logged opid is not known
I20260710 13:22:18.869985 23097 leader_election.cc:304] T bbb463fa336c417298a835f8cadfb796 P 2e5d9e5d97dd47679b98ec630bfa9a0e [CANDIDATE]: Term 1 election: Election decided. Result: candidate won. Election summary: received 2 responses out of 3 voters: 2 yes votes; 0 no votes. yes voters: 2e5d9e5d97dd47679b98ec630bfa9a0e, d0e146eaa22f4673b339926d1f08a4b5; no voters: 
I20260710 13:22:18.870955 23330 raft_consensus.cc:2804] T bbb463fa336c417298a835f8cadfb796 P 2e5d9e5d97dd47679b98ec630bfa9a0e [term 1 FOLLOWER]: Leader election won for term 1
I20260710 13:22:18.871683 23330 raft_consensus.cc:697] T bbb463fa336c417298a835f8cadfb796 P 2e5d9e5d97dd47679b98ec630bfa9a0e [term 1 LEADER]: Becoming Leader. State: Replica: 2e5d9e5d97dd47679b98ec630bfa9a0e, State: Running, Role: LEADER
