I20260710 13:21:53.187747 16793 raft_consensus.cc:515] T c8fe23fcd26b4676894754d9d34902d4 P dcce8a7180a94e61a7a47182175ac974 [term 2 FOLLOWER]: Starting forced leader election with config: opid_index: -1 OBSOLETE_local: false peers { permanent_uuid: "d76c5329f4f34a61b32cdaeece498865" member_type: VOTER last_known_addr { host: "127.16.32.1" port: 33985 } } peers { permanent_uuid: "10d4aaf5f2d346009f53d8ffeee6dec0" member_type: VOTER last_known_addr { host: "127.16.32.2" port: 38143 } } peers { permanent_uuid: "dcce8a7180a94e61a7a47182175ac974" member_type: VOTER last_known_addr { host: "127.16.32.3" port: 43377 } }
I20260710 13:21:53.200680 16647 tablet_service.cc:1917] Received RequestConsensusVote() RPC: tablet_id: "c8fe23fcd26b4676894754d9d34902d4" candidate_uuid: "dcce8a7180a94e61a7a47182175ac974" candidate_term: 2 candidate_status { last_received { term: 1 index: 1 } } ignore_live_leader: true dest_uuid: "d76c5329f4f34a61b32cdaeece498865"
I20260710 13:21:53.200975 16793 leader_election.cc:290] T c8fe23fcd26b4676894754d9d34902d4 P dcce8a7180a94e61a7a47182175ac974 [CANDIDATE]: Term 2 election: Requested vote from peers d76c5329f4f34a61b32cdaeece498865 (127.16.32.1:33985), 10d4aaf5f2d346009f53d8ffeee6dec0 (127.16.32.2:38143)
I20260710 13:21:53.201305 16647 raft_consensus.cc:3055] T c8fe23fcd26b4676894754d9d34902d4 P d76c5329f4f34a61b32cdaeece498865 [term 1 LEADER]: Stepping down as leader of term 1
I20260710 13:21:53.201689 16647 raft_consensus.cc:740] T c8fe23fcd26b4676894754d9d34902d4 P d76c5329f4f34a61b32cdaeece498865 [term 1 LEADER]: Becoming Follower/Learner. State: Replica: d76c5329f4f34a61b32cdaeece498865, State: Running, Role: LEADER
I20260710 13:21:53.202813 16647 consensus_queue.cc:260] T c8fe23fcd26b4676894754d9d34902d4 P d76c5329f4f34a61b32cdaeece498865 [NON_LEADER]: Queue going to NON_LEADER mode. State: All replicated index: 0, Majority replicated index: 1, Committed index: 1, Last appended: 1.1, Last appended by leader: 1, Current term: 1, Majority size: -1, State: 0, Mode: NON_LEADER, active raft config: opid_index: -1 OBSOLETE_local: false peers { permanent_uuid: "d76c5329f4f34a61b32cdaeece498865" member_type: VOTER last_known_addr { host: "127.16.32.1" port: 33985 } } peers { permanent_uuid: "10d4aaf5f2d346009f53d8ffeee6dec0" member_type: VOTER last_known_addr { host: "127.16.32.2" port: 38143 } } peers { permanent_uuid: "dcce8a7180a94e61a7a47182175ac974" member_type: VOTER last_known_addr { host: "127.16.32.3" port: 43377 } }
I20260710 13:21:53.204061 16647 raft_consensus.cc:3060] T c8fe23fcd26b4676894754d9d34902d4 P d76c5329f4f34a61b32cdaeece498865 [term 1 FOLLOWER]: Advancing to term 2
I20260710 13:21:53.205842 16720 tablet_service.cc:1917] Received RequestConsensusVote() RPC: tablet_id: "c8fe23fcd26b4676894754d9d34902d4" candidate_uuid: "dcce8a7180a94e61a7a47182175ac974" candidate_term: 2 candidate_status { last_received { term: 1 index: 1 } } ignore_live_leader: true dest_uuid: "10d4aaf5f2d346009f53d8ffeee6dec0"
I20260710 13:21:53.206458 16720 raft_consensus.cc:3060] T c8fe23fcd26b4676894754d9d34902d4 P 10d4aaf5f2d346009f53d8ffeee6dec0 [term 1 FOLLOWER]: Advancing to term 2
I20260710 13:21:53.211208 16647 raft_consensus.cc:2468] T c8fe23fcd26b4676894754d9d34902d4 P d76c5329f4f34a61b32cdaeece498865 [term 2 FOLLOWER]: Leader election vote request: Granting yes vote for candidate dcce8a7180a94e61a7a47182175ac974 in term 2.
I20260710 13:21:53.212893 16760 leader_election.cc:304] T c8fe23fcd26b4676894754d9d34902d4 P dcce8a7180a94e61a7a47182175ac974 [CANDIDATE]: Term 2 election: Election decided. Result: candidate won. Election summary: received 2 responses out of 3 voters: 2 yes votes; 0 no votes. yes voters: d76c5329f4f34a61b32cdaeece498865, dcce8a7180a94e61a7a47182175ac974; no voters: 
I20260710 13:21:53.212374 16544 catalog_manager.cc:5697] T e758e4bc746f47dd896cdc36413cf549 P 10d4aaf5f2d346009f53d8ffeee6dec0 reported cstate change: term changed from 1 to 2, leader changed from dcce8a7180a94e61a7a47182175ac974 (127.16.32.3) to 10d4aaf5f2d346009f53d8ffeee6dec0 (127.16.32.2). New cstate: current_term: 2 leader_uuid: "10d4aaf5f2d346009f53d8ffeee6dec0" committed_config { opid_index: -1 OBSOLETE_local: false peers { permanent_uuid: "d76c5329f4f34a61b32cdaeece498865" member_type: VOTER last_known_addr { host: "127.16.32.1" port: 33985 } health_report { overall_health: UNKNOWN } } peers { permanent_uuid: "10d4aaf5f2d346009f53d8ffeee6dec0" member_type: VOTER last_known_addr { host: "127.16.32.2" port: 38143 } health_report { overall_health: HEALTHY } } peers { permanent_uuid: "dcce8a7180a94e61a7a47182175ac974" member_type: VOTER last_known_addr { host: "127.16.32.3" port: 43377 } health_report { overall_health: UNKNOWN } } }
I20260710 13:21:53.214231 16881 raft_consensus.cc:2804] T c8fe23fcd26b4676894754d9d34902d4 P dcce8a7180a94e61a7a47182175ac974 [term 2 FOLLOWER]: Leader election won for term 2
I20260710 13:21:53.215379 16881 raft_consensus.cc:697] T c8fe23fcd26b4676894754d9d34902d4 P dcce8a7180a94e61a7a47182175ac974 [term 2 LEADER]: Becoming Leader. State: Replica: dcce8a7180a94e61a7a47182175ac974, State: Running, Role: LEADER
I20260710 13:21:53.216293 16881 consensus_queue.cc:237] T c8fe23fcd26b4676894754d9d34902d4 P dcce8a7180a94e61a7a47182175ac974 [LEADER]: Queue going to LEADER mode. State: All replicated index: 0, Majority replicated index: 1, Committed index: 1, Last appended: 1.1, Last appended by leader: 1, Current term: 2, Majority size: 2, State: 0, Mode: LEADER, active raft config: opid_index: -1 OBSOLETE_local: false peers { permanent_uuid: "d76c5329f4f34a61b32cdaeece498865" member_type: VOTER last_known_addr { host: "127.16.32.1" port: 33985 } } peers { permanent_uuid: "10d4aaf5f2d346009f53d8ffeee6dec0" member_type: VOTER last_known_addr { host: "127.16.32.2" port: 38143 } } peers { permanent_uuid: "dcce8a7180a94e61a7a47182175ac974" member_type: VOTER last_known_addr { host: "127.16.32.3" port: 43377 } }
I20260710 13:21:53.219560 16720 raft_consensus.cc:2468] T c8fe23fcd26b4676894754d9d34902d4 P 10d4aaf5f2d346009f53d8ffeee6dec0 [term 2 FOLLOWER]: Leader election vote request: Granting yes vote for candidate dcce8a7180a94e61a7a47182175ac974 in term 2.
I20260710 13:21:53.225224 16541 catalog_manager.cc:5697] T c8fe23fcd26b4676894754d9d34902d4 P dcce8a7180a94e61a7a47182175ac974 reported cstate change: term changed from 1 to 2, leader changed from d76c5329f4f34a61b32cdaeece498865 (127.16.32.1) to dcce8a7180a94e61a7a47182175ac974 (127.16.32.3). New cstate: current_term: 2 leader_uuid: "dcce8a7180a94e61a7a47182175ac974" committed_config { opid_index: -1 OBSOLETE_local: false peers { permanent_uuid: "d76c5329f4f34a61b32cdaeece498865" member_type: VOTER last_known_addr { host: "127.16.32.1" port: 33985 } health_report { overall_health: UNKNOWN } } peers { permanent_uuid: "10d4aaf5f2d346009f53d8ffeee6dec0" member_type: VOTER last_known_addr { host: "127.16.32.2" port: 38143 } health_report { overall_health: UNKNOWN } } peers { permanent_uuid: "dcce8a7180a94e61a7a47182175ac974" member_type: VOTER last_known_addr { host: "127.16.32.3" port: 43377 } health_report { overall_health: HEALTHY } } }
I20260710 13:21:53.315773 16908 consensus_queue.cc:1048] T d6e4366fd5574566a64e04773675546a P 10d4aaf5f2d346009f53d8ffeee6dec0 [LEADER]: Connected to new peer: Peer: permanent_uuid: "dcce8a7180a94e61a7a47182175ac974" member_type: VOTER last_known_addr { host: "127.16.32.3" port: 43377 }, Status: LMP_MISMATCH, Last received: 0.0, Next index: 1, Last known committed idx: 0, Time since last communication: 0.000s
I20260710 13:21:53.329267 16848 consensus_queue.cc:1048] T d6e4366fd5574566a64e04773675546a P 10d4aaf5f2d346009f53d8ffeee6dec0 [LEADER]: Connected to new peer: Peer: permanent_uuid: "d76c5329f4f34a61b32cdaeece498865" member_type: VOTER last_known_addr { host: "127.16.32.1" port: 33985 }, Status: LMP_MISMATCH, Last received: 0.0, Next index: 1, Last known committed idx: 0, Time since last communication: 0.000s
I20260710 13:21:53.340443 16908 raft_consensus.cc:993] T d6e4366fd5574566a64e04773675546a P 10d4aaf5f2d346009f53d8ffeee6dec0: : Instructing follower d76c5329f4f34a61b32cdaeece498865 to start an election
I20260710 13:21:53.340951 16848 raft_consensus.cc:1081] T d6e4366fd5574566a64e04773675546a P 10d4aaf5f2d346009f53d8ffeee6dec0 [term 1 LEADER]: Signalling peer d76c5329f4f34a61b32cdaeece498865 to start an election
I20260710 13:21:53.343281 16647 tablet_service.cc:2044] Received Run Leader Election RPC: tablet_id: "d6e4366fd5574566a64e04773675546a"
dest_uuid: "d76c5329f4f34a61b32cdaeece498865"
 from {username='slave'} at 127.0.0.1:35090
I20260710 13:21:53.343853 16647 raft_consensus.cc:493] T d6e4366fd5574566a64e04773675546a P d76c5329f4f34a61b32cdaeece498865 [term 1 FOLLOWER]: Starting forced leader election (received explicit request)
I20260710 13:21:53.344372 16647 raft_consensus.cc:3060] T d6e4366fd5574566a64e04773675546a P d76c5329f4f34a61b32cdaeece498865 [term 1 FOLLOWER]: Advancing to term 2
I20260710 13:21:53.351261 16647 raft_consensus.cc:515] T d6e4366fd5574566a64e04773675546a P d76c5329f4f34a61b32cdaeece498865 [term 2 FOLLOWER]: Starting forced leader election with config: opid_index: -1 OBSOLETE_local: false peers { permanent_uuid: "d76c5329f4f34a61b32cdaeece498865" member_type: VOTER last_known_addr { host: "127.16.32.1" port: 33985 } } peers { permanent_uuid: "10d4aaf5f2d346009f53d8ffeee6dec0" member_type: VOTER last_known_addr { host: "127.16.32.2" port: 38143 } } peers { permanent_uuid: "dcce8a7180a94e61a7a47182175ac974" member_type: VOTER last_known_addr { host: "127.16.32.3" port: 43377 } }
I20260710 13:21:53.354372 16720 tablet_service.cc:1917] Received RequestConsensusVote() RPC: tablet_id: "d6e4366fd5574566a64e04773675546a" candidate_uuid: "d76c5329f4f34a61b32cdaeece498865" candidate_term: 2 candidate_status { last_received { term: 1 index: 1 } } ignore_live_leader: true dest_uuid: "10d4aaf5f2d346009f53d8ffeee6dec0"
I20260710 13:21:53.354480 16793 tablet_service.cc:1917] Received RequestConsensusVote() RPC: tablet_id: "d6e4366fd5574566a64e04773675546a" candidate_uuid: "d76c5329f4f34a61b32cdaeece498865" candidate_term: 2 candidate_status { last_received { term: 1 index: 1 } } ignore_live_leader: true dest_uuid: "dcce8a7180a94e61a7a47182175ac974"
I20260710 13:21:53.355041 16720 raft_consensus.cc:3055] T d6e4366fd5574566a64e04773675546a P 10d4aaf5f2d346009f53d8ffeee6dec0 [term 1 LEADER]: Stepping down as leader of term 1
I20260710 13:21:53.355065 16793 raft_consensus.cc:3060] T d6e4366fd5574566a64e04773675546a P dcce8a7180a94e61a7a47182175ac974 [term 1 FOLLOWER]: Advancing to term 2
I20260710 13:21:53.355563 16720 raft_consensus.cc:740] T d6e4366fd5574566a64e04773675546a P 10d4aaf5f2d346009f53d8ffeee6dec0 [term 1 LEADER]: Becoming Follower/Learner. State: Replica: 10d4aaf5f2d346009f53d8ffeee6dec0, State: Running, Role: LEADER
I20260710 13:21:53.356426 16720 consensus_queue.cc:260] T d6e4366fd5574566a64e04773675546a P 10d4aaf5f2d346009f53d8ffeee6dec0 [NON_LEADER]: Queue going to NON_LEADER mode. State: All replicated index: 0, Majority replicated index: 1, Committed index: 1, Last appended: 1.1, Last appended by leader: 1, Current term: 1, Majority size: -1, State: 0, Mode: NON_LEADER, active raft config: opid_index: -1 OBSOLETE_local: false peers { permanent_uuid: "d76c5329f4f34a61b32cdaeece498865" member_type: VOTER last_known_addr { host: "127.16.32.1" port: 33985 } } peers { permanent_uuid: "10d4aaf5f2d346009f53d8ffeee6dec0" member_type: VOTER last_known_addr { host: "127.16.32.2" port: 38143 } } peers { permanent_uuid: "dcce8a7180a94e61a7a47182175ac974" member_type: VOTER last_known_addr { host: "127.16.32.3" port: 43377 } }
I20260710 13:21:53.357259 16647 leader_election.cc:290] T d6e4366fd5574566a64e04773675546a P d76c5329f4f34a61b32cdaeece498865 [CANDIDATE]: Term 2 election: Requested vote from peers 10d4aaf5f2d346009f53d8ffeee6dec0 (127.16.32.2:38143), dcce8a7180a94e61a7a47182175ac974 (127.16.32.3:43377)
I20260710 13:21:53.357537 16720 raft_consensus.cc:3060] T d6e4366fd5574566a64e04773675546a P 10d4aaf5f2d346009f53d8ffeee6dec0 [term 1 FOLLOWER]: Advancing to term 2
I20260710 13:21:53.362584 16793 raft_consensus.cc:2468] T d6e4366fd5574566a64e04773675546a P dcce8a7180a94e61a7a47182175ac974 [term 2 FOLLOWER]: Leader election vote request: Granting yes vote for candidate d76c5329f4f34a61b32cdaeece498865 in term 2.
I20260710 13:21:53.363958 16720 raft_consensus.cc:2468] T d6e4366fd5574566a64e04773675546a P 10d4aaf5f2d346009f53d8ffeee6dec0 [term 2 FOLLOWER]: Leader election vote request: Granting yes vote for candidate d76c5329f4f34a61b32cdaeece498865 in term 2.
I20260710 13:21:53.363828 16612 leader_election.cc:304] T d6e4366fd5574566a64e04773675546a P d76c5329f4f34a61b32cdaeece498865 [CANDIDATE]: Term 2 election: Election decided. Result: candidate won. Election summary: received 2 responses out of 3 voters: 2 yes votes; 0 no votes. yes voters: d76c5329f4f34a61b32cdaeece498865, dcce8a7180a94e61a7a47182175ac974; no voters: 
I20260710 13:21:53.364759 16845 raft_consensus.cc:2804] T d6e4366fd5574566a64e04773675546a P d76c5329f4f34a61b32cdaeece498865 [term 2 FOLLOWER]: Leader election won for term 2
I20260710 13:21:53.365244 16845 raft_consensus.cc:697] T d6e4366fd5574566a64e04773675546a P d76c5329f4f34a61b32cdaeece498865 [term 2 LEADER]: Becoming Leader. State: Replica: d76c5329f4f34a61b32cdaeece498865, State: Running, Role: LEADER
I20260710 13:21:53.366036 16845 consensus_queue.cc:237] T d6e4366fd5574566a64e04773675546a P d76c5329f4f34a61b32cdaeece498865 [LEADER]: Queue going to LEADER mode. State: All replicated index: 0, Majority replicated index: 1, Committed index: 1, Last appended: 1.1, Last appended by leader: 1, Current term: 2, Majority size: 2, State: 0, Mode: LEADER, active raft config: opid_index: -1 OBSOLETE_local: false peers { permanent_uuid: "d76c5329f4f34a61b32cdaeece498865" member_type: VOTER last_known_addr { host: "127.16.32.1" port: 33985 } } peers { permanent_uuid: "10d4aaf5f2d346009f53d8ffeee6dec0" member_type: VOTER last_known_addr { host: "127.16.32.2" port: 38143 } } peers { permanent_uuid: "dcce8a7180a94e61a7a47182175ac974" member_type: VOTER last_known_addr { host: "127.16.32.3" port: 43377 } }
I20260710 13:21:53.373436 16542 catalog_manager.cc:5697] T d6e4366fd5574566a64e04773675546a P d76c5329f4f34a61b32cdaeece498865 reported cstate change: term changed from 1 to 2, leader changed from 10d4aaf5f2d346009f53d8ffeee6dec0 (127.16.32.2) to d76c5329f4f34a61b32cdaeece498865 (127.16.32.1). New cstate: current_term: 2 leader_uuid: "d76c5329f4f34a61b32cdaeece498865" committed_config { opid_index: -1 OBSOLETE_local: false peers { permanent_uuid: "d76c5329f4f34a61b32cdaeece498865" member_type: VOTER last_known_addr { host: "127.16.32.1" port: 33985 } health_report { overall_health: HEALTHY } } peers { permanent_uuid: "10d4aaf5f2d346009f53d8ffeee6dec0" member_type: VOTER last_known_addr { host: "127.16.32.2" port: 38143 } health_report { overall_health: UNKNOWN } } peers { permanent_uuid: "dcce8a7180a94e61a7a47182175ac974" member_type: VOTER last_known_addr { host: "127.16.32.3" port: 43377 } health_report { overall_health: UNKNOWN } } }
I20260710 13:21:53.496989 16793 raft_consensus.cc:1275] T eded57549b9a4807805f89b90f5f20e7 P dcce8a7180a94e61a7a47182175ac974 [term 2 FOLLOWER]: Refusing update from remote peer 10d4aaf5f2d346009f53d8ffeee6dec0: Log matching property violated. Preceding OpId in replica: term: 1 index: 1. Preceding OpId from leader: term: 2 index: 2. (index mismatch)
I20260710 13:21:53.498395 16908 consensus_queue.cc:1048] T eded57549b9a4807805f89b90f5f20e7 P 10d4aaf5f2d346009f53d8ffeee6dec0 [LEADER]: Connected to new peer: Peer: permanent_uuid: "dcce8a7180a94e61a7a47182175ac974" member_type: VOTER last_known_addr { host: "127.16.32.3" port: 43377 }, Status: LMP_MISMATCH, Last received: 0.0, Next index: 2, Last known committed idx: 1, Time since last communication: 0.000s
I20260710 13:21:53.507479 16647 raft_consensus.cc:1275] T eded57549b9a4807805f89b90f5f20e7 P d76c5329f4f34a61b32cdaeece498865 [term 2 FOLLOWER]: Refusing update from remote peer 10d4aaf5f2d346009f53d8ffeee6dec0: Log matching property violated. Preceding OpId in replica: term: 1 index: 1. Preceding OpId from leader: term: 2 index: 2. (index mismatch)
I20260710 13:21:53.508915 16848 consensus_queue.cc:1048] T eded57549b9a4807805f89b90f5f20e7 P 10d4aaf5f2d346009f53d8ffeee6dec0 [LEADER]: Connected to new peer: Peer: permanent_uuid: "d76c5329f4f34a61b32cdaeece498865" member_type: VOTER last_known_addr { host: "127.16.32.1" port: 33985 }, Status: LMP_MISMATCH, Last received: 0.0, Next index: 2, Last known committed idx: 1, Time since last communication: 0.000s
I20260710 13:21:53.594586 16793 raft_consensus.cc:3060] T feeb8704461044939df2f50e08b2e097 P dcce8a7180a94e61a7a47182175ac974 [term 1 FOLLOWER]: Advancing to term 2
I20260710 13:21:53.601934 16793 raft_consensus.cc:1275] T feeb8704461044939df2f50e08b2e097 P dcce8a7180a94e61a7a47182175ac974 [term 2 FOLLOWER]: Refusing update from remote peer 10d4aaf5f2d346009f53d8ffeee6dec0: Log matching property violated. Preceding OpId in replica: term: 1 index: 1. Preceding OpId from leader: term: 2 index: 2. (index mismatch)
I20260710 13:21:53.603483 16908 consensus_queue.cc:1048] T feeb8704461044939df2f50e08b2e097 P 10d4aaf5f2d346009f53d8ffeee6dec0 [LEADER]: Connected to new peer: Peer: permanent_uuid: "dcce8a7180a94e61a7a47182175ac974" member_type: VOTER last_known_addr { host: "127.16.32.3" port: 43377 }, Status: LMP_MISMATCH, Last received: 0.0, Next index: 2, Last known committed idx: 1, Time since last communication: 0.000s
I20260710 13:21:53.613128 16646 raft_consensus.cc:1275] T feeb8704461044939df2f50e08b2e097 P d76c5329f4f34a61b32cdaeece498865 [term 2 FOLLOWER]: Refusing update from remote peer 10d4aaf5f2d346009f53d8ffeee6dec0: Log matching property violated. Preceding OpId in replica: term: 1 index: 1. Preceding OpId from leader: term: 2 index: 2. (index mismatch)
I20260710 13:21:53.614802 16908 consensus_queue.cc:1048] T feeb8704461044939df2f50e08b2e097 P 10d4aaf5f2d346009f53d8ffeee6dec0 [LEADER]: Connected to new peer: Peer: permanent_uuid: "d76c5329f4f34a61b32cdaeece498865" member_type: VOTER last_known_addr { host: "127.16.32.1" port: 33985 }, Status: LMP_MISMATCH, Last received: 0.0, Next index: 2, Last known committed idx: 1, Time since last communication: 0.002s
I20260710 13:21:53.646999 16793 raft_consensus.cc:1275] T 1a634c34583e493988db9d5ca1dd7d99 P dcce8a7180a94e61a7a47182175ac974 [term 2 FOLLOWER]: Refusing update from remote peer d76c5329f4f34a61b32cdaeece498865: Log matching property violated. Preceding OpId in replica: term: 0 index: 0. Preceding OpId from leader: term: 2 index: 2. (index mismatch)
I20260710 13:21:53.647989 16646 raft_consensus.cc:1275] T e758e4bc746f47dd896cdc36413cf549 P d76c5329f4f34a61b32cdaeece498865 [term 2 FOLLOWER]: Refusing update from remote peer 10d4aaf5f2d346009f53d8ffeee6dec0: Log matching property violated. Preceding OpId in replica: term: 1 index: 1. Preceding OpId from leader: term: 2 index: 2. (index mismatch)
I20260710 13:21:53.648448 16845 consensus_queue.cc:1048] T 1a634c34583e493988db9d5ca1dd7d99 P d76c5329f4f34a61b32cdaeece498865 [LEADER]: Connected to new peer: Peer: permanent_uuid: "dcce8a7180a94e61a7a47182175ac974" member_type: VOTER last_known_addr { host: "127.16.32.3" port: 43377 }, Status: LMP_MISMATCH, Last received: 0.0, Next index: 2, Last known committed idx: 0, Time since last communication: 0.000s
I20260710 13:21:53.649518 16908 consensus_queue.cc:1048] T e758e4bc746f47dd896cdc36413cf549 P 10d4aaf5f2d346009f53d8ffeee6dec0 [LEADER]: Connected to new peer: Peer: permanent_uuid: "d76c5329f4f34a61b32cdaeece498865" member_type: VOTER last_known_addr { host: "127.16.32.1" port: 33985 }, Status: LMP_MISMATCH, Last received: 0.0, Next index: 2, Last known committed idx: 1, Time since last communication: 0.000s
I20260710 13:21:53.660455 16720 raft_consensus.cc:1275] T 1a634c34583e493988db9d5ca1dd7d99 P 10d4aaf5f2d346009f53d8ffeee6dec0 [term 2 FOLLOWER]: Refusing update from remote peer d76c5329f4f34a61b32cdaeece498865: Log matching property violated. Preceding OpId in replica: term: 1 index: 1. Preceding OpId from leader: term: 2 index: 2. (index mismatch)
I20260710 13:21:53.662446 16877 consensus_queue.cc:1048] T 1a634c34583e493988db9d5ca1dd7d99 P d76c5329f4f34a61b32cdaeece498865 [LEADER]: Connected to new peer: Peer: permanent_uuid: "10d4aaf5f2d346009f53d8ffeee6dec0" member_type: VOTER last_known_addr { host: "127.16.32.2" port: 38143 }, Status: LMP_MISMATCH, Last received: 0.0, Next index: 2, Last known committed idx: 1, Time since last communication: 0.000s
I20260710 13:21:53.669293 16794 raft_consensus.cc:1275] T e758e4bc746f47dd896cdc36413cf549 P dcce8a7180a94e61a7a47182175ac974 [term 2 FOLLOWER]: Refusing update from remote peer 10d4aaf5f2d346009f53d8ffeee6dec0: Log matching property violated. Preceding OpId in replica: term: 1 index: 1. Preceding OpId from leader: term: 2 index: 2. (index mismatch)
I20260710 13:21:53.671636 16903 consensus_queue.cc:1048] T e758e4bc746f47dd896cdc36413cf549 P 10d4aaf5f2d346009f53d8ffeee6dec0 [LEADER]: Connected to new peer: Peer: permanent_uuid: "dcce8a7180a94e61a7a47182175ac974" member_type: VOTER last_known_addr { host: "127.16.32.3" port: 43377 }, Status: LMP_MISMATCH, Last received: 0.0, Next index: 2, Last known committed idx: 1, Time since last communication: 0.000s
I20260710 13:21:53.732404 16720 raft_consensus.cc:1275] T c8fe23fcd26b4676894754d9d34902d4 P 10d4aaf5f2d346009f53d8ffeee6dec0 [term 2 FOLLOWER]: Refusing update from remote peer dcce8a7180a94e61a7a47182175ac974: Log matching property violated. Preceding OpId in replica: term: 1 index: 1. Preceding OpId from leader: term: 2 index: 2. (index mismatch)
I20260710 13:21:53.733711 16881 consensus_queue.cc:1048] T c8fe23fcd26b4676894754d9d34902d4 P dcce8a7180a94e61a7a47182175ac974 [LEADER]: Connected to new peer: Peer: permanent_uuid: "10d4aaf5f2d346009f53d8ffeee6dec0" member_type: VOTER last_known_addr { host: "127.16.32.2" port: 38143 }, Status: LMP_MISMATCH, Last received: 0.0, Next index: 2, Last known committed idx: 1, Time since last communication: 0.000s
I20260710 13:21:53.736585 16646 raft_consensus.cc:1275] T c8fe23fcd26b4676894754d9d34902d4 P d76c5329f4f34a61b32cdaeece498865 [term 2 FOLLOWER]: Refusing update from remote peer dcce8a7180a94e61a7a47182175ac974: Log matching property violated. Preceding OpId in replica: term: 1 index: 1. Preceding OpId from leader: term: 2 index: 2. (index mismatch)
I20260710 13:21:53.737921 16917 consensus_queue.cc:1048] T c8fe23fcd26b4676894754d9d34902d4 P dcce8a7180a94e61a7a47182175ac974 [LEADER]: Connected to new peer: Peer: permanent_uuid: "d76c5329f4f34a61b32cdaeece498865" member_type: VOTER last_known_addr { host: "127.16.32.1" port: 33985 }, Status: LMP_MISMATCH, Last received: 0.0, Next index: 2, Last known committed idx: 1, Time since last communication: 0.000s
I20260710 13:21:53.802672 16720 raft_consensus.cc:1275] T d6e4366fd5574566a64e04773675546a P 10d4aaf5f2d346009f53d8ffeee6dec0 [term 2 FOLLOWER]: Refusing update from remote peer d76c5329f4f34a61b32cdaeece498865: Log matching property violated. Preceding OpId in replica: term: 1 index: 1. Preceding OpId from leader: term: 2 index: 2. (index mismatch)
I20260710 13:21:53.804692 16877 consensus_queue.cc:1048] T d6e4366fd5574566a64e04773675546a P d76c5329f4f34a61b32cdaeece498865 [LEADER]: Connected to new peer: Peer: permanent_uuid: "10d4aaf5f2d346009f53d8ffeee6dec0" member_type: VOTER last_known_addr { host: "127.16.32.2" port: 38143 }, Status: LMP_MISMATCH, Last received: 0.0, Next index: 2, Last known committed idx: 1, Time since last communication: 0.000s
I20260710 13:21:53.813511 16793 raft_consensus.cc:1275] T d6e4366fd5574566a64e04773675546a P dcce8a7180a94e61a7a47182175ac974 [term 2 FOLLOWER]: Refusing update from remote peer d76c5329f4f34a61b32cdaeece498865: Log matching property violated. Preceding OpId in replica: term: 1 index: 1. Preceding OpId from leader: term: 2 index: 2. (index mismatch)
I20260710 13:21:53.816347 16877 consensus_queue.cc:1048] T d6e4366fd5574566a64e04773675546a P d76c5329f4f34a61b32cdaeece498865 [LEADER]: Connected to new peer: Peer: permanent_uuid: "dcce8a7180a94e61a7a47182175ac974" member_type: VOTER last_known_addr { host: "127.16.32.3" port: 43377 }, Status: LMP_MISMATCH, Last received: 0.0, Next index: 2, Last known committed idx: 1, Time since last communication: 0.000s
I20260710 13:21:56.027277 16512 auto_leader_rebalancer-test.cc:316] The leader distribution is 
I20260710 13:21:56.028206 16512 auto_leader_rebalancer.cc:141] leader rebalance for table test-workload
I20260710 13:21:56.049871 16646 tablet_service.cc:2072] Received LeaderStepDown RPC: tablet_id: "1a634c34583e493988db9d5ca1dd7d99"
dest_uuid: "d76c5329f4f34a61b32cdaeece498865"
mode: GRACEFUL
new_leader_uuid: "dcce8a7180a94e61a7a47182175ac974"
 from {username='slave'} at 127.0.0.1:35112
I20260710 13:21:56.050511 16646 raft_consensus.cc:606] T 1a634c34583e493988db9d5ca1dd7d99 P d76c5329f4f34a61b32cdaeece498865 [term 2 LEADER]: Received request to transfer leadership to TS dcce8a7180a94e61a7a47182175ac974
I20260710 13:21:56.061913 16722 tablet_service.cc:2072] Received LeaderStepDown RPC: tablet_id: "eded57549b9a4807805f89b90f5f20e7"
dest_uuid: "10d4aaf5f2d346009f53d8ffeee6dec0"
mode: GRACEFUL
new_leader_uuid: "dcce8a7180a94e61a7a47182175ac974"
 from {username='slave'} at 127.0.0.1:52826
I20260710 13:21:56.062551 16722 raft_consensus.cc:606] T eded57549b9a4807805f89b90f5f20e7 P 10d4aaf5f2d346009f53d8ffeee6dec0 [term 2 LEADER]: Received request to transfer leadership to TS dcce8a7180a94e61a7a47182175ac974
I20260710 13:21:56.064060 16512 auto_leader_rebalancer.cc:479] table: test-workload, leader rebalance finish, leader transfer count: 2
I20260710 13:21:56.064599 16512 auto_leader_rebalancer.cc:554] All tables' leader rebalancing finished this round
I20260710 13:21:56.281418 16845 raft_consensus.cc:993] T 1a634c34583e493988db9d5ca1dd7d99 P d76c5329f4f34a61b32cdaeece498865: : Instructing follower dcce8a7180a94e61a7a47182175ac974 to start an election
I20260710 13:21:56.282033 16845 raft_consensus.cc:1081] T 1a634c34583e493988db9d5ca1dd7d99 P d76c5329f4f34a61b32cdaeece498865 [term 2 LEADER]: Signalling peer dcce8a7180a94e61a7a47182175ac974 to start an election
I20260710 13:21:56.283805 16793 tablet_service.cc:2044] Received Run Leader Election RPC: tablet_id: "1a634c34583e493988db9d5ca1dd7d99"
dest_uuid: "dcce8a7180a94e61a7a47182175ac974"
 from {username='slave'} at 127.0.0.1:54564
I20260710 13:21:56.284355 16793 raft_consensus.cc:493] T 1a634c34583e493988db9d5ca1dd7d99 P dcce8a7180a94e61a7a47182175ac974 [term 2 FOLLOWER]: Starting forced leader election (received explicit request)
I20260710 13:21:56.284669 16793 raft_consensus.cc:3060] T 1a634c34583e493988db9d5ca1dd7d99 P dcce8a7180a94e61a7a47182175ac974 [term 2 FOLLOWER]: Advancing to term 3
I20260710 13:21:56.289430 16793 raft_consensus.cc:515] T 1a634c34583e493988db9d5ca1dd7d99 P dcce8a7180a94e61a7a47182175ac974 [term 3 FOLLOWER]: Starting forced leader election with config: opid_index: -1 OBSOLETE_local: false peers { permanent_uuid: "d76c5329f4f34a61b32cdaeece498865" member_type: VOTER last_known_addr { host: "127.16.32.1" port: 33985 } } peers { permanent_uuid: "10d4aaf5f2d346009f53d8ffeee6dec0" member_type: VOTER last_known_addr { host: "127.16.32.2" port: 38143 } } peers { permanent_uuid: "dcce8a7180a94e61a7a47182175ac974" member_type: VOTER last_known_addr { host: "127.16.32.3" port: 43377 } }
I20260710 13:21:56.291271 16793 leader_election.cc:290] T 1a634c34583e493988db9d5ca1dd7d99 P dcce8a7180a94e61a7a47182175ac974 [CANDIDATE]: Term 3 election: Requested vote from peers d76c5329f4f34a61b32cdaeece498865 (127.16.32.1:33985), 10d4aaf5f2d346009f53d8ffeee6dec0 (127.16.32.2:38143)
I20260710 13:21:56.292042 16646 tablet_service.cc:1917] Received RequestConsensusVote() RPC: tablet_id: "1a634c34583e493988db9d5ca1dd7d99" candidate_uuid: "dcce8a7180a94e61a7a47182175ac974" candidate_term: 3 candidate_status { last_received { term: 2 index: 2 } } ignore_live_leader: true dest_uuid: "d76c5329f4f34a61b32cdaeece498865"
I20260710 13:21:56.292363 16722 tablet_service.cc:1917] Received RequestConsensusVote() RPC: tablet_id: "1a634c34583e493988db9d5ca1dd7d99" candidate_uuid: "dcce8a7180a94e61a7a47182175ac974" candidate_term: 3 candidate_status { last_received { term: 2 index: 2 } } ignore_live_leader: true dest_uuid: "10d4aaf5f2d346009f53d8ffeee6dec0"
I20260710 13:21:56.292600 16646 raft_consensus.cc:3055] T 1a634c34583e493988db9d5ca1dd7d99 P d76c5329f4f34a61b32cdaeece498865 [term 2 LEADER]: Stepping down as leader of term 2
I20260710 13:21:56.292924 16722 raft_consensus.cc:3060] T 1a634c34583e493988db9d5ca1dd7d99 P 10d4aaf5f2d346009f53d8ffeee6dec0 [term 2 FOLLOWER]: Advancing to term 3
I20260710 13:21:56.292935 16646 raft_consensus.cc:740] T 1a634c34583e493988db9d5ca1dd7d99 P d76c5329f4f34a61b32cdaeece498865 [term 2 LEADER]: Becoming Follower/Learner. State: Replica: d76c5329f4f34a61b32cdaeece498865, State: Running, Role: LEADER
I20260710 13:21:56.293841 16646 consensus_queue.cc:260] T 1a634c34583e493988db9d5ca1dd7d99 P d76c5329f4f34a61b32cdaeece498865 [NON_LEADER]: Queue going to NON_LEADER mode. State: All replicated index: 0, Majority replicated index: 2, Committed index: 2, Last appended: 2.2, Last appended by leader: 2, Current term: 2, Majority size: -1, State: 0, Mode: NON_LEADER, active raft config: opid_index: -1 OBSOLETE_local: false peers { permanent_uuid: "d76c5329f4f34a61b32cdaeece498865" member_type: VOTER last_known_addr { host: "127.16.32.1" port: 33985 } } peers { permanent_uuid: "10d4aaf5f2d346009f53d8ffeee6dec0" member_type: VOTER last_known_addr { host: "127.16.32.2" port: 38143 } } peers { permanent_uuid: "dcce8a7180a94e61a7a47182175ac974" member_type: VOTER last_known_addr { host: "127.16.32.3" port: 43377 } }
I20260710 13:21:56.294783 16646 raft_consensus.cc:3060] T 1a634c34583e493988db9d5ca1dd7d99 P d76c5329f4f34a61b32cdaeece498865 [term 2 FOLLOWER]: Advancing to term 3
I20260710 13:21:56.298126 16722 raft_consensus.cc:2468] T 1a634c34583e493988db9d5ca1dd7d99 P 10d4aaf5f2d346009f53d8ffeee6dec0 [term 3 FOLLOWER]: Leader election vote request: Granting yes vote for candidate dcce8a7180a94e61a7a47182175ac974 in term 3.
I20260710 13:21:56.299460 16762 leader_election.cc:304] T 1a634c34583e493988db9d5ca1dd7d99 P dcce8a7180a94e61a7a47182175ac974 [CANDIDATE]: Term 3 election: Election decided. Result: candidate won. Election summary: received 2 responses out of 3 voters: 2 yes votes; 0 no votes. yes voters: 10d4aaf5f2d346009f53d8ffeee6dec0, dcce8a7180a94e61a7a47182175ac974; no voters: 
I20260710 13:21:56.300235 16928 raft_consensus.cc:2804] T 1a634c34583e493988db9d5ca1dd7d99 P dcce8a7180a94e61a7a47182175ac974 [term 3 FOLLOWER]: Leader election won for term 3
I20260710 13:21:56.301183 16646 raft_consensus.cc:2468] T 1a634c34583e493988db9d5ca1dd7d99 P d76c5329f4f34a61b32cdaeece498865 [term 3 FOLLOWER]: Leader election vote request: Granting yes vote for candidate dcce8a7180a94e61a7a47182175ac974 in term 3.
I20260710 13:21:56.301589 16928 raft_consensus.cc:697] T 1a634c34583e493988db9d5ca1dd7d99 P dcce8a7180a94e61a7a47182175ac974 [term 3 LEADER]: Becoming Leader. State: Replica: dcce8a7180a94e61a7a47182175ac974, State: Running, Role: LEADER
I20260710 13:21:56.302510 16928 consensus_queue.cc:237] T 1a634c34583e493988db9d5ca1dd7d99 P dcce8a7180a94e61a7a47182175ac974 [LEADER]: Queue going to LEADER mode. State: All replicated index: 0, Majority replicated index: 2, Committed index: 2, Last appended: 2.2, Last appended by leader: 2, Current term: 3, Majority size: 2, State: 0, Mode: LEADER, active raft config: opid_index: -1 OBSOLETE_local: false peers { permanent_uuid: "d76c5329f4f34a61b32cdaeece498865" member_type: VOTER last_known_addr { host: "127.16.32.1" port: 33985 } } peers { permanent_uuid: "10d4aaf5f2d346009f53d8ffeee6dec0" member_type: VOTER last_known_addr { host: "127.16.32.2" port: 38143 } } peers { permanent_uuid: "dcce8a7180a94e61a7a47182175ac974" member_type: VOTER last_known_addr { host: "127.16.32.3" port: 43377 } }
I20260710 13:21:56.313228 16543 catalog_manager.cc:5697] T 1a634c34583e493988db9d5ca1dd7d99 P dcce8a7180a94e61a7a47182175ac974 reported cstate change: term changed from 2 to 3, leader changed from d76c5329f4f34a61b32cdaeece498865 (127.16.32.1) to dcce8a7180a94e61a7a47182175ac974 (127.16.32.3). New cstate: current_term: 3 leader_uuid: "dcce8a7180a94e61a7a47182175ac974" committed_config { opid_index: -1 OBSOLETE_local: false peers { permanent_uuid: "d76c5329f4f34a61b32cdaeece498865" member_type: VOTER last_known_addr { host: "127.16.32.1" port: 33985 } health_report { overall_health: UNKNOWN } } peers { permanent_uuid: "10d4aaf5f2d346009f53d8ffeee6dec0" member_type: VOTER last_known_addr { host: "127.16.32.2" port: 38143 } health_report { overall_health: UNKNOWN } } peers { permanent_uuid: "dcce8a7180a94e61a7a47182175ac974" member_type: VOTER last_known_addr { host: "127.16.32.3" port: 43377 } health_report { overall_health: HEALTHY } } }
I20260710 13:21:56.554755 16929 raft_consensus.cc:993] T eded57549b9a4807805f89b90f5f20e7 P 10d4aaf5f2d346009f53d8ffeee6dec0: : Instructing follower dcce8a7180a94e61a7a47182175ac974 to start an election
I20260710 13:21:56.555172 16940 raft_consensus.cc:1081] T eded57549b9a4807805f89b90f5f20e7 P 10d4aaf5f2d346009f53d8ffeee6dec0 [term 2 LEADER]: Signalling peer dcce8a7180a94e61a7a47182175ac974 to start an election
I20260710 13:21:56.556674 16793 tablet_service.cc:2044] Received Run Leader Election RPC: tablet_id: "eded57549b9a4807805f89b90f5f20e7"
dest_uuid: "dcce8a7180a94e61a7a47182175ac974"
 from {username='slave'} at 127.0.0.1:54560
I20260710 13:21:56.557164 16793 raft_consensus.cc:493] T eded57549b9a4807805f89b90f5f20e7 P dcce8a7180a94e61a7a47182175ac974 [term 2 FOLLOWER]: Starting forced leader election (received explicit request)
I20260710 13:21:56.557448 16793 raft_consensus.cc:3060] T eded57549b9a4807805f89b90f5f20e7 P dcce8a7180a94e61a7a47182175ac974 [term 2 FOLLOWER]: Advancing to term 3
I20260710 13:21:56.562033 16793 raft_consensus.cc:515] T eded57549b9a4807805f89b90f5f20e7 P dcce8a7180a94e61a7a47182175ac974 [term 3 FOLLOWER]: Starting forced leader election with config: opid_index: -1 OBSOLETE_local: false peers { permanent_uuid: "d76c5329f4f34a61b32cdaeece498865" member_type: VOTER last_known_addr { host: "127.16.32.1" port: 33985 } } peers { permanent_uuid: "10d4aaf5f2d346009f53d8ffeee6dec0" member_type: VOTER last_known_addr { host: "127.16.32.2" port: 38143 } } peers { permanent_uuid: "dcce8a7180a94e61a7a47182175ac974" member_type: VOTER last_known_addr { host: "127.16.32.3" port: 43377 } }
I20260710 13:21:56.563869 16793 leader_election.cc:290] T eded57549b9a4807805f89b90f5f20e7 P dcce8a7180a94e61a7a47182175ac974 [CANDIDATE]: Term 3 election: Requested vote from peers d76c5329f4f34a61b32cdaeece498865 (127.16.32.1:33985), 10d4aaf5f2d346009f53d8ffeee6dec0 (127.16.32.2:38143)
I20260710 13:21:56.564661 16646 tablet_service.cc:1917] Received RequestConsensusVote() RPC: tablet_id: "eded57549b9a4807805f89b90f5f20e7" candidate_uuid: "dcce8a7180a94e61a7a47182175ac974" candidate_term: 3 candidate_status { last_received { term: 2 index: 2 } } ignore_live_leader: true dest_uuid: "d76c5329f4f34a61b32cdaeece498865"
I20260710 13:21:56.565183 16646 raft_consensus.cc:3060] T eded57549b9a4807805f89b90f5f20e7 P d76c5329f4f34a61b32cdaeece498865 [term 2 FOLLOWER]: Advancing to term 3
I20260710 13:21:56.565394 16722 tablet_service.cc:1917] Received RequestConsensusVote() RPC: tablet_id: "eded57549b9a4807805f89b90f5f20e7" candidate_uuid: "dcce8a7180a94e61a7a47182175ac974" candidate_term: 3 candidate_status { last_received { term: 2 index: 2 } } ignore_live_leader: true dest_uuid: "10d4aaf5f2d346009f53d8ffeee6dec0"
I20260710 13:21:56.566036 16722 raft_consensus.cc:3055] T eded57549b9a4807805f89b90f5f20e7 P 10d4aaf5f2d346009f53d8ffeee6dec0 [term 2 LEADER]: Stepping down as leader of term 2
I20260710 13:21:56.566391 16722 raft_consensus.cc:740] T eded57549b9a4807805f89b90f5f20e7 P 10d4aaf5f2d346009f53d8ffeee6dec0 [term 2 LEADER]: Becoming Follower/Learner. State: Replica: 10d4aaf5f2d346009f53d8ffeee6dec0, State: Running, Role: LEADER
I20260710 13:21:56.567143 16722 consensus_queue.cc:260] T eded57549b9a4807805f89b90f5f20e7 P 10d4aaf5f2d346009f53d8ffeee6dec0 [NON_LEADER]: Queue going to NON_LEADER mode. State: All replicated index: 0, Majority replicated index: 2, Committed index: 2, Last appended: 2.2, Last appended by leader: 2, Current term: 2, Majority size: -1, State: 0, Mode: NON_LEADER, active raft config: opid_index: -1 OBSOLETE_local: false peers { permanent_uuid: "d76c5329f4f34a61b32cdaeece498865" member_type: VOTER last_known_addr { host: "127.16.32.1" port: 33985 } } peers { permanent_uuid: "10d4aaf5f2d346009f53d8ffeee6dec0" member_type: VOTER last_known_addr { host: "127.16.32.2" port: 38143 } } peers { permanent_uuid: "dcce8a7180a94e61a7a47182175ac974" member_type: VOTER last_known_addr { host: "127.16.32.3" port: 43377 } }
I20260710 13:21:56.568087 16722 raft_consensus.cc:3060] T eded57549b9a4807805f89b90f5f20e7 P 10d4aaf5f2d346009f53d8ffeee6dec0 [term 2 FOLLOWER]: Advancing to term 3
I20260710 13:21:56.569988 16646 raft_consensus.cc:2468] T eded57549b9a4807805f89b90f5f20e7 P d76c5329f4f34a61b32cdaeece498865 [term 3 FOLLOWER]: Leader election vote request: Granting yes vote for candidate dcce8a7180a94e61a7a47182175ac974 in term 3.
I20260710 13:21:56.571020 16760 leader_election.cc:304] T eded57549b9a4807805f89b90f5f20e7 P dcce8a7180a94e61a7a47182175ac974 [CANDIDATE]: Term 3 election: Election decided. Result: candidate won. Election summary: received 2 responses out of 3 voters: 2 yes votes; 0 no votes. yes voters: d76c5329f4f34a61b32cdaeece498865, dcce8a7180a94e61a7a47182175ac974; no voters: 
I20260710 13:21:56.571696 16928 raft_consensus.cc:2804] T eded57549b9a4807805f89b90f5f20e7 P dcce8a7180a94e61a7a47182175ac974 [term 3 FOLLOWER]: Leader election won for term 3
I20260710 13:21:56.572098 16928 raft_consensus.cc:697] T eded57549b9a4807805f89b90f5f20e7 P dcce8a7180a94e61a7a47182175ac974 [term 3 LEADER]: Becoming Leader. State: Replica: dcce8a7180a94e61a7a47182175ac974, State: Running, Role: LEADER
I20260710 13:21:56.572803 16928 consensus_queue.cc:237] T eded57549b9a4807805f89b90f5f20e7 P dcce8a7180a94e61a7a47182175ac974 [LEADER]: Queue going to LEADER mode. State: All replicated index: 0, Majority replicated index: 2, Committed index: 2, Last appended: 2.2, Last appended by leader: 2, Current term: 3, Majority size: 2, State: 0, Mode: LEADER, active raft config: opid_index: -1 OBSOLETE_local: false peers { permanent_uuid: "d76c5329f4f34a61b32cdaeece498865" member_type: VOTER last_known_addr { host: "127.16.32.1" port: 33985 } } peers { permanent_uuid: "10d4aaf5f2d346009f53d8ffeee6dec0" member_type: VOTER last_known_addr { host: "127.16.32.2" port: 38143 } } peers { permanent_uuid: "dcce8a7180a94e61a7a47182175ac974" member_type: VOTER last_known_addr { host: "127.16.32.3" port: 43377 } }
I20260710 13:21:56.573274 16722 raft_consensus.cc:2468] T eded57549b9a4807805f89b90f5f20e7 P 10d4aaf5f2d346009f53d8ffeee6dec0 [term 3 FOLLOWER]: Leader election vote request: Granting yes vote for candidate dcce8a7180a94e61a7a47182175ac974 in term 3.
I20260710 13:21:56.579540 16543 catalog_manager.cc:5697] T eded57549b9a4807805f89b90f5f20e7 P dcce8a7180a94e61a7a47182175ac974 reported cstate change: term changed from 2 to 3, leader changed from 10d4aaf5f2d346009f53d8ffeee6dec0 (127.16.32.2) to dcce8a7180a94e61a7a47182175ac974 (127.16.32.3). New cstate: current_term: 3 leader_uuid: "dcce8a7180a94e61a7a47182175ac974" committed_config { opid_index: -1 OBSOLETE_local: false peers { permanent_uuid: "d76c5329f4f34a61b32cdaeece498865" member_type: VOTER last_known_addr { host: "127.16.32.1" port: 33985 } health_report { overall_health: UNKNOWN } } peers { permanent_uuid: "10d4aaf5f2d346009f53d8ffeee6dec0" member_type: VOTER last_known_addr { host: "127.16.32.2" port: 38143 } health_report { overall_health: UNKNOWN } } peers { permanent_uuid: "dcce8a7180a94e61a7a47182175ac974" member_type: VOTER last_known_addr { host: "127.16.32.3" port: 43377 } health_report { overall_health: HEALTHY } } }
I20260710 13:21:56.734138 16722 raft_consensus.cc:1275] T 1a634c34583e493988db9d5ca1dd7d99 P 10d4aaf5f2d346009f53d8ffeee6dec0 [term 3 FOLLOWER]: Refusing update from remote peer dcce8a7180a94e61a7a47182175ac974: Log matching property violated. Preceding OpId in replica: term: 2 index: 2. Preceding OpId from leader: term: 3 index: 3. (index mismatch)
I20260710 13:21:56.735790 16928 consensus_queue.cc:1048] T 1a634c34583e493988db9d5ca1dd7d99 P dcce8a7180a94e61a7a47182175ac974 [LEADER]: Connected to new peer: Peer: permanent_uuid: "10d4aaf5f2d346009f53d8ffeee6dec0" member_type: VOTER last_known_addr { host: "127.16.32.2" port: 38143 }, Status: LMP_MISMATCH, Last received: 0.0, Next index: 3, Last known committed idx: 2, Time since last communication: 0.000s
I20260710 13:21:56.745837 16646 raft_consensus.cc:1275] T 1a634c34583e493988db9d5ca1dd7d99 P d76c5329f4f34a61b32cdaeece498865 [term 3 FOLLOWER]: Refusing update from remote peer dcce8a7180a94e61a7a47182175ac974: Log matching property violated. Preceding OpId in replica: term: 2 index: 2. Preceding OpId from leader: term: 3 index: 3. (index mismatch)
I20260710 13:21:56.747706 16934 consensus_queue.cc:1048] T 1a634c34583e493988db9d5ca1dd7d99 P dcce8a7180a94e61a7a47182175ac974 [LEADER]: Connected to new peer: Peer: permanent_uuid: "d76c5329f4f34a61b32cdaeece498865" member_type: VOTER last_known_addr { host: "127.16.32.1" port: 33985 }, Status: LMP_MISMATCH, Last received: 0.0, Next index: 3, Last known committed idx: 2, Time since last communication: 0.002s
I20260710 13:21:57.065404 16512 auto_leader_rebalancer.cc:141] leader rebalance for table test-workload
I20260710 13:21:57.075433 16646 tablet_service.cc:2072] Received LeaderStepDown RPC: tablet_id: "d6e4366fd5574566a64e04773675546a"
dest_uuid: "d76c5329f4f34a61b32cdaeece498865"
mode: GRACEFUL
new_leader_uuid: "10d4aaf5f2d346009f53d8ffeee6dec0"
 from {username='slave'} at 127.0.0.1:35104
I20260710 13:21:57.076077 16646 raft_consensus.cc:606] T d6e4366fd5574566a64e04773675546a P d76c5329f4f34a61b32cdaeece498865 [term 2 LEADER]: Received request to transfer leadership to TS 10d4aaf5f2d346009f53d8ffeee6dec0
I20260710 13:21:57.081179 16646 tablet_service.cc:2072] Received LeaderStepDown RPC: tablet_id: "4b04ef44ed2c43b9baffc98e536503aa"
dest_uuid: "d76c5329f4f34a61b32cdaeece498865"
mode: GRACEFUL
new_leader_uuid: "10d4aaf5f2d346009f53d8ffeee6dec0"
 from {username='slave'} at 127.0.0.1:35104
I20260710 13:21:57.081777 16646 raft_consensus.cc:606] T 4b04ef44ed2c43b9baffc98e536503aa P d76c5329f4f34a61b32cdaeece498865 [term 1 LEADER]: Received request to transfer leadership to TS 10d4aaf5f2d346009f53d8ffeee6dec0
I20260710 13:21:57.086802 16794 tablet_service.cc:2072] Received LeaderStepDown RPC: tablet_id: "1a634c34583e493988db9d5ca1dd7d99"
dest_uuid: "dcce8a7180a94e61a7a47182175ac974"
mode: GRACEFUL
new_leader_uuid: "10d4aaf5f2d346009f53d8ffeee6dec0"
 from {username='slave'} at 127.0.0.1:54580
I20260710 13:21:57.087340 16794 raft_consensus.cc:606] T 1a634c34583e493988db9d5ca1dd7d99 P dcce8a7180a94e61a7a47182175ac974 [term 3 LEADER]: Received request to transfer leadership to TS 10d4aaf5f2d346009f53d8ffeee6dec0
I20260710 13:21:57.090243 16646 raft_consensus.cc:1275] T eded57549b9a4807805f89b90f5f20e7 P d76c5329f4f34a61b32cdaeece498865 [term 3 FOLLOWER]: Refusing update from remote peer dcce8a7180a94e61a7a47182175ac974: Log matching property violated. Preceding OpId in replica: term: 2 index: 2. Preceding OpId from leader: term: 3 index: 3. (index mismatch)
I20260710 13:21:57.091536 16934 consensus_queue.cc:1048] T eded57549b9a4807805f89b90f5f20e7 P dcce8a7180a94e61a7a47182175ac974 [LEADER]: Connected to new peer: Peer: permanent_uuid: "d76c5329f4f34a61b32cdaeece498865" member_type: VOTER last_known_addr { host: "127.16.32.1" port: 33985 }, Status: LMP_MISMATCH, Last received: 0.0, Next index: 3, Last known committed idx: 2, Time since last communication: 0.000s
I20260710 13:21:57.092443 16646 tablet_service.cc:2072] Received LeaderStepDown RPC: tablet_id: "9fc972d361ef432d9951df6888d8030f"
dest_uuid: "d76c5329f4f34a61b32cdaeece498865"
mode: GRACEFUL
new_leader_uuid: "10d4aaf5f2d346009f53d8ffeee6dec0"
 from {username='slave'} at 127.0.0.1:35104
I20260710 13:21:57.093058 16646 raft_consensus.cc:606] T 9fc972d361ef432d9951df6888d8030f P d76c5329f4f34a61b32cdaeece498865 [term 1 LEADER]: Received request to transfer leadership to TS 10d4aaf5f2d346009f53d8ffeee6dec0
I20260710 13:21:57.101449 16722 raft_consensus.cc:1275] T eded57549b9a4807805f89b90f5f20e7 P 10d4aaf5f2d346009f53d8ffeee6dec0 [term 3 FOLLOWER]: Refusing update from remote peer dcce8a7180a94e61a7a47182175ac974: Log matching property violated. Preceding OpId in replica: term: 2 index: 2. Preceding OpId from leader: term: 3 index: 3. (index mismatch)
I20260710 13:21:57.103432 16928 consensus_queue.cc:1048] T eded57549b9a4807805f89b90f5f20e7 P dcce8a7180a94e61a7a47182175ac974 [LEADER]: Connected to new peer: Peer: permanent_uuid: "10d4aaf5f2d346009f53d8ffeee6dec0" member_type: VOTER last_known_addr { host: "127.16.32.2" port: 38143 }, Status: LMP_MISMATCH, Last received: 0.0, Next index: 3, Last known committed idx: 2, Time since last communication: 0.000s
I20260710 13:21:57.113845 16794 tablet_service.cc:2072] Received LeaderStepDown RPC: tablet_id: "eded57549b9a4807805f89b90f5f20e7"
dest_uuid: "dcce8a7180a94e61a7a47182175ac974"
mode: GRACEFUL
new_leader_uuid: "10d4aaf5f2d346009f53d8ffeee6dec0"
 from {username='slave'} at 127.0.0.1:54580
I20260710 13:21:57.114570 16794 raft_consensus.cc:606] T eded57549b9a4807805f89b90f5f20e7 P dcce8a7180a94e61a7a47182175ac974 [term 3 LEADER]: Received request to transfer leadership to TS 10d4aaf5f2d346009f53d8ffeee6dec0
I20260710 13:21:57.267911 16845 raft_consensus.cc:993] T d6e4366fd5574566a64e04773675546a P d76c5329f4f34a61b32cdaeece498865: : Instructing follower 10d4aaf5f2d346009f53d8ffeee6dec0 to start an election
I20260710 13:21:57.268347 16951 raft_consensus.cc:1081] T d6e4366fd5574566a64e04773675546a P d76c5329f4f34a61b32cdaeece498865 [term 2 LEADER]: Signalling peer 10d4aaf5f2d346009f53d8ffeee6dec0 to start an election
I20260710 13:21:57.270017 16722 tablet_service.cc:2044] Received Run Leader Election RPC: tablet_id: "d6e4366fd5574566a64e04773675546a"
dest_uuid: "10d4aaf5f2d346009f53d8ffeee6dec0"
 from {username='slave'} at 127.0.0.1:52812
I20260710 13:21:57.270553 16722 raft_consensus.cc:493] T d6e4366fd5574566a64e04773675546a P 10d4aaf5f2d346009f53d8ffeee6dec0 [term 2 FOLLOWER]: Starting forced leader election (received explicit request)
I20260710 13:21:57.270833 16722 raft_consensus.cc:3060] T d6e4366fd5574566a64e04773675546a P 10d4aaf5f2d346009f53d8ffeee6dec0 [term 2 FOLLOWER]: Advancing to term 3
I20260710 13:21:57.275676 16722 raft_consensus.cc:515] T d6e4366fd5574566a64e04773675546a P 10d4aaf5f2d346009f53d8ffeee6dec0 [term 3 FOLLOWER]: Starting forced leader election with config: opid_index: -1 OBSOLETE_local: false peers { permanent_uuid: "d76c5329f4f34a61b32cdaeece498865" member_type: VOTER last_known_addr { host: "127.16.32.1" port: 33985 } } peers { permanent_uuid: "10d4aaf5f2d346009f53d8ffeee6dec0" member_type: VOTER last_known_addr { host: "127.16.32.2" port: 38143 } } peers { permanent_uuid: "dcce8a7180a94e61a7a47182175ac974" member_type: VOTER last_known_addr { host: "127.16.32.3" port: 43377 } }
I20260710 13:21:57.277743 16722 leader_election.cc:290] T d6e4366fd5574566a64e04773675546a P 10d4aaf5f2d346009f53d8ffeee6dec0 [CANDIDATE]: Term 3 election: Requested vote from peers d76c5329f4f34a61b32cdaeece498865 (127.16.32.1:33985), dcce8a7180a94e61a7a47182175ac974 (127.16.32.3:43377)
I20260710 13:21:57.278844 16647 tablet_service.cc:1917] Received RequestConsensusVote() RPC: tablet_id: "d6e4366fd5574566a64e04773675546a" candidate_uuid: "10d4aaf5f2d346009f53d8ffeee6dec0" candidate_term: 3 candidate_status { last_received { term: 2 index: 2 } } ignore_live_leader: true dest_uuid: "d76c5329f4f34a61b32cdaeece498865"
I20260710 13:21:57.278972 16794 tablet_service.cc:1917] Received RequestConsensusVote() RPC: tablet_id: "d6e4366fd5574566a64e04773675546a" candidate_uuid: "10d4aaf5f2d346009f53d8ffeee6dec0" candidate_term: 3 candidate_status { last_received { term: 2 index: 2 } } ignore_live_leader: true dest_uuid: "dcce8a7180a94e61a7a47182175ac974"
I20260710 13:21:57.279680 16794 raft_consensus.cc:3060] T d6e4366fd5574566a64e04773675546a P dcce8a7180a94e61a7a47182175ac974 [term 2 FOLLOWER]: Advancing to term 3
I20260710 13:21:57.279675 16647 raft_consensus.cc:3055] T d6e4366fd5574566a64e04773675546a P d76c5329f4f34a61b32cdaeece498865 [term 2 LEADER]: Stepping down as leader of term 2
I20260710 13:21:57.280310 16647 raft_consensus.cc:740] T d6e4366fd5574566a64e04773675546a P d76c5329f4f34a61b32cdaeece498865 [term 2 LEADER]: Becoming Follower/Learner. State: Replica: d76c5329f4f34a61b32cdaeece498865, State: Running, Role: LEADER
