I20260710 13:15:30.225535  1742 leader_election.cc:290] T 1e0f86be489c4686b4b86fe99f2c76c2 P 546fe4db03e448d8820ac57316669e77 [CANDIDATE]: Term 1 pre-election: Requested pre-vote from peers 23ff7d7d9c244696ac5e82fcc657c77c (127.0.107.194:38773), 7e3c88d95dd04500a8bb94742e921c21 (127.0.107.195:33489)
I20260710 13:15:30.223446  1688 tablet_service.cc:1917] Received RequestConsensusVote() RPC: tablet_id: "b577c7835fab47efa3177c24c79549bb" candidate_uuid: "23ff7d7d9c244696ac5e82fcc657c77c" candidate_term: 1 candidate_status { last_received { term: 0 index: 0 } } ignore_live_leader: false dest_uuid: "7e3c88d95dd04500a8bb94742e921c21" is_pre_election: true
W20260710 13:15:30.228219  1578 leader_election.cc:343] T b577c7835fab47efa3177c24c79549bb P 23ff7d7d9c244696ac5e82fcc657c77c [CANDIDATE]: Term 1 pre-election: Tablet error from VoteRequest() call to peer 7e3c88d95dd04500a8bb94742e921c21 (127.0.107.195:33489): Illegal state: must be running to vote when last-logged opid is not known
I20260710 13:15:30.228932  1742 raft_consensus.cc:2804] T 68d3fc33176647b7858605ac2e2ab32a P 546fe4db03e448d8820ac57316669e77 [term 0 FOLLOWER]: Leader pre-election won for term 1
I20260710 13:15:30.229331  1742 raft_consensus.cc:493] T 68d3fc33176647b7858605ac2e2ab32a P 546fe4db03e448d8820ac57316669e77 [term 0 FOLLOWER]: Starting leader election (no leader contacted us within the election timeout)
I20260710 13:15:30.229640  1745 raft_consensus.cc:2749] T 2d258357b4744b3197bfdbab77fa1b6f P 23ff7d7d9c244696ac5e82fcc657c77c [term 1 FOLLOWER]: Leader pre-election lost for term 1. Reason: could not achieve majority
I20260710 13:15:30.229714  1742 raft_consensus.cc:3060] T 68d3fc33176647b7858605ac2e2ab32a P 546fe4db03e448d8820ac57316669e77 [term 0 FOLLOWER]: Advancing to term 1
I20260710 13:15:30.230875  1688 tablet_service.cc:1917] Received RequestConsensusVote() RPC: tablet_id: "1e0f86be489c4686b4b86fe99f2c76c2" candidate_uuid: "546fe4db03e448d8820ac57316669e77" candidate_term: 1 candidate_status { last_received { term: 0 index: 0 } } ignore_live_leader: false dest_uuid: "7e3c88d95dd04500a8bb94742e921c21" is_pre_election: true
I20260710 13:15:30.231920  1688 raft_consensus.cc:2468] T 1e0f86be489c4686b4b86fe99f2c76c2 P 7e3c88d95dd04500a8bb94742e921c21 [term 0 FOLLOWER]: Leader pre-election vote request: Granting yes vote for candidate 546fe4db03e448d8820ac57316669e77 in term 0.
I20260710 13:15:30.233088  1503 leader_election.cc:304] T 1e0f86be489c4686b4b86fe99f2c76c2 P 546fe4db03e448d8820ac57316669e77 [CANDIDATE]: Term 1 pre-election: Election decided. Result: candidate won. Election summary: received 2 responses out of 3 voters: 2 yes votes; 0 no votes. yes voters: 546fe4db03e448d8820ac57316669e77, 7e3c88d95dd04500a8bb94742e921c21; no voters: 
I20260710 13:15:30.233217  1537 tablet_service.cc:1917] Received RequestConsensusVote() RPC: tablet_id: "b577c7835fab47efa3177c24c79549bb" candidate_uuid: "23ff7d7d9c244696ac5e82fcc657c77c" candidate_term: 1 candidate_status { last_received { term: 0 index: 0 } } ignore_live_leader: false dest_uuid: "546fe4db03e448d8820ac57316669e77" is_pre_election: true
I20260710 13:15:30.233965  1808 raft_consensus.cc:2804] T 1e0f86be489c4686b4b86fe99f2c76c2 P 546fe4db03e448d8820ac57316669e77 [term 0 FOLLOWER]: Leader pre-election won for term 1
I20260710 13:15:30.234493  1808 raft_consensus.cc:493] T 1e0f86be489c4686b4b86fe99f2c76c2 P 546fe4db03e448d8820ac57316669e77 [term 0 FOLLOWER]: Starting leader election (no leader contacted us within the election timeout)
I20260710 13:15:30.234886  1808 raft_consensus.cc:3060] T 1e0f86be489c4686b4b86fe99f2c76c2 P 546fe4db03e448d8820ac57316669e77 [term 0 FOLLOWER]: Advancing to term 1
I20260710 13:15:30.234670  1537 raft_consensus.cc:2468] T b577c7835fab47efa3177c24c79549bb P 546fe4db03e448d8820ac57316669e77 [term 0 FOLLOWER]: Leader pre-election vote request: Granting yes vote for candidate 23ff7d7d9c244696ac5e82fcc657c77c in term 0.
I20260710 13:15:30.242444  1577 leader_election.cc:304] T b577c7835fab47efa3177c24c79549bb P 23ff7d7d9c244696ac5e82fcc657c77c [CANDIDATE]: Term 1 pre-election: Election decided. Result: candidate won. Election summary: received 3 responses out of 3 voters: 2 yes votes; 1 no votes. yes voters: 23ff7d7d9c244696ac5e82fcc657c77c, 546fe4db03e448d8820ac57316669e77; no voters: 7e3c88d95dd04500a8bb94742e921c21
I20260710 13:15:30.247321  1742 raft_consensus.cc:515] T 68d3fc33176647b7858605ac2e2ab32a P 546fe4db03e448d8820ac57316669e77 [term 1 FOLLOWER]: Starting leader election with config: opid_index: -1 OBSOLETE_local: false peers { permanent_uuid: "546fe4db03e448d8820ac57316669e77" member_type: VOTER last_known_addr { host: "127.0.107.193" port: 37797 } } peers { permanent_uuid: "23ff7d7d9c244696ac5e82fcc657c77c" member_type: VOTER last_known_addr { host: "127.0.107.194" port: 38773 } } peers { permanent_uuid: "7e3c88d95dd04500a8bb94742e921c21" member_type: VOTER last_known_addr { host: "127.0.107.195" port: 33489 } }
I20260710 13:15:30.248524  1685 raft_consensus.cc:2468] T c2845e314f3b44b99593038ed1d877f2 P 7e3c88d95dd04500a8bb94742e921c21 [term 1 FOLLOWER]: Leader election vote request: Granting yes vote for candidate 546fe4db03e448d8820ac57316669e77 in term 1.
I20260710 13:15:30.249992  1742 leader_election.cc:290] T 68d3fc33176647b7858605ac2e2ab32a P 546fe4db03e448d8820ac57316669e77 [CANDIDATE]: Term 1 election: Requested vote from peers 23ff7d7d9c244696ac5e82fcc657c77c (127.0.107.194:38773), 7e3c88d95dd04500a8bb94742e921c21 (127.0.107.195:33489)
I20260710 13:15:30.250275  1503 leader_election.cc:304] T c2845e314f3b44b99593038ed1d877f2 P 546fe4db03e448d8820ac57316669e77 [CANDIDATE]: Term 1 election: Election decided. Result: candidate won. Election summary: received 3 responses out of 3 voters: 2 yes votes; 1 no votes. yes voters: 546fe4db03e448d8820ac57316669e77, 7e3c88d95dd04500a8bb94742e921c21; no voters: 23ff7d7d9c244696ac5e82fcc657c77c
I20260710 13:15:30.251184  1742 raft_consensus.cc:2804] T c2845e314f3b44b99593038ed1d877f2 P 546fe4db03e448d8820ac57316669e77 [term 1 FOLLOWER]: Leader election won for term 1
I20260710 13:15:30.251725  1742 raft_consensus.cc:697] T c2845e314f3b44b99593038ed1d877f2 P 546fe4db03e448d8820ac57316669e77 [term 1 LEADER]: Becoming Leader. State: Replica: 546fe4db03e448d8820ac57316669e77, State: Running, Role: LEADER
I20260710 13:15:30.253674  1613 tablet_service.cc:1917] Received RequestConsensusVote() RPC: tablet_id: "68d3fc33176647b7858605ac2e2ab32a" candidate_uuid: "546fe4db03e448d8820ac57316669e77" candidate_term: 1 candidate_status { last_received { term: 0 index: 0 } } ignore_live_leader: false dest_uuid: "23ff7d7d9c244696ac5e82fcc657c77c"
I20260710 13:15:30.253463  1742 consensus_queue.cc:237] T c2845e314f3b44b99593038ed1d877f2 P 546fe4db03e448d8820ac57316669e77 [LEADER]: Queue going to LEADER mode. State: All replicated index: 0, Majority replicated index: 0, Committed index: 0, Last appended: 0.0, Last appended by leader: 0, Current term: 1, Majority size: 2, State: 0, Mode: LEADER, active raft config: opid_index: -1 OBSOLETE_local: false peers { permanent_uuid: "546fe4db03e448d8820ac57316669e77" member_type: VOTER last_known_addr { host: "127.0.107.193" port: 37797 } } peers { permanent_uuid: "23ff7d7d9c244696ac5e82fcc657c77c" member_type: VOTER last_known_addr { host: "127.0.107.194" port: 38773 } } peers { permanent_uuid: "7e3c88d95dd04500a8bb94742e921c21" member_type: VOTER last_known_addr { host: "127.0.107.195" port: 33489 } }
I20260710 13:15:30.253840  1688 tablet_service.cc:1917] Received RequestConsensusVote() RPC: tablet_id: "68d3fc33176647b7858605ac2e2ab32a" candidate_uuid: "546fe4db03e448d8820ac57316669e77" candidate_term: 1 candidate_status { last_received { term: 0 index: 0 } } ignore_live_leader: false dest_uuid: "7e3c88d95dd04500a8bb94742e921c21"
I20260710 13:15:30.254626  1688 raft_consensus.cc:3060] T 68d3fc33176647b7858605ac2e2ab32a P 7e3c88d95dd04500a8bb94742e921c21 [term 0 FOLLOWER]: Advancing to term 1
W20260710 13:15:30.255534  1503 leader_election.cc:343] T 68d3fc33176647b7858605ac2e2ab32a P 546fe4db03e448d8820ac57316669e77 [CANDIDATE]: Term 1 election: Tablet error from VoteRequest() call to peer 23ff7d7d9c244696ac5e82fcc657c77c (127.0.107.194:38773): Illegal state: must be running to vote when last-logged opid is not known
I20260710 13:15:30.250509  1791 raft_consensus.cc:2804] T b577c7835fab47efa3177c24c79549bb P 23ff7d7d9c244696ac5e82fcc657c77c [term 0 FOLLOWER]: Leader pre-election won for term 1
I20260710 13:15:30.256923  1729 tablet_bootstrap.cc:654] T 1e0f86be489c4686b4b86fe99f2c76c2 P 23ff7d7d9c244696ac5e82fcc657c77c: Neither blocks nor log segments found. Creating new log.
I20260710 13:15:30.257444  1822 consensus_queue.cc:1048] T 2d258357b4744b3197bfdbab77fa1b6f P 546fe4db03e448d8820ac57316669e77 [LEADER]: Connected to new peer: Peer: permanent_uuid: "23ff7d7d9c244696ac5e82fcc657c77c" member_type: VOTER last_known_addr { host: "127.0.107.194" port: 38773 }, Status: LMP_MISMATCH, Last received: 0.0, Next index: 1, Last known committed idx: 0, Time since last communication: 0.001s
I20260710 13:15:30.253911  1612 tablet_service.cc:1917] Received RequestConsensusVote() RPC: tablet_id: "1e0f86be489c4686b4b86fe99f2c76c2" candidate_uuid: "546fe4db03e448d8820ac57316669e77" candidate_term: 1 candidate_status { last_received { term: 0 index: 0 } } ignore_live_leader: false dest_uuid: "23ff7d7d9c244696ac5e82fcc657c77c" is_pre_election: true
I20260710 13:15:30.252177  1808 raft_consensus.cc:515] T 1e0f86be489c4686b4b86fe99f2c76c2 P 546fe4db03e448d8820ac57316669e77 [term 1 FOLLOWER]: Starting leader election with config: opid_index: -1 OBSOLETE_local: false peers { permanent_uuid: "546fe4db03e448d8820ac57316669e77" member_type: VOTER last_known_addr { host: "127.0.107.193" port: 37797 } } peers { permanent_uuid: "23ff7d7d9c244696ac5e82fcc657c77c" member_type: VOTER last_known_addr { host: "127.0.107.194" port: 38773 } } peers { permanent_uuid: "7e3c88d95dd04500a8bb94742e921c21" member_type: VOTER last_known_addr { host: "127.0.107.195" port: 33489 } }
I20260710 13:15:30.265120  1808 leader_election.cc:290] T 1e0f86be489c4686b4b86fe99f2c76c2 P 546fe4db03e448d8820ac57316669e77 [CANDIDATE]: Term 1 election: Requested vote from peers 23ff7d7d9c244696ac5e82fcc657c77c (127.0.107.194:38773), 7e3c88d95dd04500a8bb94742e921c21 (127.0.107.195:33489)
I20260710 13:15:30.265895  1728 tablet_bootstrap.cc:492] T 09f13522dd6f4f09a2728978d6b9feff P 7e3c88d95dd04500a8bb94742e921c21: No bootstrap required, opened a new log
I20260710 13:15:30.267458  1728 ts_tablet_manager.cc:1403] T 09f13522dd6f4f09a2728978d6b9feff P 7e3c88d95dd04500a8bb94742e921c21: Time spent bootstrapping tablet: real 0.211s	user 0.024s	sys 0.024s
I20260710 13:15:30.269224  1730 tablet_bootstrap.cc:492] T 48d837ff3e024638b4ac8ba81d1c9c36 P 546fe4db03e448d8820ac57316669e77: No bootstrap required, opened a new log
I20260710 13:15:30.258174  1791 raft_consensus.cc:493] T b577c7835fab47efa3177c24c79549bb P 23ff7d7d9c244696ac5e82fcc657c77c [term 0 FOLLOWER]: Starting leader election (no leader contacted us within the election timeout)
W20260710 13:15:30.266369  1503 leader_election.cc:343] T 1e0f86be489c4686b4b86fe99f2c76c2 P 546fe4db03e448d8820ac57316669e77 [CANDIDATE]: Term 1 pre-election: Tablet error from VoteRequest() call to peer 23ff7d7d9c244696ac5e82fcc657c77c (127.0.107.194:38773): Illegal state: must be running to vote when last-logged opid is not known
I20260710 13:15:30.282126  1822 raft_consensus.cc:493] T a88cfc8d914a481da16d78856fd7e919 P 546fe4db03e448d8820ac57316669e77 [term 0 FOLLOWER]: Starting pre-election (no leader contacted us within the election timeout)
I20260710 13:15:30.270443  1730 ts_tablet_manager.cc:1403] T 48d837ff3e024638b4ac8ba81d1c9c36 P 546fe4db03e448d8820ac57316669e77: Time spent bootstrapping tablet: real 0.191s	user 0.032s	sys 0.050s
I20260710 13:15:30.282660  1822 raft_consensus.cc:515] T a88cfc8d914a481da16d78856fd7e919 P 546fe4db03e448d8820ac57316669e77 [term 0 FOLLOWER]: Starting pre-election with config: opid_index: -1 OBSOLETE_local: false peers { permanent_uuid: "546fe4db03e448d8820ac57316669e77" member_type: VOTER last_known_addr { host: "127.0.107.193" port: 37797 } } peers { permanent_uuid: "23ff7d7d9c244696ac5e82fcc657c77c" member_type: VOTER last_known_addr { host: "127.0.107.194" port: 38773 } } peers { permanent_uuid: "7e3c88d95dd04500a8bb94742e921c21" member_type: VOTER last_known_addr { host: "127.0.107.195" port: 33489 } }
I20260710 13:15:30.275434  1728 raft_consensus.cc:359] T 09f13522dd6f4f09a2728978d6b9feff P 7e3c88d95dd04500a8bb94742e921c21 [term 0 FOLLOWER]: Replica starting. Triggering 0 pending ops. Active config: opid_index: -1 OBSOLETE_local: false peers { permanent_uuid: "546fe4db03e448d8820ac57316669e77" member_type: VOTER last_known_addr { host: "127.0.107.193" port: 37797 } } peers { permanent_uuid: "23ff7d7d9c244696ac5e82fcc657c77c" member_type: VOTER last_known_addr { host: "127.0.107.194" port: 38773 } } peers { permanent_uuid: "7e3c88d95dd04500a8bb94742e921c21" member_type: VOTER last_known_addr { host: "127.0.107.195" port: 33489 } }
I20260710 13:15:30.283975  1728 raft_consensus.cc:385] T 09f13522dd6f4f09a2728978d6b9feff P 7e3c88d95dd04500a8bb94742e921c21 [term 0 FOLLOWER]: Consensus starting up: Expiring failure detector timer to make a prompt election more likely
I20260710 13:15:30.284209  1791 raft_consensus.cc:3060] T b577c7835fab47efa3177c24c79549bb P 23ff7d7d9c244696ac5e82fcc657c77c [term 0 FOLLOWER]: Advancing to term 1
I20260710 13:15:30.284415  1728 raft_consensus.cc:740] T 09f13522dd6f4f09a2728978d6b9feff P 7e3c88d95dd04500a8bb94742e921c21 [term 0 FOLLOWER]: Becoming Follower/Learner. State: Replica: 7e3c88d95dd04500a8bb94742e921c21, State: Initialized, Role: FOLLOWER
I20260710 13:15:30.285605  1822 leader_election.cc:290] T a88cfc8d914a481da16d78856fd7e919 P 546fe4db03e448d8820ac57316669e77 [CANDIDATE]: Term 1 pre-election: Requested pre-vote from peers 23ff7d7d9c244696ac5e82fcc657c77c (127.0.107.194:38773), 7e3c88d95dd04500a8bb94742e921c21 (127.0.107.195:33489)
I20260710 13:15:30.288414  1613 tablet_service.cc:1917] Received RequestConsensusVote() RPC: tablet_id: "1e0f86be489c4686b4b86fe99f2c76c2" candidate_uuid: "546fe4db03e448d8820ac57316669e77" candidate_term: 1 candidate_status { last_received { term: 0 index: 0 } } ignore_live_leader: false dest_uuid: "23ff7d7d9c244696ac5e82fcc657c77c"
I20260710 13:15:30.291725  1437 catalog_manager.cc:5697] T a1a9ec92312d4b6c9f3c704c683f0f09 P 23ff7d7d9c244696ac5e82fcc657c77c reported cstate change: term changed from 0 to 1, leader changed from <none> to 23ff7d7d9c244696ac5e82fcc657c77c (127.0.107.194). New cstate: current_term: 1 leader_uuid: "23ff7d7d9c244696ac5e82fcc657c77c" committed_config { opid_index: -1 OBSOLETE_local: false peers { permanent_uuid: "546fe4db03e448d8820ac57316669e77" member_type: VOTER last_known_addr { host: "127.0.107.193" port: 37797 } health_report { overall_health: UNKNOWN } } peers { permanent_uuid: "23ff7d7d9c244696ac5e82fcc657c77c" member_type: VOTER last_known_addr { host: "127.0.107.194" port: 38773 } health_report { overall_health: HEALTHY } } peers { permanent_uuid: "7e3c88d95dd04500a8bb94742e921c21" member_type: VOTER last_known_addr { host: "127.0.107.195" port: 33489 } health_report { overall_health: UNKNOWN } } }
I20260710 13:15:30.300930  1728 consensus_queue.cc:260] T 09f13522dd6f4f09a2728978d6b9feff P 7e3c88d95dd04500a8bb94742e921c21 [NON_LEADER]: Queue going to NON_LEADER mode. State: All replicated index: 0, Majority replicated index: 0, Committed index: 0, Last appended: 0.0, Last appended by leader: 0, Current term: 0, Majority size: -1, State: 0, Mode: NON_LEADER, active raft config: opid_index: -1 OBSOLETE_local: false peers { permanent_uuid: "546fe4db03e448d8820ac57316669e77" member_type: VOTER last_known_addr { host: "127.0.107.193" port: 37797 } } peers { permanent_uuid: "23ff7d7d9c244696ac5e82fcc657c77c" member_type: VOTER last_known_addr { host: "127.0.107.194" port: 38773 } } peers { permanent_uuid: "7e3c88d95dd04500a8bb94742e921c21" member_type: VOTER last_known_addr { host: "127.0.107.195" port: 33489 } }
I20260710 13:15:30.306452  1730 raft_consensus.cc:359] T 48d837ff3e024638b4ac8ba81d1c9c36 P 546fe4db03e448d8820ac57316669e77 [term 0 FOLLOWER]: Replica starting. Triggering 0 pending ops. Active config: opid_index: -1 OBSOLETE_local: false peers { permanent_uuid: "546fe4db03e448d8820ac57316669e77" member_type: VOTER last_known_addr { host: "127.0.107.193" port: 37797 } } peers { permanent_uuid: "23ff7d7d9c244696ac5e82fcc657c77c" member_type: VOTER last_known_addr { host: "127.0.107.194" port: 38773 } } peers { permanent_uuid: "7e3c88d95dd04500a8bb94742e921c21" member_type: VOTER last_known_addr { host: "127.0.107.195" port: 33489 } }
I20260710 13:15:30.307416  1730 raft_consensus.cc:385] T 48d837ff3e024638b4ac8ba81d1c9c36 P 546fe4db03e448d8820ac57316669e77 [term 0 FOLLOWER]: Consensus starting up: Expiring failure detector timer to make a prompt election more likely
I20260710 13:15:30.307767  1730 raft_consensus.cc:740] T 48d837ff3e024638b4ac8ba81d1c9c36 P 546fe4db03e448d8820ac57316669e77 [term 0 FOLLOWER]: Becoming Follower/Learner. State: Replica: 546fe4db03e448d8820ac57316669e77, State: Initialized, Role: FOLLOWER
I20260710 13:15:30.309615  1730 consensus_queue.cc:260] T 48d837ff3e024638b4ac8ba81d1c9c36 P 546fe4db03e448d8820ac57316669e77 [NON_LEADER]: Queue going to NON_LEADER mode. State: All replicated index: 0, Majority replicated index: 0, Committed index: 0, Last appended: 0.0, Last appended by leader: 0, Current term: 0, Majority size: -1, State: 0, Mode: NON_LEADER, active raft config: opid_index: -1 OBSOLETE_local: false peers { permanent_uuid: "546fe4db03e448d8820ac57316669e77" member_type: VOTER last_known_addr { host: "127.0.107.193" port: 37797 } } peers { permanent_uuid: "23ff7d7d9c244696ac5e82fcc657c77c" member_type: VOTER last_known_addr { host: "127.0.107.194" port: 38773 } } peers { permanent_uuid: "7e3c88d95dd04500a8bb94742e921c21" member_type: VOTER last_known_addr { host: "127.0.107.195" port: 33489 } }
I20260710 13:15:30.292532  1791 raft_consensus.cc:515] T b577c7835fab47efa3177c24c79549bb P 23ff7d7d9c244696ac5e82fcc657c77c [term 1 FOLLOWER]: Starting leader election with config: opid_index: -1 OBSOLETE_local: false peers { permanent_uuid: "546fe4db03e448d8820ac57316669e77" member_type: VOTER last_known_addr { host: "127.0.107.193" port: 37797 } } peers { permanent_uuid: "23ff7d7d9c244696ac5e82fcc657c77c" member_type: VOTER last_known_addr { host: "127.0.107.194" port: 38773 } } peers { permanent_uuid: "7e3c88d95dd04500a8bb94742e921c21" member_type: VOTER last_known_addr { host: "127.0.107.195" port: 33489 } }
I20260710 13:15:30.304674  1687 tablet_service.cc:1917] Received RequestConsensusVote() RPC: tablet_id: "1e0f86be489c4686b4b86fe99f2c76c2" candidate_uuid: "546fe4db03e448d8820ac57316669e77" candidate_term: 1 candidate_status { last_received { term: 0 index: 0 } } ignore_live_leader: false dest_uuid: "7e3c88d95dd04500a8bb94742e921c21"
I20260710 13:15:30.314918  1730 ts_tablet_manager.cc:1434] T 48d837ff3e024638b4ac8ba81d1c9c36 P 546fe4db03e448d8820ac57316669e77: Time spent starting tablet: real 0.031s	user 0.006s	sys 0.002s
I20260710 13:15:30.316838  1791 leader_election.cc:290] T b577c7835fab47efa3177c24c79549bb P 23ff7d7d9c244696ac5e82fcc657c77c [CANDIDATE]: Term 1 election: Requested vote from peers 546fe4db03e448d8820ac57316669e77 (127.0.107.193:37797), 7e3c88d95dd04500a8bb94742e921c21 (127.0.107.195:33489)
I20260710 13:15:30.316855  1745 raft_consensus.cc:493] T 6aaf3c55b35e4b9d91fd98bc5eabc093 P 23ff7d7d9c244696ac5e82fcc657c77c [term 0 FOLLOWER]: Starting pre-election (no leader contacted us within the election timeout)
I20260710 13:15:30.339694  1688 raft_consensus.cc:2468] T 68d3fc33176647b7858605ac2e2ab32a P 7e3c88d95dd04500a8bb94742e921c21 [term 1 FOLLOWER]: Leader election vote request: Granting yes vote for candidate 546fe4db03e448d8820ac57316669e77 in term 1.
I20260710 13:15:30.342254  1745 raft_consensus.cc:515] T 6aaf3c55b35e4b9d91fd98bc5eabc093 P 23ff7d7d9c244696ac5e82fcc657c77c [term 0 FOLLOWER]: Starting pre-election with config: opid_index: -1 OBSOLETE_local: false peers { permanent_uuid: "546fe4db03e448d8820ac57316669e77" member_type: VOTER last_known_addr { host: "127.0.107.193" port: 37797 } } peers { permanent_uuid: "23ff7d7d9c244696ac5e82fcc657c77c" member_type: VOTER last_known_addr { host: "127.0.107.194" port: 38773 } } peers { permanent_uuid: "7e3c88d95dd04500a8bb94742e921c21" member_type: VOTER last_known_addr { host: "127.0.107.195" port: 33489 } }
I20260710 13:15:30.343132  1687 raft_consensus.cc:3060] T 1e0f86be489c4686b4b86fe99f2c76c2 P 7e3c88d95dd04500a8bb94742e921c21 [term 0 FOLLOWER]: Advancing to term 1
I20260710 13:15:30.326709  1728 ts_tablet_manager.cc:1434] T 09f13522dd6f4f09a2728978d6b9feff P 7e3c88d95dd04500a8bb94742e921c21: Time spent starting tablet: real 0.059s	user 0.007s	sys 0.002s
I20260710 13:15:30.346266  1538 tablet_service.cc:1917] Received RequestConsensusVote() RPC: tablet_id: "6aaf3c55b35e4b9d91fd98bc5eabc093" candidate_uuid: "23ff7d7d9c244696ac5e82fcc657c77c" candidate_term: 1 candidate_status { last_received { term: 0 index: 0 } } ignore_live_leader: false dest_uuid: "546fe4db03e448d8820ac57316669e77" is_pre_election: true
I20260710 13:15:30.346952  1538 raft_consensus.cc:2468] T 6aaf3c55b35e4b9d91fd98bc5eabc093 P 546fe4db03e448d8820ac57316669e77 [term 0 FOLLOWER]: Leader pre-election vote request: Granting yes vote for candidate 23ff7d7d9c244696ac5e82fcc657c77c in term 0.
I20260710 13:15:30.347306  1728 tablet_bootstrap.cc:492] T 477c1e587a694d69b7d872db8209d659 P 7e3c88d95dd04500a8bb94742e921c21: Bootstrap starting.
I20260710 13:15:30.348426  1577 leader_election.cc:304] T 6aaf3c55b35e4b9d91fd98bc5eabc093 P 23ff7d7d9c244696ac5e82fcc657c77c [CANDIDATE]: Term 1 pre-election: Election decided. Result: candidate won. Election summary: received 2 responses out of 3 voters: 2 yes votes; 0 no votes. yes voters: 23ff7d7d9c244696ac5e82fcc657c77c, 546fe4db03e448d8820ac57316669e77; no voters: 
I20260710 13:15:30.349658  1745 leader_election.cc:290] T 6aaf3c55b35e4b9d91fd98bc5eabc093 P 23ff7d7d9c244696ac5e82fcc657c77c [CANDIDATE]: Term 1 pre-election: Requested pre-vote from peers 546fe4db03e448d8820ac57316669e77 (127.0.107.193:37797), 7e3c88d95dd04500a8bb94742e921c21 (127.0.107.195:33489)
I20260710 13:15:30.350164  1745 raft_consensus.cc:2804] T 6aaf3c55b35e4b9d91fd98bc5eabc093 P 23ff7d7d9c244696ac5e82fcc657c77c [term 0 FOLLOWER]: Leader pre-election won for term 1
I20260710 13:15:30.351517  1730 tablet_bootstrap.cc:492] T 45ac9a654a9a40529f6e12bd0974941c P 546fe4db03e448d8820ac57316669e77: Bootstrap starting.
I20260710 13:15:30.320725  1686 tablet_service.cc:1917] Received RequestConsensusVote() RPC: tablet_id: "a88cfc8d914a481da16d78856fd7e919" candidate_uuid: "546fe4db03e448d8820ac57316669e77" candidate_term: 1 candidate_status { last_received { term: 0 index: 0 } } ignore_live_leader: false dest_uuid: "7e3c88d95dd04500a8bb94742e921c21" is_pre_election: true
I20260710 13:15:30.350502  1745 raft_consensus.cc:493] T 6aaf3c55b35e4b9d91fd98bc5eabc093 P 23ff7d7d9c244696ac5e82fcc657c77c [term 0 FOLLOWER]: Starting leader election (no leader contacted us within the election timeout)
I20260710 13:15:30.358616  1729 tablet_bootstrap.cc:492] T 1e0f86be489c4686b4b86fe99f2c76c2 P 23ff7d7d9c244696ac5e82fcc657c77c: No bootstrap required, opened a new log
I20260710 13:15:30.359068  1729 ts_tablet_manager.cc:1403] T 1e0f86be489c4686b4b86fe99f2c76c2 P 23ff7d7d9c244696ac5e82fcc657c77c: Time spent bootstrapping tablet: real 0.166s	user 0.012s	sys 0.025s
I20260710 13:15:30.319464  1537 tablet_service.cc:1917] Received RequestConsensusVote() RPC: tablet_id: "b577c7835fab47efa3177c24c79549bb" candidate_uuid: "23ff7d7d9c244696ac5e82fcc657c77c" candidate_term: 1 candidate_status { last_received { term: 0 index: 0 } } ignore_live_leader: false dest_uuid: "546fe4db03e448d8820ac57316669e77"
I20260710 13:15:30.361855  1537 raft_consensus.cc:3060] T b577c7835fab47efa3177c24c79549bb P 546fe4db03e448d8820ac57316669e77 [term 0 FOLLOWER]: Advancing to term 1
I20260710 13:15:30.369381  1687 raft_consensus.cc:2468] T 1e0f86be489c4686b4b86fe99f2c76c2 P 7e3c88d95dd04500a8bb94742e921c21 [term 1 FOLLOWER]: Leader election vote request: Granting yes vote for candidate 546fe4db03e448d8820ac57316669e77 in term 1.
I20260710 13:15:30.372411  1742 raft_consensus.cc:493] T 48d837ff3e024638b4ac8ba81d1c9c36 P 546fe4db03e448d8820ac57316669e77 [term 0 FOLLOWER]: Starting pre-election (no leader contacted us within the election timeout)
W20260710 13:15:30.320231  1503 leader_election.cc:343] T 1e0f86be489c4686b4b86fe99f2c76c2 P 546fe4db03e448d8820ac57316669e77 [CANDIDATE]: Term 1 election: Tablet error from VoteRequest() call to peer 23ff7d7d9c244696ac5e82fcc657c77c (127.0.107.194:38773): Illegal state: must be running to vote when last-logged opid is not known
I20260710 13:15:30.370932  1729 raft_consensus.cc:359] T 1e0f86be489c4686b4b86fe99f2c76c2 P 23ff7d7d9c244696ac5e82fcc657c77c [term 0 FOLLOWER]: Replica starting. Triggering 0 pending ops. Active config: opid_index: -1 OBSOLETE_local: false peers { permanent_uuid: "546fe4db03e448d8820ac57316669e77" member_type: VOTER last_known_addr { host: "127.0.107.193" port: 37797 } } peers { permanent_uuid: "23ff7d7d9c244696ac5e82fcc657c77c" member_type: VOTER last_known_addr { host: "127.0.107.194" port: 38773 } } peers { permanent_uuid: "7e3c88d95dd04500a8bb94742e921c21" member_type: VOTER last_known_addr { host: "127.0.107.195" port: 33489 } }
I20260710 13:15:30.372910  1742 raft_consensus.cc:515] T 48d837ff3e024638b4ac8ba81d1c9c36 P 546fe4db03e448d8820ac57316669e77 [term 0 FOLLOWER]: Starting pre-election with config: opid_index: -1 OBSOLETE_local: false peers { permanent_uuid: "546fe4db03e448d8820ac57316669e77" member_type: VOTER last_known_addr { host: "127.0.107.193" port: 37797 } } peers { permanent_uuid: "23ff7d7d9c244696ac5e82fcc657c77c" member_type: VOTER last_known_addr { host: "127.0.107.194" port: 38773 } } peers { permanent_uuid: "7e3c88d95dd04500a8bb94742e921c21" member_type: VOTER last_known_addr { host: "127.0.107.195" port: 33489 } }
I20260710 13:15:30.359911  1613 tablet_service.cc:1917] Received RequestConsensusVote() RPC: tablet_id: "a88cfc8d914a481da16d78856fd7e919" candidate_uuid: "546fe4db03e448d8820ac57316669e77" candidate_term: 1 candidate_status { last_received { term: 0 index: 0 } } ignore_live_leader: false dest_uuid: "23ff7d7d9c244696ac5e82fcc657c77c" is_pre_election: true
I20260710 13:15:30.375550  1729 raft_consensus.cc:385] T 1e0f86be489c4686b4b86fe99f2c76c2 P 23ff7d7d9c244696ac5e82fcc657c77c [term 0 FOLLOWER]: Consensus starting up: Expiring failure detector timer to make a prompt election more likely
I20260710 13:15:30.375878  1729 raft_consensus.cc:740] T 1e0f86be489c4686b4b86fe99f2c76c2 P 23ff7d7d9c244696ac5e82fcc657c77c [term 0 FOLLOWER]: Becoming Follower/Learner. State: Replica: 23ff7d7d9c244696ac5e82fcc657c77c, State: Initialized, Role: FOLLOWER
I20260710 13:15:30.360088  1745 raft_consensus.cc:3060] T 6aaf3c55b35e4b9d91fd98bc5eabc093 P 23ff7d7d9c244696ac5e82fcc657c77c [term 0 FOLLOWER]: Advancing to term 1
I20260710 13:15:30.376725  1729 consensus_queue.cc:260] T 1e0f86be489c4686b4b86fe99f2c76c2 P 23ff7d7d9c244696ac5e82fcc657c77c [NON_LEADER]: Queue going to NON_LEADER mode. State: All replicated index: 0, Majority replicated index: 0, Committed index: 0, Last appended: 0.0, Last appended by leader: 0, Current term: 0, Majority size: -1, State: 0, Mode: NON_LEADER, active raft config: opid_index: -1 OBSOLETE_local: false peers { permanent_uuid: "546fe4db03e448d8820ac57316669e77" member_type: VOTER last_known_addr { host: "127.0.107.193" port: 37797 } } peers { permanent_uuid: "23ff7d7d9c244696ac5e82fcc657c77c" member_type: VOTER last_known_addr { host: "127.0.107.194" port: 38773 } } peers { permanent_uuid: "7e3c88d95dd04500a8bb94742e921c21" member_type: VOTER last_known_addr { host: "127.0.107.195" port: 33489 } }
I20260710 13:15:30.373756  1685 tablet_service.cc:1917] Received RequestConsensusVote() RPC: tablet_id: "b577c7835fab47efa3177c24c79549bb" candidate_uuid: "23ff7d7d9c244696ac5e82fcc657c77c" candidate_term: 1 candidate_status { last_received { term: 0 index: 0 } } ignore_live_leader: false dest_uuid: "7e3c88d95dd04500a8bb94742e921c21"
I20260710 13:15:30.380802  1688 tablet_service.cc:1917] Received RequestConsensusVote() RPC: tablet_id: "6aaf3c55b35e4b9d91fd98bc5eabc093" candidate_uuid: "23ff7d7d9c244696ac5e82fcc657c77c" candidate_term: 1 candidate_status { last_received { term: 0 index: 0 } } ignore_live_leader: false dest_uuid: "7e3c88d95dd04500a8bb94742e921c21" is_pre_election: true
I20260710 13:15:30.381584  1742 leader_election.cc:290] T 48d837ff3e024638b4ac8ba81d1c9c36 P 546fe4db03e448d8820ac57316669e77 [CANDIDATE]: Term 1 pre-election: Requested pre-vote from peers 23ff7d7d9c244696ac5e82fcc657c77c (127.0.107.194:38773), 7e3c88d95dd04500a8bb94742e921c21 (127.0.107.195:33489)
W20260710 13:15:30.382560  1578 leader_election.cc:343] T 6aaf3c55b35e4b9d91fd98bc5eabc093 P 23ff7d7d9c244696ac5e82fcc657c77c [CANDIDATE]: Term 1 pre-election: Tablet error from VoteRequest() call to peer 7e3c88d95dd04500a8bb94742e921c21 (127.0.107.195:33489): Illegal state: must be running to vote when last-logged opid is not known
W20260710 13:15:30.376271  1503 outbound_call.cc:321] RPC callback for RPC call kudu.consensus.ConsensusService.RequestConsensusVote -> {remote=127.0.107.194:38773, user_credentials={real_user=slave}} blocked reactor thread for 56094.9us
W20260710 13:15:30.391726  1485 auto_rebalancer.cc:288] Could not retrieve cluster info: Service unavailable: Tablet not running
I20260710 13:15:30.394835  1729 ts_tablet_manager.cc:1434] T 1e0f86be489c4686b4b86fe99f2c76c2 P 23ff7d7d9c244696ac5e82fcc657c77c: Time spent starting tablet: real 0.036s	user 0.006s	sys 0.002s
I20260710 13:15:30.396219  1729 tablet_bootstrap.cc:492] T 09f13522dd6f4f09a2728978d6b9feff P 23ff7d7d9c244696ac5e82fcc657c77c: Bootstrap starting.
W20260710 13:15:30.396792  1578 leader_election.cc:343] T b577c7835fab47efa3177c24c79549bb P 23ff7d7d9c244696ac5e82fcc657c77c [CANDIDATE]: Term 1 election: Tablet error from VoteRequest() call to peer 7e3c88d95dd04500a8bb94742e921c21 (127.0.107.195:33489): Illegal state: must be running to vote when last-logged opid is not known
I20260710 13:15:30.397029  1728 tablet_bootstrap.cc:654] T 477c1e587a694d69b7d872db8209d659 P 7e3c88d95dd04500a8bb94742e921c21: Neither blocks nor log segments found. Creating new log.
I20260710 13:15:30.398931  1745 raft_consensus.cc:515] T 6aaf3c55b35e4b9d91fd98bc5eabc093 P 23ff7d7d9c244696ac5e82fcc657c77c [term 1 FOLLOWER]: Starting leader election with config: opid_index: -1 OBSOLETE_local: false peers { permanent_uuid: "546fe4db03e448d8820ac57316669e77" member_type: VOTER last_known_addr { host: "127.0.107.193" port: 37797 } } peers { permanent_uuid: "23ff7d7d9c244696ac5e82fcc657c77c" member_type: VOTER last_known_addr { host: "127.0.107.194" port: 38773 } } peers { permanent_uuid: "7e3c88d95dd04500a8bb94742e921c21" member_type: VOTER last_known_addr { host: "127.0.107.195" port: 33489 } }
I20260710 13:15:30.401098  1730 tablet_bootstrap.cc:654] T 45ac9a654a9a40529f6e12bd0974941c P 546fe4db03e448d8820ac57316669e77: Neither blocks nor log segments found. Creating new log.
I20260710 13:15:30.401398  1745 leader_election.cc:290] T 6aaf3c55b35e4b9d91fd98bc5eabc093 P 23ff7d7d9c244696ac5e82fcc657c77c [CANDIDATE]: Term 1 election: Requested vote from peers 546fe4db03e448d8820ac57316669e77 (127.0.107.193:37797), 7e3c88d95dd04500a8bb94742e921c21 (127.0.107.195:33489)
I20260710 13:15:30.402630  1538 tablet_service.cc:1917] Received RequestConsensusVote() RPC: tablet_id: "6aaf3c55b35e4b9d91fd98bc5eabc093" candidate_uuid: "23ff7d7d9c244696ac5e82fcc657c77c" candidate_term: 1 candidate_status { last_received { term: 0 index: 0 } } ignore_live_leader: false dest_uuid: "546fe4db03e448d8820ac57316669e77"
I20260710 13:15:30.402776  1503 leader_election.cc:304] T 68d3fc33176647b7858605ac2e2ab32a P 546fe4db03e448d8820ac57316669e77 [CANDIDATE]: Term 1 election: Election decided. Result: candidate won. Election summary: received 3 responses out of 3 voters: 2 yes votes; 1 no votes. yes voters: 546fe4db03e448d8820ac57316669e77, 7e3c88d95dd04500a8bb94742e921c21; no voters: 23ff7d7d9c244696ac5e82fcc657c77c
I20260710 13:15:30.403236  1538 raft_consensus.cc:3060] T 6aaf3c55b35e4b9d91fd98bc5eabc093 P 546fe4db03e448d8820ac57316669e77 [term 0 FOLLOWER]: Advancing to term 1
I20260710 13:15:30.405598  1742 raft_consensus.cc:2804] T 68d3fc33176647b7858605ac2e2ab32a P 546fe4db03e448d8820ac57316669e77 [term 1 FOLLOWER]: Leader election won for term 1
I20260710 13:15:30.406090  1742 raft_consensus.cc:697] T 68d3fc33176647b7858605ac2e2ab32a P 546fe4db03e448d8820ac57316669e77 [term 1 LEADER]: Becoming Leader. State: Replica: 546fe4db03e448d8820ac57316669e77, State: Running, Role: LEADER
I20260710 13:15:30.416939  1537 raft_consensus.cc:2468] T b577c7835fab47efa3177c24c79549bb P 546fe4db03e448d8820ac57316669e77 [term 1 FOLLOWER]: Leader election vote request: Granting yes vote for candidate 23ff7d7d9c244696ac5e82fcc657c77c in term 1.
I20260710 13:15:30.411201  1745 raft_consensus.cc:493] T f94f0e21c684475fabc15fd72f163d8f P 23ff7d7d9c244696ac5e82fcc657c77c [term 0 FOLLOWER]: Starting pre-election (no leader contacted us within the election timeout)
I20260710 13:15:30.418406  1577 leader_election.cc:304] T b577c7835fab47efa3177c24c79549bb P 23ff7d7d9c244696ac5e82fcc657c77c [CANDIDATE]: Term 1 election: Election decided. Result: candidate won. Election summary: received 3 responses out of 3 voters: 2 yes votes; 1 no votes. yes voters: 23ff7d7d9c244696ac5e82fcc657c77c, 546fe4db03e448d8820ac57316669e77; no voters: 7e3c88d95dd04500a8bb94742e921c21
I20260710 13:15:30.418923  1745 raft_consensus.cc:515] T f94f0e21c684475fabc15fd72f163d8f P 23ff7d7d9c244696ac5e82fcc657c77c [term 0 FOLLOWER]: Starting pre-election with config: opid_index: -1 OBSOLETE_local: false peers { permanent_uuid: "546fe4db03e448d8820ac57316669e77" member_type: VOTER last_known_addr { host: "127.0.107.193" port: 37797 } } peers { permanent_uuid: "23ff7d7d9c244696ac5e82fcc657c77c" member_type: VOTER last_known_addr { host: "127.0.107.194" port: 38773 } } peers { permanent_uuid: "7e3c88d95dd04500a8bb94742e921c21" member_type: VOTER last_known_addr { host: "127.0.107.195" port: 33489 } }
I20260710 13:15:30.419664  1804 raft_consensus.cc:2804] T b577c7835fab47efa3177c24c79549bb P 23ff7d7d9c244696ac5e82fcc657c77c [term 1 FOLLOWER]: Leader election won for term 1
I20260710 13:15:30.420181  1804 raft_consensus.cc:697] T b577c7835fab47efa3177c24c79549bb P 23ff7d7d9c244696ac5e82fcc657c77c [term 1 LEADER]: Becoming Leader. State: Replica: 23ff7d7d9c244696ac5e82fcc657c77c, State: Running, Role: LEADER
I20260710 13:15:30.420990  1804 consensus_queue.cc:237] T b577c7835fab47efa3177c24c79549bb P 23ff7d7d9c244696ac5e82fcc657c77c [LEADER]: Queue going to LEADER mode. State: All replicated index: 0, Majority replicated index: 0, Committed index: 0, Last appended: 0.0, Last appended by leader: 0, Current term: 1, Majority size: 2, State: 0, Mode: LEADER, active raft config: opid_index: -1 OBSOLETE_local: false peers { permanent_uuid: "546fe4db03e448d8820ac57316669e77" member_type: VOTER last_known_addr { host: "127.0.107.193" port: 37797 } } peers { permanent_uuid: "23ff7d7d9c244696ac5e82fcc657c77c" member_type: VOTER last_known_addr { host: "127.0.107.194" port: 38773 } } peers { permanent_uuid: "7e3c88d95dd04500a8bb94742e921c21" member_type: VOTER last_known_addr { host: "127.0.107.195" port: 33489 } }
I20260710 13:15:30.421650  1742 consensus_queue.cc:237] T 68d3fc33176647b7858605ac2e2ab32a P 546fe4db03e448d8820ac57316669e77 [LEADER]: Queue going to LEADER mode. State: All replicated index: 0, Majority replicated index: 0, Committed index: 0, Last appended: 0.0, Last appended by leader: 0, Current term: 1, Majority size: 2, State: 0, Mode: LEADER, active raft config: opid_index: -1 OBSOLETE_local: false peers { permanent_uuid: "546fe4db03e448d8820ac57316669e77" member_type: VOTER last_known_addr { host: "127.0.107.193" port: 37797 } } peers { permanent_uuid: "23ff7d7d9c244696ac5e82fcc657c77c" member_type: VOTER last_known_addr { host: "127.0.107.194" port: 38773 } } peers { permanent_uuid: "7e3c88d95dd04500a8bb94742e921c21" member_type: VOTER last_known_addr { host: "127.0.107.195" port: 33489 } }
I20260710 13:15:30.422143  1536 tablet_service.cc:1917] Received RequestConsensusVote() RPC: tablet_id: "f94f0e21c684475fabc15fd72f163d8f" candidate_uuid: "23ff7d7d9c244696ac5e82fcc657c77c" candidate_term: 1 candidate_status { last_received { term: 0 index: 0 } } ignore_live_leader: false dest_uuid: "546fe4db03e448d8820ac57316669e77" is_pre_election: true
I20260710 13:15:30.425304  1688 tablet_service.cc:1917] Received RequestConsensusVote() RPC: tablet_id: "f94f0e21c684475fabc15fd72f163d8f" candidate_uuid: "23ff7d7d9c244696ac5e82fcc657c77c" candidate_term: 1 candidate_status { last_received { term: 0 index: 0 } } ignore_live_leader: false dest_uuid: "7e3c88d95dd04500a8bb94742e921c21" is_pre_election: true
I20260710 13:15:30.426165  1688 raft_consensus.cc:2393] T f94f0e21c684475fabc15fd72f163d8f P 7e3c88d95dd04500a8bb94742e921c21 [term 1 FOLLOWER]: Leader pre-election vote request: Denying vote to candidate 23ff7d7d9c244696ac5e82fcc657c77c in current term 1: Already voted for candidate 546fe4db03e448d8820ac57316669e77 in this term.
I20260710 13:15:30.426124  1796 raft_consensus.cc:493] T 09f13522dd6f4f09a2728978d6b9feff P 7e3c88d95dd04500a8bb94742e921c21 [term 0 FOLLOWER]: Starting pre-election (no leader contacted us within the election timeout)
I20260710 13:15:30.427002  1796 raft_consensus.cc:515] T 09f13522dd6f4f09a2728978d6b9feff P 7e3c88d95dd04500a8bb94742e921c21 [term 0 FOLLOWER]: Starting pre-election with config: opid_index: -1 OBSOLETE_local: false peers { permanent_uuid: "546fe4db03e448d8820ac57316669e77" member_type: VOTER last_known_addr { host: "127.0.107.193" port: 37797 } } peers { permanent_uuid: "23ff7d7d9c244696ac5e82fcc657c77c" member_type: VOTER last_known_addr { host: "127.0.107.194" port: 38773 } } peers { permanent_uuid: "7e3c88d95dd04500a8bb94742e921c21" member_type: VOTER last_known_addr { host: "127.0.107.195" port: 33489 } }
I20260710 13:15:30.427745  1578 leader_election.cc:304] T f94f0e21c684475fabc15fd72f163d8f P 23ff7d7d9c244696ac5e82fcc657c77c [CANDIDATE]: Term 1 pre-election: Election decided. Result: candidate lost. Election summary: received 3 responses out of 3 voters: 1 yes votes; 2 no votes. yes voters: 23ff7d7d9c244696ac5e82fcc657c77c; no voters: 546fe4db03e448d8820ac57316669e77, 7e3c88d95dd04500a8bb94742e921c21
I20260710 13:15:30.412822  1685 tablet_service.cc:1917] Received RequestConsensusVote() RPC: tablet_id: "6aaf3c55b35e4b9d91fd98bc5eabc093" candidate_uuid: "23ff7d7d9c244696ac5e82fcc657c77c" candidate_term: 1 candidate_status { last_received { term: 0 index: 0 } } ignore_live_leader: false dest_uuid: "7e3c88d95dd04500a8bb94742e921c21"
I20260710 13:15:30.428867  1791 raft_consensus.cc:3060] T f94f0e21c684475fabc15fd72f163d8f P 23ff7d7d9c244696ac5e82fcc657c77c [term 0 FOLLOWER]: Advancing to term 1
I20260710 13:15:30.421231  1745 leader_election.cc:290] T f94f0e21c684475fabc15fd72f163d8f P 23ff7d7d9c244696ac5e82fcc657c77c [CANDIDATE]: Term 1 pre-election: Requested pre-vote from peers 546fe4db03e448d8820ac57316669e77 (127.0.107.193:37797), 7e3c88d95dd04500a8bb94742e921c21 (127.0.107.195:33489)
W20260710 13:15:30.433856  1578 leader_election.cc:343] T 6aaf3c55b35e4b9d91fd98bc5eabc093 P 23ff7d7d9c244696ac5e82fcc657c77c [CANDIDATE]: Term 1 election: Tablet error from VoteRequest() call to peer 7e3c88d95dd04500a8bb94742e921c21 (127.0.107.195:33489): Illegal state: must be running to vote when last-logged opid is not known
I20260710 13:15:30.432158  1503 leader_election.cc:304] T 1e0f86be489c4686b4b86fe99f2c76c2 P 546fe4db03e448d8820ac57316669e77 [CANDIDATE]: Term 1 election: Election decided. Result: candidate won. Election summary: received 3 responses out of 3 voters: 2 yes votes; 1 no votes. yes voters: 546fe4db03e448d8820ac57316669e77, 7e3c88d95dd04500a8bb94742e921c21; no voters: 23ff7d7d9c244696ac5e82fcc657c77c
I20260710 13:15:30.434495  1613 tablet_service.cc:1917] Received RequestConsensusVote() RPC: tablet_id: "09f13522dd6f4f09a2728978d6b9feff" candidate_uuid: "7e3c88d95dd04500a8bb94742e921c21" candidate_term: 1 candidate_status { last_received { term: 0 index: 0 } } ignore_live_leader: false dest_uuid: "23ff7d7d9c244696ac5e82fcc657c77c" is_pre_election: true
W20260710 13:15:30.436050  1652 leader_election.cc:343] T 09f13522dd6f4f09a2728978d6b9feff P 7e3c88d95dd04500a8bb94742e921c21 [CANDIDATE]: Term 1 pre-election: Tablet error from VoteRequest() call to peer 23ff7d7d9c244696ac5e82fcc657c77c (127.0.107.194:38773): Illegal state: must be running to vote when last-logged opid is not known
I20260710 13:15:30.437177  1808 raft_consensus.cc:2804] T 1e0f86be489c4686b4b86fe99f2c76c2 P 546fe4db03e448d8820ac57316669e77 [term 1 FOLLOWER]: Leader election won for term 1
I20260710 13:15:30.432073  1796 leader_election.cc:290] T 09f13522dd6f4f09a2728978d6b9feff P 7e3c88d95dd04500a8bb94742e921c21 [CANDIDATE]: Term 1 pre-election: Requested pre-vote from peers 546fe4db03e448d8820ac57316669e77 (127.0.107.193:37797), 23ff7d7d9c244696ac5e82fcc657c77c (127.0.107.194:38773)
I20260710 13:15:30.437743  1808 raft_consensus.cc:697] T 1e0f86be489c4686b4b86fe99f2c76c2 P 546fe4db03e448d8820ac57316669e77 [term 1 LEADER]: Becoming Leader. State: Replica: 546fe4db03e448d8820ac57316669e77, State: Running, Role: LEADER
I20260710 13:15:30.438591  1729 tablet_bootstrap.cc:654] T 09f13522dd6f4f09a2728978d6b9feff P 23ff7d7d9c244696ac5e82fcc657c77c: Neither blocks nor log segments found. Creating new log.
I20260710 13:15:30.438687  1808 consensus_queue.cc:237] T 1e0f86be489c4686b4b86fe99f2c76c2 P 546fe4db03e448d8820ac57316669e77 [LEADER]: Queue going to LEADER mode. State: All replicated index: 0, Majority replicated index: 0, Committed index: 0, Last appended: 0.0, Last appended by leader: 0, Current term: 1, Majority size: 2, State: 0, Mode: LEADER, active raft config: opid_index: -1 OBSOLETE_local: false peers { permanent_uuid: "546fe4db03e448d8820ac57316669e77" member_type: VOTER last_known_addr { host: "127.0.107.193" port: 37797 } } peers { permanent_uuid: "23ff7d7d9c244696ac5e82fcc657c77c" member_type: VOTER last_known_addr { host: "127.0.107.194" port: 38773 } } peers { permanent_uuid: "7e3c88d95dd04500a8bb94742e921c21" member_type: VOTER last_known_addr { host: "127.0.107.195" port: 33489 } }
W20260710 13:15:30.440261  1503 leader_election.cc:343] T a88cfc8d914a481da16d78856fd7e919 P 546fe4db03e448d8820ac57316669e77 [CANDIDATE]: Term 1 pre-election: Tablet error from VoteRequest() call to peer 7e3c88d95dd04500a8bb94742e921c21 (127.0.107.195:33489): Illegal state: must be running to vote when last-logged opid is not known
I20260710 13:15:30.443521  1791 raft_consensus.cc:2749] T f94f0e21c684475fabc15fd72f163d8f P 23ff7d7d9c244696ac5e82fcc657c77c [term 1 FOLLOWER]: Leader pre-election lost for term 1. Reason: could not achieve majority
I20260710 13:15:30.445228  1730 tablet_bootstrap.cc:492] T 45ac9a654a9a40529f6e12bd0974941c P 546fe4db03e448d8820ac57316669e77: No bootstrap required, opened a new log
I20260710 13:15:30.445732  1730 ts_tablet_manager.cc:1403] T 45ac9a654a9a40529f6e12bd0974941c P 546fe4db03e448d8820ac57316669e77: Time spent bootstrapping tablet: real 0.094s	user 0.016s	sys 0.002s
I20260710 13:15:30.445807  1434 catalog_manager.cc:5697] T c2845e314f3b44b99593038ed1d877f2 P 546fe4db03e448d8820ac57316669e77 reported cstate change: term changed from 0 to 1, leader changed from <none> to 546fe4db03e448d8820ac57316669e77 (127.0.107.193). New cstate: current_term: 1 leader_uuid: "546fe4db03e448d8820ac57316669e77" committed_config { opid_index: -1 OBSOLETE_local: false peers { permanent_uuid: "546fe4db03e448d8820ac57316669e77" member_type: VOTER last_known_addr { host: "127.0.107.193" port: 37797 } health_report { overall_health: HEALTHY } } peers { permanent_uuid: "23ff7d7d9c244696ac5e82fcc657c77c" member_type: VOTER last_known_addr { host: "127.0.107.194" port: 38773 } health_report { overall_health: UNKNOWN } } peers { permanent_uuid: "7e3c88d95dd04500a8bb94742e921c21" member_type: VOTER last_known_addr { host: "127.0.107.195" port: 33489 } health_report { overall_health: UNKNOWN } } }
I20260710 13:15:30.450506  1730 raft_consensus.cc:359] T 45ac9a654a9a40529f6e12bd0974941c P 546fe4db03e448d8820ac57316669e77 [term 0 FOLLOWER]: Replica starting. Triggering 0 pending ops. Active config: opid_index: -1 OBSOLETE_local: false peers { permanent_uuid: "546fe4db03e448d8820ac57316669e77" member_type: VOTER last_known_addr { host: "127.0.107.193" port: 37797 } } peers { permanent_uuid: "23ff7d7d9c244696ac5e82fcc657c77c" member_type: VOTER last_known_addr { host: "127.0.107.194" port: 38773 } } peers { permanent_uuid: "7e3c88d95dd04500a8bb94742e921c21" member_type: VOTER last_known_addr { host: "127.0.107.195" port: 33489 } }
I20260710 13:15:30.451143  1730 raft_consensus.cc:385] T 45ac9a654a9a40529f6e12bd0974941c P 546fe4db03e448d8820ac57316669e77 [term 0 FOLLOWER]: Consensus starting up: Expiring failure detector timer to make a prompt election more likely
I20260710 13:15:30.451401  1730 raft_consensus.cc:740] T 45ac9a654a9a40529f6e12bd0974941c P 546fe4db03e448d8820ac57316669e77 [term 0 FOLLOWER]: Becoming Follower/Learner. State: Replica: 546fe4db03e448d8820ac57316669e77, State: Initialized, Role: FOLLOWER
I20260710 13:15:30.452011  1730 consensus_queue.cc:260] T 45ac9a654a9a40529f6e12bd0974941c P 546fe4db03e448d8820ac57316669e77 [NON_LEADER]: Queue going to NON_LEADER mode. State: All replicated index: 0, Majority replicated index: 0, Committed index: 0, Last appended: 0.0, Last appended by leader: 0, Current term: 0, Majority size: -1, State: 0, Mode: NON_LEADER, active raft config: opid_index: -1 OBSOLETE_local: false peers { permanent_uuid: "546fe4db03e448d8820ac57316669e77" member_type: VOTER last_known_addr { host: "127.0.107.193" port: 37797 } } peers { permanent_uuid: "23ff7d7d9c244696ac5e82fcc657c77c" member_type: VOTER last_known_addr { host: "127.0.107.194" port: 38773 } } peers { permanent_uuid: "7e3c88d95dd04500a8bb94742e921c21" member_type: VOTER last_known_addr { host: "127.0.107.195" port: 33489 } }
I20260710 13:15:30.453040  1437 catalog_manager.cc:5697] T b577c7835fab47efa3177c24c79549bb P 23ff7d7d9c244696ac5e82fcc657c77c reported cstate change: term changed from 0 to 1, leader changed from <none> to 23ff7d7d9c244696ac5e82fcc657c77c (127.0.107.194). New cstate: current_term: 1 leader_uuid: "23ff7d7d9c244696ac5e82fcc657c77c" committed_config { opid_index: -1 OBSOLETE_local: false peers { permanent_uuid: "546fe4db03e448d8820ac57316669e77" member_type: VOTER last_known_addr { host: "127.0.107.193" port: 37797 } health_report { overall_health: UNKNOWN } } peers { permanent_uuid: "23ff7d7d9c244696ac5e82fcc657c77c" member_type: VOTER last_known_addr { host: "127.0.107.194" port: 38773 } health_report { overall_health: HEALTHY } } peers { permanent_uuid: "7e3c88d95dd04500a8bb94742e921c21" member_type: VOTER last_known_addr { host: "127.0.107.195" port: 33489 } health_report { overall_health: UNKNOWN } } }
I20260710 13:15:30.455192  1613 tablet_service.cc:1917] Received RequestConsensusVote() RPC: tablet_id: "48d837ff3e024638b4ac8ba81d1c9c36" candidate_uuid: "546fe4db03e448d8820ac57316669e77" candidate_term: 1 candidate_status { last_received { term: 0 index: 0 } } ignore_live_leader: false dest_uuid: "23ff7d7d9c244696ac5e82fcc657c77c" is_pre_election: true
I20260710 13:15:30.457759  1538 raft_consensus.cc:2468] T 6aaf3c55b35e4b9d91fd98bc5eabc093 P 546fe4db03e448d8820ac57316669e77 [term 1 FOLLOWER]: Leader election vote request: Granting yes vote for candidate 23ff7d7d9c244696ac5e82fcc657c77c in term 1.
I20260710 13:15:30.460290  1730 ts_tablet_manager.cc:1434] T 45ac9a654a9a40529f6e12bd0974941c P 546fe4db03e448d8820ac57316669e77: Time spent starting tablet: real 0.014s	user 0.006s	sys 0.000s
I20260710 13:15:30.461586  1730 tablet_bootstrap.cc:492] T 477c1e587a694d69b7d872db8209d659 P 546fe4db03e448d8820ac57316669e77: Bootstrap starting.
I20260710 13:15:30.459424  1688 tablet_service.cc:1917] Received RequestConsensusVote() RPC: tablet_id: "48d837ff3e024638b4ac8ba81d1c9c36" candidate_uuid: "546fe4db03e448d8820ac57316669e77" candidate_term: 1 candidate_status { last_received { term: 0 index: 0 } } ignore_live_leader: false dest_uuid: "7e3c88d95dd04500a8bb94742e921c21" is_pre_election: true
I20260710 13:15:30.468983  1577 leader_election.cc:304] T 6aaf3c55b35e4b9d91fd98bc5eabc093 P 23ff7d7d9c244696ac5e82fcc657c77c [CANDIDATE]: Term 1 election: Election decided. Result: candidate won. Election summary: received 3 responses out of 3 voters: 2 yes votes; 1 no votes. yes voters: 23ff7d7d9c244696ac5e82fcc657c77c, 546fe4db03e448d8820ac57316669e77; no voters: 7e3c88d95dd04500a8bb94742e921c21
I20260710 13:15:30.470917  1804 raft_consensus.cc:2804] T 6aaf3c55b35e4b9d91fd98bc5eabc093 P 23ff7d7d9c244696ac5e82fcc657c77c [term 1 FOLLOWER]: Leader election won for term 1
I20260710 13:15:30.471426  1804 raft_consensus.cc:697] T 6aaf3c55b35e4b9d91fd98bc5eabc093 P 23ff7d7d9c244696ac5e82fcc657c77c [term 1 LEADER]: Becoming Leader. State: Replica: 23ff7d7d9c244696ac5e82fcc657c77c, State: Running, Role: LEADER
