I20260710 13:21:51.255657 22120 raft_consensus.cc:359] T d61b63eb15384a8180867f4c0ff2cfa1 P e2f338fb3f634b36bb012e0deeda7968 [term 0 FOLLOWER]: Replica starting. Triggering 0 pending ops. Active config: opid_index: -1 OBSOLETE_local: false peers { permanent_uuid: "522f384d5c8c4826a480dd7f1eeb6ade" member_type: VOTER last_known_addr { host: "127.21.71.193" port: 42301 } } peers { permanent_uuid: "e2f338fb3f634b36bb012e0deeda7968" member_type: VOTER last_known_addr { host: "127.21.71.194" port: 44943 } } peers { permanent_uuid: "215d4b9b692749d7aab354f90e5c7844" member_type: VOTER last_known_addr { host: "127.21.71.195" port: 41861 } }
I20260710 13:21:51.256316 22120 raft_consensus.cc:385] T d61b63eb15384a8180867f4c0ff2cfa1 P e2f338fb3f634b36bb012e0deeda7968 [term 0 FOLLOWER]: Consensus starting up: Expiring failure detector timer to make a prompt election more likely
I20260710 13:21:51.256553 22120 raft_consensus.cc:740] T d61b63eb15384a8180867f4c0ff2cfa1 P e2f338fb3f634b36bb012e0deeda7968 [term 0 FOLLOWER]: Becoming Follower/Learner. State: Replica: e2f338fb3f634b36bb012e0deeda7968, State: Initialized, Role: FOLLOWER
I20260710 13:21:51.255807 21823 catalog_manager.cc:5697] T 3a71d1615f784249b9721b86736a7951 P 522f384d5c8c4826a480dd7f1eeb6ade reported cstate change: term changed from 0 to 1, leader changed from <none> to 522f384d5c8c4826a480dd7f1eeb6ade (127.21.71.193). New cstate: current_term: 1 leader_uuid: "522f384d5c8c4826a480dd7f1eeb6ade" committed_config { opid_index: -1 OBSOLETE_local: false peers { permanent_uuid: "522f384d5c8c4826a480dd7f1eeb6ade" member_type: VOTER last_known_addr { host: "127.21.71.193" port: 42301 } health_report { overall_health: HEALTHY } } peers { permanent_uuid: "e2f338fb3f634b36bb012e0deeda7968" member_type: VOTER last_known_addr { host: "127.21.71.194" port: 44943 } health_report { overall_health: UNKNOWN } } peers { permanent_uuid: "215d4b9b692749d7aab354f90e5c7844" member_type: VOTER last_known_addr { host: "127.21.71.195" port: 41861 } health_report { overall_health: UNKNOWN } } }
I20260710 13:21:51.257205 22120 consensus_queue.cc:260] T d61b63eb15384a8180867f4c0ff2cfa1 P e2f338fb3f634b36bb012e0deeda7968 [NON_LEADER]: Queue going to NON_LEADER mode. State: All replicated index: 0, Majority replicated index: 0, Committed index: 0, Last appended: 0.0, Last appended by leader: 0, Current term: 0, Majority size: -1, State: 0, Mode: NON_LEADER, active raft config: opid_index: -1 OBSOLETE_local: false peers { permanent_uuid: "522f384d5c8c4826a480dd7f1eeb6ade" member_type: VOTER last_known_addr { host: "127.21.71.193" port: 42301 } } peers { permanent_uuid: "e2f338fb3f634b36bb012e0deeda7968" member_type: VOTER last_known_addr { host: "127.21.71.194" port: 44943 } } peers { permanent_uuid: "215d4b9b692749d7aab354f90e5c7844" member_type: VOTER last_known_addr { host: "127.21.71.195" port: 41861 } }
I20260710 13:21:51.257432 21823 catalog_manager.cc:5697] T 4e95bb6ab55f46cd8e060f2fb90f32fd P 522f384d5c8c4826a480dd7f1eeb6ade reported cstate change: term changed from 0 to 1, leader changed from <none> to 522f384d5c8c4826a480dd7f1eeb6ade (127.21.71.193). New cstate: current_term: 1 leader_uuid: "522f384d5c8c4826a480dd7f1eeb6ade" committed_config { opid_index: -1 OBSOLETE_local: false peers { permanent_uuid: "522f384d5c8c4826a480dd7f1eeb6ade" member_type: VOTER last_known_addr { host: "127.21.71.193" port: 42301 } health_report { overall_health: HEALTHY } } peers { permanent_uuid: "e2f338fb3f634b36bb012e0deeda7968" member_type: VOTER last_known_addr { host: "127.21.71.194" port: 44943 } health_report { overall_health: UNKNOWN } } peers { permanent_uuid: "215d4b9b692749d7aab354f90e5c7844" member_type: VOTER last_known_addr { host: "127.21.71.195" port: 41861 } health_report { overall_health: UNKNOWN } } }
I20260710 13:21:51.258982 22120 ts_tablet_manager.cc:1434] T d61b63eb15384a8180867f4c0ff2cfa1 P e2f338fb3f634b36bb012e0deeda7968: Time spent starting tablet: real 0.005s	user 0.007s	sys 0.000s
I20260710 13:21:51.259855 22120 tablet_bootstrap.cc:492] T 3a71d1615f784249b9721b86736a7951 P e2f338fb3f634b36bb012e0deeda7968: Bootstrap starting.
I20260710 13:21:51.265309 22120 tablet_bootstrap.cc:654] T 3a71d1615f784249b9721b86736a7951 P e2f338fb3f634b36bb012e0deeda7968: Neither blocks nor log segments found. Creating new log.
I20260710 13:21:51.265341 22134 raft_consensus.cc:493] T a845e4ca701e4bb880c691ca54f12ceb P 215d4b9b692749d7aab354f90e5c7844 [term 0 FOLLOWER]: Starting pre-election (no leader contacted us within the election timeout)
I20260710 13:21:51.265944 22134 raft_consensus.cc:515] T a845e4ca701e4bb880c691ca54f12ceb P 215d4b9b692749d7aab354f90e5c7844 [term 0 FOLLOWER]: Starting pre-election with config: opid_index: -1 OBSOLETE_local: false peers { permanent_uuid: "522f384d5c8c4826a480dd7f1eeb6ade" member_type: VOTER last_known_addr { host: "127.21.71.193" port: 42301 } } peers { permanent_uuid: "e2f338fb3f634b36bb012e0deeda7968" member_type: VOTER last_known_addr { host: "127.21.71.194" port: 44943 } } peers { permanent_uuid: "215d4b9b692749d7aab354f90e5c7844" member_type: VOTER last_known_addr { host: "127.21.71.195" port: 41861 } }
I20260710 13:21:51.268114 22134 leader_election.cc:290] T a845e4ca701e4bb880c691ca54f12ceb P 215d4b9b692749d7aab354f90e5c7844 [CANDIDATE]: Term 1 pre-election: Requested pre-vote from peers 522f384d5c8c4826a480dd7f1eeb6ade (127.21.71.193:42301), e2f338fb3f634b36bb012e0deeda7968 (127.21.71.194:44943)
I20260710 13:21:51.269752 21999 tablet_service.cc:1917] Received RequestConsensusVote() RPC: tablet_id: "a845e4ca701e4bb880c691ca54f12ceb" candidate_uuid: "215d4b9b692749d7aab354f90e5c7844" candidate_term: 1 candidate_status { last_received { term: 0 index: 0 } } ignore_live_leader: false dest_uuid: "e2f338fb3f634b36bb012e0deeda7968" is_pre_election: true
I20260710 13:21:51.270571 21999 raft_consensus.cc:2393] T a845e4ca701e4bb880c691ca54f12ceb P e2f338fb3f634b36bb012e0deeda7968 [term 1 FOLLOWER]: Leader pre-election vote request: Denying vote to candidate 215d4b9b692749d7aab354f90e5c7844 in current term 1: Already voted for candidate 522f384d5c8c4826a480dd7f1eeb6ade in this term.
I20260710 13:21:51.271927 21926 tablet_service.cc:1917] Received RequestConsensusVote() RPC: tablet_id: "a845e4ca701e4bb880c691ca54f12ceb" candidate_uuid: "215d4b9b692749d7aab354f90e5c7844" candidate_term: 1 candidate_status { last_received { term: 0 index: 0 } } ignore_live_leader: false dest_uuid: "522f384d5c8c4826a480dd7f1eeb6ade" is_pre_election: true
I20260710 13:21:51.273526 22039 leader_election.cc:304] T a845e4ca701e4bb880c691ca54f12ceb P 215d4b9b692749d7aab354f90e5c7844 [CANDIDATE]: Term 1 pre-election: Election decided. Result: candidate lost. Election summary: received 3 responses out of 3 voters: 1 yes votes; 2 no votes. yes voters: 215d4b9b692749d7aab354f90e5c7844; no voters: 522f384d5c8c4826a480dd7f1eeb6ade, e2f338fb3f634b36bb012e0deeda7968
I20260710 13:21:51.274297 22134 raft_consensus.cc:3060] T a845e4ca701e4bb880c691ca54f12ceb P 215d4b9b692749d7aab354f90e5c7844 [term 0 FOLLOWER]: Advancing to term 1
I20260710 13:21:51.276276 22120 tablet_bootstrap.cc:492] T 3a71d1615f784249b9721b86736a7951 P e2f338fb3f634b36bb012e0deeda7968: No bootstrap required, opened a new log
I20260710 13:21:51.276715 22120 ts_tablet_manager.cc:1403] T 3a71d1615f784249b9721b86736a7951 P e2f338fb3f634b36bb012e0deeda7968: Time spent bootstrapping tablet: real 0.017s	user 0.008s	sys 0.004s
I20260710 13:21:51.279323 22120 raft_consensus.cc:359] T 3a71d1615f784249b9721b86736a7951 P e2f338fb3f634b36bb012e0deeda7968 [term 0 FOLLOWER]: Replica starting. Triggering 0 pending ops. Active config: opid_index: -1 OBSOLETE_local: false peers { permanent_uuid: "522f384d5c8c4826a480dd7f1eeb6ade" member_type: VOTER last_known_addr { host: "127.21.71.193" port: 42301 } } peers { permanent_uuid: "e2f338fb3f634b36bb012e0deeda7968" member_type: VOTER last_known_addr { host: "127.21.71.194" port: 44943 } } peers { permanent_uuid: "215d4b9b692749d7aab354f90e5c7844" member_type: VOTER last_known_addr { host: "127.21.71.195" port: 41861 } }
I20260710 13:21:51.279827 22134 raft_consensus.cc:2749] T a845e4ca701e4bb880c691ca54f12ceb P 215d4b9b692749d7aab354f90e5c7844 [term 1 FOLLOWER]: Leader pre-election lost for term 1. Reason: could not achieve majority
I20260710 13:21:51.279990 22120 raft_consensus.cc:385] T 3a71d1615f784249b9721b86736a7951 P e2f338fb3f634b36bb012e0deeda7968 [term 0 FOLLOWER]: Consensus starting up: Expiring failure detector timer to make a prompt election more likely
I20260710 13:21:51.280310 22120 raft_consensus.cc:740] T 3a71d1615f784249b9721b86736a7951 P e2f338fb3f634b36bb012e0deeda7968 [term 0 FOLLOWER]: Becoming Follower/Learner. State: Replica: e2f338fb3f634b36bb012e0deeda7968, State: Initialized, Role: FOLLOWER
I20260710 13:21:51.280929 22120 consensus_queue.cc:260] T 3a71d1615f784249b9721b86736a7951 P e2f338fb3f634b36bb012e0deeda7968 [NON_LEADER]: Queue going to NON_LEADER mode. State: All replicated index: 0, Majority replicated index: 0, Committed index: 0, Last appended: 0.0, Last appended by leader: 0, Current term: 0, Majority size: -1, State: 0, Mode: NON_LEADER, active raft config: opid_index: -1 OBSOLETE_local: false peers { permanent_uuid: "522f384d5c8c4826a480dd7f1eeb6ade" member_type: VOTER last_known_addr { host: "127.21.71.193" port: 42301 } } peers { permanent_uuid: "e2f338fb3f634b36bb012e0deeda7968" member_type: VOTER last_known_addr { host: "127.21.71.194" port: 44943 } } peers { permanent_uuid: "215d4b9b692749d7aab354f90e5c7844" member_type: VOTER last_known_addr { host: "127.21.71.195" port: 41861 } }
I20260710 13:21:51.282889 22120 ts_tablet_manager.cc:1434] T 3a71d1615f784249b9721b86736a7951 P e2f338fb3f634b36bb012e0deeda7968: Time spent starting tablet: real 0.006s	user 0.008s	sys 0.000s
I20260710 13:21:51.289839 21999 raft_consensus.cc:3060] T 9ce8a0eeb7c44c5ab6a59f77626c4146 P e2f338fb3f634b36bb012e0deeda7968 [term 0 FOLLOWER]: Advancing to term 1
I20260710 13:21:51.296578 22134 consensus_queue.cc:1048] T 9ce8a0eeb7c44c5ab6a59f77626c4146 P 215d4b9b692749d7aab354f90e5c7844 [LEADER]: Connected to new peer: Peer: permanent_uuid: "e2f338fb3f634b36bb012e0deeda7968" member_type: VOTER last_known_addr { host: "127.21.71.194" port: 44943 }, Status: LMP_MISMATCH, Last received: 0.0, Next index: 1, Last known committed idx: 0, Time since last communication: 0.000s
I20260710 13:21:51.298842 22134 raft_consensus.cc:493] T b9a70db13c984ba19e5b8815e400f6f4 P 215d4b9b692749d7aab354f90e5c7844 [term 0 FOLLOWER]: Starting pre-election (no leader contacted us within the election timeout)
I20260710 13:21:51.299340 22134 raft_consensus.cc:515] T b9a70db13c984ba19e5b8815e400f6f4 P 215d4b9b692749d7aab354f90e5c7844 [term 0 FOLLOWER]: Starting pre-election with config: opid_index: -1 OBSOLETE_local: false peers { permanent_uuid: "522f384d5c8c4826a480dd7f1eeb6ade" member_type: VOTER last_known_addr { host: "127.21.71.193" port: 42301 } } peers { permanent_uuid: "e2f338fb3f634b36bb012e0deeda7968" member_type: VOTER last_known_addr { host: "127.21.71.194" port: 44943 } } peers { permanent_uuid: "215d4b9b692749d7aab354f90e5c7844" member_type: VOTER last_known_addr { host: "127.21.71.195" port: 41861 } }
I20260710 13:21:51.303082 21926 tablet_service.cc:1917] Received RequestConsensusVote() RPC: tablet_id: "b9a70db13c984ba19e5b8815e400f6f4" candidate_uuid: "215d4b9b692749d7aab354f90e5c7844" candidate_term: 1 candidate_status { last_received { term: 0 index: 0 } } ignore_live_leader: false dest_uuid: "522f384d5c8c4826a480dd7f1eeb6ade" is_pre_election: true
I20260710 13:21:51.303345 22000 tablet_service.cc:1917] Received RequestConsensusVote() RPC: tablet_id: "b9a70db13c984ba19e5b8815e400f6f4" candidate_uuid: "215d4b9b692749d7aab354f90e5c7844" candidate_term: 1 candidate_status { last_received { term: 0 index: 0 } } ignore_live_leader: false dest_uuid: "e2f338fb3f634b36bb012e0deeda7968" is_pre_election: true
I20260710 13:21:51.303999 21926 raft_consensus.cc:2468] T b9a70db13c984ba19e5b8815e400f6f4 P 522f384d5c8c4826a480dd7f1eeb6ade [term 0 FOLLOWER]: Leader pre-election vote request: Granting yes vote for candidate 215d4b9b692749d7aab354f90e5c7844 in term 0.
I20260710 13:21:51.304204 22000 raft_consensus.cc:2468] T b9a70db13c984ba19e5b8815e400f6f4 P e2f338fb3f634b36bb012e0deeda7968 [term 0 FOLLOWER]: Leader pre-election vote request: Granting yes vote for candidate 215d4b9b692749d7aab354f90e5c7844 in term 0.
I20260710 13:21:51.304095 22134 leader_election.cc:290] T b9a70db13c984ba19e5b8815e400f6f4 P 215d4b9b692749d7aab354f90e5c7844 [CANDIDATE]: Term 1 pre-election: Requested pre-vote from peers 522f384d5c8c4826a480dd7f1eeb6ade (127.21.71.193:42301), e2f338fb3f634b36bb012e0deeda7968 (127.21.71.194:44943)
I20260710 13:21:51.305493 22038 leader_election.cc:304] T b9a70db13c984ba19e5b8815e400f6f4 P 215d4b9b692749d7aab354f90e5c7844 [CANDIDATE]: Term 1 pre-election: Election decided. Result: candidate won. Election summary: received 2 responses out of 3 voters: 2 yes votes; 0 no votes. yes voters: 215d4b9b692749d7aab354f90e5c7844, e2f338fb3f634b36bb012e0deeda7968; no voters: 
I20260710 13:21:51.307215 22134 raft_consensus.cc:2804] T b9a70db13c984ba19e5b8815e400f6f4 P 215d4b9b692749d7aab354f90e5c7844 [term 0 FOLLOWER]: Leader pre-election won for term 1
I20260710 13:21:51.308005 22134 raft_consensus.cc:493] T b9a70db13c984ba19e5b8815e400f6f4 P 215d4b9b692749d7aab354f90e5c7844 [term 0 FOLLOWER]: Starting leader election (no leader contacted us within the election timeout)
I20260710 13:21:51.308426 22134 raft_consensus.cc:3060] T b9a70db13c984ba19e5b8815e400f6f4 P 215d4b9b692749d7aab354f90e5c7844 [term 0 FOLLOWER]: Advancing to term 1
I20260710 13:21:51.316111 22134 raft_consensus.cc:515] T b9a70db13c984ba19e5b8815e400f6f4 P 215d4b9b692749d7aab354f90e5c7844 [term 1 FOLLOWER]: Starting leader election with config: opid_index: -1 OBSOLETE_local: false peers { permanent_uuid: "522f384d5c8c4826a480dd7f1eeb6ade" member_type: VOTER last_known_addr { host: "127.21.71.193" port: 42301 } } peers { permanent_uuid: "e2f338fb3f634b36bb012e0deeda7968" member_type: VOTER last_known_addr { host: "127.21.71.194" port: 44943 } } peers { permanent_uuid: "215d4b9b692749d7aab354f90e5c7844" member_type: VOTER last_known_addr { host: "127.21.71.195" port: 41861 } }
I20260710 13:21:51.320041 22134 leader_election.cc:290] T b9a70db13c984ba19e5b8815e400f6f4 P 215d4b9b692749d7aab354f90e5c7844 [CANDIDATE]: Term 1 election: Requested vote from peers 522f384d5c8c4826a480dd7f1eeb6ade (127.21.71.193:42301), e2f338fb3f634b36bb012e0deeda7968 (127.21.71.194:44943)
I20260710 13:21:51.320298 21999 tablet_service.cc:1917] Received RequestConsensusVote() RPC: tablet_id: "b9a70db13c984ba19e5b8815e400f6f4" candidate_uuid: "215d4b9b692749d7aab354f90e5c7844" candidate_term: 1 candidate_status { last_received { term: 0 index: 0 } } ignore_live_leader: false dest_uuid: "e2f338fb3f634b36bb012e0deeda7968"
I20260710 13:21:51.320916 21999 raft_consensus.cc:3060] T b9a70db13c984ba19e5b8815e400f6f4 P e2f338fb3f634b36bb012e0deeda7968 [term 0 FOLLOWER]: Advancing to term 1
I20260710 13:21:51.323668 21926 tablet_service.cc:1917] Received RequestConsensusVote() RPC: tablet_id: "b9a70db13c984ba19e5b8815e400f6f4" candidate_uuid: "215d4b9b692749d7aab354f90e5c7844" candidate_term: 1 candidate_status { last_received { term: 0 index: 0 } } ignore_live_leader: false dest_uuid: "522f384d5c8c4826a480dd7f1eeb6ade"
I20260710 13:21:51.324296 21926 raft_consensus.cc:3060] T b9a70db13c984ba19e5b8815e400f6f4 P 522f384d5c8c4826a480dd7f1eeb6ade [term 0 FOLLOWER]: Advancing to term 1
I20260710 13:21:51.331667 21926 raft_consensus.cc:2468] T b9a70db13c984ba19e5b8815e400f6f4 P 522f384d5c8c4826a480dd7f1eeb6ade [term 1 FOLLOWER]: Leader election vote request: Granting yes vote for candidate 215d4b9b692749d7aab354f90e5c7844 in term 1.
I20260710 13:21:51.333043 22039 leader_election.cc:304] T b9a70db13c984ba19e5b8815e400f6f4 P 215d4b9b692749d7aab354f90e5c7844 [CANDIDATE]: Term 1 election: Election decided. Result: candidate won. Election summary: received 2 responses out of 3 voters: 2 yes votes; 0 no votes. yes voters: 215d4b9b692749d7aab354f90e5c7844, 522f384d5c8c4826a480dd7f1eeb6ade; no voters: 
I20260710 13:21:51.323849 22180 consensus_queue.cc:1048] T 9ce8a0eeb7c44c5ab6a59f77626c4146 P 215d4b9b692749d7aab354f90e5c7844 [LEADER]: Connected to new peer: Peer: permanent_uuid: "522f384d5c8c4826a480dd7f1eeb6ade" member_type: VOTER last_known_addr { host: "127.21.71.193" port: 42301 }, Status: LMP_MISMATCH, Last received: 0.0, Next index: 1, Last known committed idx: 0, Time since last communication: 0.001s
W20260710 13:21:51.342624 21871 auto_rebalancer.cc:288] Could not retrieve cluster info: Service unavailable: Tablet not running
I20260710 13:21:51.344910 21999 raft_consensus.cc:2468] T b9a70db13c984ba19e5b8815e400f6f4 P e2f338fb3f634b36bb012e0deeda7968 [term 1 FOLLOWER]: Leader election vote request: Granting yes vote for candidate 215d4b9b692749d7aab354f90e5c7844 in term 1.
I20260710 13:21:51.347055 22180 raft_consensus.cc:2804] T b9a70db13c984ba19e5b8815e400f6f4 P 215d4b9b692749d7aab354f90e5c7844 [term 1 FOLLOWER]: Leader election won for term 1
I20260710 13:21:51.347661 22180 raft_consensus.cc:697] T b9a70db13c984ba19e5b8815e400f6f4 P 215d4b9b692749d7aab354f90e5c7844 [term 1 LEADER]: Becoming Leader. State: Replica: 215d4b9b692749d7aab354f90e5c7844, State: Running, Role: LEADER
I20260710 13:21:51.349202 22180 consensus_queue.cc:237] T b9a70db13c984ba19e5b8815e400f6f4 P 215d4b9b692749d7aab354f90e5c7844 [LEADER]: Queue going to LEADER mode. State: All replicated index: 0, Majority replicated index: 0, Committed index: 0, Last appended: 0.0, Last appended by leader: 0, Current term: 1, Majority size: 2, State: 0, Mode: LEADER, active raft config: opid_index: -1 OBSOLETE_local: false peers { permanent_uuid: "522f384d5c8c4826a480dd7f1eeb6ade" member_type: VOTER last_known_addr { host: "127.21.71.193" port: 42301 } } peers { permanent_uuid: "e2f338fb3f634b36bb012e0deeda7968" member_type: VOTER last_known_addr { host: "127.21.71.194" port: 44943 } } peers { permanent_uuid: "215d4b9b692749d7aab354f90e5c7844" member_type: VOTER last_known_addr { host: "127.21.71.195" port: 41861 } }
I20260710 13:21:51.350715 22161 raft_consensus.cc:493] T d61b63eb15384a8180867f4c0ff2cfa1 P e2f338fb3f634b36bb012e0deeda7968 [term 0 FOLLOWER]: Starting pre-election (no leader contacted us within the election timeout)
I20260710 13:21:51.351248 22161 raft_consensus.cc:515] T d61b63eb15384a8180867f4c0ff2cfa1 P e2f338fb3f634b36bb012e0deeda7968 [term 0 FOLLOWER]: Starting pre-election with config: opid_index: -1 OBSOLETE_local: false peers { permanent_uuid: "522f384d5c8c4826a480dd7f1eeb6ade" member_type: VOTER last_known_addr { host: "127.21.71.193" port: 42301 } } peers { permanent_uuid: "e2f338fb3f634b36bb012e0deeda7968" member_type: VOTER last_known_addr { host: "127.21.71.194" port: 44943 } } peers { permanent_uuid: "215d4b9b692749d7aab354f90e5c7844" member_type: VOTER last_known_addr { host: "127.21.71.195" port: 41861 } }
I20260710 13:21:51.353636 22161 leader_election.cc:290] T d61b63eb15384a8180867f4c0ff2cfa1 P e2f338fb3f634b36bb012e0deeda7968 [CANDIDATE]: Term 1 pre-election: Requested pre-vote from peers 522f384d5c8c4826a480dd7f1eeb6ade (127.21.71.193:42301), 215d4b9b692749d7aab354f90e5c7844 (127.21.71.195:41861)
I20260710 13:21:51.355670 21925 tablet_service.cc:1917] Received RequestConsensusVote() RPC: tablet_id: "d61b63eb15384a8180867f4c0ff2cfa1" candidate_uuid: "e2f338fb3f634b36bb012e0deeda7968" candidate_term: 1 candidate_status { last_received { term: 0 index: 0 } } ignore_live_leader: false dest_uuid: "522f384d5c8c4826a480dd7f1eeb6ade" is_pre_election: true
I20260710 13:21:51.355911 22073 tablet_service.cc:1917] Received RequestConsensusVote() RPC: tablet_id: "d61b63eb15384a8180867f4c0ff2cfa1" candidate_uuid: "e2f338fb3f634b36bb012e0deeda7968" candidate_term: 1 candidate_status { last_received { term: 0 index: 0 } } ignore_live_leader: false dest_uuid: "215d4b9b692749d7aab354f90e5c7844" is_pre_election: true
I20260710 13:21:51.356616 22073 raft_consensus.cc:2393] T d61b63eb15384a8180867f4c0ff2cfa1 P 215d4b9b692749d7aab354f90e5c7844 [term 1 FOLLOWER]: Leader pre-election vote request: Denying vote to candidate e2f338fb3f634b36bb012e0deeda7968 in current term 1: Already voted for candidate 522f384d5c8c4826a480dd7f1eeb6ade in this term.
I20260710 13:21:51.357772 21965 leader_election.cc:304] T d61b63eb15384a8180867f4c0ff2cfa1 P e2f338fb3f634b36bb012e0deeda7968 [CANDIDATE]: Term 1 pre-election: Election decided. Result: candidate lost. Election summary: received 3 responses out of 3 voters: 1 yes votes; 2 no votes. yes voters: e2f338fb3f634b36bb012e0deeda7968; no voters: 215d4b9b692749d7aab354f90e5c7844, 522f384d5c8c4826a480dd7f1eeb6ade
I20260710 13:21:51.358942 22161 raft_consensus.cc:3060] T d61b63eb15384a8180867f4c0ff2cfa1 P e2f338fb3f634b36bb012e0deeda7968 [term 0 FOLLOWER]: Advancing to term 1
I20260710 13:21:51.365463 22161 raft_consensus.cc:2749] T d61b63eb15384a8180867f4c0ff2cfa1 P e2f338fb3f634b36bb012e0deeda7968 [term 1 FOLLOWER]: Leader pre-election lost for term 1. Reason: could not achieve majority
I20260710 13:21:51.380062 21822 catalog_manager.cc:5697] T b9a70db13c984ba19e5b8815e400f6f4 P 215d4b9b692749d7aab354f90e5c7844 reported cstate change: term changed from 0 to 1, leader changed from <none> to 215d4b9b692749d7aab354f90e5c7844 (127.21.71.195). New cstate: current_term: 1 leader_uuid: "215d4b9b692749d7aab354f90e5c7844" committed_config { opid_index: -1 OBSOLETE_local: false peers { permanent_uuid: "522f384d5c8c4826a480dd7f1eeb6ade" member_type: VOTER last_known_addr { host: "127.21.71.193" port: 42301 } health_report { overall_health: UNKNOWN } } peers { permanent_uuid: "e2f338fb3f634b36bb012e0deeda7968" member_type: VOTER last_known_addr { host: "127.21.71.194" port: 44943 } health_report { overall_health: UNKNOWN } } peers { permanent_uuid: "215d4b9b692749d7aab354f90e5c7844" member_type: VOTER last_known_addr { host: "127.21.71.195" port: 41861 } health_report { overall_health: HEALTHY } } }
I20260710 13:21:51.391023 22154 consensus_queue.cc:1048] T a845e4ca701e4bb880c691ca54f12ceb P 522f384d5c8c4826a480dd7f1eeb6ade [LEADER]: Connected to new peer: Peer: permanent_uuid: "215d4b9b692749d7aab354f90e5c7844" member_type: VOTER last_known_addr { host: "127.21.71.195" port: 41861 }, Status: LMP_MISMATCH, Last received: 0.0, Next index: 1, Last known committed idx: 0, Time since last communication: 0.000s
I20260710 13:21:51.408578 22156 consensus_queue.cc:1048] T a845e4ca701e4bb880c691ca54f12ceb P 522f384d5c8c4826a480dd7f1eeb6ade [LEADER]: Connected to new peer: Peer: permanent_uuid: "e2f338fb3f634b36bb012e0deeda7968" member_type: VOTER last_known_addr { host: "127.21.71.194" port: 44943 }, Status: LMP_MISMATCH, Last received: 0.0, Next index: 1, Last known committed idx: 0, Time since last communication: 0.000s
I20260710 13:21:51.459641 22073 raft_consensus.cc:3060] T ce132e0eca294c7bba454698e456fdf3 P 215d4b9b692749d7aab354f90e5c7844 [term 0 FOLLOWER]: Advancing to term 1
I20260710 13:21:51.465389 22161 consensus_queue.cc:1048] T ce132e0eca294c7bba454698e456fdf3 P e2f338fb3f634b36bb012e0deeda7968 [LEADER]: Connected to new peer: Peer: permanent_uuid: "215d4b9b692749d7aab354f90e5c7844" member_type: VOTER last_known_addr { host: "127.21.71.195" port: 41861 }, Status: LMP_MISMATCH, Last received: 0.0, Next index: 1, Last known committed idx: 0, Time since last communication: 0.000s
I20260710 13:21:51.471894 22156 raft_consensus.cc:493] T 00d09e9e8c854433bef18f30f3a4b583 P 522f384d5c8c4826a480dd7f1eeb6ade [term 0 FOLLOWER]: Starting pre-election (no leader contacted us within the election timeout)
I20260710 13:21:51.472389 22156 raft_consensus.cc:515] T 00d09e9e8c854433bef18f30f3a4b583 P 522f384d5c8c4826a480dd7f1eeb6ade [term 0 FOLLOWER]: Starting pre-election with config: opid_index: -1 OBSOLETE_local: false peers { permanent_uuid: "522f384d5c8c4826a480dd7f1eeb6ade" member_type: VOTER last_known_addr { host: "127.21.71.193" port: 42301 } } peers { permanent_uuid: "e2f338fb3f634b36bb012e0deeda7968" member_type: VOTER last_known_addr { host: "127.21.71.194" port: 44943 } } peers { permanent_uuid: "215d4b9b692749d7aab354f90e5c7844" member_type: VOTER last_known_addr { host: "127.21.71.195" port: 41861 } }
I20260710 13:21:51.474530 22156 leader_election.cc:290] T 00d09e9e8c854433bef18f30f3a4b583 P 522f384d5c8c4826a480dd7f1eeb6ade [CANDIDATE]: Term 1 pre-election: Requested pre-vote from peers e2f338fb3f634b36bb012e0deeda7968 (127.21.71.194:44943), 215d4b9b692749d7aab354f90e5c7844 (127.21.71.195:41861)
I20260710 13:21:51.476611 22000 tablet_service.cc:1917] Received RequestConsensusVote() RPC: tablet_id: "00d09e9e8c854433bef18f30f3a4b583" candidate_uuid: "522f384d5c8c4826a480dd7f1eeb6ade" candidate_term: 1 candidate_status { last_received { term: 0 index: 0 } } ignore_live_leader: false dest_uuid: "e2f338fb3f634b36bb012e0deeda7968" is_pre_election: true
I20260710 13:21:51.477389 22000 raft_consensus.cc:2393] T 00d09e9e8c854433bef18f30f3a4b583 P e2f338fb3f634b36bb012e0deeda7968 [term 1 FOLLOWER]: Leader pre-election vote request: Denying vote to candidate 522f384d5c8c4826a480dd7f1eeb6ade in current term 1: Already voted for candidate 215d4b9b692749d7aab354f90e5c7844 in this term.
I20260710 13:21:51.479961 22072 tablet_service.cc:1917] Received RequestConsensusVote() RPC: tablet_id: "00d09e9e8c854433bef18f30f3a4b583" candidate_uuid: "522f384d5c8c4826a480dd7f1eeb6ade" candidate_term: 1 candidate_status { last_received { term: 0 index: 0 } } ignore_live_leader: false dest_uuid: "215d4b9b692749d7aab354f90e5c7844" is_pre_election: true
I20260710 13:21:51.480053 22164 consensus_queue.cc:1048] T ce132e0eca294c7bba454698e456fdf3 P e2f338fb3f634b36bb012e0deeda7968 [LEADER]: Connected to new peer: Peer: permanent_uuid: "522f384d5c8c4826a480dd7f1eeb6ade" member_type: VOTER last_known_addr { host: "127.21.71.193" port: 42301 }, Status: LMP_MISMATCH, Last received: 0.0, Next index: 1, Last known committed idx: 0, Time since last communication: 0.001s
I20260710 13:21:51.481666 21890 leader_election.cc:304] T 00d09e9e8c854433bef18f30f3a4b583 P 522f384d5c8c4826a480dd7f1eeb6ade [CANDIDATE]: Term 1 pre-election: Election decided. Result: candidate lost. Election summary: received 3 responses out of 3 voters: 1 yes votes; 2 no votes. yes voters: 522f384d5c8c4826a480dd7f1eeb6ade; no voters: 215d4b9b692749d7aab354f90e5c7844, e2f338fb3f634b36bb012e0deeda7968
I20260710 13:21:51.482751 22156 raft_consensus.cc:3060] T 00d09e9e8c854433bef18f30f3a4b583 P 522f384d5c8c4826a480dd7f1eeb6ade [term 0 FOLLOWER]: Advancing to term 1
I20260710 13:21:51.489851 22156 raft_consensus.cc:2749] T 00d09e9e8c854433bef18f30f3a4b583 P 522f384d5c8c4826a480dd7f1eeb6ade [term 1 FOLLOWER]: Leader pre-election lost for term 1. Reason: could not achieve majority
I20260710 13:21:51.547461 22000 raft_consensus.cc:3060] T 3a71d1615f784249b9721b86736a7951 P e2f338fb3f634b36bb012e0deeda7968 [term 0 FOLLOWER]: Advancing to term 1
I20260710 13:21:51.553678 22156 consensus_queue.cc:1048] T 3a71d1615f784249b9721b86736a7951 P 522f384d5c8c4826a480dd7f1eeb6ade [LEADER]: Connected to new peer: Peer: permanent_uuid: "e2f338fb3f634b36bb012e0deeda7968" member_type: VOTER last_known_addr { host: "127.21.71.194" port: 44943 }, Status: LMP_MISMATCH, Last received: 0.0, Next index: 1, Last known committed idx: 0, Time since last communication: 0.000s
I20260710 13:21:51.565567 22157 consensus_queue.cc:1048] T 3a71d1615f784249b9721b86736a7951 P 522f384d5c8c4826a480dd7f1eeb6ade [LEADER]: Connected to new peer: Peer: permanent_uuid: "215d4b9b692749d7aab354f90e5c7844" member_type: VOTER last_known_addr { host: "127.21.71.195" port: 41861 }, Status: LMP_MISMATCH, Last received: 0.0, Next index: 1, Last known committed idx: 0, Time since last communication: 0.000s
I20260710 13:21:51.618856 22073 tablet_service.cc:2072] Received LeaderStepDown RPC: tablet_id: "9ce8a0eeb7c44c5ab6a59f77626c4146"
dest_uuid: "215d4b9b692749d7aab354f90e5c7844"
mode: GRACEFUL
new_leader_uuid: "522f384d5c8c4826a480dd7f1eeb6ade"
 from {username='slave'} at 127.0.0.1:50680
I20260710 13:21:51.619480 22073 raft_consensus.cc:606] T 9ce8a0eeb7c44c5ab6a59f77626c4146 P 215d4b9b692749d7aab354f90e5c7844 [term 1 LEADER]: Received request to transfer leadership to TS 522f384d5c8c4826a480dd7f1eeb6ade
I20260710 13:21:51.625066 22073 tablet_service.cc:2072] Received LeaderStepDown RPC: tablet_id: "00d09e9e8c854433bef18f30f3a4b583"
dest_uuid: "215d4b9b692749d7aab354f90e5c7844"
mode: GRACEFUL
new_leader_uuid: "522f384d5c8c4826a480dd7f1eeb6ade"
 from {username='slave'} at 127.0.0.1:50680
I20260710 13:21:51.625566 22073 raft_consensus.cc:606] T 00d09e9e8c854433bef18f30f3a4b583 P 215d4b9b692749d7aab354f90e5c7844 [term 1 LEADER]: Received request to transfer leadership to TS 522f384d5c8c4826a480dd7f1eeb6ade
I20260710 13:21:51.628979 22179 consensus_queue.cc:1048] T 00d09e9e8c854433bef18f30f3a4b583 P 215d4b9b692749d7aab354f90e5c7844 [LEADER]: Connected to new peer: Peer: permanent_uuid: "e2f338fb3f634b36bb012e0deeda7968" member_type: VOTER last_known_addr { host: "127.21.71.194" port: 44943 }, Status: LMP_MISMATCH, Last received: 0.0, Next index: 1, Last known committed idx: 0, Time since last communication: 0.000s
I20260710 13:21:51.642855 22180 consensus_queue.cc:1048] T 00d09e9e8c854433bef18f30f3a4b583 P 215d4b9b692749d7aab354f90e5c7844 [LEADER]: Connected to new peer: Peer: permanent_uuid: "522f384d5c8c4826a480dd7f1eeb6ade" member_type: VOTER last_known_addr { host: "127.21.71.193" port: 42301 }, Status: LMP_MISMATCH, Last received: 0.0, Next index: 1, Last known committed idx: 0, Time since last communication: 0.000s
I20260710 13:21:51.650446 22126 consensus_queue.cc:1048] T acb22573e42f48e2b8ad960833267c61 P e2f338fb3f634b36bb012e0deeda7968 [LEADER]: Connected to new peer: Peer: permanent_uuid: "215d4b9b692749d7aab354f90e5c7844" member_type: VOTER last_known_addr { host: "127.21.71.195" port: 41861 }, Status: LMP_MISMATCH, Last received: 0.0, Next index: 1, Last known committed idx: 0, Time since last communication: 0.000s
I20260710 13:21:51.651949 21999 tablet_service.cc:2072] Received LeaderStepDown RPC: tablet_id: "acb22573e42f48e2b8ad960833267c61"
dest_uuid: "e2f338fb3f634b36bb012e0deeda7968"
mode: GRACEFUL
new_leader_uuid: "522f384d5c8c4826a480dd7f1eeb6ade"
 from {username='slave'} at 127.0.0.1:51022
I20260710 13:21:51.652544 21999 raft_consensus.cc:606] T acb22573e42f48e2b8ad960833267c61 P e2f338fb3f634b36bb012e0deeda7968 [term 1 LEADER]: Received request to transfer leadership to TS 522f384d5c8c4826a480dd7f1eeb6ade
I20260710 13:21:51.653748 22190 consensus_queue.cc:1048] T acb22573e42f48e2b8ad960833267c61 P e2f338fb3f634b36bb012e0deeda7968 [LEADER]: Connected to new peer: Peer: permanent_uuid: "522f384d5c8c4826a480dd7f1eeb6ade" member_type: VOTER last_known_addr { host: "127.21.71.193" port: 42301 }, Status: LMP_MISMATCH, Last received: 0.0, Next index: 1, Last known committed idx: 0, Time since last communication: 0.001s
I20260710 13:21:51.656864 22157 consensus_queue.cc:1048] T 4e95bb6ab55f46cd8e060f2fb90f32fd P 522f384d5c8c4826a480dd7f1eeb6ade [LEADER]: Connected to new peer: Peer: permanent_uuid: "e2f338fb3f634b36bb012e0deeda7968" member_type: VOTER last_known_addr { host: "127.21.71.194" port: 44943 }, Status: LMP_MISMATCH, Last received: 0.0, Next index: 1, Last known committed idx: 0, Time since last communication: 0.000s
I20260710 13:21:51.668881 22180 raft_consensus.cc:993] T 00d09e9e8c854433bef18f30f3a4b583 P 215d4b9b692749d7aab354f90e5c7844: : Instructing follower 522f384d5c8c4826a480dd7f1eeb6ade to start an election
I20260710 13:21:51.669443 22180 raft_consensus.cc:1081] T 00d09e9e8c854433bef18f30f3a4b583 P 215d4b9b692749d7aab354f90e5c7844 [term 1 LEADER]: Signalling peer 522f384d5c8c4826a480dd7f1eeb6ade to start an election
I20260710 13:21:51.671334 21926 tablet_service.cc:2044] Received Run Leader Election RPC: tablet_id: "00d09e9e8c854433bef18f30f3a4b583"
dest_uuid: "522f384d5c8c4826a480dd7f1eeb6ade"
 from {username='slave'} at 127.0.0.1:38594
I20260710 13:21:51.671916 21926 raft_consensus.cc:493] T 00d09e9e8c854433bef18f30f3a4b583 P 522f384d5c8c4826a480dd7f1eeb6ade [term 1 FOLLOWER]: Starting forced leader election (received explicit request)
I20260710 13:21:51.672289 21926 raft_consensus.cc:3060] T 00d09e9e8c854433bef18f30f3a4b583 P 522f384d5c8c4826a480dd7f1eeb6ade [term 1 FOLLOWER]: Advancing to term 2
I20260710 13:21:51.692139 21926 raft_consensus.cc:515] T 00d09e9e8c854433bef18f30f3a4b583 P 522f384d5c8c4826a480dd7f1eeb6ade [term 2 FOLLOWER]: Starting forced leader election with config: opid_index: -1 OBSOLETE_local: false peers { permanent_uuid: "522f384d5c8c4826a480dd7f1eeb6ade" member_type: VOTER last_known_addr { host: "127.21.71.193" port: 42301 } } peers { permanent_uuid: "e2f338fb3f634b36bb012e0deeda7968" member_type: VOTER last_known_addr { host: "127.21.71.194" port: 44943 } } peers { permanent_uuid: "215d4b9b692749d7aab354f90e5c7844" member_type: VOTER last_known_addr { host: "127.21.71.195" port: 41861 } }
I20260710 13:21:51.695173 21999 tablet_service.cc:1917] Received RequestConsensusVote() RPC: tablet_id: "00d09e9e8c854433bef18f30f3a4b583" candidate_uuid: "522f384d5c8c4826a480dd7f1eeb6ade" candidate_term: 2 candidate_status { last_received { term: 1 index: 1 } } ignore_live_leader: true dest_uuid: "e2f338fb3f634b36bb012e0deeda7968"
I20260710 13:21:51.695852 21999 raft_consensus.cc:3060] T 00d09e9e8c854433bef18f30f3a4b583 P e2f338fb3f634b36bb012e0deeda7968 [term 1 FOLLOWER]: Advancing to term 2
I20260710 13:21:51.698676 22161 raft_consensus.cc:993] T acb22573e42f48e2b8ad960833267c61 P e2f338fb3f634b36bb012e0deeda7968: : Instructing follower 522f384d5c8c4826a480dd7f1eeb6ade to start an election
I20260710 13:21:51.699115 22161 raft_consensus.cc:1081] T acb22573e42f48e2b8ad960833267c61 P e2f338fb3f634b36bb012e0deeda7968 [term 1 LEADER]: Signalling peer 522f384d5c8c4826a480dd7f1eeb6ade to start an election
I20260710 13:21:51.701507 21924 tablet_service.cc:2044] Received Run Leader Election RPC: tablet_id: "acb22573e42f48e2b8ad960833267c61"
dest_uuid: "522f384d5c8c4826a480dd7f1eeb6ade"
 from {username='slave'} at 127.0.0.1:38598
I20260710 13:21:51.702085 21924 raft_consensus.cc:493] T acb22573e42f48e2b8ad960833267c61 P 522f384d5c8c4826a480dd7f1eeb6ade [term 1 FOLLOWER]: Starting forced leader election (received explicit request)
I20260710 13:21:51.702456 21924 raft_consensus.cc:3060] T acb22573e42f48e2b8ad960833267c61 P 522f384d5c8c4826a480dd7f1eeb6ade [term 1 FOLLOWER]: Advancing to term 2
I20260710 13:21:51.705542 21926 leader_election.cc:290] T 00d09e9e8c854433bef18f30f3a4b583 P 522f384d5c8c4826a480dd7f1eeb6ade [CANDIDATE]: Term 2 election: Requested vote from peers e2f338fb3f634b36bb012e0deeda7968 (127.21.71.194:44943), 215d4b9b692749d7aab354f90e5c7844 (127.21.71.195:41861)
I20260710 13:21:51.702287 21999 raft_consensus.cc:2468] T 00d09e9e8c854433bef18f30f3a4b583 P e2f338fb3f634b36bb012e0deeda7968 [term 2 FOLLOWER]: Leader election vote request: Granting yes vote for candidate 522f384d5c8c4826a480dd7f1eeb6ade in term 2.
I20260710 13:21:51.710119 21889 leader_election.cc:304] T 00d09e9e8c854433bef18f30f3a4b583 P 522f384d5c8c4826a480dd7f1eeb6ade [CANDIDATE]: Term 2 election: Election decided. Result: candidate won. Election summary: received 2 responses out of 3 voters: 2 yes votes; 0 no votes. yes voters: 522f384d5c8c4826a480dd7f1eeb6ade, e2f338fb3f634b36bb012e0deeda7968; no voters: 
I20260710 13:21:51.710999 22162 raft_consensus.cc:2804] T 00d09e9e8c854433bef18f30f3a4b583 P 522f384d5c8c4826a480dd7f1eeb6ade [term 2 FOLLOWER]: Leader election won for term 2
I20260710 13:21:51.711481 22162 raft_consensus.cc:697] T 00d09e9e8c854433bef18f30f3a4b583 P 522f384d5c8c4826a480dd7f1eeb6ade [term 2 LEADER]: Becoming Leader. State: Replica: 522f384d5c8c4826a480dd7f1eeb6ade, State: Running, Role: LEADER
I20260710 13:21:51.712245 22162 consensus_queue.cc:237] T 00d09e9e8c854433bef18f30f3a4b583 P 522f384d5c8c4826a480dd7f1eeb6ade [LEADER]: Queue going to LEADER mode. State: All replicated index: 0, Majority replicated index: 1, Committed index: 1, Last appended: 1.1, Last appended by leader: 1, Current term: 2, Majority size: 2, State: 0, Mode: LEADER, active raft config: opid_index: -1 OBSOLETE_local: false peers { permanent_uuid: "522f384d5c8c4826a480dd7f1eeb6ade" member_type: VOTER last_known_addr { host: "127.21.71.193" port: 42301 } } peers { permanent_uuid: "e2f338fb3f634b36bb012e0deeda7968" member_type: VOTER last_known_addr { host: "127.21.71.194" port: 44943 } } peers { permanent_uuid: "215d4b9b692749d7aab354f90e5c7844" member_type: VOTER last_known_addr { host: "127.21.71.195" port: 41861 } }
I20260710 13:21:51.713452 21924 raft_consensus.cc:515] T acb22573e42f48e2b8ad960833267c61 P 522f384d5c8c4826a480dd7f1eeb6ade [term 2 FOLLOWER]: Starting forced leader election with config: opid_index: -1 OBSOLETE_local: false peers { permanent_uuid: "522f384d5c8c4826a480dd7f1eeb6ade" member_type: VOTER last_known_addr { host: "127.21.71.193" port: 42301 } } peers { permanent_uuid: "e2f338fb3f634b36bb012e0deeda7968" member_type: VOTER last_known_addr { host: "127.21.71.194" port: 44943 } } peers { permanent_uuid: "215d4b9b692749d7aab354f90e5c7844" member_type: VOTER last_known_addr { host: "127.21.71.195" port: 41861 } }
I20260710 13:21:51.715915 21924 leader_election.cc:290] T acb22573e42f48e2b8ad960833267c61 P 522f384d5c8c4826a480dd7f1eeb6ade [CANDIDATE]: Term 2 election: Requested vote from peers e2f338fb3f634b36bb012e0deeda7968 (127.21.71.194:44943), 215d4b9b692749d7aab354f90e5c7844 (127.21.71.195:41861)
I20260710 13:21:51.717458 22000 tablet_service.cc:1917] Received RequestConsensusVote() RPC: tablet_id: "acb22573e42f48e2b8ad960833267c61" candidate_uuid: "522f384d5c8c4826a480dd7f1eeb6ade" candidate_term: 2 candidate_status { last_received { term: 1 index: 1 } } ignore_live_leader: true dest_uuid: "e2f338fb3f634b36bb012e0deeda7968"
I20260710 13:21:51.718360 22000 raft_consensus.cc:3055] T acb22573e42f48e2b8ad960833267c61 P e2f338fb3f634b36bb012e0deeda7968 [term 1 LEADER]: Stepping down as leader of term 1
I20260710 13:21:51.718712 22000 raft_consensus.cc:740] T acb22573e42f48e2b8ad960833267c61 P e2f338fb3f634b36bb012e0deeda7968 [term 1 LEADER]: Becoming Follower/Learner. State: Replica: e2f338fb3f634b36bb012e0deeda7968, State: Running, Role: LEADER
I20260710 13:21:51.719525 21926 raft_consensus.cc:1240] T acb22573e42f48e2b8ad960833267c61 P 522f384d5c8c4826a480dd7f1eeb6ade [term 2 FOLLOWER]: Rejecting Update request from peer e2f338fb3f634b36bb012e0deeda7968 for earlier term 1. Current term is 2. Ops: []
I20260710 13:21:51.719542 22000 consensus_queue.cc:260] T acb22573e42f48e2b8ad960833267c61 P e2f338fb3f634b36bb012e0deeda7968 [NON_LEADER]: Queue going to NON_LEADER mode. State: All replicated index: 0, Majority replicated index: 1, Committed index: 1, Last appended: 1.1, Last appended by leader: 1, Current term: 1, Majority size: -1, State: 0, Mode: NON_LEADER, active raft config: opid_index: -1 OBSOLETE_local: false peers { permanent_uuid: "522f384d5c8c4826a480dd7f1eeb6ade" member_type: VOTER last_known_addr { host: "127.21.71.193" port: 42301 } } peers { permanent_uuid: "e2f338fb3f634b36bb012e0deeda7968" member_type: VOTER last_known_addr { host: "127.21.71.194" port: 44943 } } peers { permanent_uuid: "215d4b9b692749d7aab354f90e5c7844" member_type: VOTER last_known_addr { host: "127.21.71.195" port: 41861 } }
I20260710 13:21:51.725881 22000 raft_consensus.cc:3060] T acb22573e42f48e2b8ad960833267c61 P e2f338fb3f634b36bb012e0deeda7968 [term 1 FOLLOWER]: Advancing to term 2
I20260710 13:21:51.723291 21820 catalog_manager.cc:5697] T 00d09e9e8c854433bef18f30f3a4b583 P 522f384d5c8c4826a480dd7f1eeb6ade reported cstate change: term changed from 1 to 2, leader changed from 215d4b9b692749d7aab354f90e5c7844 (127.21.71.195) to 522f384d5c8c4826a480dd7f1eeb6ade (127.21.71.193). New cstate: current_term: 2 leader_uuid: "522f384d5c8c4826a480dd7f1eeb6ade" committed_config { opid_index: -1 OBSOLETE_local: false peers { permanent_uuid: "522f384d5c8c4826a480dd7f1eeb6ade" member_type: VOTER last_known_addr { host: "127.21.71.193" port: 42301 } health_report { overall_health: HEALTHY } } peers { permanent_uuid: "e2f338fb3f634b36bb012e0deeda7968" member_type: VOTER last_known_addr { host: "127.21.71.194" port: 44943 } health_report { overall_health: UNKNOWN } } peers { permanent_uuid: "215d4b9b692749d7aab354f90e5c7844" member_type: VOTER last_known_addr { host: "127.21.71.195" port: 41861 } health_report { overall_health: UNKNOWN } } }
W20260710 13:21:51.727981 22126 consensus_queue.cc:1175] T acb22573e42f48e2b8ad960833267c61 P e2f338fb3f634b36bb012e0deeda7968 [NON_LEADER]: Queue is closed or peer was untracked, disregarding peer response. Response: responder_uuid: "215d4b9b692749d7aab354f90e5c7844" responder_term: 1 status { last_received { term: 1 index: 1 } last_committed_idx: 0 last_received_current_leader { term: 1 index: 1 } }
I20260710 13:21:51.736860 22162 consensus_queue.cc:1048] T d61b63eb15384a8180867f4c0ff2cfa1 P 522f384d5c8c4826a480dd7f1eeb6ade [LEADER]: Connected to new peer: Peer: permanent_uuid: "e2f338fb3f634b36bb012e0deeda7968" member_type: VOTER last_known_addr { host: "127.21.71.194" port: 44943 }, Status: LMP_MISMATCH, Last received: 0.0, Next index: 1, Last known committed idx: 0, Time since last communication: 0.000s
I20260710 13:21:51.737443 22000 raft_consensus.cc:2468] T acb22573e42f48e2b8ad960833267c61 P e2f338fb3f634b36bb012e0deeda7968 [term 2 FOLLOWER]: Leader election vote request: Granting yes vote for candidate 522f384d5c8c4826a480dd7f1eeb6ade in term 2.
I20260710 13:21:51.741460 21889 leader_election.cc:304] T acb22573e42f48e2b8ad960833267c61 P 522f384d5c8c4826a480dd7f1eeb6ade [CANDIDATE]: Term 2 election: Election decided. Result: candidate won. Election summary: received 2 responses out of 3 voters: 2 yes votes; 0 no votes. yes voters: 522f384d5c8c4826a480dd7f1eeb6ade, e2f338fb3f634b36bb012e0deeda7968; no voters: 
I20260710 13:21:51.742337 22162 raft_consensus.cc:2804] T acb22573e42f48e2b8ad960833267c61 P 522f384d5c8c4826a480dd7f1eeb6ade [term 2 FOLLOWER]: Leader election won for term 2
I20260710 13:21:51.742925 22162 raft_consensus.cc:697] T acb22573e42f48e2b8ad960833267c61 P 522f384d5c8c4826a480dd7f1eeb6ade [term 2 LEADER]: Becoming Leader. State: Replica: 522f384d5c8c4826a480dd7f1eeb6ade, State: Running, Role: LEADER
I20260710 13:21:51.743778 22162 consensus_queue.cc:237] T acb22573e42f48e2b8ad960833267c61 P 522f384d5c8c4826a480dd7f1eeb6ade [LEADER]: Queue going to LEADER mode. State: All replicated index: 0, Majority replicated index: 0, Committed index: 0, Last appended: 1.1, Last appended by leader: 1, Current term: 2, Majority size: 2, State: 0, Mode: LEADER, active raft config: opid_index: -1 OBSOLETE_local: false peers { permanent_uuid: "522f384d5c8c4826a480dd7f1eeb6ade" member_type: VOTER last_known_addr { host: "127.21.71.193" port: 42301 } } peers { permanent_uuid: "e2f338fb3f634b36bb012e0deeda7968" member_type: VOTER last_known_addr { host: "127.21.71.194" port: 44943 } } peers { permanent_uuid: "215d4b9b692749d7aab354f90e5c7844" member_type: VOTER last_known_addr { host: "127.21.71.195" port: 41861 } }
I20260710 13:21:51.754763 22179 consensus_queue.cc:1048] T b9a70db13c984ba19e5b8815e400f6f4 P 215d4b9b692749d7aab354f90e5c7844 [LEADER]: Connected to new peer: Peer: permanent_uuid: "522f384d5c8c4826a480dd7f1eeb6ade" member_type: VOTER last_known_addr { host: "127.21.71.193" port: 42301 }, Status: LMP_MISMATCH, Last received: 0.0, Next index: 1, Last known committed idx: 0, Time since last communication: 0.000s
I20260710 13:21:51.753744 21820 catalog_manager.cc:5697] T acb22573e42f48e2b8ad960833267c61 P 522f384d5c8c4826a480dd7f1eeb6ade reported cstate change: term changed from 1 to 2, leader changed from e2f338fb3f634b36bb012e0deeda7968 (127.21.71.194) to 522f384d5c8c4826a480dd7f1eeb6ade (127.21.71.193). New cstate: current_term: 2 leader_uuid: "522f384d5c8c4826a480dd7f1eeb6ade" committed_config { opid_index: -1 OBSOLETE_local: false peers { permanent_uuid: "522f384d5c8c4826a480dd7f1eeb6ade" member_type: VOTER last_known_addr { host: "127.21.71.193" port: 42301 } health_report { overall_health: HEALTHY } } peers { permanent_uuid: "e2f338fb3f634b36bb012e0deeda7968" member_type: VOTER last_known_addr { host: "127.21.71.194" port: 44943 } health_report { overall_health: UNKNOWN } } peers { permanent_uuid: "215d4b9b692749d7aab354f90e5c7844" member_type: VOTER last_known_addr { host: "127.21.71.195" port: 41861 } health_report { overall_health: UNKNOWN } } }
I20260710 13:21:51.757289 22073 tablet_service.cc:1917] Received RequestConsensusVote() RPC: tablet_id: "00d09e9e8c854433bef18f30f3a4b583" candidate_uuid: "522f384d5c8c4826a480dd7f1eeb6ade" candidate_term: 2 candidate_status { last_received { term: 1 index: 1 } } ignore_live_leader: true dest_uuid: "215d4b9b692749d7aab354f90e5c7844"
I20260710 13:21:51.757898 22073 raft_consensus.cc:3055] T 00d09e9e8c854433bef18f30f3a4b583 P 215d4b9b692749d7aab354f90e5c7844 [term 1 LEADER]: Stepping down as leader of term 1
I20260710 13:21:51.758208 22073 raft_consensus.cc:740] T 00d09e9e8c854433bef18f30f3a4b583 P 215d4b9b692749d7aab354f90e5c7844 [term 1 LEADER]: Becoming Follower/Learner. State: Replica: 215d4b9b692749d7aab354f90e5c7844, State: Running, Role: LEADER
I20260710 13:21:51.759049 22073 consensus_queue.cc:260] T 00d09e9e8c854433bef18f30f3a4b583 P 215d4b9b692749d7aab354f90e5c7844 [NON_LEADER]: Queue going to NON_LEADER mode. State: All replicated index: 0, Majority replicated index: 1, Committed index: 1, Last appended: 1.1, Last appended by leader: 1, Current term: 1, Majority size: -1, State: 0, Mode: NON_LEADER, active raft config: opid_index: -1 OBSOLETE_local: false peers { permanent_uuid: "522f384d5c8c4826a480dd7f1eeb6ade" member_type: VOTER last_known_addr { host: "127.21.71.193" port: 42301 } } peers { permanent_uuid: "e2f338fb3f634b36bb012e0deeda7968" member_type: VOTER last_known_addr { host: "127.21.71.194" port: 44943 } } peers { permanent_uuid: "215d4b9b692749d7aab354f90e5c7844" member_type: VOTER last_known_addr { host: "127.21.71.195" port: 41861 } }
I20260710 13:21:51.760367 22073 raft_consensus.cc:3060] T 00d09e9e8c854433bef18f30f3a4b583 P 215d4b9b692749d7aab354f90e5c7844 [term 1 FOLLOWER]: Advancing to term 2
I20260710 13:21:51.765154 22072 tablet_service.cc:1917] Received RequestConsensusVote() RPC: tablet_id: "acb22573e42f48e2b8ad960833267c61" candidate_uuid: "522f384d5c8c4826a480dd7f1eeb6ade" candidate_term: 2 candidate_status { last_received { term: 1 index: 1 } } ignore_live_leader: true dest_uuid: "215d4b9b692749d7aab354f90e5c7844"
I20260710 13:21:51.765781 22072 raft_consensus.cc:3060] T acb22573e42f48e2b8ad960833267c61 P 215d4b9b692749d7aab354f90e5c7844 [term 1 FOLLOWER]: Advancing to term 2
I20260710 13:21:51.766140 22157 consensus_queue.cc:1048] T 4e95bb6ab55f46cd8e060f2fb90f32fd P 522f384d5c8c4826a480dd7f1eeb6ade [LEADER]: Connected to new peer: Peer: permanent_uuid: "215d4b9b692749d7aab354f90e5c7844" member_type: VOTER last_known_addr { host: "127.21.71.195" port: 41861 }, Status: LMP_MISMATCH, Last received: 0.0, Next index: 1, Last known committed idx: 0, Time since last communication: 0.001s
I20260710 13:21:51.769877 22157 consensus_queue.cc:1048] T d61b63eb15384a8180867f4c0ff2cfa1 P 522f384d5c8c4826a480dd7f1eeb6ade [LEADER]: Connected to new peer: Peer: permanent_uuid: "215d4b9b692749d7aab354f90e5c7844" member_type: VOTER last_known_addr { host: "127.21.71.195" port: 41861 }, Status: LMP_MISMATCH, Last received: 0.0, Next index: 1, Last known committed idx: 0, Time since last communication: 0.001s
I20260710 13:21:51.791599 21924 tablet_service.cc:2072] Received LeaderStepDown RPC: tablet_id: "3a71d1615f784249b9721b86736a7951"
dest_uuid: "522f384d5c8c4826a480dd7f1eeb6ade"
mode: GRACEFUL
new_leader_uuid: "e2f338fb3f634b36bb012e0deeda7968"
 from {username='slave'} at 127.0.0.1:38610
I20260710 13:21:51.792245 21924 raft_consensus.cc:606] T 3a71d1615f784249b9721b86736a7951 P 522f384d5c8c4826a480dd7f1eeb6ade [term 1 LEADER]: Received request to transfer leadership to TS e2f338fb3f634b36bb012e0deeda7968
I20260710 13:21:51.793948 22072 raft_consensus.cc:2468] T acb22573e42f48e2b8ad960833267c61 P 215d4b9b692749d7aab354f90e5c7844 [term 2 FOLLOWER]: Leader election vote request: Granting yes vote for candidate 522f384d5c8c4826a480dd7f1eeb6ade in term 2.
I20260710 13:21:51.799254 22072 tablet_service.cc:2072] Received LeaderStepDown RPC: tablet_id: "b9a70db13c984ba19e5b8815e400f6f4"
dest_uuid: "215d4b9b692749d7aab354f90e5c7844"
mode: GRACEFUL
new_leader_uuid: "e2f338fb3f634b36bb012e0deeda7968"
 from {username='slave'} at 127.0.0.1:50680
I20260710 13:21:51.799857 22072 raft_consensus.cc:606] T b9a70db13c984ba19e5b8815e400f6f4 P 215d4b9b692749d7aab354f90e5c7844 [term 1 LEADER]: Received request to transfer leadership to TS e2f338fb3f634b36bb012e0deeda7968
I20260710 13:21:51.805364 22073 raft_consensus.cc:2468] T 00d09e9e8c854433bef18f30f3a4b583 P 215d4b9b692749d7aab354f90e5c7844 [term 2 FOLLOWER]: Leader election vote request: Granting yes vote for candidate 522f384d5c8c4826a480dd7f1eeb6ade in term 2.
I20260710 13:21:51.805789 21924 tablet_service.cc:2072] Received LeaderStepDown RPC: tablet_id: "d61b63eb15384a8180867f4c0ff2cfa1"
dest_uuid: "522f384d5c8c4826a480dd7f1eeb6ade"
mode: GRACEFUL
new_leader_uuid: "e2f338fb3f634b36bb012e0deeda7968"
 from {username='slave'} at 127.0.0.1:38610
I20260710 13:21:51.806366 21924 raft_consensus.cc:606] T d61b63eb15384a8180867f4c0ff2cfa1 P 522f384d5c8c4826a480dd7f1eeb6ade [term 1 LEADER]: Received request to transfer leadership to TS e2f338fb3f634b36bb012e0deeda7968
