I20260710 13:22:19.304190 18150 raft_consensus.cc:2955] T df8490d899d34331aa151b2b4a753aa6 P f1fbec439ded435883dbcb7ef613163e [term 1 LEADER]: Committing config change with OpId 1.4: config changed from index 3 to 4, VOTER de79b0d790e54db2a0046157c4ef3159 (127.16.21.194) evicted. New config: { opid_index: 4 OBSOLETE_local: false peers { permanent_uuid: "f1fbec439ded435883dbcb7ef613163e" member_type: VOTER last_known_addr { host: "127.16.21.193" port: 37807 } } peers { permanent_uuid: "75b32674163247c3a72de6374690e97a" member_type: VOTER last_known_addr { host: "127.16.21.195" port: 43553 } } peers { permanent_uuid: "8be686e7f37f4ddba89530c9cb93e97c" member_type: VOTER last_known_addr { host: "127.16.21.196" port: 41783 } attrs { promote: false } } }
I20260710 13:22:19.305826 18178 tablet_replica.cc:333] T 1853addc14bf47fab0b948b17d1d19e6 P 75b32674163247c3a72de6374690e97a: stopping tablet replica
I20260710 13:22:19.306901 18178 raft_consensus.cc:2243] T 1853addc14bf47fab0b948b17d1d19e6 P 75b32674163247c3a72de6374690e97a [term 1 FOLLOWER]: Raft consensus shutting down.
I20260710 13:22:19.307543 18178 raft_consensus.cc:2272] T 1853addc14bf47fab0b948b17d1d19e6 P 75b32674163247c3a72de6374690e97a [term 1 FOLLOWER]: Raft consensus is shut down!
I20260710 13:22:19.307514 18008 raft_consensus.cc:2955] T df8490d899d34331aa151b2b4a753aa6 P 8be686e7f37f4ddba89530c9cb93e97c [term 1 FOLLOWER]: Committing config change with OpId 1.4: config changed from index 3 to 4, VOTER de79b0d790e54db2a0046157c4ef3159 (127.16.21.194) evicted. New config: { opid_index: 4 OBSOLETE_local: false peers { permanent_uuid: "f1fbec439ded435883dbcb7ef613163e" member_type: VOTER last_known_addr { host: "127.16.21.193" port: 37807 } } peers { permanent_uuid: "75b32674163247c3a72de6374690e97a" member_type: VOTER last_known_addr { host: "127.16.21.195" port: 43553 } } peers { permanent_uuid: "8be686e7f37f4ddba89530c9cb93e97c" member_type: VOTER last_known_addr { host: "127.16.21.196" port: 41783 } attrs { promote: false } } }
I20260710 13:22:19.310941 18178 ts_tablet_manager.cc:1916] T 1853addc14bf47fab0b948b17d1d19e6 P 75b32674163247c3a72de6374690e97a: Deleting tablet data with delete state TABLET_DATA_TOMBSTONED
I20260710 13:22:19.314128 17463 catalog_manager.cc:5210] ChangeConfig:REMOVE_PEER RPC for tablet df8490d899d34331aa151b2b4a753aa6 with cas_config_opid_index 3: ChangeConfig:REMOVE_PEER succeeded (attempt 1)
I20260710 13:22:19.314431 17727 raft_consensus.cc:2955] T df8490d899d34331aa151b2b4a753aa6 P 75b32674163247c3a72de6374690e97a [term 1 FOLLOWER]: Committing config change with OpId 1.4: config changed from index 3 to 4, VOTER de79b0d790e54db2a0046157c4ef3159 (127.16.21.194) evicted. New config: { opid_index: 4 OBSOLETE_local: false peers { permanent_uuid: "f1fbec439ded435883dbcb7ef613163e" member_type: VOTER last_known_addr { host: "127.16.21.193" port: 37807 } } peers { permanent_uuid: "75b32674163247c3a72de6374690e97a" member_type: VOTER last_known_addr { host: "127.16.21.195" port: 43553 } } peers { permanent_uuid: "8be686e7f37f4ddba89530c9cb93e97c" member_type: VOTER last_known_addr { host: "127.16.21.196" port: 41783 } attrs { promote: false } } }
I20260710 13:22:19.325241 17643 tablet_service.cc:1558] Processing DeleteTablet for tablet f3e285ade61c4c5db4260dd9b06619ca with delete_type TABLET_DATA_TOMBSTONED (TS de79b0d790e54db2a0046157c4ef3159 not found in new config with opid_index 4) from {username='slave'} at 127.0.0.1:48402
I20260710 13:22:19.325703 18178 ts_tablet_manager.cc:1929] T 1853addc14bf47fab0b948b17d1d19e6 P 75b32674163247c3a72de6374690e97a: tablet deleted with delete type TABLET_DATA_TOMBSTONED: last-logged OpId 1.3
I20260710 13:22:19.326063 18178 log.cc:1199] T 1853addc14bf47fab0b948b17d1d19e6 P 75b32674163247c3a72de6374690e97a: Deleting WAL directory at /tmp/dist-test-taskCUuIX2/test-tmp/auto_leader_rebalancer-test.0.LeaderRebalancerTest.AddTserver.1783689705893377-16471-0/minicluster-data/ts-2-root/wals/1853addc14bf47fab0b948b17d1d19e6
I20260710 13:22:19.327106 18179 tablet_replica.cc:333] T f3e285ade61c4c5db4260dd9b06619ca P de79b0d790e54db2a0046157c4ef3159: stopping tablet replica
I20260710 13:22:19.328064 17711 tablet_service.cc:1558] Processing DeleteTablet for tablet ca8fffc3e4f34ed5bd3cf5c583f89957 with delete_type TABLET_DATA_TOMBSTONED (TS 75b32674163247c3a72de6374690e97a not found in new config with opid_index 4) from {username='slave'} at 127.0.0.1:37742
I20260710 13:22:19.329048 18178 tablet_replica.cc:333] T ca8fffc3e4f34ed5bd3cf5c583f89957 P 75b32674163247c3a72de6374690e97a: stopping tablet replica
I20260710 13:22:19.329888 17463 catalog_manager.cc:5028] TS 75b32674163247c3a72de6374690e97a (127.16.21.195:43553): tablet 1853addc14bf47fab0b948b17d1d19e6 (table test-workload [id=9e96609c134b454ca0950e74257482fa]) successfully deleted
I20260710 13:22:19.328073 18179 raft_consensus.cc:2243] T f3e285ade61c4c5db4260dd9b06619ca P de79b0d790e54db2a0046157c4ef3159 [term 1 FOLLOWER]: Raft consensus shutting down.
I20260710 13:22:19.332784 18179 raft_consensus.cc:2272] T f3e285ade61c4c5db4260dd9b06619ca P de79b0d790e54db2a0046157c4ef3159 [term 1 FOLLOWER]: Raft consensus is shut down!
I20260710 13:22:19.332729 17476 catalog_manager.cc:5697] T df8490d899d34331aa151b2b4a753aa6 P 8be686e7f37f4ddba89530c9cb93e97c reported cstate change: config changed from index 3 to 4, VOTER de79b0d790e54db2a0046157c4ef3159 (127.16.21.194) evicted. New cstate: current_term: 1 leader_uuid: "f1fbec439ded435883dbcb7ef613163e" committed_config { opid_index: 4 OBSOLETE_local: false peers { permanent_uuid: "f1fbec439ded435883dbcb7ef613163e" member_type: VOTER last_known_addr { host: "127.16.21.193" port: 37807 } } peers { permanent_uuid: "75b32674163247c3a72de6374690e97a" member_type: VOTER last_known_addr { host: "127.16.21.195" port: 43553 } } peers { permanent_uuid: "8be686e7f37f4ddba89530c9cb93e97c" member_type: VOTER last_known_addr { host: "127.16.21.196" port: 41783 } attrs { promote: false } } }
I20260710 13:22:19.338084 18179 ts_tablet_manager.cc:1916] T f3e285ade61c4c5db4260dd9b06619ca P de79b0d790e54db2a0046157c4ef3159: Deleting tablet data with delete state TABLET_DATA_TOMBSTONED
I20260710 13:22:19.330304 18178 raft_consensus.cc:2243] T ca8fffc3e4f34ed5bd3cf5c583f89957 P 75b32674163247c3a72de6374690e97a [term 1 FOLLOWER]: Raft consensus shutting down.
I20260710 13:22:19.343003 18178 raft_consensus.cc:2272] T ca8fffc3e4f34ed5bd3cf5c583f89957 P 75b32674163247c3a72de6374690e97a [term 1 FOLLOWER]: Raft consensus is shut down!
I20260710 13:22:19.346413 18178 ts_tablet_manager.cc:1916] T ca8fffc3e4f34ed5bd3cf5c583f89957 P 75b32674163247c3a72de6374690e97a: Deleting tablet data with delete state TABLET_DATA_TOMBSTONED
I20260710 13:22:19.350872 17643 tablet_service.cc:1558] Processing DeleteTablet for tablet df8490d899d34331aa151b2b4a753aa6 with delete_type TABLET_DATA_TOMBSTONED (TS de79b0d790e54db2a0046157c4ef3159 not found in new config with opid_index 4) from {username='slave'} at 127.0.0.1:48402
I20260710 13:22:19.353204 18179 ts_tablet_manager.cc:1929] T f3e285ade61c4c5db4260dd9b06619ca P de79b0d790e54db2a0046157c4ef3159: tablet deleted with delete type TABLET_DATA_TOMBSTONED: last-logged OpId 1.3
I20260710 13:22:19.353518 18179 log.cc:1199] T f3e285ade61c4c5db4260dd9b06619ca P de79b0d790e54db2a0046157c4ef3159: Deleting WAL directory at /tmp/dist-test-taskCUuIX2/test-tmp/auto_leader_rebalancer-test.0.LeaderRebalancerTest.AddTserver.1783689705893377-16471-0/minicluster-data/ts-1-root/wals/f3e285ade61c4c5db4260dd9b06619ca
I20260710 13:22:19.354846 18179 tablet_replica.cc:333] T df8490d899d34331aa151b2b4a753aa6 P de79b0d790e54db2a0046157c4ef3159: stopping tablet replica
I20260710 13:22:19.354794 17463 catalog_manager.cc:5028] TS de79b0d790e54db2a0046157c4ef3159 (127.16.21.194:33225): tablet f3e285ade61c4c5db4260dd9b06619ca (table test-workload [id=9e96609c134b454ca0950e74257482fa]) successfully deleted
I20260710 13:22:19.355705 18179 raft_consensus.cc:2243] T df8490d899d34331aa151b2b4a753aa6 P de79b0d790e54db2a0046157c4ef3159 [term 1 FOLLOWER]: Raft consensus shutting down.
I20260710 13:22:19.356302 18179 raft_consensus.cc:2272] T df8490d899d34331aa151b2b4a753aa6 P de79b0d790e54db2a0046157c4ef3159 [term 1 FOLLOWER]: Raft consensus is shut down!
I20260710 13:22:19.358800 18179 ts_tablet_manager.cc:1916] T df8490d899d34331aa151b2b4a753aa6 P de79b0d790e54db2a0046157c4ef3159: Deleting tablet data with delete state TABLET_DATA_TOMBSTONED
I20260710 13:22:19.359329 18178 ts_tablet_manager.cc:1929] T ca8fffc3e4f34ed5bd3cf5c583f89957 P 75b32674163247c3a72de6374690e97a: tablet deleted with delete type TABLET_DATA_TOMBSTONED: last-logged OpId 1.3
I20260710 13:22:19.359768 18178 log.cc:1199] T ca8fffc3e4f34ed5bd3cf5c583f89957 P 75b32674163247c3a72de6374690e97a: Deleting WAL directory at /tmp/dist-test-taskCUuIX2/test-tmp/auto_leader_rebalancer-test.0.LeaderRebalancerTest.AddTserver.1783689705893377-16471-0/minicluster-data/ts-2-root/wals/ca8fffc3e4f34ed5bd3cf5c583f89957
I20260710 13:22:19.361182 17463 catalog_manager.cc:5028] TS 75b32674163247c3a72de6374690e97a (127.16.21.195:43553): tablet ca8fffc3e4f34ed5bd3cf5c583f89957 (table test-workload [id=9e96609c134b454ca0950e74257482fa]) successfully deleted
I20260710 13:22:19.369133 18179 ts_tablet_manager.cc:1929] T df8490d899d34331aa151b2b4a753aa6 P de79b0d790e54db2a0046157c4ef3159: tablet deleted with delete type TABLET_DATA_TOMBSTONED: last-logged OpId 1.3
I20260710 13:22:19.369486 18179 log.cc:1199] T df8490d899d34331aa151b2b4a753aa6 P de79b0d790e54db2a0046157c4ef3159: Deleting WAL directory at /tmp/dist-test-taskCUuIX2/test-tmp/auto_leader_rebalancer-test.0.LeaderRebalancerTest.AddTserver.1783689705893377-16471-0/minicluster-data/ts-1-root/wals/df8490d899d34331aa151b2b4a753aa6
I20260710 13:22:19.370599 17463 catalog_manager.cc:5028] TS de79b0d790e54db2a0046157c4ef3159 (127.16.21.194:33225): tablet df8490d899d34331aa151b2b4a753aa6 (table test-workload [id=9e96609c134b454ca0950e74257482fa]) successfully deleted
I20260710 13:22:20.380595 17727 consensus_queue.cc:237] T 5709f60d697a4fdea8247101f59941cf P 75b32674163247c3a72de6374690e97a [LEADER]: Queue going to LEADER mode. State: All replicated index: 0, Majority replicated index: 1, Committed index: 1, Last appended: 1.1, Last appended by leader: 0, Current term: 1, Majority size: 2, State: 0, Mode: LEADER, active raft config: opid_index: 2 OBSOLETE_local: false peers { permanent_uuid: "f1fbec439ded435883dbcb7ef613163e" member_type: VOTER last_known_addr { host: "127.16.21.193" port: 37807 } attrs { replace: true } } peers { permanent_uuid: "de79b0d790e54db2a0046157c4ef3159" member_type: VOTER last_known_addr { host: "127.16.21.194" port: 33225 } } peers { permanent_uuid: "75b32674163247c3a72de6374690e97a" member_type: VOTER last_known_addr { host: "127.16.21.195" port: 43553 } } peers { permanent_uuid: "8be686e7f37f4ddba89530c9cb93e97c" member_type: NON_VOTER last_known_addr { host: "127.16.21.196" port: 41783 } attrs { promote: true } }
W20260710 13:22:20.386052 17692 consensus_peers.cc:597] T 5709f60d697a4fdea8247101f59941cf P 75b32674163247c3a72de6374690e97a -> Peer 8be686e7f37f4ddba89530c9cb93e97c (127.16.21.196:41783): Couldn't send request to peer 8be686e7f37f4ddba89530c9cb93e97c. Error code: TABLET_NOT_FOUND (6). Status: Not found: Tablet not found: 5709f60d697a4fdea8247101f59941cf. This is attempt 1: this message will repeat every 5th retry.
I20260710 13:22:20.386515 17575 raft_consensus.cc:1275] T 5709f60d697a4fdea8247101f59941cf P f1fbec439ded435883dbcb7ef613163e [term 1 FOLLOWER]: Refusing update from remote peer 75b32674163247c3a72de6374690e97a: Log matching property violated. Preceding OpId in replica: term: 1 index: 1. Preceding OpId from leader: term: 1 index: 2. (index mismatch)
I20260710 13:22:20.387038 17645 raft_consensus.cc:1275] T 5709f60d697a4fdea8247101f59941cf P de79b0d790e54db2a0046157c4ef3159 [term 1 FOLLOWER]: Refusing update from remote peer 75b32674163247c3a72de6374690e97a: Log matching property violated. Preceding OpId in replica: term: 1 index: 1. Preceding OpId from leader: term: 1 index: 2. (index mismatch)
I20260710 13:22:20.387609 18181 consensus_queue.cc:1048] T 5709f60d697a4fdea8247101f59941cf P 75b32674163247c3a72de6374690e97a [LEADER]: Connected to new peer: Peer: permanent_uuid: "f1fbec439ded435883dbcb7ef613163e" member_type: VOTER last_known_addr { host: "127.16.21.193" port: 37807 } attrs { replace: true }, Status: LMP_MISMATCH, Last received: 0.0, Next index: 2, Last known committed idx: 1, Time since last communication: 0.000s
I20260710 13:22:20.388371 18154 consensus_queue.cc:1048] T 5709f60d697a4fdea8247101f59941cf P 75b32674163247c3a72de6374690e97a [LEADER]: Connected to new peer: Peer: permanent_uuid: "de79b0d790e54db2a0046157c4ef3159" member_type: VOTER last_known_addr { host: "127.16.21.194" port: 33225 }, Status: LMP_MISMATCH, Last received: 0.0, Next index: 2, Last known committed idx: 1, Time since last communication: 0.000s
I20260710 13:22:20.396559 18154 raft_consensus.cc:2955] T 5709f60d697a4fdea8247101f59941cf P 75b32674163247c3a72de6374690e97a [term 1 LEADER]: Committing config change with OpId 1.2: config changed from index -1 to 2, NON_VOTER 8be686e7f37f4ddba89530c9cb93e97c (127.16.21.196) added. New config: { opid_index: 2 OBSOLETE_local: false peers { permanent_uuid: "f1fbec439ded435883dbcb7ef613163e" member_type: VOTER last_known_addr { host: "127.16.21.193" port: 37807 } attrs { replace: true } } peers { permanent_uuid: "de79b0d790e54db2a0046157c4ef3159" member_type: VOTER last_known_addr { host: "127.16.21.194" port: 33225 } } peers { permanent_uuid: "75b32674163247c3a72de6374690e97a" member_type: VOTER last_known_addr { host: "127.16.21.195" port: 43553 } } peers { permanent_uuid: "8be686e7f37f4ddba89530c9cb93e97c" member_type: NON_VOTER last_known_addr { host: "127.16.21.196" port: 41783 } attrs { promote: true } } }
I20260710 13:22:20.398142 17645 raft_consensus.cc:2955] T 5709f60d697a4fdea8247101f59941cf P de79b0d790e54db2a0046157c4ef3159 [term 1 FOLLOWER]: Committing config change with OpId 1.2: config changed from index -1 to 2, NON_VOTER 8be686e7f37f4ddba89530c9cb93e97c (127.16.21.196) added. New config: { opid_index: 2 OBSOLETE_local: false peers { permanent_uuid: "f1fbec439ded435883dbcb7ef613163e" member_type: VOTER last_known_addr { host: "127.16.21.193" port: 37807 } attrs { replace: true } } peers { permanent_uuid: "de79b0d790e54db2a0046157c4ef3159" member_type: VOTER last_known_addr { host: "127.16.21.194" port: 33225 } } peers { permanent_uuid: "75b32674163247c3a72de6374690e97a" member_type: VOTER last_known_addr { host: "127.16.21.195" port: 43553 } } peers { permanent_uuid: "8be686e7f37f4ddba89530c9cb93e97c" member_type: NON_VOTER last_known_addr { host: "127.16.21.196" port: 41783 } attrs { promote: true } } }
I20260710 13:22:20.399991 17575 raft_consensus.cc:2955] T 5709f60d697a4fdea8247101f59941cf P f1fbec439ded435883dbcb7ef613163e [term 1 FOLLOWER]: Committing config change with OpId 1.2: config changed from index -1 to 2, NON_VOTER 8be686e7f37f4ddba89530c9cb93e97c (127.16.21.196) added. New config: { opid_index: 2 OBSOLETE_local: false peers { permanent_uuid: "f1fbec439ded435883dbcb7ef613163e" member_type: VOTER last_known_addr { host: "127.16.21.193" port: 37807 } attrs { replace: true } } peers { permanent_uuid: "de79b0d790e54db2a0046157c4ef3159" member_type: VOTER last_known_addr { host: "127.16.21.194" port: 33225 } } peers { permanent_uuid: "75b32674163247c3a72de6374690e97a" member_type: VOTER last_known_addr { host: "127.16.21.195" port: 43553 } } peers { permanent_uuid: "8be686e7f37f4ddba89530c9cb93e97c" member_type: NON_VOTER last_known_addr { host: "127.16.21.196" port: 41783 } attrs { promote: true } } }
I20260710 13:22:20.410709 17475 catalog_manager.cc:5697] T 5709f60d697a4fdea8247101f59941cf P f1fbec439ded435883dbcb7ef613163e reported cstate change: config changed from index -1 to 2, NON_VOTER 8be686e7f37f4ddba89530c9cb93e97c (127.16.21.196) added. New cstate: current_term: 1 leader_uuid: "75b32674163247c3a72de6374690e97a" committed_config { opid_index: 2 OBSOLETE_local: false peers { permanent_uuid: "f1fbec439ded435883dbcb7ef613163e" member_type: VOTER last_known_addr { host: "127.16.21.193" port: 37807 } attrs { replace: true } } peers { permanent_uuid: "de79b0d790e54db2a0046157c4ef3159" member_type: VOTER last_known_addr { host: "127.16.21.194" port: 33225 } } peers { permanent_uuid: "75b32674163247c3a72de6374690e97a" member_type: VOTER last_known_addr { host: "127.16.21.195" port: 43553 } } peers { permanent_uuid: "8be686e7f37f4ddba89530c9cb93e97c" member_type: NON_VOTER last_known_addr { host: "127.16.21.196" port: 41783 } attrs { promote: true } } }
I20260710 13:22:20.413334 17727 consensus_queue.cc:237] T cbd9d496d7064b6ea2f68e0b62cfd7ce P 75b32674163247c3a72de6374690e97a [LEADER]: Queue going to LEADER mode. State: All replicated index: 0, Majority replicated index: 1, Committed index: 1, Last appended: 1.1, Last appended by leader: 0, Current term: 1, Majority size: 2, State: 0, Mode: LEADER, active raft config: opid_index: 2 OBSOLETE_local: false peers { permanent_uuid: "f1fbec439ded435883dbcb7ef613163e" member_type: VOTER last_known_addr { host: "127.16.21.193" port: 37807 } attrs { replace: true } } peers { permanent_uuid: "de79b0d790e54db2a0046157c4ef3159" member_type: VOTER last_known_addr { host: "127.16.21.194" port: 33225 } } peers { permanent_uuid: "75b32674163247c3a72de6374690e97a" member_type: VOTER last_known_addr { host: "127.16.21.195" port: 43553 } } peers { permanent_uuid: "8be686e7f37f4ddba89530c9cb93e97c" member_type: NON_VOTER last_known_addr { host: "127.16.21.196" port: 41783 } attrs { promote: true } }
I20260710 13:22:20.420173 17645 raft_consensus.cc:1275] T cbd9d496d7064b6ea2f68e0b62cfd7ce P de79b0d790e54db2a0046157c4ef3159 [term 1 FOLLOWER]: Refusing update from remote peer 75b32674163247c3a72de6374690e97a: Log matching property violated. Preceding OpId in replica: term: 1 index: 1. Preceding OpId from leader: term: 1 index: 2. (index mismatch)
I20260710 13:22:20.421494 17575 raft_consensus.cc:1275] T cbd9d496d7064b6ea2f68e0b62cfd7ce P f1fbec439ded435883dbcb7ef613163e [term 1 FOLLOWER]: Refusing update from remote peer 75b32674163247c3a72de6374690e97a: Log matching property violated. Preceding OpId in replica: term: 1 index: 1. Preceding OpId from leader: term: 1 index: 2. (index mismatch)
W20260710 13:22:20.422055 17692 consensus_peers.cc:597] T cbd9d496d7064b6ea2f68e0b62cfd7ce P 75b32674163247c3a72de6374690e97a -> Peer 8be686e7f37f4ddba89530c9cb93e97c (127.16.21.196:41783): Couldn't send request to peer 8be686e7f37f4ddba89530c9cb93e97c. Error code: TABLET_NOT_FOUND (6). Status: Not found: Tablet not found: cbd9d496d7064b6ea2f68e0b62cfd7ce. This is attempt 1: this message will repeat every 5th retry.
I20260710 13:22:20.423058 18154 consensus_queue.cc:1048] T cbd9d496d7064b6ea2f68e0b62cfd7ce P 75b32674163247c3a72de6374690e97a [LEADER]: Connected to new peer: Peer: permanent_uuid: "de79b0d790e54db2a0046157c4ef3159" member_type: VOTER last_known_addr { host: "127.16.21.194" port: 33225 }, Status: LMP_MISMATCH, Last received: 0.0, Next index: 2, Last known committed idx: 1, Time since last communication: 0.000s
I20260710 13:22:20.424398 18181 consensus_queue.cc:1048] T cbd9d496d7064b6ea2f68e0b62cfd7ce P 75b32674163247c3a72de6374690e97a [LEADER]: Connected to new peer: Peer: permanent_uuid: "f1fbec439ded435883dbcb7ef613163e" member_type: VOTER last_known_addr { host: "127.16.21.193" port: 37807 } attrs { replace: true }, Status: LMP_MISMATCH, Last received: 0.0, Next index: 2, Last known committed idx: 1, Time since last communication: 0.001s
I20260710 13:22:20.433089 18154 raft_consensus.cc:2955] T cbd9d496d7064b6ea2f68e0b62cfd7ce P 75b32674163247c3a72de6374690e97a [term 1 LEADER]: Committing config change with OpId 1.2: config changed from index -1 to 2, NON_VOTER 8be686e7f37f4ddba89530c9cb93e97c (127.16.21.196) added. New config: { opid_index: 2 OBSOLETE_local: false peers { permanent_uuid: "f1fbec439ded435883dbcb7ef613163e" member_type: VOTER last_known_addr { host: "127.16.21.193" port: 37807 } attrs { replace: true } } peers { permanent_uuid: "de79b0d790e54db2a0046157c4ef3159" member_type: VOTER last_known_addr { host: "127.16.21.194" port: 33225 } } peers { permanent_uuid: "75b32674163247c3a72de6374690e97a" member_type: VOTER last_known_addr { host: "127.16.21.195" port: 43553 } } peers { permanent_uuid: "8be686e7f37f4ddba89530c9cb93e97c" member_type: NON_VOTER last_known_addr { host: "127.16.21.196" port: 41783 } attrs { promote: true } } }
I20260710 13:22:20.434396 17645 raft_consensus.cc:2955] T cbd9d496d7064b6ea2f68e0b62cfd7ce P de79b0d790e54db2a0046157c4ef3159 [term 1 FOLLOWER]: Committing config change with OpId 1.2: config changed from index -1 to 2, NON_VOTER 8be686e7f37f4ddba89530c9cb93e97c (127.16.21.196) added. New config: { opid_index: 2 OBSOLETE_local: false peers { permanent_uuid: "f1fbec439ded435883dbcb7ef613163e" member_type: VOTER last_known_addr { host: "127.16.21.193" port: 37807 } attrs { replace: true } } peers { permanent_uuid: "de79b0d790e54db2a0046157c4ef3159" member_type: VOTER last_known_addr { host: "127.16.21.194" port: 33225 } } peers { permanent_uuid: "75b32674163247c3a72de6374690e97a" member_type: VOTER last_known_addr { host: "127.16.21.195" port: 43553 } } peers { permanent_uuid: "8be686e7f37f4ddba89530c9cb93e97c" member_type: NON_VOTER last_known_addr { host: "127.16.21.196" port: 41783 } attrs { promote: true } } }
I20260710 13:22:20.440964 17575 raft_consensus.cc:2955] T cbd9d496d7064b6ea2f68e0b62cfd7ce P f1fbec439ded435883dbcb7ef613163e [term 1 FOLLOWER]: Committing config change with OpId 1.2: config changed from index -1 to 2, NON_VOTER 8be686e7f37f4ddba89530c9cb93e97c (127.16.21.196) added. New config: { opid_index: 2 OBSOLETE_local: false peers { permanent_uuid: "f1fbec439ded435883dbcb7ef613163e" member_type: VOTER last_known_addr { host: "127.16.21.193" port: 37807 } attrs { replace: true } } peers { permanent_uuid: "de79b0d790e54db2a0046157c4ef3159" member_type: VOTER last_known_addr { host: "127.16.21.194" port: 33225 } } peers { permanent_uuid: "75b32674163247c3a72de6374690e97a" member_type: VOTER last_known_addr { host: "127.16.21.195" port: 43553 } } peers { permanent_uuid: "8be686e7f37f4ddba89530c9cb93e97c" member_type: NON_VOTER last_known_addr { host: "127.16.21.196" port: 41783 } attrs { promote: true } } }
I20260710 13:22:20.445776 17577 consensus_queue.cc:237] T c414e965b70245f59a2987bd22981ddf P f1fbec439ded435883dbcb7ef613163e [LEADER]: Queue going to LEADER mode. State: All replicated index: 0, Majority replicated index: 1, Committed index: 1, Last appended: 1.1, Last appended by leader: 0, Current term: 1, Majority size: 2, State: 0, Mode: LEADER, active raft config: opid_index: 2 OBSOLETE_local: false peers { permanent_uuid: "f1fbec439ded435883dbcb7ef613163e" member_type: VOTER last_known_addr { host: "127.16.21.193" port: 37807 } } peers { permanent_uuid: "de79b0d790e54db2a0046157c4ef3159" member_type: VOTER last_known_addr { host: "127.16.21.194" port: 33225 } attrs { replace: true } } peers { permanent_uuid: "75b32674163247c3a72de6374690e97a" member_type: VOTER last_known_addr { host: "127.16.21.195" port: 43553 } } peers { permanent_uuid: "8be686e7f37f4ddba89530c9cb93e97c" member_type: NON_VOTER last_known_addr { host: "127.16.21.196" port: 41783 } attrs { promote: true } }
I20260710 13:22:20.446805 17473 catalog_manager.cc:5697] T cbd9d496d7064b6ea2f68e0b62cfd7ce P de79b0d790e54db2a0046157c4ef3159 reported cstate change: config changed from index -1 to 2, NON_VOTER 8be686e7f37f4ddba89530c9cb93e97c (127.16.21.196) added. New cstate: current_term: 1 leader_uuid: "75b32674163247c3a72de6374690e97a" committed_config { opid_index: 2 OBSOLETE_local: false peers { permanent_uuid: "f1fbec439ded435883dbcb7ef613163e" member_type: VOTER last_known_addr { host: "127.16.21.193" port: 37807 } attrs { replace: true } } peers { permanent_uuid: "de79b0d790e54db2a0046157c4ef3159" member_type: VOTER last_known_addr { host: "127.16.21.194" port: 33225 } } peers { permanent_uuid: "75b32674163247c3a72de6374690e97a" member_type: VOTER last_known_addr { host: "127.16.21.195" port: 43553 } } peers { permanent_uuid: "8be686e7f37f4ddba89530c9cb93e97c" member_type: NON_VOTER last_known_addr { host: "127.16.21.196" port: 41783 } attrs { promote: true } } }
W20260710 13:22:20.455533 17543 consensus_peers.cc:597] T c414e965b70245f59a2987bd22981ddf P f1fbec439ded435883dbcb7ef613163e -> Peer 8be686e7f37f4ddba89530c9cb93e97c (127.16.21.196:41783): Couldn't send request to peer 8be686e7f37f4ddba89530c9cb93e97c. Error code: TABLET_NOT_FOUND (6). Status: Not found: Tablet not found: c414e965b70245f59a2987bd22981ddf. This is attempt 1: this message will repeat every 5th retry.
I20260710 13:22:20.455873 17727 raft_consensus.cc:1275] T c414e965b70245f59a2987bd22981ddf P 75b32674163247c3a72de6374690e97a [term 1 FOLLOWER]: Refusing update from remote peer f1fbec439ded435883dbcb7ef613163e: Log matching property violated. Preceding OpId in replica: term: 1 index: 1. Preceding OpId from leader: term: 1 index: 2. (index mismatch)
I20260710 13:22:20.457492 18150 consensus_queue.cc:1048] T c414e965b70245f59a2987bd22981ddf P f1fbec439ded435883dbcb7ef613163e [LEADER]: Connected to new peer: Peer: permanent_uuid: "75b32674163247c3a72de6374690e97a" member_type: VOTER last_known_addr { host: "127.16.21.195" port: 43553 }, Status: LMP_MISMATCH, Last received: 0.0, Next index: 2, Last known committed idx: 1, Time since last communication: 0.000s
I20260710 13:22:20.460635 17645 raft_consensus.cc:1275] T c414e965b70245f59a2987bd22981ddf P de79b0d790e54db2a0046157c4ef3159 [term 1 FOLLOWER]: Refusing update from remote peer f1fbec439ded435883dbcb7ef613163e: Log matching property violated. Preceding OpId in replica: term: 1 index: 1. Preceding OpId from leader: term: 1 index: 2. (index mismatch)
I20260710 13:22:20.461678 18150 consensus_queue.cc:1048] T c414e965b70245f59a2987bd22981ddf P f1fbec439ded435883dbcb7ef613163e [LEADER]: Connected to new peer: Peer: permanent_uuid: "de79b0d790e54db2a0046157c4ef3159" member_type: VOTER last_known_addr { host: "127.16.21.194" port: 33225 } attrs { replace: true }, Status: LMP_MISMATCH, Last received: 0.0, Next index: 2, Last known committed idx: 1, Time since last communication: 0.000s
I20260710 13:22:20.465984 18177 raft_consensus.cc:2955] T c414e965b70245f59a2987bd22981ddf P f1fbec439ded435883dbcb7ef613163e [term 1 LEADER]: Committing config change with OpId 1.2: config changed from index -1 to 2, NON_VOTER 8be686e7f37f4ddba89530c9cb93e97c (127.16.21.196) added. New config: { opid_index: 2 OBSOLETE_local: false peers { permanent_uuid: "f1fbec439ded435883dbcb7ef613163e" member_type: VOTER last_known_addr { host: "127.16.21.193" port: 37807 } } peers { permanent_uuid: "de79b0d790e54db2a0046157c4ef3159" member_type: VOTER last_known_addr { host: "127.16.21.194" port: 33225 } attrs { replace: true } } peers { permanent_uuid: "75b32674163247c3a72de6374690e97a" member_type: VOTER last_known_addr { host: "127.16.21.195" port: 43553 } } peers { permanent_uuid: "8be686e7f37f4ddba89530c9cb93e97c" member_type: NON_VOTER last_known_addr { host: "127.16.21.196" port: 41783 } attrs { promote: true } } }
I20260710 13:22:20.468163 17727 raft_consensus.cc:2955] T c414e965b70245f59a2987bd22981ddf P 75b32674163247c3a72de6374690e97a [term 1 FOLLOWER]: Committing config change with OpId 1.2: config changed from index -1 to 2, NON_VOTER 8be686e7f37f4ddba89530c9cb93e97c (127.16.21.196) added. New config: { opid_index: 2 OBSOLETE_local: false peers { permanent_uuid: "f1fbec439ded435883dbcb7ef613163e" member_type: VOTER last_known_addr { host: "127.16.21.193" port: 37807 } } peers { permanent_uuid: "de79b0d790e54db2a0046157c4ef3159" member_type: VOTER last_known_addr { host: "127.16.21.194" port: 33225 } attrs { replace: true } } peers { permanent_uuid: "75b32674163247c3a72de6374690e97a" member_type: VOTER last_known_addr { host: "127.16.21.195" port: 43553 } } peers { permanent_uuid: "8be686e7f37f4ddba89530c9cb93e97c" member_type: NON_VOTER last_known_addr { host: "127.16.21.196" port: 41783 } attrs { promote: true } } }
I20260710 13:22:20.476428 17650 raft_consensus.cc:2955] T c414e965b70245f59a2987bd22981ddf P de79b0d790e54db2a0046157c4ef3159 [term 1 FOLLOWER]: Committing config change with OpId 1.2: config changed from index -1 to 2, NON_VOTER 8be686e7f37f4ddba89530c9cb93e97c (127.16.21.196) added. New config: { opid_index: 2 OBSOLETE_local: false peers { permanent_uuid: "f1fbec439ded435883dbcb7ef613163e" member_type: VOTER last_known_addr { host: "127.16.21.193" port: 37807 } } peers { permanent_uuid: "de79b0d790e54db2a0046157c4ef3159" member_type: VOTER last_known_addr { host: "127.16.21.194" port: 33225 } attrs { replace: true } } peers { permanent_uuid: "75b32674163247c3a72de6374690e97a" member_type: VOTER last_known_addr { host: "127.16.21.195" port: 43553 } } peers { permanent_uuid: "8be686e7f37f4ddba89530c9cb93e97c" member_type: NON_VOTER last_known_addr { host: "127.16.21.196" port: 41783 } attrs { promote: true } } }
I20260710 13:22:20.481609 17577 consensus_queue.cc:237] T 802fd89424b942969cd7981030ea979d P f1fbec439ded435883dbcb7ef613163e [LEADER]: Queue going to LEADER mode. State: All replicated index: 0, Majority replicated index: 1, Committed index: 1, Last appended: 1.1, Last appended by leader: 0, Current term: 1, Majority size: 2, State: 0, Mode: LEADER, active raft config: opid_index: 2 OBSOLETE_local: false peers { permanent_uuid: "f1fbec439ded435883dbcb7ef613163e" member_type: VOTER last_known_addr { host: "127.16.21.193" port: 37807 } } peers { permanent_uuid: "de79b0d790e54db2a0046157c4ef3159" member_type: VOTER last_known_addr { host: "127.16.21.194" port: 33225 } } peers { permanent_uuid: "75b32674163247c3a72de6374690e97a" member_type: VOTER last_known_addr { host: "127.16.21.195" port: 43553 } attrs { replace: true } } peers { permanent_uuid: "8be686e7f37f4ddba89530c9cb93e97c" member_type: NON_VOTER last_known_addr { host: "127.16.21.196" port: 41783 } attrs { promote: true } }
I20260710 13:22:20.488552 17475 catalog_manager.cc:5697] T c414e965b70245f59a2987bd22981ddf P de79b0d790e54db2a0046157c4ef3159 reported cstate change: config changed from index -1 to 2, NON_VOTER 8be686e7f37f4ddba89530c9cb93e97c (127.16.21.196) added. New cstate: current_term: 1 leader_uuid: "f1fbec439ded435883dbcb7ef613163e" committed_config { opid_index: 2 OBSOLETE_local: false peers { permanent_uuid: "f1fbec439ded435883dbcb7ef613163e" member_type: VOTER last_known_addr { host: "127.16.21.193" port: 37807 } } peers { permanent_uuid: "de79b0d790e54db2a0046157c4ef3159" member_type: VOTER last_known_addr { host: "127.16.21.194" port: 33225 } attrs { replace: true } } peers { permanent_uuid: "75b32674163247c3a72de6374690e97a" member_type: VOTER last_known_addr { host: "127.16.21.195" port: 43553 } } peers { permanent_uuid: "8be686e7f37f4ddba89530c9cb93e97c" member_type: NON_VOTER last_known_addr { host: "127.16.21.196" port: 41783 } attrs { promote: true } } }
W20260710 13:22:20.493252 17543 consensus_peers.cc:597] T 802fd89424b942969cd7981030ea979d P f1fbec439ded435883dbcb7ef613163e -> Peer 8be686e7f37f4ddba89530c9cb93e97c (127.16.21.196:41783): Couldn't send request to peer 8be686e7f37f4ddba89530c9cb93e97c. Error code: TABLET_NOT_FOUND (6). Status: Not found: Tablet not found: 802fd89424b942969cd7981030ea979d. This is attempt 1: this message will repeat every 5th retry.
I20260710 13:22:20.493916 17727 raft_consensus.cc:1275] T 802fd89424b942969cd7981030ea979d P 75b32674163247c3a72de6374690e97a [term 1 FOLLOWER]: Refusing update from remote peer f1fbec439ded435883dbcb7ef613163e: Log matching property violated. Preceding OpId in replica: term: 1 index: 1. Preceding OpId from leader: term: 1 index: 2. (index mismatch)
I20260710 13:22:20.494818 17645 raft_consensus.cc:1275] T 802fd89424b942969cd7981030ea979d P de79b0d790e54db2a0046157c4ef3159 [term 1 FOLLOWER]: Refusing update from remote peer f1fbec439ded435883dbcb7ef613163e: Log matching property violated. Preceding OpId in replica: term: 1 index: 1. Preceding OpId from leader: term: 1 index: 2. (index mismatch)
I20260710 13:22:20.495087 18177 consensus_queue.cc:1048] T 802fd89424b942969cd7981030ea979d P f1fbec439ded435883dbcb7ef613163e [LEADER]: Connected to new peer: Peer: permanent_uuid: "75b32674163247c3a72de6374690e97a" member_type: VOTER last_known_addr { host: "127.16.21.195" port: 43553 } attrs { replace: true }, Status: LMP_MISMATCH, Last received: 0.0, Next index: 2, Last known committed idx: 1, Time since last communication: 0.000s
I20260710 13:22:20.496237 18150 consensus_queue.cc:1048] T 802fd89424b942969cd7981030ea979d P f1fbec439ded435883dbcb7ef613163e [LEADER]: Connected to new peer: Peer: permanent_uuid: "de79b0d790e54db2a0046157c4ef3159" member_type: VOTER last_known_addr { host: "127.16.21.194" port: 33225 }, Status: LMP_MISMATCH, Last received: 0.0, Next index: 2, Last known committed idx: 1, Time since last communication: 0.000s
I20260710 13:22:20.508261 18177 raft_consensus.cc:2955] T 802fd89424b942969cd7981030ea979d P f1fbec439ded435883dbcb7ef613163e [term 1 LEADER]: Committing config change with OpId 1.2: config changed from index -1 to 2, NON_VOTER 8be686e7f37f4ddba89530c9cb93e97c (127.16.21.196) added. New config: { opid_index: 2 OBSOLETE_local: false peers { permanent_uuid: "f1fbec439ded435883dbcb7ef613163e" member_type: VOTER last_known_addr { host: "127.16.21.193" port: 37807 } } peers { permanent_uuid: "de79b0d790e54db2a0046157c4ef3159" member_type: VOTER last_known_addr { host: "127.16.21.194" port: 33225 } } peers { permanent_uuid: "75b32674163247c3a72de6374690e97a" member_type: VOTER last_known_addr { host: "127.16.21.195" port: 43553 } attrs { replace: true } } peers { permanent_uuid: "8be686e7f37f4ddba89530c9cb93e97c" member_type: NON_VOTER last_known_addr { host: "127.16.21.196" port: 41783 } attrs { promote: true } } }
I20260710 13:22:20.511252 17721 raft_consensus.cc:2955] T 802fd89424b942969cd7981030ea979d P 75b32674163247c3a72de6374690e97a [term 1 FOLLOWER]: Committing config change with OpId 1.2: config changed from index -1 to 2, NON_VOTER 8be686e7f37f4ddba89530c9cb93e97c (127.16.21.196) added. New config: { opid_index: 2 OBSOLETE_local: false peers { permanent_uuid: "f1fbec439ded435883dbcb7ef613163e" member_type: VOTER last_known_addr { host: "127.16.21.193" port: 37807 } } peers { permanent_uuid: "de79b0d790e54db2a0046157c4ef3159" member_type: VOTER last_known_addr { host: "127.16.21.194" port: 33225 } } peers { permanent_uuid: "75b32674163247c3a72de6374690e97a" member_type: VOTER last_known_addr { host: "127.16.21.195" port: 43553 } attrs { replace: true } } peers { permanent_uuid: "8be686e7f37f4ddba89530c9cb93e97c" member_type: NON_VOTER last_known_addr { host: "127.16.21.196" port: 41783 } attrs { promote: true } } }
I20260710 13:22:20.524652 17476 catalog_manager.cc:5697] T 802fd89424b942969cd7981030ea979d P f1fbec439ded435883dbcb7ef613163e reported cstate change: config changed from index -1 to 2, NON_VOTER 8be686e7f37f4ddba89530c9cb93e97c (127.16.21.196) added. New cstate: current_term: 1 leader_uuid: "f1fbec439ded435883dbcb7ef613163e" committed_config { opid_index: 2 OBSOLETE_local: false peers { permanent_uuid: "f1fbec439ded435883dbcb7ef613163e" member_type: VOTER last_known_addr { host: "127.16.21.193" port: 37807 } health_report { overall_health: HEALTHY } } peers { permanent_uuid: "de79b0d790e54db2a0046157c4ef3159" member_type: VOTER last_known_addr { host: "127.16.21.194" port: 33225 } health_report { overall_health: UNKNOWN } } peers { permanent_uuid: "75b32674163247c3a72de6374690e97a" member_type: VOTER last_known_addr { host: "127.16.21.195" port: 43553 } attrs { replace: true } health_report { overall_health: HEALTHY } } peers { permanent_uuid: "8be686e7f37f4ddba89530c9cb93e97c" member_type: NON_VOTER last_known_addr { host: "127.16.21.196" port: 41783 } attrs { promote: true } health_report { overall_health: UNKNOWN } } }
I20260710 13:22:20.534461 17650 raft_consensus.cc:2955] T 802fd89424b942969cd7981030ea979d P de79b0d790e54db2a0046157c4ef3159 [term 1 FOLLOWER]: Committing config change with OpId 1.2: config changed from index -1 to 2, NON_VOTER 8be686e7f37f4ddba89530c9cb93e97c (127.16.21.196) added. New config: { opid_index: 2 OBSOLETE_local: false peers { permanent_uuid: "f1fbec439ded435883dbcb7ef613163e" member_type: VOTER last_known_addr { host: "127.16.21.193" port: 37807 } } peers { permanent_uuid: "de79b0d790e54db2a0046157c4ef3159" member_type: VOTER last_known_addr { host: "127.16.21.194" port: 33225 } } peers { permanent_uuid: "75b32674163247c3a72de6374690e97a" member_type: VOTER last_known_addr { host: "127.16.21.195" port: 43553 } attrs { replace: true } } peers { permanent_uuid: "8be686e7f37f4ddba89530c9cb93e97c" member_type: NON_VOTER last_known_addr { host: "127.16.21.196" port: 41783 } attrs { promote: true } } }
I20260710 13:22:20.879647 18199 ts_tablet_manager.cc:933] T cbd9d496d7064b6ea2f68e0b62cfd7ce P 8be686e7f37f4ddba89530c9cb93e97c: Initiating tablet copy from peer 75b32674163247c3a72de6374690e97a (127.16.21.195:43553)
I20260710 13:22:20.882509 18199 tablet_copy_client.cc:323] T cbd9d496d7064b6ea2f68e0b62cfd7ce P 8be686e7f37f4ddba89530c9cb93e97c: tablet copy: Beginning tablet copy session from remote peer at address 127.16.21.195:43553
I20260710 13:22:20.884126 17737 tablet_copy_service.cc:140] P 75b32674163247c3a72de6374690e97a: Received BeginTabletCopySession request for tablet cbd9d496d7064b6ea2f68e0b62cfd7ce from peer 8be686e7f37f4ddba89530c9cb93e97c ({username='slave'} at 127.0.0.1:37776)
I20260710 13:22:20.884718 17737 tablet_copy_service.cc:161] P 75b32674163247c3a72de6374690e97a: Beginning new tablet copy session on tablet cbd9d496d7064b6ea2f68e0b62cfd7ce from peer 8be686e7f37f4ddba89530c9cb93e97c at {username='slave'} at 127.0.0.1:37776: session id = 8be686e7f37f4ddba89530c9cb93e97c-cbd9d496d7064b6ea2f68e0b62cfd7ce
I20260710 13:22:20.891764 17737 tablet_copy_source_session.cc:215] T cbd9d496d7064b6ea2f68e0b62cfd7ce P 75b32674163247c3a72de6374690e97a: Tablet Copy: opened 0 blocks and 1 log segments
I20260710 13:22:20.894771 18199 data_dirs.cc:400] Could only allocate 1 dirs of requested 3 for tablet cbd9d496d7064b6ea2f68e0b62cfd7ce. 1 dirs total, 0 dirs full, 0 dirs failed
I20260710 13:22:20.905699 18199 tablet_copy_client.cc:806] T cbd9d496d7064b6ea2f68e0b62cfd7ce P 8be686e7f37f4ddba89530c9cb93e97c: tablet copy: Starting download of 0 data blocks...
I20260710 13:22:20.906293 18199 tablet_copy_client.cc:670] T cbd9d496d7064b6ea2f68e0b62cfd7ce P 8be686e7f37f4ddba89530c9cb93e97c: tablet copy: Starting download of 1 WAL segments...
I20260710 13:22:20.909755 18199 tablet_copy_client.cc:538] T cbd9d496d7064b6ea2f68e0b62cfd7ce P 8be686e7f37f4ddba89530c9cb93e97c: tablet copy: Tablet Copy complete. Replacing tablet superblock.
I20260710 13:22:20.915921 18199 tablet_bootstrap.cc:492] T cbd9d496d7064b6ea2f68e0b62cfd7ce P 8be686e7f37f4ddba89530c9cb93e97c: Bootstrap starting.
I20260710 13:22:20.930568 18199 tablet_bootstrap.cc:492] T cbd9d496d7064b6ea2f68e0b62cfd7ce P 8be686e7f37f4ddba89530c9cb93e97c: Bootstrap replayed 1/1 log segments. Stats: ops{read=2 overwritten=0 applied=2 ignored=0} inserts{seen=0 ignored=0} mutations{seen=0 ignored=0} orphaned_commits=0. Pending: 0 replicates
I20260710 13:22:20.931203 18199 tablet_bootstrap.cc:492] T cbd9d496d7064b6ea2f68e0b62cfd7ce P 8be686e7f37f4ddba89530c9cb93e97c: Bootstrap complete.
I20260710 13:22:20.931694 18199 ts_tablet_manager.cc:1403] T cbd9d496d7064b6ea2f68e0b62cfd7ce P 8be686e7f37f4ddba89530c9cb93e97c: Time spent bootstrapping tablet: real 0.016s	user 0.013s	sys 0.002s
I20260710 13:22:20.934026 18199 raft_consensus.cc:359] T cbd9d496d7064b6ea2f68e0b62cfd7ce P 8be686e7f37f4ddba89530c9cb93e97c [term 1 LEARNER]: Replica starting. Triggering 0 pending ops. Active config: opid_index: 2 OBSOLETE_local: false peers { permanent_uuid: "f1fbec439ded435883dbcb7ef613163e" member_type: VOTER last_known_addr { host: "127.16.21.193" port: 37807 } attrs { replace: true } } peers { permanent_uuid: "de79b0d790e54db2a0046157c4ef3159" member_type: VOTER last_known_addr { host: "127.16.21.194" port: 33225 } } peers { permanent_uuid: "75b32674163247c3a72de6374690e97a" member_type: VOTER last_known_addr { host: "127.16.21.195" port: 43553 } } peers { permanent_uuid: "8be686e7f37f4ddba89530c9cb93e97c" member_type: NON_VOTER last_known_addr { host: "127.16.21.196" port: 41783 } attrs { promote: true } }
I20260710 13:22:20.934640 18199 raft_consensus.cc:740] T cbd9d496d7064b6ea2f68e0b62cfd7ce P 8be686e7f37f4ddba89530c9cb93e97c [term 1 LEARNER]: Becoming Follower/Learner. State: Replica: 8be686e7f37f4ddba89530c9cb93e97c, State: Initialized, Role: LEARNER
I20260710 13:22:20.935134 18199 consensus_queue.cc:260] T cbd9d496d7064b6ea2f68e0b62cfd7ce P 8be686e7f37f4ddba89530c9cb93e97c [NON_LEADER]: Queue going to NON_LEADER mode. State: All replicated index: 0, Majority replicated index: 0, Committed index: 2, Last appended: 1.2, Last appended by leader: 2, Current term: 0, Majority size: -1, State: 0, Mode: NON_LEADER, active raft config: opid_index: 2 OBSOLETE_local: false peers { permanent_uuid: "f1fbec439ded435883dbcb7ef613163e" member_type: VOTER last_known_addr { host: "127.16.21.193" port: 37807 } attrs { replace: true } } peers { permanent_uuid: "de79b0d790e54db2a0046157c4ef3159" member_type: VOTER last_known_addr { host: "127.16.21.194" port: 33225 } } peers { permanent_uuid: "75b32674163247c3a72de6374690e97a" member_type: VOTER last_known_addr { host: "127.16.21.195" port: 43553 } } peers { permanent_uuid: "8be686e7f37f4ddba89530c9cb93e97c" member_type: NON_VOTER last_known_addr { host: "127.16.21.196" port: 41783 } attrs { promote: true } }
I20260710 13:22:20.937800 18199 ts_tablet_manager.cc:1434] T cbd9d496d7064b6ea2f68e0b62cfd7ce P 8be686e7f37f4ddba89530c9cb93e97c: Time spent starting tablet: real 0.006s	user 0.002s	sys 0.006s
I20260710 13:22:20.941100 17737 tablet_copy_service.cc:342] P 75b32674163247c3a72de6374690e97a: Request end of tablet copy session 8be686e7f37f4ddba89530c9cb93e97c-cbd9d496d7064b6ea2f68e0b62cfd7ce received from {username='slave'} at 127.0.0.1:37776
I20260710 13:22:20.941583 17737 tablet_copy_service.cc:434] P 75b32674163247c3a72de6374690e97a: ending tablet copy session 8be686e7f37f4ddba89530c9cb93e97c-cbd9d496d7064b6ea2f68e0b62cfd7ce on tablet cbd9d496d7064b6ea2f68e0b62cfd7ce with peer 8be686e7f37f4ddba89530c9cb93e97c
I20260710 13:22:20.969748 18199 ts_tablet_manager.cc:933] T c414e965b70245f59a2987bd22981ddf P 8be686e7f37f4ddba89530c9cb93e97c: Initiating tablet copy from peer f1fbec439ded435883dbcb7ef613163e (127.16.21.193:37807)
I20260710 13:22:20.971271 18199 tablet_copy_client.cc:323] T c414e965b70245f59a2987bd22981ddf P 8be686e7f37f4ddba89530c9cb93e97c: tablet copy: Beginning tablet copy session from remote peer at address 127.16.21.193:37807
I20260710 13:22:20.972924 17587 tablet_copy_service.cc:140] P f1fbec439ded435883dbcb7ef613163e: Received BeginTabletCopySession request for tablet c414e965b70245f59a2987bd22981ddf from peer 8be686e7f37f4ddba89530c9cb93e97c ({username='slave'} at 127.0.0.1:54888)
I20260710 13:22:20.973462 17587 tablet_copy_service.cc:161] P f1fbec439ded435883dbcb7ef613163e: Beginning new tablet copy session on tablet c414e965b70245f59a2987bd22981ddf from peer 8be686e7f37f4ddba89530c9cb93e97c at {username='slave'} at 127.0.0.1:54888: session id = 8be686e7f37f4ddba89530c9cb93e97c-c414e965b70245f59a2987bd22981ddf
I20260710 13:22:20.980762 17587 tablet_copy_source_session.cc:215] T c414e965b70245f59a2987bd22981ddf P f1fbec439ded435883dbcb7ef613163e: Tablet Copy: opened 0 blocks and 1 log segments
I20260710 13:22:20.984052 18199 data_dirs.cc:400] Could only allocate 1 dirs of requested 3 for tablet c414e965b70245f59a2987bd22981ddf. 1 dirs total, 0 dirs full, 0 dirs failed
I20260710 13:22:20.991748 18204 ts_tablet_manager.cc:933] T 5709f60d697a4fdea8247101f59941cf P 8be686e7f37f4ddba89530c9cb93e97c: Initiating tablet copy from peer 75b32674163247c3a72de6374690e97a (127.16.21.195:43553)
I20260710 13:22:20.995477 18204 tablet_copy_client.cc:323] T 5709f60d697a4fdea8247101f59941cf P 8be686e7f37f4ddba89530c9cb93e97c: tablet copy: Beginning tablet copy session from remote peer at address 127.16.21.195:43553
I20260710 13:22:20.997171 17737 tablet_copy_service.cc:140] P 75b32674163247c3a72de6374690e97a: Received BeginTabletCopySession request for tablet 5709f60d697a4fdea8247101f59941cf from peer 8be686e7f37f4ddba89530c9cb93e97c ({username='slave'} at 127.0.0.1:37776)
I20260710 13:22:20.997681 17737 tablet_copy_service.cc:161] P 75b32674163247c3a72de6374690e97a: Beginning new tablet copy session on tablet 5709f60d697a4fdea8247101f59941cf from peer 8be686e7f37f4ddba89530c9cb93e97c at {username='slave'} at 127.0.0.1:37776: session id = 8be686e7f37f4ddba89530c9cb93e97c-5709f60d697a4fdea8247101f59941cf
I20260710 13:22:20.998744 18199 tablet_copy_client.cc:806] T c414e965b70245f59a2987bd22981ddf P 8be686e7f37f4ddba89530c9cb93e97c: tablet copy: Starting download of 0 data blocks...
I20260710 13:22:20.999282 18199 tablet_copy_client.cc:670] T c414e965b70245f59a2987bd22981ddf P 8be686e7f37f4ddba89530c9cb93e97c: tablet copy: Starting download of 1 WAL segments...
I20260710 13:22:21.003088 18199 tablet_copy_client.cc:538] T c414e965b70245f59a2987bd22981ddf P 8be686e7f37f4ddba89530c9cb93e97c: tablet copy: Tablet Copy complete. Replacing tablet superblock.
I20260710 13:22:21.003917 17737 tablet_copy_source_session.cc:215] T 5709f60d697a4fdea8247101f59941cf P 75b32674163247c3a72de6374690e97a: Tablet Copy: opened 0 blocks and 1 log segments
I20260710 13:22:21.007025 18204 data_dirs.cc:400] Could only allocate 1 dirs of requested 3 for tablet 5709f60d697a4fdea8247101f59941cf. 1 dirs total, 0 dirs full, 0 dirs failed
I20260710 13:22:21.010614 18199 tablet_bootstrap.cc:492] T c414e965b70245f59a2987bd22981ddf P 8be686e7f37f4ddba89530c9cb93e97c: Bootstrap starting.
I20260710 13:22:21.030181 18204 tablet_copy_client.cc:806] T 5709f60d697a4fdea8247101f59941cf P 8be686e7f37f4ddba89530c9cb93e97c: tablet copy: Starting download of 0 data blocks...
I20260710 13:22:21.030756 18204 tablet_copy_client.cc:670] T 5709f60d697a4fdea8247101f59941cf P 8be686e7f37f4ddba89530c9cb93e97c: tablet copy: Starting download of 1 WAL segments...
I20260710 13:22:21.036103 18204 tablet_copy_client.cc:538] T 5709f60d697a4fdea8247101f59941cf P 8be686e7f37f4ddba89530c9cb93e97c: tablet copy: Tablet Copy complete. Replacing tablet superblock.
I20260710 13:22:21.040743 18199 tablet_bootstrap.cc:492] T c414e965b70245f59a2987bd22981ddf P 8be686e7f37f4ddba89530c9cb93e97c: Bootstrap replayed 1/1 log segments. Stats: ops{read=2 overwritten=0 applied=2 ignored=0} inserts{seen=0 ignored=0} mutations{seen=0 ignored=0} orphaned_commits=0. Pending: 0 replicates
I20260710 13:22:21.041649 18199 tablet_bootstrap.cc:492] T c414e965b70245f59a2987bd22981ddf P 8be686e7f37f4ddba89530c9cb93e97c: Bootstrap complete.
I20260710 13:22:21.042312 18199 ts_tablet_manager.cc:1403] T c414e965b70245f59a2987bd22981ddf P 8be686e7f37f4ddba89530c9cb93e97c: Time spent bootstrapping tablet: real 0.032s	user 0.015s	sys 0.013s
I20260710 13:22:21.045401 18204 tablet_bootstrap.cc:492] T 5709f60d697a4fdea8247101f59941cf P 8be686e7f37f4ddba89530c9cb93e97c: Bootstrap starting.
I20260710 13:22:21.045305 18199 raft_consensus.cc:359] T c414e965b70245f59a2987bd22981ddf P 8be686e7f37f4ddba89530c9cb93e97c [term 1 LEARNER]: Replica starting. Triggering 0 pending ops. Active config: opid_index: 2 OBSOLETE_local: false peers { permanent_uuid: "f1fbec439ded435883dbcb7ef613163e" member_type: VOTER last_known_addr { host: "127.16.21.193" port: 37807 } } peers { permanent_uuid: "de79b0d790e54db2a0046157c4ef3159" member_type: VOTER last_known_addr { host: "127.16.21.194" port: 33225 } attrs { replace: true } } peers { permanent_uuid: "75b32674163247c3a72de6374690e97a" member_type: VOTER last_known_addr { host: "127.16.21.195" port: 43553 } } peers { permanent_uuid: "8be686e7f37f4ddba89530c9cb93e97c" member_type: NON_VOTER last_known_addr { host: "127.16.21.196" port: 41783 } attrs { promote: true } }
I20260710 13:22:21.046137 18199 raft_consensus.cc:740] T c414e965b70245f59a2987bd22981ddf P 8be686e7f37f4ddba89530c9cb93e97c [term 1 LEARNER]: Becoming Follower/Learner. State: Replica: 8be686e7f37f4ddba89530c9cb93e97c, State: Initialized, Role: LEARNER
I20260710 13:22:21.046788 18199 consensus_queue.cc:260] T c414e965b70245f59a2987bd22981ddf P 8be686e7f37f4ddba89530c9cb93e97c [NON_LEADER]: Queue going to NON_LEADER mode. State: All replicated index: 0, Majority replicated index: 0, Committed index: 2, Last appended: 1.2, Last appended by leader: 2, Current term: 0, Majority size: -1, State: 0, Mode: NON_LEADER, active raft config: opid_index: 2 OBSOLETE_local: false peers { permanent_uuid: "f1fbec439ded435883dbcb7ef613163e" member_type: VOTER last_known_addr { host: "127.16.21.193" port: 37807 } } peers { permanent_uuid: "de79b0d790e54db2a0046157c4ef3159" member_type: VOTER last_known_addr { host: "127.16.21.194" port: 33225 } attrs { replace: true } } peers { permanent_uuid: "75b32674163247c3a72de6374690e97a" member_type: VOTER last_known_addr { host: "127.16.21.195" port: 43553 } } peers { permanent_uuid: "8be686e7f37f4ddba89530c9cb93e97c" member_type: NON_VOTER last_known_addr { host: "127.16.21.196" port: 41783 } attrs { promote: true } }
I20260710 13:22:21.049088 18199 ts_tablet_manager.cc:1434] T c414e965b70245f59a2987bd22981ddf P 8be686e7f37f4ddba89530c9cb93e97c: Time spent starting tablet: real 0.006s	user 0.008s	sys 0.000s
