I20260710 13:21:59.599494 17403 consensus_queue.cc:260] T faa1a1f73f2d48eaa68c72fdfb882d15 P 661809b0e1e148f2b9083725e956e3b6 [NON_LEADER]: Queue going to NON_LEADER mode. State: All replicated index: 0, Majority replicated index: 0, Committed index: 0, Last appended: 0.0, Last appended by leader: 0, Current term: 0, Majority size: -1, State: 0, Mode: NON_LEADER, active raft config: opid_index: -1 OBSOLETE_local: false peers { permanent_uuid: "4f81ff7b79d8499ba8b0b60987d1d689" member_type: VOTER last_known_addr { host: "127.16.51.193" port: 35443 } } peers { permanent_uuid: "661809b0e1e148f2b9083725e956e3b6" member_type: VOTER last_known_addr { host: "127.16.51.194" port: 46625 } } peers { permanent_uuid: "bf9b29f421784159a077fd5719a84996" member_type: VOTER last_known_addr { host: "127.16.51.195" port: 33741 } }
I20260710 13:21:59.601672 17403 ts_tablet_manager.cc:1434] T faa1a1f73f2d48eaa68c72fdfb882d15 P 661809b0e1e148f2b9083725e956e3b6: Time spent starting tablet: real 0.007s	user 0.004s	sys 0.000s
I20260710 13:21:59.605082 17407 tablet_bootstrap.cc:492] T acba106d8b114110abf646bb52cd30fa P 4f81ff7b79d8499ba8b0b60987d1d689: No bootstrap required, opened a new log
I20260710 13:21:59.605619 17403 tablet_bootstrap.cc:492] T 35564fde4a8b4921baaf3280dbcbb946 P 661809b0e1e148f2b9083725e956e3b6: Bootstrap starting.
I20260710 13:21:59.605939 17407 ts_tablet_manager.cc:1403] T acba106d8b114110abf646bb52cd30fa P 4f81ff7b79d8499ba8b0b60987d1d689: Time spent bootstrapping tablet: real 0.089s	user 0.014s	sys 0.003s
I20260710 13:21:59.609360 17407 raft_consensus.cc:359] T acba106d8b114110abf646bb52cd30fa P 4f81ff7b79d8499ba8b0b60987d1d689 [term 0 FOLLOWER]: Replica starting. Triggering 0 pending ops. Active config: opid_index: -1 OBSOLETE_local: false peers { permanent_uuid: "4f81ff7b79d8499ba8b0b60987d1d689" member_type: VOTER last_known_addr { host: "127.16.51.193" port: 35443 } } peers { permanent_uuid: "661809b0e1e148f2b9083725e956e3b6" member_type: VOTER last_known_addr { host: "127.16.51.194" port: 46625 } } peers { permanent_uuid: "bf9b29f421784159a077fd5719a84996" member_type: VOTER last_known_addr { host: "127.16.51.195" port: 33741 } }
I20260710 13:21:59.612898 17403 tablet_bootstrap.cc:654] T 35564fde4a8b4921baaf3280dbcbb946 P 661809b0e1e148f2b9083725e956e3b6: Neither blocks nor log segments found. Creating new log.
I20260710 13:21:59.612665 17362 tablet_service.cc:1917] Received RequestConsensusVote() RPC: tablet_id: "593389beb0b94b718daa05113243083d" candidate_uuid: "4f81ff7b79d8499ba8b0b60987d1d689" candidate_term: 1 candidate_status { last_received { term: 0 index: 0 } } ignore_live_leader: false dest_uuid: "bf9b29f421784159a077fd5719a84996" is_pre_election: true
I20260710 13:21:59.613914 17288 raft_consensus.cc:2468] T bf86f70a7ce54d6c8577a6a019d7fc8a P 661809b0e1e148f2b9083725e956e3b6 [term 1 FOLLOWER]: Leader election vote request: Granting yes vote for candidate bf9b29f421784159a077fd5719a84996 in term 1.
I20260710 13:21:59.614666 17406 raft_consensus.cc:2749] T bf86f70a7ce54d6c8577a6a019d7fc8a P 661809b0e1e148f2b9083725e956e3b6 [term 1 FOLLOWER]: Leader pre-election lost for term 1. Reason: could not achieve majority
I20260710 13:21:59.615058 17410 leader_election.cc:290] T bf86f70a7ce54d6c8577a6a019d7fc8a P bf9b29f421784159a077fd5719a84996 [CANDIDATE]: Term 1 election: Requested vote from peers 4f81ff7b79d8499ba8b0b60987d1d689 (127.16.51.193:35443), 661809b0e1e148f2b9083725e956e3b6 (127.16.51.194:46625)
I20260710 13:21:59.615303 17327 leader_election.cc:304] T bf86f70a7ce54d6c8577a6a019d7fc8a P bf9b29f421784159a077fd5719a84996 [CANDIDATE]: Term 1 election: Election decided. Result: candidate won. Election summary: received 3 responses out of 3 voters: 2 yes votes; 1 no votes. yes voters: 661809b0e1e148f2b9083725e956e3b6, bf9b29f421784159a077fd5719a84996; no voters: 4f81ff7b79d8499ba8b0b60987d1d689
I20260710 13:21:59.613185 17213 raft_consensus.cc:2468] T adb6c0bc0c504a89a8f6c1a49364d10e P 4f81ff7b79d8499ba8b0b60987d1d689 [term 1 FOLLOWER]: Leader election vote request: Granting yes vote for candidate 661809b0e1e148f2b9083725e956e3b6 in term 1.
W20260710 13:21:59.614301 17253 leader_election.cc:343] T adb6c0bc0c504a89a8f6c1a49364d10e P 661809b0e1e148f2b9083725e956e3b6 [CANDIDATE]: Term 1 pre-election: Tablet error from VoteRequest() call to peer bf9b29f421784159a077fd5719a84996 (127.16.51.195:33741): Illegal state: must be running to vote when last-logged opid is not known
W20260710 13:21:59.616539 17178 leader_election.cc:343] T 593389beb0b94b718daa05113243083d P 4f81ff7b79d8499ba8b0b60987d1d689 [CANDIDATE]: Term 1 pre-election: Tablet error from VoteRequest() call to peer bf9b29f421784159a077fd5719a84996 (127.16.51.195:33741): Illegal state: must be running to vote when last-logged opid is not known
I20260710 13:21:59.616577 17254 leader_election.cc:304] T adb6c0bc0c504a89a8f6c1a49364d10e P 661809b0e1e148f2b9083725e956e3b6 [CANDIDATE]: Term 1 election: Election decided. Result: candidate won. Election summary: received 2 responses out of 3 voters: 2 yes votes; 0 no votes. yes voters: 4f81ff7b79d8499ba8b0b60987d1d689, 661809b0e1e148f2b9083725e956e3b6; no voters: 
I20260710 13:21:59.617147 17178 leader_election.cc:304] T 593389beb0b94b718daa05113243083d P 4f81ff7b79d8499ba8b0b60987d1d689 [CANDIDATE]: Term 1 pre-election: Election decided. Result: candidate lost. Election summary: received 3 responses out of 3 voters: 1 yes votes; 2 no votes. yes voters: 4f81ff7b79d8499ba8b0b60987d1d689; no voters: 661809b0e1e148f2b9083725e956e3b6, bf9b29f421784159a077fd5719a84996
I20260710 13:21:59.617487 17410 raft_consensus.cc:2804] T bf86f70a7ce54d6c8577a6a019d7fc8a P bf9b29f421784159a077fd5719a84996 [term 1 FOLLOWER]: Leader election won for term 1
I20260710 13:21:59.617630 17407 raft_consensus.cc:385] T acba106d8b114110abf646bb52cd30fa P 4f81ff7b79d8499ba8b0b60987d1d689 [term 0 FOLLOWER]: Consensus starting up: Expiring failure detector timer to make a prompt election more likely
I20260710 13:21:59.618147 17411 raft_consensus.cc:2749] T 593389beb0b94b718daa05113243083d P 4f81ff7b79d8499ba8b0b60987d1d689 [term 0 FOLLOWER]: Leader pre-election lost for term 1. Reason: could not achieve majority
I20260710 13:21:59.619031 17410 raft_consensus.cc:697] T bf86f70a7ce54d6c8577a6a019d7fc8a P bf9b29f421784159a077fd5719a84996 [term 1 LEADER]: Becoming Leader. State: Replica: bf9b29f421784159a077fd5719a84996, State: Running, Role: LEADER
I20260710 13:21:59.619520 17362 tablet_service.cc:1917] Received RequestConsensusVote() RPC: tablet_id: "adb6c0bc0c504a89a8f6c1a49364d10e" candidate_uuid: "661809b0e1e148f2b9083725e956e3b6" candidate_term: 1 candidate_status { last_received { term: 0 index: 0 } } ignore_live_leader: false dest_uuid: "bf9b29f421784159a077fd5719a84996"
I20260710 13:21:59.620251 17402 tablet_bootstrap.cc:492] T bb4779532f31481fb1cf222ad5e55657 P bf9b29f421784159a077fd5719a84996: No bootstrap required, opened a new log
I20260710 13:21:59.619913 17410 consensus_queue.cc:237] T bf86f70a7ce54d6c8577a6a019d7fc8a P bf9b29f421784159a077fd5719a84996 [LEADER]: Queue going to LEADER mode. State: All replicated index: 0, Majority replicated index: 0, Committed index: 0, Last appended: 0.0, Last appended by leader: 0, Current term: 1, Majority size: 2, State: 0, Mode: LEADER, active raft config: opid_index: -1 OBSOLETE_local: false peers { permanent_uuid: "4f81ff7b79d8499ba8b0b60987d1d689" member_type: VOTER last_known_addr { host: "127.16.51.193" port: 35443 } } peers { permanent_uuid: "661809b0e1e148f2b9083725e956e3b6" member_type: VOTER last_known_addr { host: "127.16.51.194" port: 46625 } } peers { permanent_uuid: "bf9b29f421784159a077fd5719a84996" member_type: VOTER last_known_addr { host: "127.16.51.195" port: 33741 } }
I20260710 13:21:59.620749 17402 ts_tablet_manager.cc:1403] T bb4779532f31481fb1cf222ad5e55657 P bf9b29f421784159a077fd5719a84996: Time spent bootstrapping tablet: real 0.127s	user 0.035s	sys 0.074s
I20260710 13:21:59.618175 17406 raft_consensus.cc:2804] T adb6c0bc0c504a89a8f6c1a49364d10e P 661809b0e1e148f2b9083725e956e3b6 [term 1 FOLLOWER]: Leader election won for term 1
I20260710 13:21:59.622187 17406 raft_consensus.cc:697] T adb6c0bc0c504a89a8f6c1a49364d10e P 661809b0e1e148f2b9083725e956e3b6 [term 1 LEADER]: Becoming Leader. State: Replica: 661809b0e1e148f2b9083725e956e3b6, State: Running, Role: LEADER
I20260710 13:21:59.623015 17406 consensus_queue.cc:237] T adb6c0bc0c504a89a8f6c1a49364d10e P 661809b0e1e148f2b9083725e956e3b6 [LEADER]: Queue going to LEADER mode. State: All replicated index: 0, Majority replicated index: 0, Committed index: 0, Last appended: 0.0, Last appended by leader: 0, Current term: 1, Majority size: 2, State: 0, Mode: LEADER, active raft config: opid_index: -1 OBSOLETE_local: false peers { permanent_uuid: "661809b0e1e148f2b9083725e956e3b6" member_type: VOTER last_known_addr { host: "127.16.51.194" port: 46625 } } peers { permanent_uuid: "4f81ff7b79d8499ba8b0b60987d1d689" member_type: VOTER last_known_addr { host: "127.16.51.193" port: 35443 } } peers { permanent_uuid: "bf9b29f421784159a077fd5719a84996" member_type: VOTER last_known_addr { host: "127.16.51.195" port: 33741 } }
I20260710 13:21:59.623744 17402 raft_consensus.cc:359] T bb4779532f31481fb1cf222ad5e55657 P bf9b29f421784159a077fd5719a84996 [term 0 FOLLOWER]: Replica starting. Triggering 0 pending ops. Active config: opid_index: -1 OBSOLETE_local: false peers { permanent_uuid: "4f81ff7b79d8499ba8b0b60987d1d689" member_type: VOTER last_known_addr { host: "127.16.51.193" port: 35443 } } peers { permanent_uuid: "661809b0e1e148f2b9083725e956e3b6" member_type: VOTER last_known_addr { host: "127.16.51.194" port: 46625 } } peers { permanent_uuid: "bf9b29f421784159a077fd5719a84996" member_type: VOTER last_known_addr { host: "127.16.51.195" port: 33741 } }
I20260710 13:21:59.624423 17402 raft_consensus.cc:385] T bb4779532f31481fb1cf222ad5e55657 P bf9b29f421784159a077fd5719a84996 [term 0 FOLLOWER]: Consensus starting up: Expiring failure detector timer to make a prompt election more likely
I20260710 13:21:59.624742 17402 raft_consensus.cc:740] T bb4779532f31481fb1cf222ad5e55657 P bf9b29f421784159a077fd5719a84996 [term 0 FOLLOWER]: Becoming Follower/Learner. State: Replica: bf9b29f421784159a077fd5719a84996, State: Initialized, Role: FOLLOWER
I20260710 13:21:59.625474 17402 consensus_queue.cc:260] T bb4779532f31481fb1cf222ad5e55657 P bf9b29f421784159a077fd5719a84996 [NON_LEADER]: Queue going to NON_LEADER mode. State: All replicated index: 0, Majority replicated index: 0, Committed index: 0, Last appended: 0.0, Last appended by leader: 0, Current term: 0, Majority size: -1, State: 0, Mode: NON_LEADER, active raft config: opid_index: -1 OBSOLETE_local: false peers { permanent_uuid: "4f81ff7b79d8499ba8b0b60987d1d689" member_type: VOTER last_known_addr { host: "127.16.51.193" port: 35443 } } peers { permanent_uuid: "661809b0e1e148f2b9083725e956e3b6" member_type: VOTER last_known_addr { host: "127.16.51.194" port: 46625 } } peers { permanent_uuid: "bf9b29f421784159a077fd5719a84996" member_type: VOTER last_known_addr { host: "127.16.51.195" port: 33741 } }
I20260710 13:21:59.627812 17402 ts_tablet_manager.cc:1434] T bb4779532f31481fb1cf222ad5e55657 P bf9b29f421784159a077fd5719a84996: Time spent starting tablet: real 0.007s	user 0.004s	sys 0.004s
I20260710 13:21:59.618148 17407 raft_consensus.cc:740] T acba106d8b114110abf646bb52cd30fa P 4f81ff7b79d8499ba8b0b60987d1d689 [term 0 FOLLOWER]: Becoming Follower/Learner. State: Replica: 4f81ff7b79d8499ba8b0b60987d1d689, State: Initialized, Role: FOLLOWER
W20260710 13:21:59.628027 17253 leader_election.cc:343] T adb6c0bc0c504a89a8f6c1a49364d10e P 661809b0e1e148f2b9083725e956e3b6 [CANDIDATE]: Term 1 election: Tablet error from VoteRequest() call to peer bf9b29f421784159a077fd5719a84996 (127.16.51.195:33741): Illegal state: must be running to vote when last-logged opid is not known
I20260710 13:21:59.630386 17402 tablet_bootstrap.cc:492] T 35564fde4a8b4921baaf3280dbcbb946 P bf9b29f421784159a077fd5719a84996: Bootstrap starting.
I20260710 13:21:59.633186 17403 tablet_bootstrap.cc:492] T 35564fde4a8b4921baaf3280dbcbb946 P 661809b0e1e148f2b9083725e956e3b6: No bootstrap required, opened a new log
I20260710 13:21:59.632637 17407 consensus_queue.cc:260] T acba106d8b114110abf646bb52cd30fa P 4f81ff7b79d8499ba8b0b60987d1d689 [NON_LEADER]: Queue going to NON_LEADER mode. State: All replicated index: 0, Majority replicated index: 0, Committed index: 0, Last appended: 0.0, Last appended by leader: 0, Current term: 0, Majority size: -1, State: 0, Mode: NON_LEADER, active raft config: opid_index: -1 OBSOLETE_local: false peers { permanent_uuid: "4f81ff7b79d8499ba8b0b60987d1d689" member_type: VOTER last_known_addr { host: "127.16.51.193" port: 35443 } } peers { permanent_uuid: "661809b0e1e148f2b9083725e956e3b6" member_type: VOTER last_known_addr { host: "127.16.51.194" port: 46625 } } peers { permanent_uuid: "bf9b29f421784159a077fd5719a84996" member_type: VOTER last_known_addr { host: "127.16.51.195" port: 33741 } }
I20260710 13:21:59.633750 17403 ts_tablet_manager.cc:1403] T 35564fde4a8b4921baaf3280dbcbb946 P 661809b0e1e148f2b9083725e956e3b6: Time spent bootstrapping tablet: real 0.028s	user 0.018s	sys 0.002s
I20260710 13:21:59.636443 17411 raft_consensus.cc:493] T d95e294749544dac917595dc12f967f2 P 4f81ff7b79d8499ba8b0b60987d1d689 [term 0 FOLLOWER]: Starting pre-election (no leader contacted us within the election timeout)
I20260710 13:21:59.636924 17403 raft_consensus.cc:359] T 35564fde4a8b4921baaf3280dbcbb946 P 661809b0e1e148f2b9083725e956e3b6 [term 0 FOLLOWER]: Replica starting. Triggering 0 pending ops. Active config: opid_index: -1 OBSOLETE_local: false peers { permanent_uuid: "4f81ff7b79d8499ba8b0b60987d1d689" member_type: VOTER last_known_addr { host: "127.16.51.193" port: 35443 } } peers { permanent_uuid: "661809b0e1e148f2b9083725e956e3b6" member_type: VOTER last_known_addr { host: "127.16.51.194" port: 46625 } } peers { permanent_uuid: "bf9b29f421784159a077fd5719a84996" member_type: VOTER last_known_addr { host: "127.16.51.195" port: 33741 } }
I20260710 13:21:59.637035 17411 raft_consensus.cc:515] T d95e294749544dac917595dc12f967f2 P 4f81ff7b79d8499ba8b0b60987d1d689 [term 0 FOLLOWER]: Starting pre-election with config: opid_index: -1 OBSOLETE_local: false peers { permanent_uuid: "4f81ff7b79d8499ba8b0b60987d1d689" member_type: VOTER last_known_addr { host: "127.16.51.193" port: 35443 } } peers { permanent_uuid: "661809b0e1e148f2b9083725e956e3b6" member_type: VOTER last_known_addr { host: "127.16.51.194" port: 46625 } } peers { permanent_uuid: "bf9b29f421784159a077fd5719a84996" member_type: VOTER last_known_addr { host: "127.16.51.195" port: 33741 } }
I20260710 13:21:59.637734 17403 raft_consensus.cc:385] T 35564fde4a8b4921baaf3280dbcbb946 P 661809b0e1e148f2b9083725e956e3b6 [term 0 FOLLOWER]: Consensus starting up: Expiring failure detector timer to make a prompt election more likely
I20260710 13:21:59.638077 17403 raft_consensus.cc:740] T 35564fde4a8b4921baaf3280dbcbb946 P 661809b0e1e148f2b9083725e956e3b6 [term 0 FOLLOWER]: Becoming Follower/Learner. State: Replica: 661809b0e1e148f2b9083725e956e3b6, State: Initialized, Role: FOLLOWER
I20260710 13:21:59.638888 17403 consensus_queue.cc:260] T 35564fde4a8b4921baaf3280dbcbb946 P 661809b0e1e148f2b9083725e956e3b6 [NON_LEADER]: Queue going to NON_LEADER mode. State: All replicated index: 0, Majority replicated index: 0, Committed index: 0, Last appended: 0.0, Last appended by leader: 0, Current term: 0, Majority size: -1, State: 0, Mode: NON_LEADER, active raft config: opid_index: -1 OBSOLETE_local: false peers { permanent_uuid: "4f81ff7b79d8499ba8b0b60987d1d689" member_type: VOTER last_known_addr { host: "127.16.51.193" port: 35443 } } peers { permanent_uuid: "661809b0e1e148f2b9083725e956e3b6" member_type: VOTER last_known_addr { host: "127.16.51.194" port: 46625 } } peers { permanent_uuid: "bf9b29f421784159a077fd5719a84996" member_type: VOTER last_known_addr { host: "127.16.51.195" port: 33741 } }
I20260710 13:21:59.639372 17411 leader_election.cc:290] T d95e294749544dac917595dc12f967f2 P 4f81ff7b79d8499ba8b0b60987d1d689 [CANDIDATE]: Term 1 pre-election: Requested pre-vote from peers 661809b0e1e148f2b9083725e956e3b6 (127.16.51.194:46625), bf9b29f421784159a077fd5719a84996 (127.16.51.195:33741)
I20260710 13:21:59.641070 17402 tablet_bootstrap.cc:654] T 35564fde4a8b4921baaf3280dbcbb946 P bf9b29f421784159a077fd5719a84996: Neither blocks nor log segments found. Creating new log.
I20260710 13:21:59.641367 17403 ts_tablet_manager.cc:1434] T 35564fde4a8b4921baaf3280dbcbb946 P 661809b0e1e148f2b9083725e956e3b6: Time spent starting tablet: real 0.007s	user 0.008s	sys 0.000s
I20260710 13:21:59.642437 17403 tablet_bootstrap.cc:492] T d95e294749544dac917595dc12f967f2 P 661809b0e1e148f2b9083725e956e3b6: Bootstrap starting.
I20260710 13:21:59.642278 17362 tablet_service.cc:1917] Received RequestConsensusVote() RPC: tablet_id: "d95e294749544dac917595dc12f967f2" candidate_uuid: "4f81ff7b79d8499ba8b0b60987d1d689" candidate_term: 1 candidate_status { last_received { term: 0 index: 0 } } ignore_live_leader: false dest_uuid: "bf9b29f421784159a077fd5719a84996" is_pre_election: true
I20260710 13:21:59.643030 17362 raft_consensus.cc:2468] T d95e294749544dac917595dc12f967f2 P bf9b29f421784159a077fd5719a84996 [term 0 FOLLOWER]: Leader pre-election vote request: Granting yes vote for candidate 4f81ff7b79d8499ba8b0b60987d1d689 in term 0.
I20260710 13:21:59.641382 17288 tablet_service.cc:1917] Received RequestConsensusVote() RPC: tablet_id: "d95e294749544dac917595dc12f967f2" candidate_uuid: "4f81ff7b79d8499ba8b0b60987d1d689" candidate_term: 1 candidate_status { last_received { term: 0 index: 0 } } ignore_live_leader: false dest_uuid: "661809b0e1e148f2b9083725e956e3b6" is_pre_election: true
I20260710 13:21:59.644166 17407 ts_tablet_manager.cc:1434] T acba106d8b114110abf646bb52cd30fa P 4f81ff7b79d8499ba8b0b60987d1d689: Time spent starting tablet: real 0.038s	user 0.008s	sys 0.000s
I20260710 13:21:59.646121 17178 leader_election.cc:304] T d95e294749544dac917595dc12f967f2 P 4f81ff7b79d8499ba8b0b60987d1d689 [CANDIDATE]: Term 1 pre-election: Election decided. Result: candidate won. Election summary: received 2 responses out of 3 voters: 2 yes votes; 0 no votes. yes voters: 4f81ff7b79d8499ba8b0b60987d1d689, bf9b29f421784159a077fd5719a84996; no voters: 
I20260710 13:21:59.647547 17407 tablet_bootstrap.cc:492] T faa1a1f73f2d48eaa68c72fdfb882d15 P 4f81ff7b79d8499ba8b0b60987d1d689: Bootstrap starting.
W20260710 13:21:59.647455 17178 leader_election.cc:343] T d95e294749544dac917595dc12f967f2 P 4f81ff7b79d8499ba8b0b60987d1d689 [CANDIDATE]: Term 1 pre-election: Tablet error from VoteRequest() call to peer 661809b0e1e148f2b9083725e956e3b6 (127.16.51.194:46625): Illegal state: must be running to vote when last-logged opid is not known
I20260710 13:21:59.650103 17403 tablet_bootstrap.cc:654] T d95e294749544dac917595dc12f967f2 P 661809b0e1e148f2b9083725e956e3b6: Neither blocks nor log segments found. Creating new log.
I20260710 13:21:59.651252 17108 catalog_manager.cc:5697] T bf86f70a7ce54d6c8577a6a019d7fc8a P bf9b29f421784159a077fd5719a84996 reported cstate change: term changed from 0 to 1, leader changed from <none> to bf9b29f421784159a077fd5719a84996 (127.16.51.195). New cstate: current_term: 1 leader_uuid: "bf9b29f421784159a077fd5719a84996" committed_config { opid_index: -1 OBSOLETE_local: false peers { permanent_uuid: "4f81ff7b79d8499ba8b0b60987d1d689" member_type: VOTER last_known_addr { host: "127.16.51.193" port: 35443 } health_report { overall_health: UNKNOWN } } peers { permanent_uuid: "661809b0e1e148f2b9083725e956e3b6" member_type: VOTER last_known_addr { host: "127.16.51.194" port: 46625 } health_report { overall_health: UNKNOWN } } peers { permanent_uuid: "bf9b29f421784159a077fd5719a84996" member_type: VOTER last_known_addr { host: "127.16.51.195" port: 33741 } health_report { overall_health: HEALTHY } } }
I20260710 13:21:59.654706 17411 raft_consensus.cc:2804] T d95e294749544dac917595dc12f967f2 P 4f81ff7b79d8499ba8b0b60987d1d689 [term 0 FOLLOWER]: Leader pre-election won for term 1
I20260710 13:21:59.655283 17411 raft_consensus.cc:493] T d95e294749544dac917595dc12f967f2 P 4f81ff7b79d8499ba8b0b60987d1d689 [term 0 FOLLOWER]: Starting leader election (no leader contacted us within the election timeout)
I20260710 13:21:59.655728 17411 raft_consensus.cc:3060] T d95e294749544dac917595dc12f967f2 P 4f81ff7b79d8499ba8b0b60987d1d689 [term 0 FOLLOWER]: Advancing to term 1
I20260710 13:21:59.658115 17410 raft_consensus.cc:493] T bb4779532f31481fb1cf222ad5e55657 P bf9b29f421784159a077fd5719a84996 [term 0 FOLLOWER]: Starting pre-election (no leader contacted us within the election timeout)
I20260710 13:21:59.658897 17410 raft_consensus.cc:515] T bb4779532f31481fb1cf222ad5e55657 P bf9b29f421784159a077fd5719a84996 [term 0 FOLLOWER]: Starting pre-election with config: opid_index: -1 OBSOLETE_local: false peers { permanent_uuid: "4f81ff7b79d8499ba8b0b60987d1d689" member_type: VOTER last_known_addr { host: "127.16.51.193" port: 35443 } } peers { permanent_uuid: "661809b0e1e148f2b9083725e956e3b6" member_type: VOTER last_known_addr { host: "127.16.51.194" port: 46625 } } peers { permanent_uuid: "bf9b29f421784159a077fd5719a84996" member_type: VOTER last_known_addr { host: "127.16.51.195" port: 33741 } }
I20260710 13:21:59.663215 17213 tablet_service.cc:1917] Received RequestConsensusVote() RPC: tablet_id: "bb4779532f31481fb1cf222ad5e55657" candidate_uuid: "bf9b29f421784159a077fd5719a84996" candidate_term: 1 candidate_status { last_received { term: 0 index: 0 } } ignore_live_leader: false dest_uuid: "4f81ff7b79d8499ba8b0b60987d1d689" is_pre_election: true
I20260710 13:21:59.665241 17410 leader_election.cc:290] T bb4779532f31481fb1cf222ad5e55657 P bf9b29f421784159a077fd5719a84996 [CANDIDATE]: Term 1 pre-election: Requested pre-vote from peers 4f81ff7b79d8499ba8b0b60987d1d689 (127.16.51.193:35443), 661809b0e1e148f2b9083725e956e3b6 (127.16.51.194:46625)
W20260710 13:21:59.666872 17328 leader_election.cc:343] T bb4779532f31481fb1cf222ad5e55657 P bf9b29f421784159a077fd5719a84996 [CANDIDATE]: Term 1 pre-election: Tablet error from VoteRequest() call to peer 4f81ff7b79d8499ba8b0b60987d1d689 (127.16.51.193:35443): Illegal state: must be running to vote when last-logged opid is not known
I20260710 13:21:59.669332 17288 tablet_service.cc:1917] Received RequestConsensusVote() RPC: tablet_id: "bb4779532f31481fb1cf222ad5e55657" candidate_uuid: "bf9b29f421784159a077fd5719a84996" candidate_term: 1 candidate_status { last_received { term: 0 index: 0 } } ignore_live_leader: false dest_uuid: "661809b0e1e148f2b9083725e956e3b6" is_pre_election: true
I20260710 13:21:59.669612 17111 catalog_manager.cc:5697] T adb6c0bc0c504a89a8f6c1a49364d10e P 661809b0e1e148f2b9083725e956e3b6 reported cstate change: term changed from 0 to 1, leader changed from <none> to 661809b0e1e148f2b9083725e956e3b6 (127.16.51.194). New cstate: current_term: 1 leader_uuid: "661809b0e1e148f2b9083725e956e3b6" committed_config { opid_index: -1 OBSOLETE_local: false peers { permanent_uuid: "661809b0e1e148f2b9083725e956e3b6" member_type: VOTER last_known_addr { host: "127.16.51.194" port: 46625 } health_report { overall_health: HEALTHY } } peers { permanent_uuid: "4f81ff7b79d8499ba8b0b60987d1d689" member_type: VOTER last_known_addr { host: "127.16.51.193" port: 35443 } health_report { overall_health: UNKNOWN } } peers { permanent_uuid: "bf9b29f421784159a077fd5719a84996" member_type: VOTER last_known_addr { host: "127.16.51.195" port: 33741 } health_report { overall_health: UNKNOWN } } }
W20260710 13:21:59.671450 17327 leader_election.cc:343] T bb4779532f31481fb1cf222ad5e55657 P bf9b29f421784159a077fd5719a84996 [CANDIDATE]: Term 1 pre-election: Tablet error from VoteRequest() call to peer 661809b0e1e148f2b9083725e956e3b6 (127.16.51.194:46625): Illegal state: must be running to vote when last-logged opid is not known
I20260710 13:21:59.672178 17327 leader_election.cc:304] T bb4779532f31481fb1cf222ad5e55657 P bf9b29f421784159a077fd5719a84996 [CANDIDATE]: Term 1 pre-election: Election decided. Result: candidate lost. Election summary: received 3 responses out of 3 voters: 1 yes votes; 2 no votes. yes voters: bf9b29f421784159a077fd5719a84996; no voters: 4f81ff7b79d8499ba8b0b60987d1d689, 661809b0e1e148f2b9083725e956e3b6
I20260710 13:21:59.673736 17410 raft_consensus.cc:2749] T bb4779532f31481fb1cf222ad5e55657 P bf9b29f421784159a077fd5719a84996 [term 0 FOLLOWER]: Leader pre-election lost for term 1. Reason: could not achieve majority
I20260710 13:21:59.689221 17411 raft_consensus.cc:515] T d95e294749544dac917595dc12f967f2 P 4f81ff7b79d8499ba8b0b60987d1d689 [term 1 FOLLOWER]: Starting leader election with config: opid_index: -1 OBSOLETE_local: false peers { permanent_uuid: "4f81ff7b79d8499ba8b0b60987d1d689" member_type: VOTER last_known_addr { host: "127.16.51.193" port: 35443 } } peers { permanent_uuid: "661809b0e1e148f2b9083725e956e3b6" member_type: VOTER last_known_addr { host: "127.16.51.194" port: 46625 } } peers { permanent_uuid: "bf9b29f421784159a077fd5719a84996" member_type: VOTER last_known_addr { host: "127.16.51.195" port: 33741 } }
I20260710 13:21:59.694299 17407 tablet_bootstrap.cc:654] T faa1a1f73f2d48eaa68c72fdfb882d15 P 4f81ff7b79d8499ba8b0b60987d1d689: Neither blocks nor log segments found. Creating new log.
I20260710 13:21:59.695007 17288 tablet_service.cc:1917] Received RequestConsensusVote() RPC: tablet_id: "d95e294749544dac917595dc12f967f2" candidate_uuid: "4f81ff7b79d8499ba8b0b60987d1d689" candidate_term: 1 candidate_status { last_received { term: 0 index: 0 } } ignore_live_leader: false dest_uuid: "661809b0e1e148f2b9083725e956e3b6"
W20260710 13:21:59.697496 17178 leader_election.cc:343] T d95e294749544dac917595dc12f967f2 P 4f81ff7b79d8499ba8b0b60987d1d689 [CANDIDATE]: Term 1 election: Tablet error from VoteRequest() call to peer 661809b0e1e148f2b9083725e956e3b6 (127.16.51.194:46625): Illegal state: must be running to vote when last-logged opid is not known
I20260710 13:21:59.699107 17410 raft_consensus.cc:493] T 3cebd2f5ff424bf880ece0fefbd4863b P bf9b29f421784159a077fd5719a84996 [term 0 FOLLOWER]: Starting pre-election (no leader contacted us within the election timeout)
I20260710 13:21:59.699915 17410 raft_consensus.cc:515] T 3cebd2f5ff424bf880ece0fefbd4863b P bf9b29f421784159a077fd5719a84996 [term 0 FOLLOWER]: Starting pre-election with config: opid_index: -1 OBSOLETE_local: false peers { permanent_uuid: "4f81ff7b79d8499ba8b0b60987d1d689" member_type: VOTER last_known_addr { host: "127.16.51.193" port: 35443 } } peers { permanent_uuid: "661809b0e1e148f2b9083725e956e3b6" member_type: VOTER last_known_addr { host: "127.16.51.194" port: 46625 } } peers { permanent_uuid: "bf9b29f421784159a077fd5719a84996" member_type: VOTER last_known_addr { host: "127.16.51.195" port: 33741 } }
I20260710 13:21:59.708250 17213 tablet_service.cc:1917] Received RequestConsensusVote() RPC: tablet_id: "3cebd2f5ff424bf880ece0fefbd4863b" candidate_uuid: "bf9b29f421784159a077fd5719a84996" candidate_term: 1 candidate_status { last_received { term: 0 index: 0 } } ignore_live_leader: false dest_uuid: "4f81ff7b79d8499ba8b0b60987d1d689" is_pre_election: true
W20260710 13:21:59.710821 17328 leader_election.cc:343] T 3cebd2f5ff424bf880ece0fefbd4863b P bf9b29f421784159a077fd5719a84996 [CANDIDATE]: Term 1 pre-election: Tablet error from VoteRequest() call to peer 4f81ff7b79d8499ba8b0b60987d1d689 (127.16.51.193:35443): Illegal state: must be running to vote when last-logged opid is not known
I20260710 13:21:59.716845 17410 leader_election.cc:290] T 3cebd2f5ff424bf880ece0fefbd4863b P bf9b29f421784159a077fd5719a84996 [CANDIDATE]: Term 1 pre-election: Requested pre-vote from peers 4f81ff7b79d8499ba8b0b60987d1d689 (127.16.51.193:35443), 661809b0e1e148f2b9083725e956e3b6 (127.16.51.194:46625)
I20260710 13:21:59.718708 17288 tablet_service.cc:1917] Received RequestConsensusVote() RPC: tablet_id: "3cebd2f5ff424bf880ece0fefbd4863b" candidate_uuid: "bf9b29f421784159a077fd5719a84996" candidate_term: 1 candidate_status { last_received { term: 0 index: 0 } } ignore_live_leader: false dest_uuid: "661809b0e1e148f2b9083725e956e3b6" is_pre_election: true
I20260710 13:21:59.719677 17288 raft_consensus.cc:2468] T 3cebd2f5ff424bf880ece0fefbd4863b P 661809b0e1e148f2b9083725e956e3b6 [term 0 FOLLOWER]: Leader pre-election vote request: Granting yes vote for candidate bf9b29f421784159a077fd5719a84996 in term 0.
I20260710 13:21:59.720021 17407 tablet_bootstrap.cc:492] T faa1a1f73f2d48eaa68c72fdfb882d15 P 4f81ff7b79d8499ba8b0b60987d1d689: No bootstrap required, opened a new log
I20260710 13:21:59.720816 17407 ts_tablet_manager.cc:1403] T faa1a1f73f2d48eaa68c72fdfb882d15 P 4f81ff7b79d8499ba8b0b60987d1d689: Time spent bootstrapping tablet: real 0.074s	user 0.008s	sys 0.021s
I20260710 13:21:59.721364 17327 leader_election.cc:304] T 3cebd2f5ff424bf880ece0fefbd4863b P bf9b29f421784159a077fd5719a84996 [CANDIDATE]: Term 1 pre-election: Election decided. Result: candidate won. Election summary: received 3 responses out of 3 voters: 2 yes votes; 1 no votes. yes voters: 661809b0e1e148f2b9083725e956e3b6, bf9b29f421784159a077fd5719a84996; no voters: 4f81ff7b79d8499ba8b0b60987d1d689
I20260710 13:21:59.723213 17410 raft_consensus.cc:2804] T 3cebd2f5ff424bf880ece0fefbd4863b P bf9b29f421784159a077fd5719a84996 [term 0 FOLLOWER]: Leader pre-election won for term 1
I20260710 13:21:59.723742 17410 raft_consensus.cc:493] T 3cebd2f5ff424bf880ece0fefbd4863b P bf9b29f421784159a077fd5719a84996 [term 0 FOLLOWER]: Starting leader election (no leader contacted us within the election timeout)
I20260710 13:21:59.724179 17410 raft_consensus.cc:3060] T 3cebd2f5ff424bf880ece0fefbd4863b P bf9b29f421784159a077fd5719a84996 [term 0 FOLLOWER]: Advancing to term 1
I20260710 13:21:59.725028 17407 raft_consensus.cc:359] T faa1a1f73f2d48eaa68c72fdfb882d15 P 4f81ff7b79d8499ba8b0b60987d1d689 [term 0 FOLLOWER]: Replica starting. Triggering 0 pending ops. Active config: opid_index: -1 OBSOLETE_local: false peers { permanent_uuid: "4f81ff7b79d8499ba8b0b60987d1d689" member_type: VOTER last_known_addr { host: "127.16.51.193" port: 35443 } } peers { permanent_uuid: "661809b0e1e148f2b9083725e956e3b6" member_type: VOTER last_known_addr { host: "127.16.51.194" port: 46625 } } peers { permanent_uuid: "bf9b29f421784159a077fd5719a84996" member_type: VOTER last_known_addr { host: "127.16.51.195" port: 33741 } }
I20260710 13:21:59.726082 17407 raft_consensus.cc:385] T faa1a1f73f2d48eaa68c72fdfb882d15 P 4f81ff7b79d8499ba8b0b60987d1d689 [term 0 FOLLOWER]: Consensus starting up: Expiring failure detector timer to make a prompt election more likely
I20260710 13:21:59.726536 17407 raft_consensus.cc:740] T faa1a1f73f2d48eaa68c72fdfb882d15 P 4f81ff7b79d8499ba8b0b60987d1d689 [term 0 FOLLOWER]: Becoming Follower/Learner. State: Replica: 4f81ff7b79d8499ba8b0b60987d1d689, State: Initialized, Role: FOLLOWER
I20260710 13:21:59.727730 17407 consensus_queue.cc:260] T faa1a1f73f2d48eaa68c72fdfb882d15 P 4f81ff7b79d8499ba8b0b60987d1d689 [NON_LEADER]: Queue going to NON_LEADER mode. State: All replicated index: 0, Majority replicated index: 0, Committed index: 0, Last appended: 0.0, Last appended by leader: 0, Current term: 0, Majority size: -1, State: 0, Mode: NON_LEADER, active raft config: opid_index: -1 OBSOLETE_local: false peers { permanent_uuid: "4f81ff7b79d8499ba8b0b60987d1d689" member_type: VOTER last_known_addr { host: "127.16.51.193" port: 35443 } } peers { permanent_uuid: "661809b0e1e148f2b9083725e956e3b6" member_type: VOTER last_known_addr { host: "127.16.51.194" port: 46625 } } peers { permanent_uuid: "bf9b29f421784159a077fd5719a84996" member_type: VOTER last_known_addr { host: "127.16.51.195" port: 33741 } }
I20260710 13:21:59.731606 17402 tablet_bootstrap.cc:492] T 35564fde4a8b4921baaf3280dbcbb946 P bf9b29f421784159a077fd5719a84996: No bootstrap required, opened a new log
I20260710 13:21:59.732087 17402 ts_tablet_manager.cc:1403] T 35564fde4a8b4921baaf3280dbcbb946 P bf9b29f421784159a077fd5719a84996: Time spent bootstrapping tablet: real 0.102s	user 0.040s	sys 0.055s
I20260710 13:21:59.732282 17362 tablet_service.cc:1917] Received RequestConsensusVote() RPC: tablet_id: "d95e294749544dac917595dc12f967f2" candidate_uuid: "4f81ff7b79d8499ba8b0b60987d1d689" candidate_term: 1 candidate_status { last_received { term: 0 index: 0 } } ignore_live_leader: false dest_uuid: "bf9b29f421784159a077fd5719a84996"
I20260710 13:21:59.732869 17362 raft_consensus.cc:3060] T d95e294749544dac917595dc12f967f2 P bf9b29f421784159a077fd5719a84996 [term 0 FOLLOWER]: Advancing to term 1
I20260710 13:21:59.735107 17402 raft_consensus.cc:359] T 35564fde4a8b4921baaf3280dbcbb946 P bf9b29f421784159a077fd5719a84996 [term 0 FOLLOWER]: Replica starting. Triggering 0 pending ops. Active config: opid_index: -1 OBSOLETE_local: false peers { permanent_uuid: "4f81ff7b79d8499ba8b0b60987d1d689" member_type: VOTER last_known_addr { host: "127.16.51.193" port: 35443 } } peers { permanent_uuid: "661809b0e1e148f2b9083725e956e3b6" member_type: VOTER last_known_addr { host: "127.16.51.194" port: 46625 } } peers { permanent_uuid: "bf9b29f421784159a077fd5719a84996" member_type: VOTER last_known_addr { host: "127.16.51.195" port: 33741 } }
I20260710 13:21:59.735870 17402 raft_consensus.cc:385] T 35564fde4a8b4921baaf3280dbcbb946 P bf9b29f421784159a077fd5719a84996 [term 0 FOLLOWER]: Consensus starting up: Expiring failure detector timer to make a prompt election more likely
I20260710 13:21:59.736179 17402 raft_consensus.cc:740] T 35564fde4a8b4921baaf3280dbcbb946 P bf9b29f421784159a077fd5719a84996 [term 0 FOLLOWER]: Becoming Follower/Learner. State: Replica: bf9b29f421784159a077fd5719a84996, State: Initialized, Role: FOLLOWER
I20260710 13:21:59.737627 17407 ts_tablet_manager.cc:1434] T faa1a1f73f2d48eaa68c72fdfb882d15 P 4f81ff7b79d8499ba8b0b60987d1d689: Time spent starting tablet: real 0.016s	user 0.014s	sys 0.000s
I20260710 13:21:59.739792 17402 consensus_queue.cc:260] T 35564fde4a8b4921baaf3280dbcbb946 P bf9b29f421784159a077fd5719a84996 [NON_LEADER]: Queue going to NON_LEADER mode. State: All replicated index: 0, Majority replicated index: 0, Committed index: 0, Last appended: 0.0, Last appended by leader: 0, Current term: 0, Majority size: -1, State: 0, Mode: NON_LEADER, active raft config: opid_index: -1 OBSOLETE_local: false peers { permanent_uuid: "4f81ff7b79d8499ba8b0b60987d1d689" member_type: VOTER last_known_addr { host: "127.16.51.193" port: 35443 } } peers { permanent_uuid: "661809b0e1e148f2b9083725e956e3b6" member_type: VOTER last_known_addr { host: "127.16.51.194" port: 46625 } } peers { permanent_uuid: "bf9b29f421784159a077fd5719a84996" member_type: VOTER last_known_addr { host: "127.16.51.195" port: 33741 } }
I20260710 13:21:59.741577 17407 tablet_bootstrap.cc:492] T 35564fde4a8b4921baaf3280dbcbb946 P 4f81ff7b79d8499ba8b0b60987d1d689: Bootstrap starting.
I20260710 13:21:59.742033 17403 tablet_bootstrap.cc:492] T d95e294749544dac917595dc12f967f2 P 661809b0e1e148f2b9083725e956e3b6: No bootstrap required, opened a new log
I20260710 13:21:59.742584 17403 ts_tablet_manager.cc:1403] T d95e294749544dac917595dc12f967f2 P 661809b0e1e148f2b9083725e956e3b6: Time spent bootstrapping tablet: real 0.100s	user 0.018s	sys 0.042s
I20260710 13:21:59.745615 17410 raft_consensus.cc:515] T 3cebd2f5ff424bf880ece0fefbd4863b P bf9b29f421784159a077fd5719a84996 [term 1 FOLLOWER]: Starting leader election with config: opid_index: -1 OBSOLETE_local: false peers { permanent_uuid: "4f81ff7b79d8499ba8b0b60987d1d689" member_type: VOTER last_known_addr { host: "127.16.51.193" port: 35443 } } peers { permanent_uuid: "661809b0e1e148f2b9083725e956e3b6" member_type: VOTER last_known_addr { host: "127.16.51.194" port: 46625 } } peers { permanent_uuid: "bf9b29f421784159a077fd5719a84996" member_type: VOTER last_known_addr { host: "127.16.51.195" port: 33741 } }
I20260710 13:21:59.745774 17403 raft_consensus.cc:359] T d95e294749544dac917595dc12f967f2 P 661809b0e1e148f2b9083725e956e3b6 [term 0 FOLLOWER]: Replica starting. Triggering 0 pending ops. Active config: opid_index: -1 OBSOLETE_local: false peers { permanent_uuid: "4f81ff7b79d8499ba8b0b60987d1d689" member_type: VOTER last_known_addr { host: "127.16.51.193" port: 35443 } } peers { permanent_uuid: "661809b0e1e148f2b9083725e956e3b6" member_type: VOTER last_known_addr { host: "127.16.51.194" port: 46625 } } peers { permanent_uuid: "bf9b29f421784159a077fd5719a84996" member_type: VOTER last_known_addr { host: "127.16.51.195" port: 33741 } }
I20260710 13:21:59.746660 17402 ts_tablet_manager.cc:1434] T 35564fde4a8b4921baaf3280dbcbb946 P bf9b29f421784159a077fd5719a84996: Time spent starting tablet: real 0.014s	user 0.009s	sys 0.000s
I20260710 13:21:59.747102 17362 raft_consensus.cc:2468] T d95e294749544dac917595dc12f967f2 P bf9b29f421784159a077fd5719a84996 [term 1 FOLLOWER]: Leader election vote request: Granting yes vote for candidate 4f81ff7b79d8499ba8b0b60987d1d689 in term 1.
I20260710 13:21:59.747700 17402 tablet_bootstrap.cc:492] T faa1a1f73f2d48eaa68c72fdfb882d15 P bf9b29f421784159a077fd5719a84996: Bootstrap starting.
I20260710 13:21:59.748135 17403 raft_consensus.cc:385] T d95e294749544dac917595dc12f967f2 P 661809b0e1e148f2b9083725e956e3b6 [term 0 FOLLOWER]: Consensus starting up: Expiring failure detector timer to make a prompt election more likely
I20260710 13:21:59.748268 17178 leader_election.cc:304] T d95e294749544dac917595dc12f967f2 P 4f81ff7b79d8499ba8b0b60987d1d689 [CANDIDATE]: Term 1 election: Election decided. Result: candidate won. Election summary: received 3 responses out of 3 voters: 2 yes votes; 1 no votes. yes voters: 4f81ff7b79d8499ba8b0b60987d1d689, bf9b29f421784159a077fd5719a84996; no voters: 661809b0e1e148f2b9083725e956e3b6
I20260710 13:21:59.748490 17403 raft_consensus.cc:740] T d95e294749544dac917595dc12f967f2 P 661809b0e1e148f2b9083725e956e3b6 [term 0 FOLLOWER]: Becoming Follower/Learner. State: Replica: 661809b0e1e148f2b9083725e956e3b6, State: Initialized, Role: FOLLOWER
I20260710 13:21:59.748522 17213 tablet_service.cc:1917] Received RequestConsensusVote() RPC: tablet_id: "3cebd2f5ff424bf880ece0fefbd4863b" candidate_uuid: "bf9b29f421784159a077fd5719a84996" candidate_term: 1 candidate_status { last_received { term: 0 index: 0 } } ignore_live_leader: false dest_uuid: "4f81ff7b79d8499ba8b0b60987d1d689"
I20260710 13:21:59.749743 17437 raft_consensus.cc:2804] T d95e294749544dac917595dc12f967f2 P 4f81ff7b79d8499ba8b0b60987d1d689 [term 1 FOLLOWER]: Leader election won for term 1
W20260710 13:21:59.750097 17328 leader_election.cc:343] T 3cebd2f5ff424bf880ece0fefbd4863b P bf9b29f421784159a077fd5719a84996 [CANDIDATE]: Term 1 election: Tablet error from VoteRequest() call to peer 4f81ff7b79d8499ba8b0b60987d1d689 (127.16.51.193:35443): Illegal state: must be running to vote when last-logged opid is not known
I20260710 13:21:59.740302 17411 leader_election.cc:290] T d95e294749544dac917595dc12f967f2 P 4f81ff7b79d8499ba8b0b60987d1d689 [CANDIDATE]: Term 1 election: Requested vote from peers 661809b0e1e148f2b9083725e956e3b6 (127.16.51.194:46625), bf9b29f421784159a077fd5719a84996 (127.16.51.195:33741)
I20260710 13:21:59.752044 17407 tablet_bootstrap.cc:654] T 35564fde4a8b4921baaf3280dbcbb946 P 4f81ff7b79d8499ba8b0b60987d1d689: Neither blocks nor log segments found. Creating new log.
I20260710 13:21:59.752599 17410 leader_election.cc:290] T 3cebd2f5ff424bf880ece0fefbd4863b P bf9b29f421784159a077fd5719a84996 [CANDIDATE]: Term 1 election: Requested vote from peers 4f81ff7b79d8499ba8b0b60987d1d689 (127.16.51.193:35443), 661809b0e1e148f2b9083725e956e3b6 (127.16.51.194:46625)
I20260710 13:21:59.761132 17402 tablet_bootstrap.cc:654] T faa1a1f73f2d48eaa68c72fdfb882d15 P bf9b29f421784159a077fd5719a84996: Neither blocks nor log segments found. Creating new log.
I20260710 13:21:59.752508 17288 tablet_service.cc:1917] Received RequestConsensusVote() RPC: tablet_id: "3cebd2f5ff424bf880ece0fefbd4863b" candidate_uuid: "bf9b29f421784159a077fd5719a84996" candidate_term: 1 candidate_status { last_received { term: 0 index: 0 } } ignore_live_leader: false dest_uuid: "661809b0e1e148f2b9083725e956e3b6"
I20260710 13:21:59.763615 17288 raft_consensus.cc:3060] T 3cebd2f5ff424bf880ece0fefbd4863b P 661809b0e1e148f2b9083725e956e3b6 [term 0 FOLLOWER]: Advancing to term 1
I20260710 13:21:59.768150 17437 raft_consensus.cc:697] T d95e294749544dac917595dc12f967f2 P 4f81ff7b79d8499ba8b0b60987d1d689 [term 1 LEADER]: Becoming Leader. State: Replica: 4f81ff7b79d8499ba8b0b60987d1d689, State: Running, Role: LEADER
I20260710 13:21:59.769229 17437 consensus_queue.cc:237] T d95e294749544dac917595dc12f967f2 P 4f81ff7b79d8499ba8b0b60987d1d689 [LEADER]: Queue going to LEADER mode. State: All replicated index: 0, Majority replicated index: 0, Committed index: 0, Last appended: 0.0, Last appended by leader: 0, Current term: 1, Majority size: 2, State: 0, Mode: LEADER, active raft config: opid_index: -1 OBSOLETE_local: false peers { permanent_uuid: "4f81ff7b79d8499ba8b0b60987d1d689" member_type: VOTER last_known_addr { host: "127.16.51.193" port: 35443 } } peers { permanent_uuid: "661809b0e1e148f2b9083725e956e3b6" member_type: VOTER last_known_addr { host: "127.16.51.194" port: 46625 } } peers { permanent_uuid: "bf9b29f421784159a077fd5719a84996" member_type: VOTER last_known_addr { host: "127.16.51.195" port: 33741 } }
I20260710 13:21:59.771129 17288 raft_consensus.cc:2468] T 3cebd2f5ff424bf880ece0fefbd4863b P 661809b0e1e148f2b9083725e956e3b6 [term 1 FOLLOWER]: Leader election vote request: Granting yes vote for candidate bf9b29f421784159a077fd5719a84996 in term 1.
I20260710 13:21:59.754570 17403 consensus_queue.cc:260] T d95e294749544dac917595dc12f967f2 P 661809b0e1e148f2b9083725e956e3b6 [NON_LEADER]: Queue going to NON_LEADER mode. State: All replicated index: 0, Majority replicated index: 0, Committed index: 0, Last appended: 0.0, Last appended by leader: 0, Current term: 0, Majority size: -1, State: 0, Mode: NON_LEADER, active raft config: opid_index: -1 OBSOLETE_local: false peers { permanent_uuid: "4f81ff7b79d8499ba8b0b60987d1d689" member_type: VOTER last_known_addr { host: "127.16.51.193" port: 35443 } } peers { permanent_uuid: "661809b0e1e148f2b9083725e956e3b6" member_type: VOTER last_known_addr { host: "127.16.51.194" port: 46625 } } peers { permanent_uuid: "bf9b29f421784159a077fd5719a84996" member_type: VOTER last_known_addr { host: "127.16.51.195" port: 33741 } }
I20260710 13:21:59.772346 17327 leader_election.cc:304] T 3cebd2f5ff424bf880ece0fefbd4863b P bf9b29f421784159a077fd5719a84996 [CANDIDATE]: Term 1 election: Election decided. Result: candidate won. Election summary: received 3 responses out of 3 voters: 2 yes votes; 1 no votes. yes voters: 661809b0e1e148f2b9083725e956e3b6, bf9b29f421784159a077fd5719a84996; no voters: 4f81ff7b79d8499ba8b0b60987d1d689
I20260710 13:21:59.773504 17410 raft_consensus.cc:2804] T 3cebd2f5ff424bf880ece0fefbd4863b P bf9b29f421784159a077fd5719a84996 [term 1 FOLLOWER]: Leader election won for term 1
I20260710 13:21:59.773877 17403 ts_tablet_manager.cc:1434] T d95e294749544dac917595dc12f967f2 P 661809b0e1e148f2b9083725e956e3b6: Time spent starting tablet: real 0.031s	user 0.005s	sys 0.000s
I20260710 13:21:59.773989 17410 raft_consensus.cc:697] T 3cebd2f5ff424bf880ece0fefbd4863b P bf9b29f421784159a077fd5719a84996 [term 1 LEADER]: Becoming Leader. State: Replica: bf9b29f421784159a077fd5719a84996, State: Running, Role: LEADER
I20260710 13:21:59.775017 17410 consensus_queue.cc:237] T 3cebd2f5ff424bf880ece0fefbd4863b P bf9b29f421784159a077fd5719a84996 [LEADER]: Queue going to LEADER mode. State: All replicated index: 0, Majority replicated index: 0, Committed index: 0, Last appended: 0.0, Last appended by leader: 0, Current term: 1, Majority size: 2, State: 0, Mode: LEADER, active raft config: opid_index: -1 OBSOLETE_local: false peers { permanent_uuid: "4f81ff7b79d8499ba8b0b60987d1d689" member_type: VOTER last_known_addr { host: "127.16.51.193" port: 35443 } } peers { permanent_uuid: "661809b0e1e148f2b9083725e956e3b6" member_type: VOTER last_known_addr { host: "127.16.51.194" port: 46625 } } peers { permanent_uuid: "bf9b29f421784159a077fd5719a84996" member_type: VOTER last_known_addr { host: "127.16.51.195" port: 33741 } }
I20260710 13:21:59.775511 17403 tablet_bootstrap.cc:492] T f6c2fea5e3c1479baea12157c3b13bc0 P 661809b0e1e148f2b9083725e956e3b6: Bootstrap starting.
I20260710 13:21:59.783314 17407 tablet_bootstrap.cc:492] T 35564fde4a8b4921baaf3280dbcbb946 P 4f81ff7b79d8499ba8b0b60987d1d689: No bootstrap required, opened a new log
I20260710 13:21:59.785208 17407 ts_tablet_manager.cc:1403] T 35564fde4a8b4921baaf3280dbcbb946 P 4f81ff7b79d8499ba8b0b60987d1d689: Time spent bootstrapping tablet: real 0.044s	user 0.010s	sys 0.003s
I20260710 13:21:59.785526 17403 tablet_bootstrap.cc:654] T f6c2fea5e3c1479baea12157c3b13bc0 P 661809b0e1e148f2b9083725e956e3b6: Neither blocks nor log segments found. Creating new log.
I20260710 13:21:59.788777 17407 raft_consensus.cc:359] T 35564fde4a8b4921baaf3280dbcbb946 P 4f81ff7b79d8499ba8b0b60987d1d689 [term 0 FOLLOWER]: Replica starting. Triggering 0 pending ops. Active config: opid_index: -1 OBSOLETE_local: false peers { permanent_uuid: "4f81ff7b79d8499ba8b0b60987d1d689" member_type: VOTER last_known_addr { host: "127.16.51.193" port: 35443 } } peers { permanent_uuid: "661809b0e1e148f2b9083725e956e3b6" member_type: VOTER last_known_addr { host: "127.16.51.194" port: 46625 } } peers { permanent_uuid: "bf9b29f421784159a077fd5719a84996" member_type: VOTER last_known_addr { host: "127.16.51.195" port: 33741 } }
I20260710 13:21:59.800324 17407 raft_consensus.cc:385] T 35564fde4a8b4921baaf3280dbcbb946 P 4f81ff7b79d8499ba8b0b60987d1d689 [term 0 FOLLOWER]: Consensus starting up: Expiring failure detector timer to make a prompt election more likely
I20260710 13:21:59.798786 17111 catalog_manager.cc:5697] T d95e294749544dac917595dc12f967f2 P 4f81ff7b79d8499ba8b0b60987d1d689 reported cstate change: term changed from 0 to 1, leader changed from <none> to 4f81ff7b79d8499ba8b0b60987d1d689 (127.16.51.193). New cstate: current_term: 1 leader_uuid: "4f81ff7b79d8499ba8b0b60987d1d689" committed_config { opid_index: -1 OBSOLETE_local: false peers { permanent_uuid: "4f81ff7b79d8499ba8b0b60987d1d689" member_type: VOTER last_known_addr { host: "127.16.51.193" port: 35443 } health_report { overall_health: HEALTHY } } peers { permanent_uuid: "661809b0e1e148f2b9083725e956e3b6" member_type: VOTER last_known_addr { host: "127.16.51.194" port: 46625 } health_report { overall_health: UNKNOWN } } peers { permanent_uuid: "bf9b29f421784159a077fd5719a84996" member_type: VOTER last_known_addr { host: "127.16.51.195" port: 33741 } health_report { overall_health: UNKNOWN } } }
I20260710 13:21:59.800666 17407 raft_consensus.cc:740] T 35564fde4a8b4921baaf3280dbcbb946 P 4f81ff7b79d8499ba8b0b60987d1d689 [term 0 FOLLOWER]: Becoming Follower/Learner. State: Replica: 4f81ff7b79d8499ba8b0b60987d1d689, State: Initialized, Role: FOLLOWER
I20260710 13:21:59.801565 17407 consensus_queue.cc:260] T 35564fde4a8b4921baaf3280dbcbb946 P 4f81ff7b79d8499ba8b0b60987d1d689 [NON_LEADER]: Queue going to NON_LEADER mode. State: All replicated index: 0, Majority replicated index: 0, Committed index: 0, Last appended: 0.0, Last appended by leader: 0, Current term: 0, Majority size: -1, State: 0, Mode: NON_LEADER, active raft config: opid_index: -1 OBSOLETE_local: false peers { permanent_uuid: "4f81ff7b79d8499ba8b0b60987d1d689" member_type: VOTER last_known_addr { host: "127.16.51.193" port: 35443 } } peers { permanent_uuid: "661809b0e1e148f2b9083725e956e3b6" member_type: VOTER last_known_addr { host: "127.16.51.194" port: 46625 } } peers { permanent_uuid: "bf9b29f421784159a077fd5719a84996" member_type: VOTER last_known_addr { host: "127.16.51.195" port: 33741 } }
I20260710 13:21:59.802640 17110 catalog_manager.cc:5697] T 3cebd2f5ff424bf880ece0fefbd4863b P bf9b29f421784159a077fd5719a84996 reported cstate change: term changed from 0 to 1, leader changed from <none> to bf9b29f421784159a077fd5719a84996 (127.16.51.195). New cstate: current_term: 1 leader_uuid: "bf9b29f421784159a077fd5719a84996" committed_config { opid_index: -1 OBSOLETE_local: false peers { permanent_uuid: "4f81ff7b79d8499ba8b0b60987d1d689" member_type: VOTER last_known_addr { host: "127.16.51.193" port: 35443 } health_report { overall_health: UNKNOWN } } peers { permanent_uuid: "661809b0e1e148f2b9083725e956e3b6" member_type: VOTER last_known_addr { host: "127.16.51.194" port: 46625 } health_report { overall_health: UNKNOWN } } peers { permanent_uuid: "bf9b29f421784159a077fd5719a84996" member_type: VOTER last_known_addr { host: "127.16.51.195" port: 33741 } health_report { overall_health: HEALTHY } } }
I20260710 13:21:59.803997 17407 ts_tablet_manager.cc:1434] T 35564fde4a8b4921baaf3280dbcbb946 P 4f81ff7b79d8499ba8b0b60987d1d689: Time spent starting tablet: real 0.018s	user 0.006s	sys 0.000s
I20260710 13:21:59.804106 17402 tablet_bootstrap.cc:492] T faa1a1f73f2d48eaa68c72fdfb882d15 P bf9b29f421784159a077fd5719a84996: No bootstrap required, opened a new log
I20260710 13:21:59.805063 17407 tablet_bootstrap.cc:492] T f6c2fea5e3c1479baea12157c3b13bc0 P 4f81ff7b79d8499ba8b0b60987d1d689: Bootstrap starting.
I20260710 13:21:59.805153 17402 ts_tablet_manager.cc:1403] T faa1a1f73f2d48eaa68c72fdfb882d15 P bf9b29f421784159a077fd5719a84996: Time spent bootstrapping tablet: real 0.058s	user 0.014s	sys 0.034s
I20260710 13:21:59.799695 17403 tablet_bootstrap.cc:492] T f6c2fea5e3c1479baea12157c3b13bc0 P 661809b0e1e148f2b9083725e956e3b6: No bootstrap required, opened a new log
I20260710 13:21:59.806885 17403 ts_tablet_manager.cc:1403] T f6c2fea5e3c1479baea12157c3b13bc0 P 661809b0e1e148f2b9083725e956e3b6: Time spent bootstrapping tablet: real 0.032s	user 0.018s	sys 0.006s
