I20260710 13:22:12.441766 17597 catalog_manager.cc:5697] T a65f51529457465eb0222fa49a5166a3 P 53c8fda71cf04ff68c4e474aeb871d8b reported cstate change: term changed from 0 to 1, leader changed from <none> to 53c8fda71cf04ff68c4e474aeb871d8b (127.16.51.194). New cstate: current_term: 1 leader_uuid: "53c8fda71cf04ff68c4e474aeb871d8b" committed_config { opid_index: -1 OBSOLETE_local: false peers { permanent_uuid: "cf5354458ea9445a95eb5028f02ef6a3" member_type: VOTER last_known_addr { host: "127.16.51.193" port: 39617 } health_report { overall_health: UNKNOWN } } peers { permanent_uuid: "53c8fda71cf04ff68c4e474aeb871d8b" member_type: VOTER last_known_addr { host: "127.16.51.194" port: 35937 } health_report { overall_health: HEALTHY } } peers { permanent_uuid: "a12621a5450f4e65b41beb8dd42e1b47" member_type: VOTER last_known_addr { host: "127.16.51.195" port: 37091 } health_report { overall_health: UNKNOWN } } }
I20260710 13:22:12.455986 17888 raft_consensus.cc:359] T a2831aa96bdc4f65bf45b862e0b0accf P cf5354458ea9445a95eb5028f02ef6a3 [term 0 FOLLOWER]: Replica starting. Triggering 0 pending ops. Active config: opid_index: -1 OBSOLETE_local: false peers { permanent_uuid: "cf5354458ea9445a95eb5028f02ef6a3" member_type: VOTER last_known_addr { host: "127.16.51.193" port: 39617 } } peers { permanent_uuid: "53c8fda71cf04ff68c4e474aeb871d8b" member_type: VOTER last_known_addr { host: "127.16.51.194" port: 35937 } } peers { permanent_uuid: "a12621a5450f4e65b41beb8dd42e1b47" member_type: VOTER last_known_addr { host: "127.16.51.195" port: 37091 } }
I20260710 13:22:12.457815 17888 raft_consensus.cc:385] T a2831aa96bdc4f65bf45b862e0b0accf P cf5354458ea9445a95eb5028f02ef6a3 [term 0 FOLLOWER]: Consensus starting up: Expiring failure detector timer to make a prompt election more likely
I20260710 13:22:12.458113 17888 raft_consensus.cc:740] T a2831aa96bdc4f65bf45b862e0b0accf P cf5354458ea9445a95eb5028f02ef6a3 [term 0 FOLLOWER]: Becoming Follower/Learner. State: Replica: cf5354458ea9445a95eb5028f02ef6a3, State: Initialized, Role: FOLLOWER
I20260710 13:22:12.458820 17888 consensus_queue.cc:260] T a2831aa96bdc4f65bf45b862e0b0accf P cf5354458ea9445a95eb5028f02ef6a3 [NON_LEADER]: Queue going to NON_LEADER mode. State: All replicated index: 0, Majority replicated index: 0, Committed index: 0, Last appended: 0.0, Last appended by leader: 0, Current term: 0, Majority size: -1, State: 0, Mode: NON_LEADER, active raft config: opid_index: -1 OBSOLETE_local: false peers { permanent_uuid: "cf5354458ea9445a95eb5028f02ef6a3" member_type: VOTER last_known_addr { host: "127.16.51.193" port: 39617 } } peers { permanent_uuid: "53c8fda71cf04ff68c4e474aeb871d8b" member_type: VOTER last_known_addr { host: "127.16.51.194" port: 35937 } } peers { permanent_uuid: "a12621a5450f4e65b41beb8dd42e1b47" member_type: VOTER last_known_addr { host: "127.16.51.195" port: 37091 } }
I20260710 13:22:12.460742 17918 raft_consensus.cc:2804] T 38302f6a1ecf4a3886d0cc2a055b50a5 P a12621a5450f4e65b41beb8dd42e1b47 [term 0 FOLLOWER]: Leader pre-election won for term 1
I20260710 13:22:12.460907 17888 ts_tablet_manager.cc:1434] T a2831aa96bdc4f65bf45b862e0b0accf P cf5354458ea9445a95eb5028f02ef6a3: Time spent starting tablet: real 0.009s	user 0.005s	sys 0.000s
I20260710 13:22:12.460820 17738 leader_election.cc:304] T 38f9bf51f9c94178a57ac47213d76e17 P 53c8fda71cf04ff68c4e474aeb871d8b [CANDIDATE]: Term 1 election: Election decided. Result: candidate won. Election summary: received 3 responses out of 3 voters: 2 yes votes; 1 no votes. yes voters: 53c8fda71cf04ff68c4e474aeb871d8b, a12621a5450f4e65b41beb8dd42e1b47; no voters: cf5354458ea9445a95eb5028f02ef6a3
I20260710 13:22:12.461227 17918 raft_consensus.cc:493] T 38302f6a1ecf4a3886d0cc2a055b50a5 P a12621a5450f4e65b41beb8dd42e1b47 [term 0 FOLLOWER]: Starting leader election (no leader contacted us within the election timeout)
I20260710 13:22:12.461612 17918 raft_consensus.cc:3060] T 38302f6a1ecf4a3886d0cc2a055b50a5 P a12621a5450f4e65b41beb8dd42e1b47 [term 0 FOLLOWER]: Advancing to term 1
I20260710 13:22:12.462091 17958 raft_consensus.cc:2804] T 38f9bf51f9c94178a57ac47213d76e17 P 53c8fda71cf04ff68c4e474aeb871d8b [term 1 FOLLOWER]: Leader election won for term 1
I20260710 13:22:12.462230 17888 tablet_bootstrap.cc:492] T 534110d6d6c348d588441fdfa4504498 P cf5354458ea9445a95eb5028f02ef6a3: Bootstrap starting.
I20260710 13:22:12.462687 17958 raft_consensus.cc:697] T 38f9bf51f9c94178a57ac47213d76e17 P 53c8fda71cf04ff68c4e474aeb871d8b [term 1 LEADER]: Becoming Leader. State: Replica: 53c8fda71cf04ff68c4e474aeb871d8b, State: Running, Role: LEADER
I20260710 13:22:12.463531 17958 consensus_queue.cc:237] T 38f9bf51f9c94178a57ac47213d76e17 P 53c8fda71cf04ff68c4e474aeb871d8b [LEADER]: Queue going to LEADER mode. State: All replicated index: 0, Majority replicated index: 0, Committed index: 0, Last appended: 0.0, Last appended by leader: 0, Current term: 1, Majority size: 2, State: 0, Mode: LEADER, active raft config: opid_index: -1 OBSOLETE_local: false peers { permanent_uuid: "cf5354458ea9445a95eb5028f02ef6a3" member_type: VOTER last_known_addr { host: "127.16.51.193" port: 39617 } } peers { permanent_uuid: "53c8fda71cf04ff68c4e474aeb871d8b" member_type: VOTER last_known_addr { host: "127.16.51.194" port: 35937 } } peers { permanent_uuid: "a12621a5450f4e65b41beb8dd42e1b47" member_type: VOTER last_known_addr { host: "127.16.51.195" port: 37091 } }
I20260710 13:22:12.468189 17918 raft_consensus.cc:515] T 38302f6a1ecf4a3886d0cc2a055b50a5 P a12621a5450f4e65b41beb8dd42e1b47 [term 1 FOLLOWER]: Starting leader election with config: opid_index: -1 OBSOLETE_local: false peers { permanent_uuid: "cf5354458ea9445a95eb5028f02ef6a3" member_type: VOTER last_known_addr { host: "127.16.51.193" port: 39617 } } peers { permanent_uuid: "53c8fda71cf04ff68c4e474aeb871d8b" member_type: VOTER last_known_addr { host: "127.16.51.194" port: 35937 } } peers { permanent_uuid: "a12621a5450f4e65b41beb8dd42e1b47" member_type: VOTER last_known_addr { host: "127.16.51.195" port: 37091 } }
I20260710 13:22:12.469101 17997 raft_consensus.cc:515] T 9e1c2edd6b12497ab852f909ef349da7 P a12621a5450f4e65b41beb8dd42e1b47 [term 1 FOLLOWER]: Starting leader election with config: opid_index: -1 OBSOLETE_local: false peers { permanent_uuid: "cf5354458ea9445a95eb5028f02ef6a3" member_type: VOTER last_known_addr { host: "127.16.51.193" port: 39617 } } peers { permanent_uuid: "53c8fda71cf04ff68c4e474aeb871d8b" member_type: VOTER last_known_addr { host: "127.16.51.194" port: 35937 } } peers { permanent_uuid: "a12621a5450f4e65b41beb8dd42e1b47" member_type: VOTER last_known_addr { host: "127.16.51.195" port: 37091 } }
I20260710 13:22:12.478390 17959 consensus_queue.cc:1048] T 9b776770d3934c60be29add32d091abd P cf5354458ea9445a95eb5028f02ef6a3 [LEADER]: Connected to new peer: Peer: permanent_uuid: "a12621a5450f4e65b41beb8dd42e1b47" member_type: VOTER last_known_addr { host: "127.16.51.195" port: 37091 }, Status: LMP_MISMATCH, Last received: 0.0, Next index: 1, Last known committed idx: 0, Time since last communication: 0.001s
I20260710 13:22:12.478878 17918 leader_election.cc:290] T 38302f6a1ecf4a3886d0cc2a055b50a5 P a12621a5450f4e65b41beb8dd42e1b47 [CANDIDATE]: Term 1 election: Requested vote from peers cf5354458ea9445a95eb5028f02ef6a3 (127.16.51.193:39617), 53c8fda71cf04ff68c4e474aeb871d8b (127.16.51.194:35937)
I20260710 13:22:12.479676 17918 raft_consensus.cc:493] T 9b776770d3934c60be29add32d091abd P a12621a5450f4e65b41beb8dd42e1b47 [term 1 FOLLOWER]: Starting pre-election (no leader contacted us within the election timeout)
I20260710 13:22:12.480271 17918 raft_consensus.cc:515] T 9b776770d3934c60be29add32d091abd P a12621a5450f4e65b41beb8dd42e1b47 [term 1 FOLLOWER]: Starting pre-election with config: opid_index: -1 OBSOLETE_local: false peers { permanent_uuid: "cf5354458ea9445a95eb5028f02ef6a3" member_type: VOTER last_known_addr { host: "127.16.51.193" port: 39617 } } peers { permanent_uuid: "53c8fda71cf04ff68c4e474aeb871d8b" member_type: VOTER last_known_addr { host: "127.16.51.194" port: 35937 } } peers { permanent_uuid: "a12621a5450f4e65b41beb8dd42e1b47" member_type: VOTER last_known_addr { host: "127.16.51.195" port: 37091 } }
I20260710 13:22:12.482437 17770 tablet_service.cc:1917] Received RequestConsensusVote() RPC: tablet_id: "38302f6a1ecf4a3886d0cc2a055b50a5" candidate_uuid: "cf5354458ea9445a95eb5028f02ef6a3" candidate_term: 1 candidate_status { last_received { term: 0 index: 0 } } ignore_live_leader: false dest_uuid: "53c8fda71cf04ff68c4e474aeb871d8b"
I20260710 13:22:12.483032 17770 raft_consensus.cc:3060] T 38302f6a1ecf4a3886d0cc2a055b50a5 P 53c8fda71cf04ff68c4e474aeb871d8b [term 0 FOLLOWER]: Advancing to term 1
I20260710 13:22:12.468621 17812 leader_election.cc:304] T a2831aa96bdc4f65bf45b862e0b0accf P a12621a5450f4e65b41beb8dd42e1b47 [CANDIDATE]: Term 1 election: Election decided. Result: candidate won. Election summary: received 3 responses out of 3 voters: 2 yes votes; 1 no votes. yes voters: 53c8fda71cf04ff68c4e474aeb871d8b, a12621a5450f4e65b41beb8dd42e1b47; no voters: cf5354458ea9445a95eb5028f02ef6a3
I20260710 13:22:12.484388 17959 consensus_queue.cc:1048] T 388fb24fb5cd4b8790fb2b8c5342e916 P cf5354458ea9445a95eb5028f02ef6a3 [LEADER]: Connected to new peer: Peer: permanent_uuid: "53c8fda71cf04ff68c4e474aeb871d8b" member_type: VOTER last_known_addr { host: "127.16.51.194" port: 35937 }, Status: LMP_MISMATCH, Last received: 0.0, Next index: 1, Last known committed idx: 0, Time since last communication: 0.001s
I20260710 13:22:12.487967 17698 tablet_service.cc:1917] Received RequestConsensusVote() RPC: tablet_id: "38302f6a1ecf4a3886d0cc2a055b50a5" candidate_uuid: "a12621a5450f4e65b41beb8dd42e1b47" candidate_term: 1 candidate_status { last_received { term: 0 index: 0 } } ignore_live_leader: false dest_uuid: "cf5354458ea9445a95eb5028f02ef6a3"
I20260710 13:22:12.503443 17697 tablet_service.cc:1917] Received RequestConsensusVote() RPC: tablet_id: "9e1c2edd6b12497ab852f909ef349da7" candidate_uuid: "a12621a5450f4e65b41beb8dd42e1b47" candidate_term: 1 candidate_status { last_received { term: 0 index: 0 } } ignore_live_leader: false dest_uuid: "cf5354458ea9445a95eb5028f02ef6a3"
I20260710 13:22:12.504179 17697 raft_consensus.cc:3060] T 9e1c2edd6b12497ab852f909ef349da7 P cf5354458ea9445a95eb5028f02ef6a3 [term 0 FOLLOWER]: Advancing to term 1
I20260710 13:22:12.504772 17959 consensus_queue.cc:1048] T 388fb24fb5cd4b8790fb2b8c5342e916 P cf5354458ea9445a95eb5028f02ef6a3 [LEADER]: Connected to new peer: Peer: permanent_uuid: "a12621a5450f4e65b41beb8dd42e1b47" member_type: VOTER last_known_addr { host: "127.16.51.195" port: 37091 }, Status: LMP_MISMATCH, Last received: 0.0, Next index: 1, Last known committed idx: 0, Time since last communication: 0.000s
I20260710 13:22:12.505838 17773 tablet_service.cc:1917] Received RequestConsensusVote() RPC: tablet_id: "38302f6a1ecf4a3886d0cc2a055b50a5" candidate_uuid: "a12621a5450f4e65b41beb8dd42e1b47" candidate_term: 1 candidate_status { last_received { term: 0 index: 0 } } ignore_live_leader: false dest_uuid: "53c8fda71cf04ff68c4e474aeb871d8b"
I20260710 13:22:12.506467 17894 leader_election.cc:290] T 38302f6a1ecf4a3886d0cc2a055b50a5 P cf5354458ea9445a95eb5028f02ef6a3 [CANDIDATE]: Term 1 election: Requested vote from peers 53c8fda71cf04ff68c4e474aeb871d8b (127.16.51.194:35937), a12621a5450f4e65b41beb8dd42e1b47 (127.16.51.195:37091)
I20260710 13:22:12.508280 17770 raft_consensus.cc:2468] T 38302f6a1ecf4a3886d0cc2a055b50a5 P 53c8fda71cf04ff68c4e474aeb871d8b [term 1 FOLLOWER]: Leader election vote request: Granting yes vote for candidate cf5354458ea9445a95eb5028f02ef6a3 in term 1.
I20260710 13:22:12.508658 17888 tablet_bootstrap.cc:654] T 534110d6d6c348d588441fdfa4504498 P cf5354458ea9445a95eb5028f02ef6a3: Neither blocks nor log segments found. Creating new log.
I20260710 13:22:12.489058 17698 raft_consensus.cc:2393] T 38302f6a1ecf4a3886d0cc2a055b50a5 P cf5354458ea9445a95eb5028f02ef6a3 [term 1 FOLLOWER]: Leader election vote request: Denying vote to candidate a12621a5450f4e65b41beb8dd42e1b47 in current term 1: Already voted for candidate cf5354458ea9445a95eb5028f02ef6a3 in this term.
I20260710 13:22:12.513320 17890 tablet_bootstrap.cc:654] T 071b5f9eec1b4eee944a6ea87b409b34 P a12621a5450f4e65b41beb8dd42e1b47: Neither blocks nor log segments found. Creating new log.
I20260710 13:22:12.488596 17699 tablet_service.cc:1917] Received RequestConsensusVote() RPC: tablet_id: "9b776770d3934c60be29add32d091abd" candidate_uuid: "a12621a5450f4e65b41beb8dd42e1b47" candidate_term: 2 candidate_status { last_received { term: 0 index: 0 } } ignore_live_leader: false dest_uuid: "cf5354458ea9445a95eb5028f02ef6a3" is_pre_election: true
I20260710 13:22:12.516072 17997 leader_election.cc:290] T 9e1c2edd6b12497ab852f909ef349da7 P a12621a5450f4e65b41beb8dd42e1b47 [CANDIDATE]: Term 1 election: Requested vote from peers cf5354458ea9445a95eb5028f02ef6a3 (127.16.51.193:39617), 53c8fda71cf04ff68c4e474aeb871d8b (127.16.51.194:35937)
I20260710 13:22:12.521000 18041 raft_consensus.cc:2804] T a2831aa96bdc4f65bf45b862e0b0accf P a12621a5450f4e65b41beb8dd42e1b47 [term 1 FOLLOWER]: Leader election won for term 1
I20260710 13:22:12.518275 17595 catalog_manager.cc:5697] T 38f9bf51f9c94178a57ac47213d76e17 P 53c8fda71cf04ff68c4e474aeb871d8b reported cstate change: term changed from 0 to 1, leader changed from <none> to 53c8fda71cf04ff68c4e474aeb871d8b (127.16.51.194). New cstate: current_term: 1 leader_uuid: "53c8fda71cf04ff68c4e474aeb871d8b" committed_config { opid_index: -1 OBSOLETE_local: false peers { permanent_uuid: "cf5354458ea9445a95eb5028f02ef6a3" member_type: VOTER last_known_addr { host: "127.16.51.193" port: 39617 } health_report { overall_health: UNKNOWN } } peers { permanent_uuid: "53c8fda71cf04ff68c4e474aeb871d8b" member_type: VOTER last_known_addr { host: "127.16.51.194" port: 35937 } health_report { overall_health: HEALTHY } } peers { permanent_uuid: "a12621a5450f4e65b41beb8dd42e1b47" member_type: VOTER last_known_addr { host: "127.16.51.195" port: 37091 } health_report { overall_health: UNKNOWN } } }
I20260710 13:22:12.526003 17846 tablet_service.cc:1917] Received RequestConsensusVote() RPC: tablet_id: "38302f6a1ecf4a3886d0cc2a055b50a5" candidate_uuid: "cf5354458ea9445a95eb5028f02ef6a3" candidate_term: 1 candidate_status { last_received { term: 0 index: 0 } } ignore_live_leader: false dest_uuid: "a12621a5450f4e65b41beb8dd42e1b47"
I20260710 13:22:12.527129 17846 raft_consensus.cc:2393] T 38302f6a1ecf4a3886d0cc2a055b50a5 P a12621a5450f4e65b41beb8dd42e1b47 [term 1 FOLLOWER]: Leader election vote request: Denying vote to candidate cf5354458ea9445a95eb5028f02ef6a3 in current term 1: Already voted for candidate a12621a5450f4e65b41beb8dd42e1b47 in this term.
I20260710 13:22:12.517536 17663 leader_election.cc:304] T 38302f6a1ecf4a3886d0cc2a055b50a5 P cf5354458ea9445a95eb5028f02ef6a3 [CANDIDATE]: Term 1 election: Election decided. Result: candidate won. Election summary: received 2 responses out of 3 voters: 2 yes votes; 0 no votes. yes voters: 53c8fda71cf04ff68c4e474aeb871d8b, cf5354458ea9445a95eb5028f02ef6a3; no voters: 
I20260710 13:22:12.528621 17959 raft_consensus.cc:2804] T 38302f6a1ecf4a3886d0cc2a055b50a5 P cf5354458ea9445a95eb5028f02ef6a3 [term 1 FOLLOWER]: Leader election won for term 1
I20260710 13:22:12.529203 17959 raft_consensus.cc:697] T 38302f6a1ecf4a3886d0cc2a055b50a5 P cf5354458ea9445a95eb5028f02ef6a3 [term 1 LEADER]: Becoming Leader. State: Replica: cf5354458ea9445a95eb5028f02ef6a3, State: Running, Role: LEADER
I20260710 13:22:12.500887 17895 raft_consensus.cc:515] T 16610d319c474a7281d453022a7ffa56 P a12621a5450f4e65b41beb8dd42e1b47 [term 2 FOLLOWER]: Starting leader election with config: opid_index: -1 OBSOLETE_local: false peers { permanent_uuid: "53c8fda71cf04ff68c4e474aeb871d8b" member_type: VOTER last_known_addr { host: "127.16.51.194" port: 35937 } } peers { permanent_uuid: "a12621a5450f4e65b41beb8dd42e1b47" member_type: VOTER last_known_addr { host: "127.16.51.195" port: 37091 } } peers { permanent_uuid: "cf5354458ea9445a95eb5028f02ef6a3" member_type: VOTER last_known_addr { host: "127.16.51.193" port: 39617 } }
I20260710 13:22:12.530866 17771 tablet_service.cc:1917] Received RequestConsensusVote() RPC: tablet_id: "9e1c2edd6b12497ab852f909ef349da7" candidate_uuid: "a12621a5450f4e65b41beb8dd42e1b47" candidate_term: 1 candidate_status { last_received { term: 0 index: 0 } } ignore_live_leader: false dest_uuid: "53c8fda71cf04ff68c4e474aeb871d8b"
I20260710 13:22:12.532063 17771 raft_consensus.cc:3060] T 9e1c2edd6b12497ab852f909ef349da7 P 53c8fda71cf04ff68c4e474aeb871d8b [term 0 FOLLOWER]: Advancing to term 1
I20260710 13:22:12.532758 17959 consensus_queue.cc:237] T 38302f6a1ecf4a3886d0cc2a055b50a5 P cf5354458ea9445a95eb5028f02ef6a3 [LEADER]: Queue going to LEADER mode. State: All replicated index: 0, Majority replicated index: 0, Committed index: 0, Last appended: 0.0, Last appended by leader: 0, Current term: 1, Majority size: 2, State: 0, Mode: LEADER, active raft config: opid_index: -1 OBSOLETE_local: false peers { permanent_uuid: "cf5354458ea9445a95eb5028f02ef6a3" member_type: VOTER last_known_addr { host: "127.16.51.193" port: 39617 } } peers { permanent_uuid: "53c8fda71cf04ff68c4e474aeb871d8b" member_type: VOTER last_known_addr { host: "127.16.51.194" port: 35937 } } peers { permanent_uuid: "a12621a5450f4e65b41beb8dd42e1b47" member_type: VOTER last_known_addr { host: "127.16.51.195" port: 37091 } }
I20260710 13:22:12.534130 17772 tablet_service.cc:1917] Received RequestConsensusVote() RPC: tablet_id: "9b776770d3934c60be29add32d091abd" candidate_uuid: "a12621a5450f4e65b41beb8dd42e1b47" candidate_term: 2 candidate_status { last_received { term: 0 index: 0 } } ignore_live_leader: false dest_uuid: "53c8fda71cf04ff68c4e474aeb871d8b" is_pre_election: true
I20260710 13:22:12.522528 17997 raft_consensus.cc:493] T cba73d1a1683420ea11c07fd2a9c323b P a12621a5450f4e65b41beb8dd42e1b47 [term 0 FOLLOWER]: Starting pre-election (no leader contacted us within the election timeout)
I20260710 13:22:12.522322 17918 leader_election.cc:290] T 9b776770d3934c60be29add32d091abd P a12621a5450f4e65b41beb8dd42e1b47 [CANDIDATE]: Term 2 pre-election: Requested pre-vote from peers cf5354458ea9445a95eb5028f02ef6a3 (127.16.51.193:39617), 53c8fda71cf04ff68c4e474aeb871d8b (127.16.51.194:35937)
I20260710 13:22:12.542232 17814 leader_election.cc:304] T 38302f6a1ecf4a3886d0cc2a055b50a5 P a12621a5450f4e65b41beb8dd42e1b47 [CANDIDATE]: Term 1 election: Election decided. Result: candidate lost. Election summary: received 3 responses out of 3 voters: 1 yes votes; 2 no votes. yes voters: a12621a5450f4e65b41beb8dd42e1b47; no voters: 53c8fda71cf04ff68c4e474aeb871d8b, cf5354458ea9445a95eb5028f02ef6a3
I20260710 13:22:12.545090 17997 raft_consensus.cc:515] T cba73d1a1683420ea11c07fd2a9c323b P a12621a5450f4e65b41beb8dd42e1b47 [term 0 FOLLOWER]: Starting pre-election with config: opid_index: -1 OBSOLETE_local: false peers { permanent_uuid: "cf5354458ea9445a95eb5028f02ef6a3" member_type: VOTER last_known_addr { host: "127.16.51.193" port: 39617 } } peers { permanent_uuid: "53c8fda71cf04ff68c4e474aeb871d8b" member_type: VOTER last_known_addr { host: "127.16.51.194" port: 35937 } } peers { permanent_uuid: "a12621a5450f4e65b41beb8dd42e1b47" member_type: VOTER last_known_addr { host: "127.16.51.195" port: 37091 } }
I20260710 13:22:12.551468 17895 leader_election.cc:290] T 16610d319c474a7281d453022a7ffa56 P a12621a5450f4e65b41beb8dd42e1b47 [CANDIDATE]: Term 2 election: Requested vote from peers 53c8fda71cf04ff68c4e474aeb871d8b (127.16.51.194:35937), cf5354458ea9445a95eb5028f02ef6a3 (127.16.51.193:39617)
I20260710 13:22:12.553053 17997 leader_election.cc:290] T cba73d1a1683420ea11c07fd2a9c323b P a12621a5450f4e65b41beb8dd42e1b47 [CANDIDATE]: Term 1 pre-election: Requested pre-vote from peers cf5354458ea9445a95eb5028f02ef6a3 (127.16.51.193:39617), 53c8fda71cf04ff68c4e474aeb871d8b (127.16.51.194:35937)
I20260710 13:22:12.554945 17772 tablet_service.cc:1917] Received RequestConsensusVote() RPC: tablet_id: "16610d319c474a7281d453022a7ffa56" candidate_uuid: "a12621a5450f4e65b41beb8dd42e1b47" candidate_term: 2 candidate_status { last_received { term: 0 index: 0 } } ignore_live_leader: false dest_uuid: "53c8fda71cf04ff68c4e474aeb871d8b"
I20260710 13:22:12.561317 17772 raft_consensus.cc:3060] T 16610d319c474a7281d453022a7ffa56 P 53c8fda71cf04ff68c4e474aeb871d8b [term 1 FOLLOWER]: Advancing to term 2
I20260710 13:22:12.556468 17770 tablet_service.cc:1917] Received RequestConsensusVote() RPC: tablet_id: "cba73d1a1683420ea11c07fd2a9c323b" candidate_uuid: "a12621a5450f4e65b41beb8dd42e1b47" candidate_term: 1 candidate_status { last_received { term: 0 index: 0 } } ignore_live_leader: false dest_uuid: "53c8fda71cf04ff68c4e474aeb871d8b" is_pre_election: true
I20260710 13:22:12.573763 17918 raft_consensus.cc:493] T a65f51529457465eb0222fa49a5166a3 P a12621a5450f4e65b41beb8dd42e1b47 [term 0 FOLLOWER]: Starting pre-election (no leader contacted us within the election timeout)
I20260710 13:22:12.574055 17997 raft_consensus.cc:2749] T 38302f6a1ecf4a3886d0cc2a055b50a5 P a12621a5450f4e65b41beb8dd42e1b47 [term 1 FOLLOWER]: Leader election lost for term 1. Reason: could not achieve majority
I20260710 13:22:12.574301 17918 raft_consensus.cc:515] T a65f51529457465eb0222fa49a5166a3 P a12621a5450f4e65b41beb8dd42e1b47 [term 0 FOLLOWER]: Starting pre-election with config: opid_index: -1 OBSOLETE_local: false peers { permanent_uuid: "cf5354458ea9445a95eb5028f02ef6a3" member_type: VOTER last_known_addr { host: "127.16.51.193" port: 39617 } } peers { permanent_uuid: "53c8fda71cf04ff68c4e474aeb871d8b" member_type: VOTER last_known_addr { host: "127.16.51.194" port: 35937 } } peers { permanent_uuid: "a12621a5450f4e65b41beb8dd42e1b47" member_type: VOTER last_known_addr { host: "127.16.51.195" port: 37091 } }
I20260710 13:22:12.575913 17814 leader_election.cc:304] T 9b776770d3934c60be29add32d091abd P a12621a5450f4e65b41beb8dd42e1b47 [CANDIDATE]: Term 2 pre-election: Election decided. Result: candidate lost. Election summary: received 3 responses out of 3 voters: 1 yes votes; 2 no votes. yes voters: a12621a5450f4e65b41beb8dd42e1b47; no voters: 53c8fda71cf04ff68c4e474aeb871d8b, cf5354458ea9445a95eb5028f02ef6a3
I20260710 13:22:12.582160 17997 consensus_queue.cc:1048] T 534110d6d6c348d588441fdfa4504498 P a12621a5450f4e65b41beb8dd42e1b47 [LEADER]: Connected to new peer: Peer: permanent_uuid: "53c8fda71cf04ff68c4e474aeb871d8b" member_type: VOTER last_known_addr { host: "127.16.51.194" port: 35937 }, Status: LMP_MISMATCH, Last received: 0.0, Next index: 1, Last known committed idx: 0, Time since last communication: 0.001s
I20260710 13:22:12.585696 17699 tablet_service.cc:1917] Received RequestConsensusVote() RPC: tablet_id: "16610d319c474a7281d453022a7ffa56" candidate_uuid: "a12621a5450f4e65b41beb8dd42e1b47" candidate_term: 2 candidate_status { last_received { term: 0 index: 0 } } ignore_live_leader: false dest_uuid: "cf5354458ea9445a95eb5028f02ef6a3"
I20260710 13:22:12.586324 17699 raft_consensus.cc:3060] T 16610d319c474a7281d453022a7ffa56 P cf5354458ea9445a95eb5028f02ef6a3 [term 1 FOLLOWER]: Advancing to term 2
I20260710 13:22:12.589511 17770 tablet_service.cc:1917] Received RequestConsensusVote() RPC: tablet_id: "a65f51529457465eb0222fa49a5166a3" candidate_uuid: "a12621a5450f4e65b41beb8dd42e1b47" candidate_term: 1 candidate_status { last_received { term: 0 index: 0 } } ignore_live_leader: false dest_uuid: "53c8fda71cf04ff68c4e474aeb871d8b" is_pre_election: true
I20260710 13:22:12.593343 17699 raft_consensus.cc:2468] T 16610d319c474a7281d453022a7ffa56 P cf5354458ea9445a95eb5028f02ef6a3 [term 2 FOLLOWER]: Leader election vote request: Granting yes vote for candidate a12621a5450f4e65b41beb8dd42e1b47 in term 2.
I20260710 13:22:12.594930 17698 tablet_service.cc:1917] Received RequestConsensusVote() RPC: tablet_id: "cba73d1a1683420ea11c07fd2a9c323b" candidate_uuid: "a12621a5450f4e65b41beb8dd42e1b47" candidate_term: 1 candidate_status { last_received { term: 0 index: 0 } } ignore_live_leader: false dest_uuid: "cf5354458ea9445a95eb5028f02ef6a3" is_pre_election: true
I20260710 13:22:12.588001 17918 leader_election.cc:290] T a65f51529457465eb0222fa49a5166a3 P a12621a5450f4e65b41beb8dd42e1b47 [CANDIDATE]: Term 1 pre-election: Requested pre-vote from peers cf5354458ea9445a95eb5028f02ef6a3 (127.16.51.193:39617), 53c8fda71cf04ff68c4e474aeb871d8b (127.16.51.194:35937)
I20260710 13:22:12.599591 17696 tablet_service.cc:1917] Received RequestConsensusVote() RPC: tablet_id: "a65f51529457465eb0222fa49a5166a3" candidate_uuid: "a12621a5450f4e65b41beb8dd42e1b47" candidate_term: 1 candidate_status { last_received { term: 0 index: 0 } } ignore_live_leader: false dest_uuid: "cf5354458ea9445a95eb5028f02ef6a3" is_pre_election: true
I20260710 13:22:12.601389 17696 raft_consensus.cc:2393] T a65f51529457465eb0222fa49a5166a3 P cf5354458ea9445a95eb5028f02ef6a3 [term 1 FOLLOWER]: Leader pre-election vote request: Denying vote to candidate a12621a5450f4e65b41beb8dd42e1b47 in current term 1: Already voted for candidate 53c8fda71cf04ff68c4e474aeb871d8b in this term.
I20260710 13:22:12.607565 17814 leader_election.cc:304] T cba73d1a1683420ea11c07fd2a9c323b P a12621a5450f4e65b41beb8dd42e1b47 [CANDIDATE]: Term 1 pre-election: Election decided. Result: candidate lost. Election summary: received 3 responses out of 3 voters: 1 yes votes; 2 no votes. yes voters: a12621a5450f4e65b41beb8dd42e1b47; no voters: 53c8fda71cf04ff68c4e474aeb871d8b, cf5354458ea9445a95eb5028f02ef6a3
I20260710 13:22:12.613565 17697 raft_consensus.cc:2468] T 9e1c2edd6b12497ab852f909ef349da7 P cf5354458ea9445a95eb5028f02ef6a3 [term 1 FOLLOWER]: Leader election vote request: Granting yes vote for candidate a12621a5450f4e65b41beb8dd42e1b47 in term 1.
I20260710 13:22:12.614173 18043 raft_consensus.cc:2749] T cba73d1a1683420ea11c07fd2a9c323b P a12621a5450f4e65b41beb8dd42e1b47 [term 0 FOLLOWER]: Leader pre-election lost for term 1. Reason: could not achieve majority
I20260710 13:22:12.616302 17848 raft_consensus.cc:3060] T cba73d1a1683420ea11c07fd2a9c323b P a12621a5450f4e65b41beb8dd42e1b47 [term 0 FOLLOWER]: Advancing to term 1
I20260710 13:22:12.646975 17814 leader_election.cc:304] T a65f51529457465eb0222fa49a5166a3 P a12621a5450f4e65b41beb8dd42e1b47 [CANDIDATE]: Term 1 pre-election: Election decided. Result: candidate lost. Election summary: received 3 responses out of 3 voters: 1 yes votes; 2 no votes. yes voters: a12621a5450f4e65b41beb8dd42e1b47; no voters: 53c8fda71cf04ff68c4e474aeb871d8b, cf5354458ea9445a95eb5028f02ef6a3
I20260710 13:22:12.655475 17595 catalog_manager.cc:5697] T 38302f6a1ecf4a3886d0cc2a055b50a5 P cf5354458ea9445a95eb5028f02ef6a3 reported cstate change: term changed from 0 to 1, leader changed from <none> to cf5354458ea9445a95eb5028f02ef6a3 (127.16.51.193). New cstate: current_term: 1 leader_uuid: "cf5354458ea9445a95eb5028f02ef6a3" committed_config { opid_index: -1 OBSOLETE_local: false peers { permanent_uuid: "cf5354458ea9445a95eb5028f02ef6a3" member_type: VOTER last_known_addr { host: "127.16.51.193" port: 39617 } health_report { overall_health: HEALTHY } } peers { permanent_uuid: "53c8fda71cf04ff68c4e474aeb871d8b" member_type: VOTER last_known_addr { host: "127.16.51.194" port: 35937 } health_report { overall_health: UNKNOWN } } peers { permanent_uuid: "a12621a5450f4e65b41beb8dd42e1b47" member_type: VOTER last_known_addr { host: "127.16.51.195" port: 37091 } health_report { overall_health: UNKNOWN } } }
I20260710 13:22:12.630703 18041 raft_consensus.cc:697] T a2831aa96bdc4f65bf45b862e0b0accf P a12621a5450f4e65b41beb8dd42e1b47 [term 1 LEADER]: Becoming Leader. State: Replica: a12621a5450f4e65b41beb8dd42e1b47, State: Running, Role: LEADER
I20260710 13:22:12.666445 17894 raft_consensus.cc:493] T a2831aa96bdc4f65bf45b862e0b0accf P cf5354458ea9445a95eb5028f02ef6a3 [term 0 FOLLOWER]: Starting pre-election (no leader contacted us within the election timeout)
I20260710 13:22:12.683858 17894 raft_consensus.cc:515] T a2831aa96bdc4f65bf45b862e0b0accf P cf5354458ea9445a95eb5028f02ef6a3 [term 0 FOLLOWER]: Starting pre-election with config: opid_index: -1 OBSOLETE_local: false peers { permanent_uuid: "cf5354458ea9445a95eb5028f02ef6a3" member_type: VOTER last_known_addr { host: "127.16.51.193" port: 39617 } } peers { permanent_uuid: "53c8fda71cf04ff68c4e474aeb871d8b" member_type: VOTER last_known_addr { host: "127.16.51.194" port: 35937 } } peers { permanent_uuid: "a12621a5450f4e65b41beb8dd42e1b47" member_type: VOTER last_known_addr { host: "127.16.51.195" port: 37091 } }
I20260710 13:22:12.684007 18041 consensus_queue.cc:237] T a2831aa96bdc4f65bf45b862e0b0accf P a12621a5450f4e65b41beb8dd42e1b47 [LEADER]: Queue going to LEADER mode. State: All replicated index: 0, Majority replicated index: 0, Committed index: 0, Last appended: 0.0, Last appended by leader: 0, Current term: 1, Majority size: 2, State: 0, Mode: LEADER, active raft config: opid_index: -1 OBSOLETE_local: false peers { permanent_uuid: "cf5354458ea9445a95eb5028f02ef6a3" member_type: VOTER last_known_addr { host: "127.16.51.193" port: 39617 } } peers { permanent_uuid: "53c8fda71cf04ff68c4e474aeb871d8b" member_type: VOTER last_known_addr { host: "127.16.51.194" port: 35937 } } peers { permanent_uuid: "a12621a5450f4e65b41beb8dd42e1b47" member_type: VOTER last_known_addr { host: "127.16.51.195" port: 37091 } }
I20260710 13:22:12.693696 17771 raft_consensus.cc:2468] T 9e1c2edd6b12497ab852f909ef349da7 P 53c8fda71cf04ff68c4e474aeb871d8b [term 1 FOLLOWER]: Leader election vote request: Granting yes vote for candidate a12621a5450f4e65b41beb8dd42e1b47 in term 1.
I20260710 13:22:12.698172 17954 consensus_queue.cc:1048] T b809fc7344b34f048c28950958bd749d P cf5354458ea9445a95eb5028f02ef6a3 [LEADER]: Connected to new peer: Peer: permanent_uuid: "53c8fda71cf04ff68c4e474aeb871d8b" member_type: VOTER last_known_addr { host: "127.16.51.194" port: 35937 }, Status: LMP_MISMATCH, Last received: 0.0, Next index: 1, Last known committed idx: 0, Time since last communication: 0.000s
I20260710 13:22:12.698945 17812 leader_election.cc:304] T 9e1c2edd6b12497ab852f909ef349da7 P a12621a5450f4e65b41beb8dd42e1b47 [CANDIDATE]: Term 1 election: Election decided. Result: candidate won. Election summary: received 2 responses out of 3 voters: 2 yes votes; 0 no votes. yes voters: 53c8fda71cf04ff68c4e474aeb871d8b, a12621a5450f4e65b41beb8dd42e1b47; no voters: 
I20260710 13:22:12.700304 17918 raft_consensus.cc:2804] T 9e1c2edd6b12497ab852f909ef349da7 P a12621a5450f4e65b41beb8dd42e1b47 [term 1 FOLLOWER]: Leader election won for term 1
I20260710 13:22:12.700798 17918 raft_consensus.cc:697] T 9e1c2edd6b12497ab852f909ef349da7 P a12621a5450f4e65b41beb8dd42e1b47 [term 1 LEADER]: Becoming Leader. State: Replica: a12621a5450f4e65b41beb8dd42e1b47, State: Running, Role: LEADER
I20260710 13:22:12.661543 17772 raft_consensus.cc:2468] T 16610d319c474a7281d453022a7ffa56 P 53c8fda71cf04ff68c4e474aeb871d8b [term 2 FOLLOWER]: Leader election vote request: Granting yes vote for candidate a12621a5450f4e65b41beb8dd42e1b47 in term 2.
I20260710 13:22:12.701629 17918 consensus_queue.cc:237] T 9e1c2edd6b12497ab852f909ef349da7 P a12621a5450f4e65b41beb8dd42e1b47 [LEADER]: Queue going to LEADER mode. State: All replicated index: 0, Majority replicated index: 0, Committed index: 0, Last appended: 0.0, Last appended by leader: 0, Current term: 1, Majority size: 2, State: 0, Mode: LEADER, active raft config: opid_index: -1 OBSOLETE_local: false peers { permanent_uuid: "cf5354458ea9445a95eb5028f02ef6a3" member_type: VOTER last_known_addr { host: "127.16.51.193" port: 39617 } } peers { permanent_uuid: "53c8fda71cf04ff68c4e474aeb871d8b" member_type: VOTER last_known_addr { host: "127.16.51.194" port: 35937 } } peers { permanent_uuid: "a12621a5450f4e65b41beb8dd42e1b47" member_type: VOTER last_known_addr { host: "127.16.51.195" port: 37091 } }
W20260710 13:22:12.703438 17814 outbound_call.cc:321] RPC callback for RPC call kudu.consensus.ConsensusService.RequestConsensusVote -> {remote=127.16.51.193:39617, user_credentials={real_user=slave}} blocked reactor thread for 82732.7us
I20260710 13:22:12.704391 17814 leader_election.cc:304] T 16610d319c474a7281d453022a7ffa56 P a12621a5450f4e65b41beb8dd42e1b47 [CANDIDATE]: Term 2 election: Election decided. Result: candidate won. Election summary: received 2 responses out of 3 voters: 2 yes votes; 0 no votes. yes voters: a12621a5450f4e65b41beb8dd42e1b47, cf5354458ea9445a95eb5028f02ef6a3; no voters: 
I20260710 13:22:12.704632 17894 leader_election.cc:290] T a2831aa96bdc4f65bf45b862e0b0accf P cf5354458ea9445a95eb5028f02ef6a3 [CANDIDATE]: Term 1 pre-election: Requested pre-vote from peers 53c8fda71cf04ff68c4e474aeb871d8b (127.16.51.194:35937), a12621a5450f4e65b41beb8dd42e1b47 (127.16.51.195:37091)
I20260710 13:22:12.708546 18044 raft_consensus.cc:2804] T 16610d319c474a7281d453022a7ffa56 P a12621a5450f4e65b41beb8dd42e1b47 [term 2 FOLLOWER]: Leader election won for term 2
I20260710 13:22:12.701637 18048 raft_consensus.cc:3060] T a65f51529457465eb0222fa49a5166a3 P a12621a5450f4e65b41beb8dd42e1b47 [term 0 FOLLOWER]: Advancing to term 1
I20260710 13:22:12.718770 17959 consensus_queue.cc:1048] T b809fc7344b34f048c28950958bd749d P cf5354458ea9445a95eb5028f02ef6a3 [LEADER]: Connected to new peer: Peer: permanent_uuid: "a12621a5450f4e65b41beb8dd42e1b47" member_type: VOTER last_known_addr { host: "127.16.51.195" port: 37091 }, Status: LMP_MISMATCH, Last received: 0.0, Next index: 1, Last known committed idx: 0, Time since last communication: 0.000s
I20260710 13:22:12.716143 17770 tablet_service.cc:1917] Received RequestConsensusVote() RPC: tablet_id: "a2831aa96bdc4f65bf45b862e0b0accf" candidate_uuid: "cf5354458ea9445a95eb5028f02ef6a3" candidate_term: 1 candidate_status { last_received { term: 0 index: 0 } } ignore_live_leader: false dest_uuid: "53c8fda71cf04ff68c4e474aeb871d8b" is_pre_election: true
I20260710 13:22:12.746186 17890 tablet_bootstrap.cc:492] T 071b5f9eec1b4eee944a6ea87b409b34 P a12621a5450f4e65b41beb8dd42e1b47: No bootstrap required, opened a new log
I20260710 13:22:12.746901 17890 ts_tablet_manager.cc:1403] T 071b5f9eec1b4eee944a6ea87b409b34 P a12621a5450f4e65b41beb8dd42e1b47: Time spent bootstrapping tablet: real 0.371s	user 0.027s	sys 0.014s
I20260710 13:22:12.750154 17888 tablet_bootstrap.cc:492] T 534110d6d6c348d588441fdfa4504498 P cf5354458ea9445a95eb5028f02ef6a3: No bootstrap required, opened a new log
I20260710 13:22:12.750710 17888 ts_tablet_manager.cc:1403] T 534110d6d6c348d588441fdfa4504498 P cf5354458ea9445a95eb5028f02ef6a3: Time spent bootstrapping tablet: real 0.289s	user 0.011s	sys 0.009s
I20260710 13:22:12.752754 17770 raft_consensus.cc:2393] T a2831aa96bdc4f65bf45b862e0b0accf P 53c8fda71cf04ff68c4e474aeb871d8b [term 1 FOLLOWER]: Leader pre-election vote request: Denying vote to candidate cf5354458ea9445a95eb5028f02ef6a3 in current term 1: Already voted for candidate a12621a5450f4e65b41beb8dd42e1b47 in this term.
I20260710 13:22:12.759753 17997 raft_consensus.cc:2749] T 9b776770d3934c60be29add32d091abd P a12621a5450f4e65b41beb8dd42e1b47 [term 1 FOLLOWER]: Leader pre-election lost for term 2. Reason: could not achieve majority
I20260710 13:22:12.767917 17888 raft_consensus.cc:359] T 534110d6d6c348d588441fdfa4504498 P cf5354458ea9445a95eb5028f02ef6a3 [term 0 FOLLOWER]: Replica starting. Triggering 0 pending ops. Active config: opid_index: -1 OBSOLETE_local: false peers { permanent_uuid: "cf5354458ea9445a95eb5028f02ef6a3" member_type: VOTER last_known_addr { host: "127.16.51.193" port: 39617 } } peers { permanent_uuid: "53c8fda71cf04ff68c4e474aeb871d8b" member_type: VOTER last_known_addr { host: "127.16.51.194" port: 35937 } } peers { permanent_uuid: "a12621a5450f4e65b41beb8dd42e1b47" member_type: VOTER last_known_addr { host: "127.16.51.195" port: 37091 } }
I20260710 13:22:12.769500 17888 raft_consensus.cc:385] T 534110d6d6c348d588441fdfa4504498 P cf5354458ea9445a95eb5028f02ef6a3 [term 0 FOLLOWER]: Consensus starting up: Expiring failure detector timer to make a prompt election more likely
I20260710 13:22:12.769806 17888 raft_consensus.cc:740] T 534110d6d6c348d588441fdfa4504498 P cf5354458ea9445a95eb5028f02ef6a3 [term 0 FOLLOWER]: Becoming Follower/Learner. State: Replica: cf5354458ea9445a95eb5028f02ef6a3, State: Initialized, Role: FOLLOWER
I20260710 13:22:12.770592 17888 consensus_queue.cc:260] T 534110d6d6c348d588441fdfa4504498 P cf5354458ea9445a95eb5028f02ef6a3 [NON_LEADER]: Queue going to NON_LEADER mode. State: All replicated index: 0, Majority replicated index: 0, Committed index: 0, Last appended: 0.0, Last appended by leader: 0, Current term: 0, Majority size: -1, State: 0, Mode: NON_LEADER, active raft config: opid_index: -1 OBSOLETE_local: false peers { permanent_uuid: "cf5354458ea9445a95eb5028f02ef6a3" member_type: VOTER last_known_addr { host: "127.16.51.193" port: 39617 } } peers { permanent_uuid: "53c8fda71cf04ff68c4e474aeb871d8b" member_type: VOTER last_known_addr { host: "127.16.51.194" port: 35937 } } peers { permanent_uuid: "a12621a5450f4e65b41beb8dd42e1b47" member_type: VOTER last_known_addr { host: "127.16.51.195" port: 37091 } }
I20260710 13:22:12.765429 18044 raft_consensus.cc:697] T 16610d319c474a7281d453022a7ffa56 P a12621a5450f4e65b41beb8dd42e1b47 [term 2 LEADER]: Becoming Leader. State: Replica: a12621a5450f4e65b41beb8dd42e1b47, State: Running, Role: LEADER
I20260710 13:22:12.779783 17890 raft_consensus.cc:359] T 071b5f9eec1b4eee944a6ea87b409b34 P a12621a5450f4e65b41beb8dd42e1b47 [term 0 FOLLOWER]: Replica starting. Triggering 0 pending ops. Active config: opid_index: -1 OBSOLETE_local: false peers { permanent_uuid: "cf5354458ea9445a95eb5028f02ef6a3" member_type: VOTER last_known_addr { host: "127.16.51.193" port: 39617 } } peers { permanent_uuid: "53c8fda71cf04ff68c4e474aeb871d8b" member_type: VOTER last_known_addr { host: "127.16.51.194" port: 35937 } } peers { permanent_uuid: "a12621a5450f4e65b41beb8dd42e1b47" member_type: VOTER last_known_addr { host: "127.16.51.195" port: 37091 } }
I20260710 13:22:12.780792 17890 raft_consensus.cc:385] T 071b5f9eec1b4eee944a6ea87b409b34 P a12621a5450f4e65b41beb8dd42e1b47 [term 0 FOLLOWER]: Consensus starting up: Expiring failure detector timer to make a prompt election more likely
I20260710 13:22:12.781160 17890 raft_consensus.cc:740] T 071b5f9eec1b4eee944a6ea87b409b34 P a12621a5450f4e65b41beb8dd42e1b47 [term 0 FOLLOWER]: Becoming Follower/Learner. State: Replica: a12621a5450f4e65b41beb8dd42e1b47, State: Initialized, Role: FOLLOWER
I20260710 13:22:12.782060 17890 consensus_queue.cc:260] T 071b5f9eec1b4eee944a6ea87b409b34 P a12621a5450f4e65b41beb8dd42e1b47 [NON_LEADER]: Queue going to NON_LEADER mode. State: All replicated index: 0, Majority replicated index: 0, Committed index: 0, Last appended: 0.0, Last appended by leader: 0, Current term: 0, Majority size: -1, State: 0, Mode: NON_LEADER, active raft config: opid_index: -1 OBSOLETE_local: false peers { permanent_uuid: "cf5354458ea9445a95eb5028f02ef6a3" member_type: VOTER last_known_addr { host: "127.16.51.193" port: 39617 } } peers { permanent_uuid: "53c8fda71cf04ff68c4e474aeb871d8b" member_type: VOTER last_known_addr { host: "127.16.51.194" port: 35937 } } peers { permanent_uuid: "a12621a5450f4e65b41beb8dd42e1b47" member_type: VOTER last_known_addr { host: "127.16.51.195" port: 37091 } }
W20260710 13:22:12.765970 17663 outbound_call.cc:321] RPC callback for RPC call kudu.consensus.ConsensusService.UpdateConsensus -> {remote=127.16.51.195:37091, user_credentials={real_user=slave}} blocked reactor thread for 51316.2us
I20260710 13:22:12.788247 17890 ts_tablet_manager.cc:1434] T 071b5f9eec1b4eee944a6ea87b409b34 P a12621a5450f4e65b41beb8dd42e1b47: Time spent starting tablet: real 0.041s	user 0.009s	sys 0.000s
I20260710 13:22:12.784201 17697 raft_consensus.cc:3060] T 534110d6d6c348d588441fdfa4504498 P cf5354458ea9445a95eb5028f02ef6a3 [term 0 FOLLOWER]: Advancing to term 1
I20260710 13:22:12.802345 17847 tablet_service.cc:1917] Received RequestConsensusVote() RPC: tablet_id: "a2831aa96bdc4f65bf45b862e0b0accf" candidate_uuid: "cf5354458ea9445a95eb5028f02ef6a3" candidate_term: 1 candidate_status { last_received { term: 0 index: 0 } } ignore_live_leader: false dest_uuid: "a12621a5450f4e65b41beb8dd42e1b47" is_pre_election: true
I20260710 13:22:12.804837 18048 raft_consensus.cc:2749] T a65f51529457465eb0222fa49a5166a3 P a12621a5450f4e65b41beb8dd42e1b47 [term 1 FOLLOWER]: Leader pre-election lost for term 1. Reason: could not achieve majority
I20260710 13:22:12.797897 18044 consensus_queue.cc:237] T 16610d319c474a7281d453022a7ffa56 P a12621a5450f4e65b41beb8dd42e1b47 [LEADER]: Queue going to LEADER mode. State: All replicated index: 0, Majority replicated index: 0, Committed index: 0, Last appended: 0.0, Last appended by leader: 0, Current term: 2, Majority size: 2, State: 0, Mode: LEADER, active raft config: opid_index: -1 OBSOLETE_local: false peers { permanent_uuid: "53c8fda71cf04ff68c4e474aeb871d8b" member_type: VOTER last_known_addr { host: "127.16.51.194" port: 35937 } } peers { permanent_uuid: "a12621a5450f4e65b41beb8dd42e1b47" member_type: VOTER last_known_addr { host: "127.16.51.195" port: 37091 } } peers { permanent_uuid: "cf5354458ea9445a95eb5028f02ef6a3" member_type: VOTER last_known_addr { host: "127.16.51.193" port: 39617 } }
I20260710 13:22:12.813705 17959 raft_consensus.cc:493] T 534110d6d6c348d588441fdfa4504498 P cf5354458ea9445a95eb5028f02ef6a3 [term 1 FOLLOWER]: Starting pre-election (no leader contacted us within the election timeout)
I20260710 13:22:12.814265 17959 raft_consensus.cc:515] T 534110d6d6c348d588441fdfa4504498 P cf5354458ea9445a95eb5028f02ef6a3 [term 1 FOLLOWER]: Starting pre-election with config: opid_index: -1 OBSOLETE_local: false peers { permanent_uuid: "cf5354458ea9445a95eb5028f02ef6a3" member_type: VOTER last_known_addr { host: "127.16.51.193" port: 39617 } } peers { permanent_uuid: "53c8fda71cf04ff68c4e474aeb871d8b" member_type: VOTER last_known_addr { host: "127.16.51.194" port: 35937 } } peers { permanent_uuid: "a12621a5450f4e65b41beb8dd42e1b47" member_type: VOTER last_known_addr { host: "127.16.51.195" port: 37091 } }
I20260710 13:22:12.830349 17888 ts_tablet_manager.cc:1434] T 534110d6d6c348d588441fdfa4504498 P cf5354458ea9445a95eb5028f02ef6a3: Time spent starting tablet: real 0.079s	user 0.010s	sys 0.001s
I20260710 13:22:12.831243 17888 tablet_bootstrap.cc:492] T 071b5f9eec1b4eee944a6ea87b409b34 P cf5354458ea9445a95eb5028f02ef6a3: Bootstrap starting.
I20260710 13:22:12.830180 17895 consensus_queue.cc:1048] T 534110d6d6c348d588441fdfa4504498 P a12621a5450f4e65b41beb8dd42e1b47 [LEADER]: Connected to new peer: Peer: permanent_uuid: "cf5354458ea9445a95eb5028f02ef6a3" member_type: VOTER last_known_addr { host: "127.16.51.193" port: 39617 }, Status: LMP_MISMATCH, Last received: 0.0, Next index: 1, Last known committed idx: 0, Time since last communication: 0.003s
I20260710 13:22:12.843648 17959 leader_election.cc:290] T 534110d6d6c348d588441fdfa4504498 P cf5354458ea9445a95eb5028f02ef6a3 [CANDIDATE]: Term 2 pre-election: Requested pre-vote from peers 53c8fda71cf04ff68c4e474aeb871d8b (127.16.51.194:35937), a12621a5450f4e65b41beb8dd42e1b47 (127.16.51.195:37091)
I20260710 13:22:12.864490 17848 tablet_service.cc:1917] Received RequestConsensusVote() RPC: tablet_id: "534110d6d6c348d588441fdfa4504498" candidate_uuid: "cf5354458ea9445a95eb5028f02ef6a3" candidate_term: 2 candidate_status { last_received { term: 0 index: 0 } } ignore_live_leader: false dest_uuid: "a12621a5450f4e65b41beb8dd42e1b47" is_pre_election: true
I20260710 13:22:12.867318 17663 leader_election.cc:304] T a2831aa96bdc4f65bf45b862e0b0accf P cf5354458ea9445a95eb5028f02ef6a3 [CANDIDATE]: Term 1 pre-election: Election decided. Result: candidate lost. Election summary: received 3 responses out of 3 voters: 1 yes votes; 2 no votes. yes voters: cf5354458ea9445a95eb5028f02ef6a3; no voters: 53c8fda71cf04ff68c4e474aeb871d8b, a12621a5450f4e65b41beb8dd42e1b47
I20260710 13:22:12.868778 17772 tablet_service.cc:1917] Received RequestConsensusVote() RPC: tablet_id: "534110d6d6c348d588441fdfa4504498" candidate_uuid: "cf5354458ea9445a95eb5028f02ef6a3" candidate_term: 2 candidate_status { last_received { term: 0 index: 0 } } ignore_live_leader: false dest_uuid: "53c8fda71cf04ff68c4e474aeb871d8b" is_pre_election: true
I20260710 13:22:12.871953 17888 tablet_bootstrap.cc:654] T 071b5f9eec1b4eee944a6ea87b409b34 P cf5354458ea9445a95eb5028f02ef6a3: Neither blocks nor log segments found. Creating new log.
I20260710 13:22:12.871650 17597 catalog_manager.cc:5697] T a2831aa96bdc4f65bf45b862e0b0accf P a12621a5450f4e65b41beb8dd42e1b47 reported cstate change: term changed from 0 to 1, leader changed from <none> to a12621a5450f4e65b41beb8dd42e1b47 (127.16.51.195). New cstate: current_term: 1 leader_uuid: "a12621a5450f4e65b41beb8dd42e1b47" committed_config { opid_index: -1 OBSOLETE_local: false peers { permanent_uuid: "cf5354458ea9445a95eb5028f02ef6a3" member_type: VOTER last_known_addr { host: "127.16.51.193" port: 39617 } health_report { overall_health: UNKNOWN } } peers { permanent_uuid: "53c8fda71cf04ff68c4e474aeb871d8b" member_type: VOTER last_known_addr { host: "127.16.51.194" port: 35937 } health_report { overall_health: UNKNOWN } } peers { permanent_uuid: "a12621a5450f4e65b41beb8dd42e1b47" member_type: VOTER last_known_addr { host: "127.16.51.195" port: 37091 } health_report { overall_health: HEALTHY } } }
I20260710 13:22:12.874461 17954 raft_consensus.cc:3060] T a2831aa96bdc4f65bf45b862e0b0accf P cf5354458ea9445a95eb5028f02ef6a3 [term 0 FOLLOWER]: Advancing to term 1
I20260710 13:22:12.873878 17597 catalog_manager.cc:5697] T 16610d319c474a7281d453022a7ffa56 P a12621a5450f4e65b41beb8dd42e1b47 reported cstate change: term changed from 0 to 2, leader changed from <none> to a12621a5450f4e65b41beb8dd42e1b47 (127.16.51.195). New cstate: current_term: 2 leader_uuid: "a12621a5450f4e65b41beb8dd42e1b47" committed_config { opid_index: -1 OBSOLETE_local: false peers { permanent_uuid: "53c8fda71cf04ff68c4e474aeb871d8b" member_type: VOTER last_known_addr { host: "127.16.51.194" port: 35937 } health_report { overall_health: UNKNOWN } } peers { permanent_uuid: "a12621a5450f4e65b41beb8dd42e1b47" member_type: VOTER last_known_addr { host: "127.16.51.195" port: 37091 } health_report { overall_health: HEALTHY } } peers { permanent_uuid: "cf5354458ea9445a95eb5028f02ef6a3" member_type: VOTER last_known_addr { host: "127.16.51.193" port: 39617 } health_report { overall_health: UNKNOWN } } }
I20260710 13:22:12.878144 17663 leader_election.cc:304] T 534110d6d6c348d588441fdfa4504498 P cf5354458ea9445a95eb5028f02ef6a3 [CANDIDATE]: Term 2 pre-election: Election decided. Result: candidate lost. Election summary: received 3 responses out of 3 voters: 1 yes votes; 2 no votes. yes voters: cf5354458ea9445a95eb5028f02ef6a3; no voters: 53c8fda71cf04ff68c4e474aeb871d8b, a12621a5450f4e65b41beb8dd42e1b47
I20260710 13:22:12.882653 17946 consensus_queue.cc:1048] T a65f51529457465eb0222fa49a5166a3 P 53c8fda71cf04ff68c4e474aeb871d8b [LEADER]: Connected to new peer: Peer: permanent_uuid: "cf5354458ea9445a95eb5028f02ef6a3" member_type: VOTER last_known_addr { host: "127.16.51.193" port: 39617 }, Status: LMP_MISMATCH, Last received: 0.0, Next index: 1, Last known committed idx: 0, Time since last communication: 0.001s
I20260710 13:22:12.887878 17959 raft_consensus.cc:2749] T 534110d6d6c348d588441fdfa4504498 P cf5354458ea9445a95eb5028f02ef6a3 [term 1 FOLLOWER]: Leader pre-election lost for term 2. Reason: could not achieve majority
I20260710 13:22:12.877430 17597 catalog_manager.cc:5697] T 9e1c2edd6b12497ab852f909ef349da7 P a12621a5450f4e65b41beb8dd42e1b47 reported cstate change: term changed from 0 to 1, leader changed from <none> to a12621a5450f4e65b41beb8dd42e1b47 (127.16.51.195). New cstate: current_term: 1 leader_uuid: "a12621a5450f4e65b41beb8dd42e1b47" committed_config { opid_index: -1 OBSOLETE_local: false peers { permanent_uuid: "cf5354458ea9445a95eb5028f02ef6a3" member_type: VOTER last_known_addr { host: "127.16.51.193" port: 39617 } health_report { overall_health: UNKNOWN } } peers { permanent_uuid: "53c8fda71cf04ff68c4e474aeb871d8b" member_type: VOTER last_known_addr { host: "127.16.51.194" port: 35937 } health_report { overall_health: UNKNOWN } } peers { permanent_uuid: "a12621a5450f4e65b41beb8dd42e1b47" member_type: VOTER last_known_addr { host: "127.16.51.195" port: 37091 } health_report { overall_health: HEALTHY } } }
I20260710 13:22:12.901036 17954 raft_consensus.cc:2749] T a2831aa96bdc4f65bf45b862e0b0accf P cf5354458ea9445a95eb5028f02ef6a3 [term 1 FOLLOWER]: Leader pre-election lost for term 1. Reason: could not achieve majority
I20260710 13:22:12.904481 17888 tablet_bootstrap.cc:492] T 071b5f9eec1b4eee944a6ea87b409b34 P cf5354458ea9445a95eb5028f02ef6a3: No bootstrap required, opened a new log
I20260710 13:22:12.904917 17888 ts_tablet_manager.cc:1403] T 071b5f9eec1b4eee944a6ea87b409b34 P cf5354458ea9445a95eb5028f02ef6a3: Time spent bootstrapping tablet: real 0.074s	user 0.011s	sys 0.022s
I20260710 13:22:12.907523 17888 raft_consensus.cc:359] T 071b5f9eec1b4eee944a6ea87b409b34 P cf5354458ea9445a95eb5028f02ef6a3 [term 0 FOLLOWER]: Replica starting. Triggering 0 pending ops. Active config: opid_index: -1 OBSOLETE_local: false peers { permanent_uuid: "cf5354458ea9445a95eb5028f02ef6a3" member_type: VOTER last_known_addr { host: "127.16.51.193" port: 39617 } } peers { permanent_uuid: "53c8fda71cf04ff68c4e474aeb871d8b" member_type: VOTER last_known_addr { host: "127.16.51.194" port: 35937 } } peers { permanent_uuid: "a12621a5450f4e65b41beb8dd42e1b47" member_type: VOTER last_known_addr { host: "127.16.51.195" port: 37091 } }
I20260710 13:22:12.908187 17888 raft_consensus.cc:385] T 071b5f9eec1b4eee944a6ea87b409b34 P cf5354458ea9445a95eb5028f02ef6a3 [term 0 FOLLOWER]: Consensus starting up: Expiring failure detector timer to make a prompt election more likely
