I20260710 13:21:49.707901 16799 consensus_queue.cc:260] T 596b94810b054694aef99bd312687132 P 7716c5ed1b7346bba00b286d346eef6b [NON_LEADER]: Queue going to NON_LEADER mode. State: All replicated index: 0, Majority replicated index: 1, Committed index: 1, Last appended: 2.1, Last appended by leader: 1, Current term: 2, Majority size: -1, State: 0, Mode: NON_LEADER, active raft config: opid_index: -1 OBSOLETE_local: false peers { permanent_uuid: "1a85dc6fde2841f1bc3c1e4d16a64752" member_type: VOTER last_known_addr { host: "127.16.51.193" port: 33793 } } peers { permanent_uuid: "7716c5ed1b7346bba00b286d346eef6b" member_type: VOTER last_known_addr { host: "127.16.51.194" port: 37985 } } peers { permanent_uuid: "e13af808f5a047288c7fd5ac65b27a51" member_type: VOTER last_known_addr { host: "127.16.51.195" port: 46527 } }
I20260710 13:21:49.709263 16799 raft_consensus.cc:3060] T 596b94810b054694aef99bd312687132 P 7716c5ed1b7346bba00b286d346eef6b [term 2 FOLLOWER]: Advancing to term 3
I20260710 13:21:49.716173 16799 raft_consensus.cc:2468] T 596b94810b054694aef99bd312687132 P 7716c5ed1b7346bba00b286d346eef6b [term 3 FOLLOWER]: Leader election vote request: Granting yes vote for candidate 1a85dc6fde2841f1bc3c1e4d16a64752 in term 3.
I20260710 13:21:49.715520 16875 raft_consensus.cc:2468] T 596b94810b054694aef99bd312687132 P e13af808f5a047288c7fd5ac65b27a51 [term 3 FOLLOWER]: Leader election vote request: Granting yes vote for candidate 1a85dc6fde2841f1bc3c1e4d16a64752 in term 3.
I20260710 13:21:49.717468 16690 leader_election.cc:304] T 596b94810b054694aef99bd312687132 P 1a85dc6fde2841f1bc3c1e4d16a64752 [CANDIDATE]: Term 3 election: Election decided. Result: candidate won. Election summary: received 2 responses out of 3 voters: 2 yes votes; 0 no votes. yes voters: 1a85dc6fde2841f1bc3c1e4d16a64752, e13af808f5a047288c7fd5ac65b27a51; no voters: 
I20260710 13:21:49.718740 16926 raft_consensus.cc:2804] T 596b94810b054694aef99bd312687132 P 1a85dc6fde2841f1bc3c1e4d16a64752 [term 3 FOLLOWER]: Leader election won for term 3
I20260710 13:21:49.719282 16926 raft_consensus.cc:697] T 596b94810b054694aef99bd312687132 P 1a85dc6fde2841f1bc3c1e4d16a64752 [term 3 LEADER]: Becoming Leader. State: Replica: 1a85dc6fde2841f1bc3c1e4d16a64752, State: Running, Role: LEADER
I20260710 13:21:49.720096 16926 consensus_queue.cc:237] T 596b94810b054694aef99bd312687132 P 1a85dc6fde2841f1bc3c1e4d16a64752 [LEADER]: Queue going to LEADER mode. State: All replicated index: 0, Majority replicated index: 1, Committed index: 1, Last appended: 2.1, Last appended by leader: 1, Current term: 3, Majority size: 2, State: 0, Mode: LEADER, active raft config: opid_index: -1 OBSOLETE_local: false peers { permanent_uuid: "1a85dc6fde2841f1bc3c1e4d16a64752" member_type: VOTER last_known_addr { host: "127.16.51.193" port: 33793 } } peers { permanent_uuid: "7716c5ed1b7346bba00b286d346eef6b" member_type: VOTER last_known_addr { host: "127.16.51.194" port: 37985 } } peers { permanent_uuid: "e13af808f5a047288c7fd5ac65b27a51" member_type: VOTER last_known_addr { host: "127.16.51.195" port: 46527 } }
I20260710 13:21:49.727519 16622 catalog_manager.cc:5697] T 596b94810b054694aef99bd312687132 P 1a85dc6fde2841f1bc3c1e4d16a64752 reported cstate change: term changed from 2 to 3, leader changed from 7716c5ed1b7346bba00b286d346eef6b (127.16.51.194) to 1a85dc6fde2841f1bc3c1e4d16a64752 (127.16.51.193). New cstate: current_term: 3 leader_uuid: "1a85dc6fde2841f1bc3c1e4d16a64752" committed_config { opid_index: -1 OBSOLETE_local: false peers { permanent_uuid: "1a85dc6fde2841f1bc3c1e4d16a64752" member_type: VOTER last_known_addr { host: "127.16.51.193" port: 33793 } health_report { overall_health: HEALTHY } } peers { permanent_uuid: "7716c5ed1b7346bba00b286d346eef6b" member_type: VOTER last_known_addr { host: "127.16.51.194" port: 37985 } health_report { overall_health: UNKNOWN } } peers { permanent_uuid: "e13af808f5a047288c7fd5ac65b27a51" member_type: VOTER last_known_addr { host: "127.16.51.195" port: 46527 } health_report { overall_health: UNKNOWN } } }
I20260710 13:21:49.786158 16969 raft_consensus.cc:993] T 6394e7a9fb9047fabe753c0524d185da P e13af808f5a047288c7fd5ac65b27a51: : Instructing follower 7716c5ed1b7346bba00b286d346eef6b to start an election
I20260710 13:21:49.786696 16969 raft_consensus.cc:1081] T 6394e7a9fb9047fabe753c0524d185da P e13af808f5a047288c7fd5ac65b27a51 [term 1 LEADER]: Signalling peer 7716c5ed1b7346bba00b286d346eef6b to start an election
I20260710 13:21:49.788306 16799 tablet_service.cc:2044] Received Run Leader Election RPC: tablet_id: "6394e7a9fb9047fabe753c0524d185da"
dest_uuid: "7716c5ed1b7346bba00b286d346eef6b"
 from {username='slave'} at 127.0.0.1:46768
I20260710 13:21:49.788864 16799 raft_consensus.cc:493] T 6394e7a9fb9047fabe753c0524d185da P 7716c5ed1b7346bba00b286d346eef6b [term 1 FOLLOWER]: Starting forced leader election (received explicit request)
I20260710 13:21:49.789233 16799 raft_consensus.cc:3060] T 6394e7a9fb9047fabe753c0524d185da P 7716c5ed1b7346bba00b286d346eef6b [term 1 FOLLOWER]: Advancing to term 2
I20260710 13:21:49.795954 16799 raft_consensus.cc:515] T 6394e7a9fb9047fabe753c0524d185da P 7716c5ed1b7346bba00b286d346eef6b [term 2 FOLLOWER]: Starting forced leader election with config: opid_index: -1 OBSOLETE_local: false peers { permanent_uuid: "1a85dc6fde2841f1bc3c1e4d16a64752" member_type: VOTER last_known_addr { host: "127.16.51.193" port: 33793 } } peers { permanent_uuid: "7716c5ed1b7346bba00b286d346eef6b" member_type: VOTER last_known_addr { host: "127.16.51.194" port: 37985 } } peers { permanent_uuid: "e13af808f5a047288c7fd5ac65b27a51" member_type: VOTER last_known_addr { host: "127.16.51.195" port: 46527 } }
I20260710 13:21:49.797991 16799 leader_election.cc:290] T 6394e7a9fb9047fabe753c0524d185da P 7716c5ed1b7346bba00b286d346eef6b [CANDIDATE]: Term 2 election: Requested vote from peers 1a85dc6fde2841f1bc3c1e4d16a64752 (127.16.51.193:33793), e13af808f5a047288c7fd5ac65b27a51 (127.16.51.195:46527)
I20260710 13:21:49.798767 16726 tablet_service.cc:1917] Received RequestConsensusVote() RPC: tablet_id: "6394e7a9fb9047fabe753c0524d185da" candidate_uuid: "7716c5ed1b7346bba00b286d346eef6b" candidate_term: 2 candidate_status { last_received { term: 1 index: 1 } } ignore_live_leader: true dest_uuid: "1a85dc6fde2841f1bc3c1e4d16a64752"
I20260710 13:21:49.799062 16875 tablet_service.cc:1917] Received RequestConsensusVote() RPC: tablet_id: "6394e7a9fb9047fabe753c0524d185da" candidate_uuid: "7716c5ed1b7346bba00b286d346eef6b" candidate_term: 2 candidate_status { last_received { term: 1 index: 1 } } ignore_live_leader: true dest_uuid: "e13af808f5a047288c7fd5ac65b27a51"
I20260710 13:21:49.799412 16726 raft_consensus.cc:3060] T 6394e7a9fb9047fabe753c0524d185da P 1a85dc6fde2841f1bc3c1e4d16a64752 [term 1 FOLLOWER]: Advancing to term 2
I20260710 13:21:49.799593 16875 raft_consensus.cc:3055] T 6394e7a9fb9047fabe753c0524d185da P e13af808f5a047288c7fd5ac65b27a51 [term 1 LEADER]: Stepping down as leader of term 1
I20260710 13:21:49.799950 16875 raft_consensus.cc:740] T 6394e7a9fb9047fabe753c0524d185da P e13af808f5a047288c7fd5ac65b27a51 [term 1 LEADER]: Becoming Follower/Learner. State: Replica: e13af808f5a047288c7fd5ac65b27a51, State: Running, Role: LEADER
I20260710 13:21:49.800758 16875 consensus_queue.cc:260] T 6394e7a9fb9047fabe753c0524d185da P e13af808f5a047288c7fd5ac65b27a51 [NON_LEADER]: Queue going to NON_LEADER mode. State: All replicated index: 0, Majority replicated index: 1, Committed index: 1, Last appended: 1.1, Last appended by leader: 1, Current term: 1, Majority size: -1, State: 0, Mode: NON_LEADER, active raft config: opid_index: -1 OBSOLETE_local: false peers { permanent_uuid: "1a85dc6fde2841f1bc3c1e4d16a64752" member_type: VOTER last_known_addr { host: "127.16.51.193" port: 33793 } } peers { permanent_uuid: "7716c5ed1b7346bba00b286d346eef6b" member_type: VOTER last_known_addr { host: "127.16.51.194" port: 37985 } } peers { permanent_uuid: "e13af808f5a047288c7fd5ac65b27a51" member_type: VOTER last_known_addr { host: "127.16.51.195" port: 46527 } }
I20260710 13:21:49.801985 16875 raft_consensus.cc:3060] T 6394e7a9fb9047fabe753c0524d185da P e13af808f5a047288c7fd5ac65b27a51 [term 1 FOLLOWER]: Advancing to term 2
I20260710 13:21:49.806173 16726 raft_consensus.cc:2468] T 6394e7a9fb9047fabe753c0524d185da P 1a85dc6fde2841f1bc3c1e4d16a64752 [term 2 FOLLOWER]: Leader election vote request: Granting yes vote for candidate 7716c5ed1b7346bba00b286d346eef6b in term 2.
I20260710 13:21:49.807569 16765 leader_election.cc:304] T 6394e7a9fb9047fabe753c0524d185da P 7716c5ed1b7346bba00b286d346eef6b [CANDIDATE]: Term 2 election: Election decided. Result: candidate won. Election summary: received 2 responses out of 3 voters: 2 yes votes; 0 no votes. yes voters: 1a85dc6fde2841f1bc3c1e4d16a64752, 7716c5ed1b7346bba00b286d346eef6b; no voters: 
I20260710 13:21:49.808390 16966 raft_consensus.cc:2804] T 6394e7a9fb9047fabe753c0524d185da P 7716c5ed1b7346bba00b286d346eef6b [term 2 FOLLOWER]: Leader election won for term 2
I20260710 13:21:49.808611 16875 raft_consensus.cc:2468] T 6394e7a9fb9047fabe753c0524d185da P e13af808f5a047288c7fd5ac65b27a51 [term 2 FOLLOWER]: Leader election vote request: Granting yes vote for candidate 7716c5ed1b7346bba00b286d346eef6b in term 2.
I20260710 13:21:49.808887 16966 raft_consensus.cc:697] T 6394e7a9fb9047fabe753c0524d185da P 7716c5ed1b7346bba00b286d346eef6b [term 2 LEADER]: Becoming Leader. State: Replica: 7716c5ed1b7346bba00b286d346eef6b, State: Running, Role: LEADER
I20260710 13:21:49.810158 16966 consensus_queue.cc:237] T 6394e7a9fb9047fabe753c0524d185da P 7716c5ed1b7346bba00b286d346eef6b [LEADER]: Queue going to LEADER mode. State: All replicated index: 0, Majority replicated index: 1, Committed index: 1, Last appended: 1.1, Last appended by leader: 1, Current term: 2, Majority size: 2, State: 0, Mode: LEADER, active raft config: opid_index: -1 OBSOLETE_local: false peers { permanent_uuid: "1a85dc6fde2841f1bc3c1e4d16a64752" member_type: VOTER last_known_addr { host: "127.16.51.193" port: 33793 } } peers { permanent_uuid: "7716c5ed1b7346bba00b286d346eef6b" member_type: VOTER last_known_addr { host: "127.16.51.194" port: 37985 } } peers { permanent_uuid: "e13af808f5a047288c7fd5ac65b27a51" member_type: VOTER last_known_addr { host: "127.16.51.195" port: 46527 } }
I20260710 13:21:49.816946 16622 catalog_manager.cc:5697] T 6394e7a9fb9047fabe753c0524d185da P 7716c5ed1b7346bba00b286d346eef6b reported cstate change: term changed from 1 to 2, leader changed from e13af808f5a047288c7fd5ac65b27a51 (127.16.51.195) to 7716c5ed1b7346bba00b286d346eef6b (127.16.51.194). New cstate: current_term: 2 leader_uuid: "7716c5ed1b7346bba00b286d346eef6b" committed_config { opid_index: -1 OBSOLETE_local: false peers { permanent_uuid: "1a85dc6fde2841f1bc3c1e4d16a64752" member_type: VOTER last_known_addr { host: "127.16.51.193" port: 33793 } health_report { overall_health: UNKNOWN } } peers { permanent_uuid: "7716c5ed1b7346bba00b286d346eef6b" member_type: VOTER last_known_addr { host: "127.16.51.194" port: 37985 } health_report { overall_health: HEALTHY } } peers { permanent_uuid: "e13af808f5a047288c7fd5ac65b27a51" member_type: VOTER last_known_addr { host: "127.16.51.195" port: 46527 } health_report { overall_health: UNKNOWN } } }
I20260710 13:21:49.834770 16965 raft_consensus.cc:993] T c99473fe4e7b434bbdb4df0daada1698 P 1a85dc6fde2841f1bc3c1e4d16a64752: : Instructing follower 7716c5ed1b7346bba00b286d346eef6b to start an election
I20260710 13:21:49.835247 16926 raft_consensus.cc:1081] T c99473fe4e7b434bbdb4df0daada1698 P 1a85dc6fde2841f1bc3c1e4d16a64752 [term 1 LEADER]: Signalling peer 7716c5ed1b7346bba00b286d346eef6b to start an election
I20260710 13:21:49.836738 16799 tablet_service.cc:2044] Received Run Leader Election RPC: tablet_id: "c99473fe4e7b434bbdb4df0daada1698"
dest_uuid: "7716c5ed1b7346bba00b286d346eef6b"
 from {username='slave'} at 127.0.0.1:46770
I20260710 13:21:49.837319 16799 raft_consensus.cc:493] T c99473fe4e7b434bbdb4df0daada1698 P 7716c5ed1b7346bba00b286d346eef6b [term 1 FOLLOWER]: Starting forced leader election (received explicit request)
I20260710 13:21:49.837669 16799 raft_consensus.cc:3060] T c99473fe4e7b434bbdb4df0daada1698 P 7716c5ed1b7346bba00b286d346eef6b [term 1 FOLLOWER]: Advancing to term 2
I20260710 13:21:49.842433 16799 raft_consensus.cc:515] T c99473fe4e7b434bbdb4df0daada1698 P 7716c5ed1b7346bba00b286d346eef6b [term 2 FOLLOWER]: Starting forced leader election with config: opid_index: -1 OBSOLETE_local: false peers { permanent_uuid: "1a85dc6fde2841f1bc3c1e4d16a64752" member_type: VOTER last_known_addr { host: "127.16.51.193" port: 33793 } } peers { permanent_uuid: "7716c5ed1b7346bba00b286d346eef6b" member_type: VOTER last_known_addr { host: "127.16.51.194" port: 37985 } } peers { permanent_uuid: "e13af808f5a047288c7fd5ac65b27a51" member_type: VOTER last_known_addr { host: "127.16.51.195" port: 46527 } }
I20260710 13:21:49.844283 16799 leader_election.cc:290] T c99473fe4e7b434bbdb4df0daada1698 P 7716c5ed1b7346bba00b286d346eef6b [CANDIDATE]: Term 2 election: Requested vote from peers 1a85dc6fde2841f1bc3c1e4d16a64752 (127.16.51.193:33793), e13af808f5a047288c7fd5ac65b27a51 (127.16.51.195:46527)
I20260710 13:21:49.845212 16875 tablet_service.cc:1917] Received RequestConsensusVote() RPC: tablet_id: "c99473fe4e7b434bbdb4df0daada1698" candidate_uuid: "7716c5ed1b7346bba00b286d346eef6b" candidate_term: 2 candidate_status { last_received { term: 1 index: 1 } } ignore_live_leader: true dest_uuid: "e13af808f5a047288c7fd5ac65b27a51"
I20260710 13:21:49.845160 16726 tablet_service.cc:1917] Received RequestConsensusVote() RPC: tablet_id: "c99473fe4e7b434bbdb4df0daada1698" candidate_uuid: "7716c5ed1b7346bba00b286d346eef6b" candidate_term: 2 candidate_status { last_received { term: 1 index: 1 } } ignore_live_leader: true dest_uuid: "1a85dc6fde2841f1bc3c1e4d16a64752"
I20260710 13:21:49.845872 16875 raft_consensus.cc:3060] T c99473fe4e7b434bbdb4df0daada1698 P e13af808f5a047288c7fd5ac65b27a51 [term 1 FOLLOWER]: Advancing to term 2
I20260710 13:21:49.845957 16726 raft_consensus.cc:3055] T c99473fe4e7b434bbdb4df0daada1698 P 1a85dc6fde2841f1bc3c1e4d16a64752 [term 1 LEADER]: Stepping down as leader of term 1
I20260710 13:21:49.846427 16726 raft_consensus.cc:740] T c99473fe4e7b434bbdb4df0daada1698 P 1a85dc6fde2841f1bc3c1e4d16a64752 [term 1 LEADER]: Becoming Follower/Learner. State: Replica: 1a85dc6fde2841f1bc3c1e4d16a64752, State: Running, Role: LEADER
I20260710 13:21:49.847292 16726 consensus_queue.cc:260] T c99473fe4e7b434bbdb4df0daada1698 P 1a85dc6fde2841f1bc3c1e4d16a64752 [NON_LEADER]: Queue going to NON_LEADER mode. State: All replicated index: 0, Majority replicated index: 1, Committed index: 1, Last appended: 1.1, Last appended by leader: 1, Current term: 1, Majority size: -1, State: 0, Mode: NON_LEADER, active raft config: opid_index: -1 OBSOLETE_local: false peers { permanent_uuid: "1a85dc6fde2841f1bc3c1e4d16a64752" member_type: VOTER last_known_addr { host: "127.16.51.193" port: 33793 } } peers { permanent_uuid: "7716c5ed1b7346bba00b286d346eef6b" member_type: VOTER last_known_addr { host: "127.16.51.194" port: 37985 } } peers { permanent_uuid: "e13af808f5a047288c7fd5ac65b27a51" member_type: VOTER last_known_addr { host: "127.16.51.195" port: 46527 } }
I20260710 13:21:49.848495 16726 raft_consensus.cc:3060] T c99473fe4e7b434bbdb4df0daada1698 P 1a85dc6fde2841f1bc3c1e4d16a64752 [term 1 FOLLOWER]: Advancing to term 2
I20260710 13:21:49.852737 16875 raft_consensus.cc:2468] T c99473fe4e7b434bbdb4df0daada1698 P e13af808f5a047288c7fd5ac65b27a51 [term 2 FOLLOWER]: Leader election vote request: Granting yes vote for candidate 7716c5ed1b7346bba00b286d346eef6b in term 2.
I20260710 13:21:49.854130 16765 leader_election.cc:304] T c99473fe4e7b434bbdb4df0daada1698 P 7716c5ed1b7346bba00b286d346eef6b [CANDIDATE]: Term 2 election: Election decided. Result: candidate won. Election summary: received 2 responses out of 3 voters: 2 yes votes; 0 no votes. yes voters: 7716c5ed1b7346bba00b286d346eef6b, e13af808f5a047288c7fd5ac65b27a51; no voters: 
I20260710 13:21:49.854996 16966 raft_consensus.cc:2804] T c99473fe4e7b434bbdb4df0daada1698 P 7716c5ed1b7346bba00b286d346eef6b [term 2 FOLLOWER]: Leader election won for term 2
I20260710 13:21:49.855487 16966 raft_consensus.cc:697] T c99473fe4e7b434bbdb4df0daada1698 P 7716c5ed1b7346bba00b286d346eef6b [term 2 LEADER]: Becoming Leader. State: Replica: 7716c5ed1b7346bba00b286d346eef6b, State: Running, Role: LEADER
I20260710 13:21:49.856287 16726 raft_consensus.cc:2468] T c99473fe4e7b434bbdb4df0daada1698 P 1a85dc6fde2841f1bc3c1e4d16a64752 [term 2 FOLLOWER]: Leader election vote request: Granting yes vote for candidate 7716c5ed1b7346bba00b286d346eef6b in term 2.
I20260710 13:21:49.856279 16966 consensus_queue.cc:237] T c99473fe4e7b434bbdb4df0daada1698 P 7716c5ed1b7346bba00b286d346eef6b [LEADER]: Queue going to LEADER mode. State: All replicated index: 0, Majority replicated index: 1, Committed index: 1, Last appended: 1.1, Last appended by leader: 1, Current term: 2, Majority size: 2, State: 0, Mode: LEADER, active raft config: opid_index: -1 OBSOLETE_local: false peers { permanent_uuid: "1a85dc6fde2841f1bc3c1e4d16a64752" member_type: VOTER last_known_addr { host: "127.16.51.193" port: 33793 } } peers { permanent_uuid: "7716c5ed1b7346bba00b286d346eef6b" member_type: VOTER last_known_addr { host: "127.16.51.194" port: 37985 } } peers { permanent_uuid: "e13af808f5a047288c7fd5ac65b27a51" member_type: VOTER last_known_addr { host: "127.16.51.195" port: 46527 } }
I20260710 13:21:49.864070 16622 catalog_manager.cc:5697] T c99473fe4e7b434bbdb4df0daada1698 P 7716c5ed1b7346bba00b286d346eef6b reported cstate change: term changed from 1 to 2, leader changed from 1a85dc6fde2841f1bc3c1e4d16a64752 (127.16.51.193) to 7716c5ed1b7346bba00b286d346eef6b (127.16.51.194). New cstate: current_term: 2 leader_uuid: "7716c5ed1b7346bba00b286d346eef6b" committed_config { opid_index: -1 OBSOLETE_local: false peers { permanent_uuid: "1a85dc6fde2841f1bc3c1e4d16a64752" member_type: VOTER last_known_addr { host: "127.16.51.193" port: 33793 } health_report { overall_health: UNKNOWN } } peers { permanent_uuid: "7716c5ed1b7346bba00b286d346eef6b" member_type: VOTER last_known_addr { host: "127.16.51.194" port: 37985 } health_report { overall_health: HEALTHY } } peers { permanent_uuid: "e13af808f5a047288c7fd5ac65b27a51" member_type: VOTER last_known_addr { host: "127.16.51.195" port: 46527 } health_report { overall_health: UNKNOWN } } }
I20260710 13:21:49.912456 16926 consensus_queue.cc:1048] T 1cb5e656ae3c41c2811cfd526ba9464c P 1a85dc6fde2841f1bc3c1e4d16a64752 [LEADER]: Connected to new peer: Peer: permanent_uuid: "7716c5ed1b7346bba00b286d346eef6b" member_type: VOTER last_known_addr { host: "127.16.51.194" port: 37985 }, Status: LMP_MISMATCH, Last received: 0.0, Next index: 1, Last known committed idx: 0, Time since last communication: 0.000s
I20260710 13:21:49.927722 16926 consensus_queue.cc:1048] T 1cb5e656ae3c41c2811cfd526ba9464c P 1a85dc6fde2841f1bc3c1e4d16a64752 [LEADER]: Connected to new peer: Peer: permanent_uuid: "e13af808f5a047288c7fd5ac65b27a51" member_type: VOTER last_known_addr { host: "127.16.51.195" port: 46527 }, Status: LMP_MISMATCH, Last received: 0.0, Next index: 1, Last known committed idx: 0, Time since last communication: 0.000s
I20260710 13:21:49.955205 16964 raft_consensus.cc:993] T 84d645ceb1a741e5b691ebd118a62ba2 P e13af808f5a047288c7fd5ac65b27a51: : Instructing follower 7716c5ed1b7346bba00b286d346eef6b to start an election
I20260710 13:21:49.955688 16964 raft_consensus.cc:1081] T 84d645ceb1a741e5b691ebd118a62ba2 P e13af808f5a047288c7fd5ac65b27a51 [term 1 LEADER]: Signalling peer 7716c5ed1b7346bba00b286d346eef6b to start an election
I20260710 13:21:49.957334 16799 tablet_service.cc:2044] Received Run Leader Election RPC: tablet_id: "84d645ceb1a741e5b691ebd118a62ba2"
dest_uuid: "7716c5ed1b7346bba00b286d346eef6b"
 from {username='slave'} at 127.0.0.1:46768
I20260710 13:21:49.957916 16799 raft_consensus.cc:493] T 84d645ceb1a741e5b691ebd118a62ba2 P 7716c5ed1b7346bba00b286d346eef6b [term 1 FOLLOWER]: Starting forced leader election (received explicit request)
I20260710 13:21:49.958287 16799 raft_consensus.cc:3060] T 84d645ceb1a741e5b691ebd118a62ba2 P 7716c5ed1b7346bba00b286d346eef6b [term 1 FOLLOWER]: Advancing to term 2
I20260710 13:21:49.963804 16799 raft_consensus.cc:515] T 84d645ceb1a741e5b691ebd118a62ba2 P 7716c5ed1b7346bba00b286d346eef6b [term 2 FOLLOWER]: Starting forced leader election with config: opid_index: -1 OBSOLETE_local: false peers { permanent_uuid: "1a85dc6fde2841f1bc3c1e4d16a64752" member_type: VOTER last_known_addr { host: "127.16.51.193" port: 33793 } } peers { permanent_uuid: "7716c5ed1b7346bba00b286d346eef6b" member_type: VOTER last_known_addr { host: "127.16.51.194" port: 37985 } } peers { permanent_uuid: "e13af808f5a047288c7fd5ac65b27a51" member_type: VOTER last_known_addr { host: "127.16.51.195" port: 46527 } }
I20260710 13:21:49.966141 16799 leader_election.cc:290] T 84d645ceb1a741e5b691ebd118a62ba2 P 7716c5ed1b7346bba00b286d346eef6b [CANDIDATE]: Term 2 election: Requested vote from peers 1a85dc6fde2841f1bc3c1e4d16a64752 (127.16.51.193:33793), e13af808f5a047288c7fd5ac65b27a51 (127.16.51.195:46527)
I20260710 13:21:49.967609 16875 tablet_service.cc:1917] Received RequestConsensusVote() RPC: tablet_id: "84d645ceb1a741e5b691ebd118a62ba2" candidate_uuid: "7716c5ed1b7346bba00b286d346eef6b" candidate_term: 2 candidate_status { last_received { term: 1 index: 1 } } ignore_live_leader: true dest_uuid: "e13af808f5a047288c7fd5ac65b27a51"
I20260710 13:21:49.968212 16875 raft_consensus.cc:3055] T 84d645ceb1a741e5b691ebd118a62ba2 P e13af808f5a047288c7fd5ac65b27a51 [term 1 LEADER]: Stepping down as leader of term 1
I20260710 13:21:49.968250 16726 tablet_service.cc:1917] Received RequestConsensusVote() RPC: tablet_id: "84d645ceb1a741e5b691ebd118a62ba2" candidate_uuid: "7716c5ed1b7346bba00b286d346eef6b" candidate_term: 2 candidate_status { last_received { term: 1 index: 1 } } ignore_live_leader: true dest_uuid: "1a85dc6fde2841f1bc3c1e4d16a64752"
I20260710 13:21:49.968642 16875 raft_consensus.cc:740] T 84d645ceb1a741e5b691ebd118a62ba2 P e13af808f5a047288c7fd5ac65b27a51 [term 1 LEADER]: Becoming Follower/Learner. State: Replica: e13af808f5a047288c7fd5ac65b27a51, State: Running, Role: LEADER
I20260710 13:21:49.968842 16726 raft_consensus.cc:3060] T 84d645ceb1a741e5b691ebd118a62ba2 P 1a85dc6fde2841f1bc3c1e4d16a64752 [term 1 FOLLOWER]: Advancing to term 2
I20260710 13:21:49.969491 16875 consensus_queue.cc:260] T 84d645ceb1a741e5b691ebd118a62ba2 P e13af808f5a047288c7fd5ac65b27a51 [NON_LEADER]: Queue going to NON_LEADER mode. State: All replicated index: 0, Majority replicated index: 1, Committed index: 1, Last appended: 1.1, Last appended by leader: 1, Current term: 1, Majority size: -1, State: 0, Mode: NON_LEADER, active raft config: opid_index: -1 OBSOLETE_local: false peers { permanent_uuid: "1a85dc6fde2841f1bc3c1e4d16a64752" member_type: VOTER last_known_addr { host: "127.16.51.193" port: 33793 } } peers { permanent_uuid: "7716c5ed1b7346bba00b286d346eef6b" member_type: VOTER last_known_addr { host: "127.16.51.194" port: 37985 } } peers { permanent_uuid: "e13af808f5a047288c7fd5ac65b27a51" member_type: VOTER last_known_addr { host: "127.16.51.195" port: 46527 } }
I20260710 13:21:49.970705 16875 raft_consensus.cc:3060] T 84d645ceb1a741e5b691ebd118a62ba2 P e13af808f5a047288c7fd5ac65b27a51 [term 1 FOLLOWER]: Advancing to term 2
I20260710 13:21:49.975821 16726 raft_consensus.cc:2468] T 84d645ceb1a741e5b691ebd118a62ba2 P 1a85dc6fde2841f1bc3c1e4d16a64752 [term 2 FOLLOWER]: Leader election vote request: Granting yes vote for candidate 7716c5ed1b7346bba00b286d346eef6b in term 2.
I20260710 13:21:49.977228 16875 raft_consensus.cc:2468] T 84d645ceb1a741e5b691ebd118a62ba2 P e13af808f5a047288c7fd5ac65b27a51 [term 2 FOLLOWER]: Leader election vote request: Granting yes vote for candidate 7716c5ed1b7346bba00b286d346eef6b in term 2.
I20260710 13:21:49.977214 16765 leader_election.cc:304] T 84d645ceb1a741e5b691ebd118a62ba2 P 7716c5ed1b7346bba00b286d346eef6b [CANDIDATE]: Term 2 election: Election decided. Result: candidate won. Election summary: received 2 responses out of 3 voters: 2 yes votes; 0 no votes. yes voters: 1a85dc6fde2841f1bc3c1e4d16a64752, 7716c5ed1b7346bba00b286d346eef6b; no voters: 
I20260710 13:21:49.978355 16966 raft_consensus.cc:2804] T 84d645ceb1a741e5b691ebd118a62ba2 P 7716c5ed1b7346bba00b286d346eef6b [term 2 FOLLOWER]: Leader election won for term 2
I20260710 13:21:49.978825 16966 raft_consensus.cc:697] T 84d645ceb1a741e5b691ebd118a62ba2 P 7716c5ed1b7346bba00b286d346eef6b [term 2 LEADER]: Becoming Leader. State: Replica: 7716c5ed1b7346bba00b286d346eef6b, State: Running, Role: LEADER
I20260710 13:21:49.979516 16966 consensus_queue.cc:237] T 84d645ceb1a741e5b691ebd118a62ba2 P 7716c5ed1b7346bba00b286d346eef6b [LEADER]: Queue going to LEADER mode. State: All replicated index: 0, Majority replicated index: 1, Committed index: 1, Last appended: 1.1, Last appended by leader: 1, Current term: 2, Majority size: 2, State: 0, Mode: LEADER, active raft config: opid_index: -1 OBSOLETE_local: false peers { permanent_uuid: "1a85dc6fde2841f1bc3c1e4d16a64752" member_type: VOTER last_known_addr { host: "127.16.51.193" port: 33793 } } peers { permanent_uuid: "7716c5ed1b7346bba00b286d346eef6b" member_type: VOTER last_known_addr { host: "127.16.51.194" port: 37985 } } peers { permanent_uuid: "e13af808f5a047288c7fd5ac65b27a51" member_type: VOTER last_known_addr { host: "127.16.51.195" port: 46527 } }
I20260710 13:21:49.986291 16622 catalog_manager.cc:5697] T 84d645ceb1a741e5b691ebd118a62ba2 P 7716c5ed1b7346bba00b286d346eef6b reported cstate change: term changed from 1 to 2, leader changed from e13af808f5a047288c7fd5ac65b27a51 (127.16.51.195) to 7716c5ed1b7346bba00b286d346eef6b (127.16.51.194). New cstate: current_term: 2 leader_uuid: "7716c5ed1b7346bba00b286d346eef6b" committed_config { opid_index: -1 OBSOLETE_local: false peers { permanent_uuid: "1a85dc6fde2841f1bc3c1e4d16a64752" member_type: VOTER last_known_addr { host: "127.16.51.193" port: 33793 } health_report { overall_health: UNKNOWN } } peers { permanent_uuid: "7716c5ed1b7346bba00b286d346eef6b" member_type: VOTER last_known_addr { host: "127.16.51.194" port: 37985 } health_report { overall_health: HEALTHY } } peers { permanent_uuid: "e13af808f5a047288c7fd5ac65b27a51" member_type: VOTER last_known_addr { host: "127.16.51.195" port: 46527 } health_report { overall_health: UNKNOWN } } }
I20260710 13:21:50.185973 16799 raft_consensus.cc:1275] T 596b94810b054694aef99bd312687132 P 7716c5ed1b7346bba00b286d346eef6b [term 3 FOLLOWER]: Refusing update from remote peer 1a85dc6fde2841f1bc3c1e4d16a64752: Log matching property violated. Preceding OpId in replica: term: 2 index: 1. Preceding OpId from leader: term: 3 index: 2. (index mismatch)
I20260710 13:21:50.187953 16926 consensus_queue.cc:1048] T 596b94810b054694aef99bd312687132 P 1a85dc6fde2841f1bc3c1e4d16a64752 [LEADER]: Connected to new peer: Peer: permanent_uuid: "7716c5ed1b7346bba00b286d346eef6b" member_type: VOTER last_known_addr { host: "127.16.51.194" port: 37985 }, Status: LMP_MISMATCH, Last received: 0.0, Next index: 2, Last known committed idx: 1, Time since last communication: 0.001s
I20260710 13:21:50.198211 16875 raft_consensus.cc:1275] T 596b94810b054694aef99bd312687132 P e13af808f5a047288c7fd5ac65b27a51 [term 3 FOLLOWER]: Refusing update from remote peer 1a85dc6fde2841f1bc3c1e4d16a64752: Log matching property violated. Preceding OpId in replica: term: 2 index: 1. Preceding OpId from leader: term: 3 index: 2. (index mismatch)
I20260710 13:21:50.201323 16965 consensus_queue.cc:1048] T 596b94810b054694aef99bd312687132 P 1a85dc6fde2841f1bc3c1e4d16a64752 [LEADER]: Connected to new peer: Peer: permanent_uuid: "e13af808f5a047288c7fd5ac65b27a51" member_type: VOTER last_known_addr { host: "127.16.51.195" port: 46527 }, Status: LMP_MISMATCH, Last received: 0.0, Next index: 2, Last known committed idx: 1, Time since last communication: 0.001s
I20260710 13:21:50.240756 16726 raft_consensus.cc:1275] T 6394e7a9fb9047fabe753c0524d185da P 1a85dc6fde2841f1bc3c1e4d16a64752 [term 2 FOLLOWER]: Refusing update from remote peer 7716c5ed1b7346bba00b286d346eef6b: Log matching property violated. Preceding OpId in replica: term: 1 index: 1. Preceding OpId from leader: term: 2 index: 2. (index mismatch)
I20260710 13:21:50.242228 16966 consensus_queue.cc:1048] T 6394e7a9fb9047fabe753c0524d185da P 7716c5ed1b7346bba00b286d346eef6b [LEADER]: Connected to new peer: Peer: permanent_uuid: "1a85dc6fde2841f1bc3c1e4d16a64752" member_type: VOTER last_known_addr { host: "127.16.51.193" port: 33793 }, Status: LMP_MISMATCH, Last received: 0.0, Next index: 2, Last known committed idx: 1, Time since last communication: 0.001s
I20260710 13:21:50.247007 16875 raft_consensus.cc:1275] T c99473fe4e7b434bbdb4df0daada1698 P e13af808f5a047288c7fd5ac65b27a51 [term 2 FOLLOWER]: Refusing update from remote peer 7716c5ed1b7346bba00b286d346eef6b: Log matching property violated. Preceding OpId in replica: term: 1 index: 1. Preceding OpId from leader: term: 2 index: 2. (index mismatch)
I20260710 13:21:50.252463 16974 consensus_queue.cc:1048] T c99473fe4e7b434bbdb4df0daada1698 P 7716c5ed1b7346bba00b286d346eef6b [LEADER]: Connected to new peer: Peer: permanent_uuid: "e13af808f5a047288c7fd5ac65b27a51" member_type: VOTER last_known_addr { host: "127.16.51.195" port: 46527 }, Status: LMP_MISMATCH, Last received: 0.0, Next index: 2, Last known committed idx: 1, Time since last communication: 0.000s
I20260710 13:21:50.265533 16875 raft_consensus.cc:1275] T 6394e7a9fb9047fabe753c0524d185da P e13af808f5a047288c7fd5ac65b27a51 [term 2 FOLLOWER]: Refusing update from remote peer 7716c5ed1b7346bba00b286d346eef6b: Log matching property violated. Preceding OpId in replica: term: 1 index: 1. Preceding OpId from leader: term: 2 index: 2. (index mismatch)
I20260710 13:21:50.268719 16974 consensus_queue.cc:1048] T 6394e7a9fb9047fabe753c0524d185da P 7716c5ed1b7346bba00b286d346eef6b [LEADER]: Connected to new peer: Peer: permanent_uuid: "e13af808f5a047288c7fd5ac65b27a51" member_type: VOTER last_known_addr { host: "127.16.51.195" port: 46527 }, Status: LMP_MISMATCH, Last received: 0.0, Next index: 2, Last known committed idx: 1, Time since last communication: 0.000s
I20260710 13:21:50.269598 16726 raft_consensus.cc:1275] T c99473fe4e7b434bbdb4df0daada1698 P 1a85dc6fde2841f1bc3c1e4d16a64752 [term 2 FOLLOWER]: Refusing update from remote peer 7716c5ed1b7346bba00b286d346eef6b: Log matching property violated. Preceding OpId in replica: term: 1 index: 1. Preceding OpId from leader: term: 2 index: 2. (index mismatch)
I20260710 13:21:50.272264 17009 consensus_queue.cc:1048] T c99473fe4e7b434bbdb4df0daada1698 P 7716c5ed1b7346bba00b286d346eef6b [LEADER]: Connected to new peer: Peer: permanent_uuid: "1a85dc6fde2841f1bc3c1e4d16a64752" member_type: VOTER last_known_addr { host: "127.16.51.193" port: 33793 }, Status: LMP_MISMATCH, Last received: 0.0, Next index: 2, Last known committed idx: 1, Time since last communication: 0.000s
I20260710 13:21:50.448822 16726 raft_consensus.cc:1275] T 84d645ceb1a741e5b691ebd118a62ba2 P 1a85dc6fde2841f1bc3c1e4d16a64752 [term 2 FOLLOWER]: Refusing update from remote peer 7716c5ed1b7346bba00b286d346eef6b: Log matching property violated. Preceding OpId in replica: term: 1 index: 1. Preceding OpId from leader: term: 2 index: 2. (index mismatch)
I20260710 13:21:50.450054 17009 consensus_queue.cc:1048] T 84d645ceb1a741e5b691ebd118a62ba2 P 7716c5ed1b7346bba00b286d346eef6b [LEADER]: Connected to new peer: Peer: permanent_uuid: "1a85dc6fde2841f1bc3c1e4d16a64752" member_type: VOTER last_known_addr { host: "127.16.51.193" port: 33793 }, Status: LMP_MISMATCH, Last received: 0.0, Next index: 2, Last known committed idx: 1, Time since last communication: 0.000s
I20260710 13:21:50.458629 16874 raft_consensus.cc:1275] T 84d645ceb1a741e5b691ebd118a62ba2 P e13af808f5a047288c7fd5ac65b27a51 [term 2 FOLLOWER]: Refusing update from remote peer 7716c5ed1b7346bba00b286d346eef6b: Log matching property violated. Preceding OpId in replica: term: 1 index: 1. Preceding OpId from leader: term: 2 index: 2. (index mismatch)
I20260710 13:21:50.460371 16966 consensus_queue.cc:1048] T 84d645ceb1a741e5b691ebd118a62ba2 P 7716c5ed1b7346bba00b286d346eef6b [LEADER]: Connected to new peer: Peer: permanent_uuid: "e13af808f5a047288c7fd5ac65b27a51" member_type: VOTER last_known_addr { host: "127.16.51.195" port: 46527 }, Status: LMP_MISMATCH, Last received: 0.0, Next index: 2, Last known committed idx: 1, Time since last communication: 0.000s
I20260710 13:21:52.677992 16591 auto_leader_rebalancer-test.cc:316] The leader distribution is 
I20260710 13:21:52.678921 16591 auto_leader_rebalancer.cc:141] leader rebalance for table test-workload
I20260710 13:21:52.701602 16726 tablet_service.cc:2072] Received LeaderStepDown RPC: tablet_id: "596b94810b054694aef99bd312687132"
dest_uuid: "1a85dc6fde2841f1bc3c1e4d16a64752"
mode: GRACEFUL
new_leader_uuid: "e13af808f5a047288c7fd5ac65b27a51"
 from {username='slave'} at 127.0.0.1:42560
I20260710 13:21:52.702093 16726 raft_consensus.cc:606] T 596b94810b054694aef99bd312687132 P 1a85dc6fde2841f1bc3c1e4d16a64752 [term 3 LEADER]: Received request to transfer leadership to TS e13af808f5a047288c7fd5ac65b27a51
I20260710 13:21:52.712797 16799 tablet_service.cc:2072] Received LeaderStepDown RPC: tablet_id: "6394e7a9fb9047fabe753c0524d185da"
dest_uuid: "7716c5ed1b7346bba00b286d346eef6b"
mode: GRACEFUL
new_leader_uuid: "e13af808f5a047288c7fd5ac65b27a51"
 from {username='slave'} at 127.0.0.1:60188
I20260710 13:21:52.713361 16799 raft_consensus.cc:606] T 6394e7a9fb9047fabe753c0524d185da P 7716c5ed1b7346bba00b286d346eef6b [term 2 LEADER]: Received request to transfer leadership to TS e13af808f5a047288c7fd5ac65b27a51
I20260710 13:21:52.714540 16591 auto_leader_rebalancer.cc:479] table: test-workload, leader rebalance finish, leader transfer count: 2
I20260710 13:21:52.714993 16591 auto_leader_rebalancer.cc:554] All tables' leader rebalancing finished this round
I20260710 13:21:53.104308 17018 raft_consensus.cc:993] T 6394e7a9fb9047fabe753c0524d185da P 7716c5ed1b7346bba00b286d346eef6b: : Instructing follower e13af808f5a047288c7fd5ac65b27a51 to start an election
I20260710 13:21:53.104846 17014 raft_consensus.cc:1081] T 6394e7a9fb9047fabe753c0524d185da P 7716c5ed1b7346bba00b286d346eef6b [term 2 LEADER]: Signalling peer e13af808f5a047288c7fd5ac65b27a51 to start an election
I20260710 13:21:53.106624 16874 tablet_service.cc:2044] Received Run Leader Election RPC: tablet_id: "6394e7a9fb9047fabe753c0524d185da"
dest_uuid: "e13af808f5a047288c7fd5ac65b27a51"
 from {username='slave'} at 127.0.0.1:39420
I20260710 13:21:53.107268 16874 raft_consensus.cc:493] T 6394e7a9fb9047fabe753c0524d185da P e13af808f5a047288c7fd5ac65b27a51 [term 2 FOLLOWER]: Starting forced leader election (received explicit request)
I20260710 13:21:53.107671 16874 raft_consensus.cc:3060] T 6394e7a9fb9047fabe753c0524d185da P e13af808f5a047288c7fd5ac65b27a51 [term 2 FOLLOWER]: Advancing to term 3
I20260710 13:21:53.113786 16874 raft_consensus.cc:515] T 6394e7a9fb9047fabe753c0524d185da P e13af808f5a047288c7fd5ac65b27a51 [term 3 FOLLOWER]: Starting forced leader election with config: opid_index: -1 OBSOLETE_local: false peers { permanent_uuid: "1a85dc6fde2841f1bc3c1e4d16a64752" member_type: VOTER last_known_addr { host: "127.16.51.193" port: 33793 } } peers { permanent_uuid: "7716c5ed1b7346bba00b286d346eef6b" member_type: VOTER last_known_addr { host: "127.16.51.194" port: 37985 } } peers { permanent_uuid: "e13af808f5a047288c7fd5ac65b27a51" member_type: VOTER last_known_addr { host: "127.16.51.195" port: 46527 } }
I20260710 13:21:53.116285 16874 leader_election.cc:290] T 6394e7a9fb9047fabe753c0524d185da P e13af808f5a047288c7fd5ac65b27a51 [CANDIDATE]: Term 3 election: Requested vote from peers 1a85dc6fde2841f1bc3c1e4d16a64752 (127.16.51.193:33793), 7716c5ed1b7346bba00b286d346eef6b (127.16.51.194:37985)
I20260710 13:21:53.117174 16726 tablet_service.cc:1917] Received RequestConsensusVote() RPC: tablet_id: "6394e7a9fb9047fabe753c0524d185da" candidate_uuid: "e13af808f5a047288c7fd5ac65b27a51" candidate_term: 3 candidate_status { last_received { term: 2 index: 2 } } ignore_live_leader: true dest_uuid: "1a85dc6fde2841f1bc3c1e4d16a64752"
I20260710 13:21:53.117832 16726 raft_consensus.cc:3060] T 6394e7a9fb9047fabe753c0524d185da P 1a85dc6fde2841f1bc3c1e4d16a64752 [term 2 FOLLOWER]: Advancing to term 3
I20260710 13:21:53.117722 16799 tablet_service.cc:1917] Received RequestConsensusVote() RPC: tablet_id: "6394e7a9fb9047fabe753c0524d185da" candidate_uuid: "e13af808f5a047288c7fd5ac65b27a51" candidate_term: 3 candidate_status { last_received { term: 2 index: 2 } } ignore_live_leader: true dest_uuid: "7716c5ed1b7346bba00b286d346eef6b"
I20260710 13:21:53.118530 16799 raft_consensus.cc:3055] T 6394e7a9fb9047fabe753c0524d185da P 7716c5ed1b7346bba00b286d346eef6b [term 2 LEADER]: Stepping down as leader of term 2
I20260710 13:21:53.118837 16799 raft_consensus.cc:740] T 6394e7a9fb9047fabe753c0524d185da P 7716c5ed1b7346bba00b286d346eef6b [term 2 LEADER]: Becoming Follower/Learner. State: Replica: 7716c5ed1b7346bba00b286d346eef6b, State: Running, Role: LEADER
I20260710 13:21:53.119506 16799 consensus_queue.cc:260] T 6394e7a9fb9047fabe753c0524d185da P 7716c5ed1b7346bba00b286d346eef6b [NON_LEADER]: Queue going to NON_LEADER mode. State: All replicated index: 0, Majority replicated index: 2, Committed index: 2, Last appended: 2.2, Last appended by leader: 2, Current term: 2, Majority size: -1, State: 0, Mode: NON_LEADER, active raft config: opid_index: -1 OBSOLETE_local: false peers { permanent_uuid: "1a85dc6fde2841f1bc3c1e4d16a64752" member_type: VOTER last_known_addr { host: "127.16.51.193" port: 33793 } } peers { permanent_uuid: "7716c5ed1b7346bba00b286d346eef6b" member_type: VOTER last_known_addr { host: "127.16.51.194" port: 37985 } } peers { permanent_uuid: "e13af808f5a047288c7fd5ac65b27a51" member_type: VOTER last_known_addr { host: "127.16.51.195" port: 46527 } }
I20260710 13:21:53.120409 16799 raft_consensus.cc:3060] T 6394e7a9fb9047fabe753c0524d185da P 7716c5ed1b7346bba00b286d346eef6b [term 2 FOLLOWER]: Advancing to term 3
I20260710 13:21:53.123308 16726 raft_consensus.cc:2468] T 6394e7a9fb9047fabe753c0524d185da P 1a85dc6fde2841f1bc3c1e4d16a64752 [term 3 FOLLOWER]: Leader election vote request: Granting yes vote for candidate e13af808f5a047288c7fd5ac65b27a51 in term 3.
I20260710 13:21:53.124575 16839 leader_election.cc:304] T 6394e7a9fb9047fabe753c0524d185da P e13af808f5a047288c7fd5ac65b27a51 [CANDIDATE]: Term 3 election: Election decided. Result: candidate won. Election summary: received 2 responses out of 3 voters: 2 yes votes; 0 no votes. yes voters: 1a85dc6fde2841f1bc3c1e4d16a64752, e13af808f5a047288c7fd5ac65b27a51; no voters: 
I20260710 13:21:53.125401 17013 raft_consensus.cc:2804] T 6394e7a9fb9047fabe753c0524d185da P e13af808f5a047288c7fd5ac65b27a51 [term 3 FOLLOWER]: Leader election won for term 3
I20260710 13:21:53.125370 16799 raft_consensus.cc:2468] T 6394e7a9fb9047fabe753c0524d185da P 7716c5ed1b7346bba00b286d346eef6b [term 3 FOLLOWER]: Leader election vote request: Granting yes vote for candidate e13af808f5a047288c7fd5ac65b27a51 in term 3.
I20260710 13:21:53.126855 17013 raft_consensus.cc:697] T 6394e7a9fb9047fabe753c0524d185da P e13af808f5a047288c7fd5ac65b27a51 [term 3 LEADER]: Becoming Leader. State: Replica: e13af808f5a047288c7fd5ac65b27a51, State: Running, Role: LEADER
I20260710 13:21:53.127693 17013 consensus_queue.cc:237] T 6394e7a9fb9047fabe753c0524d185da P e13af808f5a047288c7fd5ac65b27a51 [LEADER]: Queue going to LEADER mode. State: All replicated index: 0, Majority replicated index: 2, Committed index: 2, Last appended: 2.2, Last appended by leader: 2, Current term: 3, Majority size: 2, State: 0, Mode: LEADER, active raft config: opid_index: -1 OBSOLETE_local: false peers { permanent_uuid: "1a85dc6fde2841f1bc3c1e4d16a64752" member_type: VOTER last_known_addr { host: "127.16.51.193" port: 33793 } } peers { permanent_uuid: "7716c5ed1b7346bba00b286d346eef6b" member_type: VOTER last_known_addr { host: "127.16.51.194" port: 37985 } } peers { permanent_uuid: "e13af808f5a047288c7fd5ac65b27a51" member_type: VOTER last_known_addr { host: "127.16.51.195" port: 46527 } }
I20260710 13:21:53.137096 16623 catalog_manager.cc:5697] T 6394e7a9fb9047fabe753c0524d185da P e13af808f5a047288c7fd5ac65b27a51 reported cstate change: term changed from 2 to 3, leader changed from 7716c5ed1b7346bba00b286d346eef6b (127.16.51.194) to e13af808f5a047288c7fd5ac65b27a51 (127.16.51.195). New cstate: current_term: 3 leader_uuid: "e13af808f5a047288c7fd5ac65b27a51" committed_config { opid_index: -1 OBSOLETE_local: false peers { permanent_uuid: "1a85dc6fde2841f1bc3c1e4d16a64752" member_type: VOTER last_known_addr { host: "127.16.51.193" port: 33793 } health_report { overall_health: UNKNOWN } } peers { permanent_uuid: "7716c5ed1b7346bba00b286d346eef6b" member_type: VOTER last_known_addr { host: "127.16.51.194" port: 37985 } health_report { overall_health: UNKNOWN } } peers { permanent_uuid: "e13af808f5a047288c7fd5ac65b27a51" member_type: VOTER last_known_addr { host: "127.16.51.195" port: 46527 } health_report { overall_health: HEALTHY } } }
I20260710 13:21:53.197157 16965 raft_consensus.cc:993] T 596b94810b054694aef99bd312687132 P 1a85dc6fde2841f1bc3c1e4d16a64752: : Instructing follower e13af808f5a047288c7fd5ac65b27a51 to start an election
I20260710 13:21:53.197643 17025 raft_consensus.cc:1081] T 596b94810b054694aef99bd312687132 P 1a85dc6fde2841f1bc3c1e4d16a64752 [term 3 LEADER]: Signalling peer e13af808f5a047288c7fd5ac65b27a51 to start an election
I20260710 13:21:53.199222 16874 tablet_service.cc:2044] Received Run Leader Election RPC: tablet_id: "596b94810b054694aef99bd312687132"
dest_uuid: "e13af808f5a047288c7fd5ac65b27a51"
 from {username='slave'} at 127.0.0.1:39408
I20260710 13:21:53.199755 16874 raft_consensus.cc:493] T 596b94810b054694aef99bd312687132 P e13af808f5a047288c7fd5ac65b27a51 [term 3 FOLLOWER]: Starting forced leader election (received explicit request)
I20260710 13:21:53.200076 16874 raft_consensus.cc:3060] T 596b94810b054694aef99bd312687132 P e13af808f5a047288c7fd5ac65b27a51 [term 3 FOLLOWER]: Advancing to term 4
I20260710 13:21:53.206272 16874 raft_consensus.cc:515] T 596b94810b054694aef99bd312687132 P e13af808f5a047288c7fd5ac65b27a51 [term 4 FOLLOWER]: Starting forced leader election with config: opid_index: -1 OBSOLETE_local: false peers { permanent_uuid: "1a85dc6fde2841f1bc3c1e4d16a64752" member_type: VOTER last_known_addr { host: "127.16.51.193" port: 33793 } } peers { permanent_uuid: "7716c5ed1b7346bba00b286d346eef6b" member_type: VOTER last_known_addr { host: "127.16.51.194" port: 37985 } } peers { permanent_uuid: "e13af808f5a047288c7fd5ac65b27a51" member_type: VOTER last_known_addr { host: "127.16.51.195" port: 46527 } }
I20260710 13:21:53.208487 16874 leader_election.cc:290] T 596b94810b054694aef99bd312687132 P e13af808f5a047288c7fd5ac65b27a51 [CANDIDATE]: Term 4 election: Requested vote from peers 1a85dc6fde2841f1bc3c1e4d16a64752 (127.16.51.193:33793), 7716c5ed1b7346bba00b286d346eef6b (127.16.51.194:37985)
I20260710 13:21:53.208827 16726 tablet_service.cc:1917] Received RequestConsensusVote() RPC: tablet_id: "596b94810b054694aef99bd312687132" candidate_uuid: "e13af808f5a047288c7fd5ac65b27a51" candidate_term: 4 candidate_status { last_received { term: 3 index: 2 } } ignore_live_leader: true dest_uuid: "1a85dc6fde2841f1bc3c1e4d16a64752"
I20260710 13:21:53.209064 16799 tablet_service.cc:1917] Received RequestConsensusVote() RPC: tablet_id: "596b94810b054694aef99bd312687132" candidate_uuid: "e13af808f5a047288c7fd5ac65b27a51" candidate_term: 4 candidate_status { last_received { term: 3 index: 2 } } ignore_live_leader: true dest_uuid: "7716c5ed1b7346bba00b286d346eef6b"
I20260710 13:21:53.209458 16726 raft_consensus.cc:3055] T 596b94810b054694aef99bd312687132 P 1a85dc6fde2841f1bc3c1e4d16a64752 [term 3 LEADER]: Stepping down as leader of term 3
I20260710 13:21:53.209548 16799 raft_consensus.cc:3060] T 596b94810b054694aef99bd312687132 P 7716c5ed1b7346bba00b286d346eef6b [term 3 FOLLOWER]: Advancing to term 4
I20260710 13:21:53.209860 16726 raft_consensus.cc:740] T 596b94810b054694aef99bd312687132 P 1a85dc6fde2841f1bc3c1e4d16a64752 [term 3 LEADER]: Becoming Follower/Learner. State: Replica: 1a85dc6fde2841f1bc3c1e4d16a64752, State: Running, Role: LEADER
I20260710 13:21:53.210701 16726 consensus_queue.cc:260] T 596b94810b054694aef99bd312687132 P 1a85dc6fde2841f1bc3c1e4d16a64752 [NON_LEADER]: Queue going to NON_LEADER mode. State: All replicated index: 0, Majority replicated index: 2, Committed index: 2, Last appended: 3.2, Last appended by leader: 2, Current term: 3, Majority size: -1, State: 0, Mode: NON_LEADER, active raft config: opid_index: -1 OBSOLETE_local: false peers { permanent_uuid: "1a85dc6fde2841f1bc3c1e4d16a64752" member_type: VOTER last_known_addr { host: "127.16.51.193" port: 33793 } } peers { permanent_uuid: "7716c5ed1b7346bba00b286d346eef6b" member_type: VOTER last_known_addr { host: "127.16.51.194" port: 37985 } } peers { permanent_uuid: "e13af808f5a047288c7fd5ac65b27a51" member_type: VOTER last_known_addr { host: "127.16.51.195" port: 46527 } }
I20260710 13:21:53.211889 16726 raft_consensus.cc:3060] T 596b94810b054694aef99bd312687132 P 1a85dc6fde2841f1bc3c1e4d16a64752 [term 3 FOLLOWER]: Advancing to term 4
I20260710 13:21:53.216012 16799 raft_consensus.cc:2468] T 596b94810b054694aef99bd312687132 P 7716c5ed1b7346bba00b286d346eef6b [term 4 FOLLOWER]: Leader election vote request: Granting yes vote for candidate e13af808f5a047288c7fd5ac65b27a51 in term 4.
I20260710 13:21:53.217218 16840 leader_election.cc:304] T 596b94810b054694aef99bd312687132 P e13af808f5a047288c7fd5ac65b27a51 [CANDIDATE]: Term 4 election: Election decided. Result: candidate won. Election summary: received 2 responses out of 3 voters: 2 yes votes; 0 no votes. yes voters: 7716c5ed1b7346bba00b286d346eef6b, e13af808f5a047288c7fd5ac65b27a51; no voters: 
I20260710 13:21:53.217742 16726 raft_consensus.cc:2468] T 596b94810b054694aef99bd312687132 P 1a85dc6fde2841f1bc3c1e4d16a64752 [term 4 FOLLOWER]: Leader election vote request: Granting yes vote for candidate e13af808f5a047288c7fd5ac65b27a51 in term 4.
I20260710 13:21:53.218166 17013 raft_consensus.cc:2804] T 596b94810b054694aef99bd312687132 P e13af808f5a047288c7fd5ac65b27a51 [term 4 FOLLOWER]: Leader election won for term 4
I20260710 13:21:53.218725 17013 raft_consensus.cc:697] T 596b94810b054694aef99bd312687132 P e13af808f5a047288c7fd5ac65b27a51 [term 4 LEADER]: Becoming Leader. State: Replica: e13af808f5a047288c7fd5ac65b27a51, State: Running, Role: LEADER
I20260710 13:21:53.219460 17013 consensus_queue.cc:237] T 596b94810b054694aef99bd312687132 P e13af808f5a047288c7fd5ac65b27a51 [LEADER]: Queue going to LEADER mode. State: All replicated index: 0, Majority replicated index: 2, Committed index: 2, Last appended: 3.2, Last appended by leader: 2, Current term: 4, Majority size: 2, State: 0, Mode: LEADER, active raft config: opid_index: -1 OBSOLETE_local: false peers { permanent_uuid: "1a85dc6fde2841f1bc3c1e4d16a64752" member_type: VOTER last_known_addr { host: "127.16.51.193" port: 33793 } } peers { permanent_uuid: "7716c5ed1b7346bba00b286d346eef6b" member_type: VOTER last_known_addr { host: "127.16.51.194" port: 37985 } } peers { permanent_uuid: "e13af808f5a047288c7fd5ac65b27a51" member_type: VOTER last_known_addr { host: "127.16.51.195" port: 46527 } }
I20260710 13:21:53.226377 16623 catalog_manager.cc:5697] T 596b94810b054694aef99bd312687132 P e13af808f5a047288c7fd5ac65b27a51 reported cstate change: term changed from 3 to 4, leader changed from 1a85dc6fde2841f1bc3c1e4d16a64752 (127.16.51.193) to e13af808f5a047288c7fd5ac65b27a51 (127.16.51.195). New cstate: current_term: 4 leader_uuid: "e13af808f5a047288c7fd5ac65b27a51" committed_config { opid_index: -1 OBSOLETE_local: false peers { permanent_uuid: "1a85dc6fde2841f1bc3c1e4d16a64752" member_type: VOTER last_known_addr { host: "127.16.51.193" port: 33793 } health_report { overall_health: UNKNOWN } } peers { permanent_uuid: "7716c5ed1b7346bba00b286d346eef6b" member_type: VOTER last_known_addr { host: "127.16.51.194" port: 37985 } health_report { overall_health: UNKNOWN } } peers { permanent_uuid: "e13af808f5a047288c7fd5ac65b27a51" member_type: VOTER last_known_addr { host: "127.16.51.195" port: 46527 } health_report { overall_health: HEALTHY } } }
I20260710 13:21:53.692777 16726 raft_consensus.cc:1275] T 6394e7a9fb9047fabe753c0524d185da P 1a85dc6fde2841f1bc3c1e4d16a64752 [term 3 FOLLOWER]: Refusing update from remote peer e13af808f5a047288c7fd5ac65b27a51: Log matching property violated. Preceding OpId in replica: term: 2 index: 2. Preceding OpId from leader: term: 3 index: 3. (index mismatch)
I20260710 13:21:53.694134 17013 consensus_queue.cc:1048] T 6394e7a9fb9047fabe753c0524d185da P e13af808f5a047288c7fd5ac65b27a51 [LEADER]: Connected to new peer: Peer: permanent_uuid: "1a85dc6fde2841f1bc3c1e4d16a64752" member_type: VOTER last_known_addr { host: "127.16.51.193" port: 33793 }, Status: LMP_MISMATCH, Last received: 0.0, Next index: 3, Last known committed idx: 2, Time since last communication: 0.000s
I20260710 13:21:53.705425 16799 raft_consensus.cc:1275] T 6394e7a9fb9047fabe753c0524d185da P 7716c5ed1b7346bba00b286d346eef6b [term 3 FOLLOWER]: Refusing update from remote peer e13af808f5a047288c7fd5ac65b27a51: Log matching property violated. Preceding OpId in replica: term: 2 index: 2. Preceding OpId from leader: term: 3 index: 3. (index mismatch)
